-- Table structure for table `vtiger_notificationscheduler`
--

CREATE TABLE `vtiger_notificationscheduler` (
  `schedulednotificationid` int(19) NOT NULL AUTO_INCREMENT,
  `schedulednotificationname` varchar(200) DEFAULT NULL,
  `active` int(1) DEFAULT NULL,
  `notificationsubject` varchar(200) DEFAULT NULL,
  `notificationbody` text,
  `label` varchar(50) DEFAULT NULL,
  `type` varchar(10) DEFAULT NULL,
  PRIMARY KEY (`schedulednotificationid`),
  UNIQUE KEY `notificationscheduler_schedulednotificationname_idx` (`schedulednotificationname`)
) ENGINE=InnoDB AUTO_INCREMENT=9 DEFAULT CHARSET=utf8;

--
-- Dumping data for table `vtiger_notificationscheduler`
--

INSERT INTO `vtiger_notificationscheduler` VALUES (1,'LBL_TASK_NOTIFICATION_DESCRITPION',1,'Task Delay Notification','Tasks delayed beyond 24 hrs ','LBL_TASK_NOTIFICATION',NULL),(2,'LBL_BIG_DEAL_DESCRIPTION',1,'Big Deal notification','Success! A big deal has been won! ','LBL_BIG_DEAL',NULL),(3,'LBL_TICKETS_DESCRIPTION',1,'Pending Tickets notification','Ticket pending please ','LBL_PENDING_TICKETS',NULL),(4,'LBL_MANY_TICKETS_DESCRIPTION',1,'Too many tickets Notification','Too many tickets pending against this entity ','LBL_MANY_TICKETS',NULL),(5,'LBL_START_DESCRIPTION',1,'Support Start Notification','10','LBL_START_NOTIFICATION','select'),(6,'LBL_SUPPORT_DESCRIPTION',1,'Support ending please','11','LBL_SUPPORT_NOTICIATION','select'),(7,'LBL_SUPPORT_DESCRIPTION_MONTH',1,'Support ending please','12','LBL_SUPPORT_NOTICIATION_MONTH','select'),(8,'LBL_ACTIVITY_REMINDER_DESCRIPTION',1,'Activity Reminder Notification','This is a reminder notification for the Activity','LBL_ACTIVITY_NOTIFICATION',NULL);

--
-- Table structure for table `vtiger_notificationscheduler_seq`
--

CREATE TABLE `vtiger_notificationscheduler_seq` (
  `id` int(11) NOT NULL
) ENGINE=InnoDB DEFAULT CHARSET=utf8;

--
-- Dumping data for table `vtiger_notificationscheduler_seq`
--

INSERT INTO `vtiger_notificationscheduler_seq` VALUES (8);

--
-- Table structure for table `vtiger_opportunity_type`
--

CREATE TABLE `vtiger_opportunity_type` (
  `opptypeid` int(19) NOT NULL AUTO_INCREMENT,
  `opportunity_type` varchar(200) NOT NULL,
  `presence` int(1) NOT NULL DEFAULT '1',
  `picklist_valueid` int(19) NOT NULL DEFAULT '0',
  `sortorderid` int(11) DEFAULT NULL,
  `color` varchar(10) DEFAULT NULL,
  PRIMARY KEY (`opptypeid`),
  UNIQUE KEY `opportunity_type_opportunity_type_idx` (`opportunity_type`)
) ENGINE=InnoDB AUTO_INCREMENT=4 DEFAULT CHARSET=utf8;

--
-- Dumping data for table `vtiger_opportunity_type`
--

INSERT INTO `vtiger_opportunity_type` VALUES (2,'Existing Business',1,128,1,NULL),(3,'New Business',1,129,2,NULL);

--
-- Table structure for table `vtiger_opportunity_type_seq`
--

CREATE TABLE `vtiger_opportunity_type_seq` (
  `id` int(11) NOT NULL
) ENGINE=InnoDB DEFAULT CHARSET=utf8;

--
-- Dumping data for table `vtiger_opportunity_type_seq`
--

INSERT INTO `vtiger_opportunity_type_seq` VALUES (3);

--
-- Table structure for table `vtiger_opportunitystage`
--

CREATE TABLE `vtiger_opportunitystage` (
  `potstageid` int(19) NOT NULL AUTO_INCREMENT,
  `stage` varchar(200) NOT NULL,
  `sortorderid` int(19) NOT NULL DEFAULT '0',
  `presence` int(1) NOT NULL DEFAULT '1',
  `probability` decimal(3,2) DEFAULT '0.00',
  PRIMARY KEY (`potstageid`),
  UNIQUE KEY `opportunitystage_stage_idx` (`stage`)
) ENGINE=InnoDB DEFAULT CHARSET=utf8;

--
-- Dumping data for table `vtiger_opportunitystage`
--


--
-- Table structure for table `vtiger_org_share_action2tab`
--

CREATE TABLE `vtiger_org_share_action2tab` (
  `share_action_id` int(19) NOT NULL,
  `tabid` int(19) NOT NULL,
  PRIMARY KEY (`share_action_id`,`tabid`),
  KEY `fk_2_vtiger_org_share_action2tab` (`tabid`),
  CONSTRAINT `fk_2_vtiger_org_share_action2tab` FOREIGN KEY (`tabid`) REFERENCES `vtiger_tab` (`tabid`) ON DELETE CASCADE
) ENGINE=InnoDB DEFAULT CHARSET=utf8;

--
-- Dumping data for table `vtiger_org_share_action2tab`
--

INSERT INTO `vtiger_org_share_action2tab` VALUES (0,2),(1,2),(2,2),(3,2),(0,4),(1,4),(2,4),(3,4),(0,6),(1,6),(2,6),(3,6),(0,7),(1,7),(2,7),(3,7),(0,8),(1,8),(2,8),(3,8),(0,9),(1,9),(2,9),(3,9),(0,10),(1,10),(2,10),(3,10),(0,13),(1,13),(2,13),(3,13),(0,14),(1,14),(2,14),(3,14),(0,16),(1,16),(2,16),(3,16),(0,18),(1,18),(2,18),(3,18),(0,20),(1,20),(2,20),(3,20),(0,21),(1,21),(2,21),(3,21),(0,22),(1,22),(2,22),(3,22),(0,23),(1,23),(2,23),(3,23),(0,26),(1,26),(2,26),(3,26),(0,30),(1,30),(2,30),(3,30),(0,33),(1,33),(2,33),(3,33),(0,34),(1,34),(2,34),(3,34),(0,39),(1,39),(2,39),(3,39),(0,42),(1,42),(2,42),(3,42),(0,43),(1,43),(2,43),(3,43),(0,44),(1,44),(2,44),(3,44),(0,45),(1,45),(2,45),(3,45),(0,46),(1,46),(2,46),(3,46),(0,53),(1,53),(2,53),(3,53),(0,54),(1,54),(2,54),(3,54),(0,57),(1,57),(2,57),(3,57),(0,63),(1,63),(2,63),(3,63),(0,65),(1,65),(2,65),(3,65),(0,66),(1,66),(2,66),(3,66),(0,67),(1,67),(2,67),(3,67),(0,68),(1,68),(2,68),(3,68),(0,69),(1,69),(2,69),(3,69),(0,70),(1,70),(2,70),(3,70),(0,73),(1,73),(2,73),(3,73);

--
-- Table structure for table `vtiger_org_share_action_mapping`
--

CREATE TABLE `vtiger_org_share_action_mapping` (
  `share_action_id` int(19) NOT NULL,
  `share_action_name` varchar(200) DEFAULT NULL,
  PRIMARY KEY (`share_action_id`)
) ENGINE=InnoDB DEFAULT CHARSET=utf8;

--
-- Dumping data for table `vtiger_org_share_action_mapping`
--

INSERT INTO `vtiger_org_share_action_mapping` VALUES (0,'Public: Read Only'),(1,'Public: Read, Create/Edit'),(2,'Public: Read, Create/Edit, Delete'),(3,'Private'),(4,'Hide Details'),(5,'Hide Details and Add Events'),(6,'Show Details'),(7,'Show Details and Add Events');

--
-- Table structure for table `vtiger_organizationdetails`
--

CREATE TABLE `vtiger_organizationdetails` (
  `organization_id` int(11) NOT NULL,
  `organizationname` varchar(60) DEFAULT NULL,
  `address` varchar(150) DEFAULT NULL,
  `city` varchar(100) DEFAULT NULL,
  `state` varchar(100) DEFAULT NULL,
  `country` varchar(100) DEFAULT NULL,
  `code` varchar(30) DEFAULT NULL,
  `phone` varchar(30) DEFAULT NULL,
  `fax` varchar(30) DEFAULT NULL,
  `website` varchar(100) DEFAULT NULL,
  `logoname` varchar(50) DEFAULT NULL,
  `logo` text,
  `vatid` varchar(100) DEFAULT NULL,
  PRIMARY KEY (`organization_id`)
) ENGINE=InnoDB DEFAULT CHARSET=utf8;

--
-- Dumping data for table `vtiger_organizationdetails`
--

INSERT INTO `vtiger_organizationdetails` VALUES (1,'vtiger','95, 12th Main Road, 3rd Block, Rajajinagar','Bangalore','Karnataka','India','560010','+91 9243602352','+91 9243602352','www.vtiger.com','MicrosoftTeams-image_(6).png',NULL,'');

--
-- Table structure for table `vtiger_organizationdetails_seq`
--

CREATE TABLE `vtiger_organizationdetails_seq` (
  `id` int(11) NOT NULL
) ENGINE=InnoDB DEFAULT CHARSET=utf8;

--
-- Dumping data for table `vtiger_organizationdetails_seq`
--

INSERT INTO `vtiger_organizationdetails_seq` VALUES (1);

--
-- Table structure for table `vtiger_othereventduration`
--

CREATE TABLE `vtiger_othereventduration` (
  `othereventdurationid` int(11) NOT NULL AUTO_INCREMENT,
  `othereventduration` varchar(200) NOT NULL,
  `sortorderid` int(11) DEFAULT NULL,
  `presence` int(11) NOT NULL DEFAULT '1',
  PRIMARY KEY (`othereventdurationid`)
) ENGINE=InnoDB AUTO_INCREMENT=6 DEFAULT CHARSET=utf8;

--
-- Dumping data for table `vtiger_othereventduration`
--

INSERT INTO `vtiger_othereventduration` VALUES (1,'5',0,1),(2,'10',1,1),(3,'30',2,1),(4,'60',3,1),(5,'120',4,1);

--
-- Table structure for table `vtiger_othereventduration_seq`
--

CREATE TABLE `vtiger_othereventduration_seq` (
  `id` int(11) NOT NULL
) ENGINE=InnoDB DEFAULT CHARSET=utf8;

--
-- Dumping data for table `vtiger_othereventduration_seq`
--

INSERT INTO `vtiger_othereventduration_seq` VALUES (5);

--
-- Table structure for table `vtiger_parenttab`
--

CREATE TABLE `vtiger_parenttab` (
  `parenttabid` int(19) NOT NULL,
  `parenttab_label` varchar(100) NOT NULL,
  `sequence` int(10) NOT NULL,
  `visible` int(2) NOT NULL DEFAULT '0',
  PRIMARY KEY (`parenttabid`),
  KEY `parenttab_parenttabid_parenttabl_label_visible_idx` (`parenttabid`,`parenttab_label`,`visible`)
) ENGINE=InnoDB DEFAULT CHARSET=utf8;

--
-- Dumping data for table `vtiger_parenttab`
--

INSERT INTO `vtiger_parenttab` VALUES (1,'My Home Page',1,0),(2,'Marketing',2,0),(3,'Sales',3,0),(4,'Support',4,0),(5,'Analytics',5,0),(6,'Inventory',6,0),(7,'Tools',7,0),(8,'Settings',8,0);

--
-- Table structure for table `vtiger_parenttabrel`
--

CREATE TABLE `vtiger_parenttabrel` (
  `parenttabid` int(19) NOT NULL,
  `tabid` int(19) NOT NULL,
  `sequence` int(3) NOT NULL,
  KEY `parenttabrel_tabid_parenttabid_idx` (`tabid`,`parenttabid`),
  KEY `fk_2_vtiger_parenttabrel` (`parenttabid`),
  CONSTRAINT `fk_1_vtiger_parenttabrel` FOREIGN KEY (`tabid`) REFERENCES `vtiger_tab` (`tabid`) ON DELETE CASCADE,
  CONSTRAINT `fk_2_vtiger_parenttabrel` FOREIGN KEY (`parenttabid`) REFERENCES `vtiger_parenttab` (`parenttabid`) ON DELETE CASCADE
) ENGINE=InnoDB DEFAULT CHARSET=utf8;

--
-- Dumping data for table `vtiger_parenttabrel`
--

INSERT INTO `vtiger_parenttabrel` VALUES (1,9,2),(1,28,4),(1,3,1),(3,7,1),(3,6,2),(3,4,3),(3,2,4),(3,20,5),(3,22,6),(3,23,7),(3,19,8),(3,8,9),(4,13,1),(4,15,2),(4,6,3),(4,4,4),(4,8,5),(5,1,2),(5,25,1),(6,14,1),(6,18,2),(6,19,3),(6,21,4),(6,22,5),(6,20,6),(6,23,7),(7,24,1),(7,27,2),(7,8,3),(2,26,1),(2,6,2),(2,4,3),(2,28,4),(4,28,7),(2,7,5),(2,9,6),(4,9,8),(2,8,8),(3,9,11),(4,30,9),(4,30,10),(7,31,4),(7,31,5),(7,33,6),(7,33,7),(6,34,8),(6,34,9),(3,39,12),(3,39,13),(7,40,8),(7,40,9),(6,42,10),(6,42,11),(4,44,11),(4,44,12),(4,45,13),(4,45,14),(4,46,15),(4,46,16),(7,47,10),(7,47,11),(8,49,1),(8,49,2),(7,24,12),(7,27,13),(7,47,14),(7,40,15),(2,53,9),(2,54,10),(2,57,11),(2,63,15),(2,65,17),(2,66,18),(2,67,19),(2,68,20),(3,69,14),(3,70,15),(7,71,16),(7,71,17),(3,73,16);

--
-- Table structure for table `vtiger_payment_duration`
--

CREATE TABLE `vtiger_payment_duration` (
  `payment_duration_id` int(11) DEFAULT NULL,
  `payment_duration` varchar(200) DEFAULT NULL,
  `sortorderid` int(11) DEFAULT NULL,
  `presence` int(11) DEFAULT NULL,
  `color` varchar(10) DEFAULT NULL
) ENGINE=InnoDB DEFAULT CHARSET=utf8;

--
-- Dumping data for table `vtiger_payment_duration`
--

INSERT INTO `vtiger_payment_duration` VALUES (1,'Net 30 days',6,1,NULL),(2,'Net 45 days',7,1,NULL),(3,'Net 60 days',8,1,NULL),(4,'Net 01 day',1,1,NULL),(5,'Net 05 days',2,1,NULL),(6,'Net 07 days',3,1,NULL),(7,'Net 10 days',4,1,NULL),(8,'Net 15 days',5,1,NULL);

--
-- Table structure for table `vtiger_payment_duration_seq`
--

CREATE TABLE `vtiger_payment_duration_seq` (
  `id` int(11) NOT NULL
) ENGINE=InnoDB DEFAULT CHARSET=utf8;

--
-- Dumping data for table `vtiger_payment_duration_seq`
--

INSERT INTO `vtiger_payment_duration_seq` VALUES (8);

--
-- Table structure for table `vtiger_pbxmanager`
--

CREATE TABLE `vtiger_pbxmanager` (
  `pbxmanagerid` int(20) NOT NULL AUTO_INCREMENT,
  `direction` varchar(10) DEFAULT NULL,
  `callstatus` varchar(20) DEFAULT NULL,
  `starttime` datetime DEFAULT NULL,
  `endtime` datetime DEFAULT NULL,
  `totalduration` int(11) DEFAULT NULL,
  `billduration` int(11) DEFAULT NULL,
  `recordingurl` varchar(200) DEFAULT NULL,
  `sourceuuid` varchar(100) DEFAULT NULL,
  `gateway` varchar(20) DEFAULT NULL,
  `customer` varchar(100) DEFAULT NULL,
  `user` varchar(100) DEFAULT NULL,
  `customernumber` varchar(100) DEFAULT NULL,
  `customertype` varchar(100) DEFAULT NULL,
  PRIMARY KEY (`pbxmanagerid`),
  KEY `index_sourceuuid` (`sourceuuid`),
  KEY `index_pbxmanager_id` (`pbxmanagerid`),
  CONSTRAINT `fk_crmid_vtiger_pbxmanager` FOREIGN KEY (`pbxmanagerid`) REFERENCES `vtiger_crmentity` (`crmid`) ON DELETE CASCADE
) ENGINE=InnoDB DEFAULT CHARSET=utf8;

--
-- Dumping data for table `vtiger_pbxmanager`
--


--
-- Table structure for table `vtiger_pbxmanager_gateway`
--

CREATE TABLE `vtiger_pbxmanager_gateway` (
  `id` int(11) NOT NULL AUTO_INCREMENT,
  `gateway` varchar(20) DEFAULT NULL,
  `parameters` text,
  PRIMARY KEY (`id`)
) ENGINE=InnoDB DEFAULT CHARSET=utf8;

--
-- Dumping data for table `vtiger_pbxmanager_gateway`
--


--
-- Table structure for table `vtiger_pbxmanager_phonelookup`
--

CREATE TABLE `vtiger_pbxmanager_phonelookup` (
  `crmid` int(20) DEFAULT NULL,
  `setype` varchar(30) DEFAULT NULL,
  `fnumber` varchar(100) DEFAULT NULL,
  `rnumber` varchar(100) DEFAULT NULL,
  `fieldname` varchar(50) DEFAULT NULL,
  UNIQUE KEY `unique_key` (`crmid`,`setype`,`fieldname`),
  KEY `index_phone_number` (`fnumber`,`rnumber`),
  CONSTRAINT `vtiger_pbxmanager_phonelookup_ibfk_1` FOREIGN KEY (`crmid`) REFERENCES `vtiger_crmentity` (`crmid`) ON DELETE CASCADE
) ENGINE=InnoDB DEFAULT CHARSET=utf8;

--
-- Dumping data for table `vtiger_pbxmanager_phonelookup`
--


--
-- Table structure for table `vtiger_pbxmanagercf`
--

CREATE TABLE `vtiger_pbxmanagercf` (
  `pbxmanagerid` int(11) NOT NULL,
  PRIMARY KEY (`pbxmanagerid`),
  CONSTRAINT `fk_pbxmanagerid_vtiger_pbxmanagercf` FOREIGN KEY (`pbxmanagerid`) REFERENCES `vtiger_pbxmanager` (`pbxmanagerid`) ON DELETE CASCADE
) ENGINE=InnoDB DEFAULT CHARSET=utf8;

--
-- Dumping data for table `vtiger_pbxmanagercf`
--


--
-- Table structure for table `vtiger_picklist`
--

CREATE TABLE `vtiger_picklist` (
  `picklistid` int(11) NOT NULL AUTO_INCREMENT,
  `name` varchar(200) NOT NULL,
  PRIMARY KEY (`picklistid`),
  UNIQUE KEY `picklist_name_idx` (`name`)
) ENGINE=InnoDB AUTO_INCREMENT=50 DEFAULT CHARSET=utf8;

--
-- Dumping data for table `vtiger_picklist`
--

INSERT INTO `vtiger_picklist` VALUES (1,'accounttype'),(2,'activitytype'),(37,'assetstatus'),(3,'campaignstatus'),(4,'campaigntype'),(5,'carrier'),(33,'contract_priority'),(32,'contract_status'),(34,'contract_type'),(48,'defaultactivitytype'),(47,'defaulteventstatus'),(49,'defaultlandingpage'),(6,'eventstatus'),(7,'expectedresponse'),(8,'faqcategories'),(9,'faqstatus'),(10,'glacct'),(11,'industry'),(12,'invoicestatus'),(13,'leadsource'),(14,'leadstatus'),(15,'manufacturer'),(16,'opportunity_type'),(17,'postatus'),(18,'productcategory'),(45,'progress'),(38,'projectmilestonetype'),(44,'projectpriority'),(42,'projectstatus'),(40,'projecttaskpriority'),(41,'projecttaskprogress'),(46,'projecttaskstatus'),(39,'projecttasktype'),(43,'projecttype'),(19,'quotestage'),(20,'rating'),(21,'sales_stage'),(22,'salutationtype'),(36,'servicecategory'),(35,'service_usageunit'),(23,'sostatus'),(24,'taskpriority'),(25,'taskstatus'),(26,'ticketcategories'),(27,'ticketpriorities'),(28,'ticketseverities'),(29,'ticketstatus'),(31,'tracking_unit'),(30,'usageunit');

--
-- Table structure for table `vtiger_picklist_dependency`
--

CREATE TABLE `vtiger_picklist_dependency` (
  `id` int(11) NOT NULL,
  `tabid` int(19) NOT NULL,
  `sourcefield` varchar(255) DEFAULT NULL,
  `targetfield` varchar(255) DEFAULT NULL,
  `sourcevalue` varchar(100) DEFAULT NULL,
  `targetvalues` text,
  `criteria` text,
  PRIMARY KEY (`id`)
) ENGINE=InnoDB DEFAULT CHARSET=utf8;

--
-- Dumping data for table `vtiger_picklist_dependency`
--


--
-- Table structure for table `vtiger_picklist_seq`
--

CREATE TABLE `vtiger_picklist_seq` (
  `id` int(11) NOT NULL
) ENGINE=InnoDB DEFAULT CHARSET=utf8;

--
-- Dumping data for table `vtiger_picklist_seq`
--

INSERT INTO `vtiger_picklist_seq` VALUES (49);

--
-- Table structure for table `vtiger_picklist_transitions`
--

CREATE TABLE `vtiger_picklist_transitions` (
  `fieldname` varchar(255) NOT NULL,
  `module` varchar(100) NOT NULL,
  `transition_data` varchar(1000) NOT NULL,
  PRIMARY KEY (`fieldname`)
) ENGINE=InnoDB DEFAULT CHARSET=utf8;

--
-- Dumping data for table `vtiger_picklist_transitions`
--


--
-- Table structure for table `vtiger_picklistvalues_seq`
--

CREATE TABLE `vtiger_picklistvalues_seq` (
  `id` int(11) NOT NULL
) ENGINE=InnoDB DEFAULT CHARSET=utf8;

--
-- Dumping data for table `vtiger_picklistvalues_seq`
--

INSERT INTO `vtiger_picklistvalues_seq` VALUES (310);

--
-- Table structure for table `vtiger_pobillads`
--

CREATE TABLE `vtiger_pobillads` (
  `pobilladdressid` int(19) NOT NULL DEFAULT '0',
  `bill_city` varchar(30) DEFAULT NULL,
  `bill_code` varchar(30) DEFAULT NULL,
  `bill_country` varchar(30) DEFAULT NULL,
  `bill_state` varchar(30) DEFAULT NULL,
  `bill_street` varchar(250) DEFAULT NULL,
  `bill_pobox` varchar(30) DEFAULT NULL,
  PRIMARY KEY (`pobilladdressid`),
  CONSTRAINT `fk_1_vtiger_pobillads` FOREIGN KEY (`pobilladdressid`) REFERENCES `vtiger_purchaseorder` (`purchaseorderid`) ON DELETE CASCADE
) ENGINE=InnoDB DEFAULT CHARSET=utf8;

--
-- Dumping data for table `vtiger_pobillads`
--


--
-- Table structure for table `vtiger_portal`
--

CREATE TABLE `vtiger_portal` (
  `portalid` int(19) NOT NULL,
  `portalname` varchar(200) NOT NULL,
  `portalurl` varchar(255) NOT NULL,
  `sequence` int(3) NOT NULL,
  `setdefault` int(3) NOT NULL DEFAULT '0',
  `createdtime` datetime DEFAULT NULL,
  PRIMARY KEY (`portalid`),
  KEY `portal_portalname_idx` (`portalname`)
) ENGINE=InnoDB DEFAULT CHARSET=utf8;

--
-- Dumping data for table `vtiger_portal`
--


--
-- Table structure for table `vtiger_poshipads`
--

CREATE TABLE `vtiger_poshipads` (
  `poshipaddressid` int(19) NOT NULL DEFAULT '0',
  `ship_city` varchar(30) DEFAULT NULL,
  `ship_code` varchar(30) DEFAULT NULL,
  `ship_country` varchar(30) DEFAULT NULL,
  `ship_state` varchar(30) DEFAULT NULL,
  `ship_street` varchar(250) DEFAULT NULL,
  `ship_pobox` varchar(30) DEFAULT NULL,
  PRIMARY KEY (`poshipaddressid`),
  CONSTRAINT `fk_1_vtiger_poshipads` FOREIGN KEY (`poshipaddressid`) REFERENCES `vtiger_purchaseorder` (`purchaseorderid`) ON DELETE CASCADE
) ENGINE=InnoDB DEFAULT CHARSET=utf8;

--
-- Dumping data for table `vtiger_poshipads`
--


--
-- Table structure for table `vtiger_postatus`
--

CREATE TABLE `vtiger_postatus` (
  `postatusid` int(19) NOT NULL AUTO_INCREMENT,
  `postatus` varchar(200) NOT NULL,
  `presence` int(1) NOT NULL DEFAULT '1',
  `picklist_valueid` int(19) NOT NULL DEFAULT '0',
  `sortorderid` int(11) DEFAULT NULL,
  `color` varchar(10) DEFAULT NULL,
  PRIMARY KEY (`postatusid`),
  UNIQUE KEY `postatus_postatus_idx` (`postatus`)
) ENGINE=InnoDB AUTO_INCREMENT=6 DEFAULT CHARSET=utf8;

--
-- Dumping data for table `vtiger_postatus`
--

INSERT INTO `vtiger_postatus` VALUES (1,'Created',0,130,0,NULL),(2,'Approved',0,131,1,NULL),(3,'Delivered',0,132,2,NULL),(4,'Cancelled',0,133,3,NULL),(5,'Received Shipment',0,134,4,NULL);

--
-- Table structure for table `vtiger_postatus_seq`
--

CREATE TABLE `vtiger_postatus_seq` (
  `id` int(11) NOT NULL
) ENGINE=InnoDB DEFAULT CHARSET=utf8;

--
-- Dumping data for table `vtiger_postatus_seq`
--

INSERT INTO `vtiger_postatus_seq` VALUES (5);

--
-- Table structure for table `vtiger_postatushistory`
--

CREATE TABLE `vtiger_postatushistory` (
  `historyid` int(19) NOT NULL AUTO_INCREMENT,
  `purchaseorderid` int(19) NOT NULL,
  `vendorname` varchar(100) DEFAULT NULL,
  `total` decimal(10,0) DEFAULT NULL,
  `postatus` varchar(200) DEFAULT NULL,
  `lastmodified` datetime DEFAULT NULL,
  PRIMARY KEY (`historyid`),
  KEY `postatushistory_purchaseorderid_idx` (`purchaseorderid`),
  CONSTRAINT `fk_1_vtiger_postatushistory` FOREIGN KEY (`purchaseorderid`) REFERENCES `vtiger_purchaseorder` (`purchaseorderid`) ON DELETE CASCADE
) ENGINE=InnoDB DEFAULT CHARSET=utf8;

--
-- Dumping data for table `vtiger_postatushistory`
--


--
-- Table structure for table `vtiger_potential`
--

CREATE TABLE `vtiger_potential` (
  `potentialid` int(19) NOT NULL DEFAULT '0',
  `potential_no` varchar(100) NOT NULL,
  `related_to` int(19) DEFAULT NULL,
  `potentialname` varchar(120) NOT NULL,
  `amount` decimal(25,8) DEFAULT NULL,
  `currency` varchar(20) DEFAULT NULL,
  `closingdate` date DEFAULT NULL,
  `typeofrevenue` varchar(50) DEFAULT NULL,
  `nextstep` varchar(100) DEFAULT NULL,
  `private` int(1) DEFAULT '0',
  `probability` decimal(7,3) DEFAULT '0.000',
  `campaignid` int(19) DEFAULT NULL,
  `sales_stage` varchar(200) DEFAULT NULL,
  `potentialtype` varchar(200) DEFAULT NULL,
  `leadsource` varchar(200) DEFAULT NULL,
  `productid` int(50) DEFAULT NULL,
  `productversion` varchar(50) DEFAULT NULL,
  `quotationref` varchar(50) DEFAULT NULL,
  `partnercontact` varchar(50) DEFAULT NULL,
  `remarks` varchar(50) DEFAULT NULL,
  `runtimefee` int(19) DEFAULT '0',
  `followupdate` date DEFAULT NULL,
  `evaluationstatus` varchar(50) DEFAULT NULL,
  `description` text,
  `forecastcategory` int(19) DEFAULT '0',
  `outcomeanalysis` int(19) DEFAULT '0',
  `forecast_amount` decimal(25,8) DEFAULT NULL,
  `isconvertedfromlead` varchar(3) DEFAULT '0',
  `contact_id` int(19) DEFAULT NULL,
  `tags` varchar(1) DEFAULT NULL,
  `converted` int(1) NOT NULL DEFAULT '0',
  PRIMARY KEY (`potentialid`),
  KEY `potential_relatedto_idx` (`related_to`),
  KEY `potentail_sales_stage_idx` (`sales_stage`),
  KEY `potentail_sales_stage_amount_idx` (`amount`,`sales_stage`),
  CONSTRAINT `fk_1_vtiger_potential` FOREIGN KEY (`potentialid`) REFERENCES `vtiger_crmentity` (`crmid`) ON DELETE CASCADE
) ENGINE=InnoDB DEFAULT CHARSET=utf8;

--
-- Dumping data for table `vtiger_potential`
--


--
-- Table structure for table `vtiger_potentialscf`
--

CREATE TABLE `vtiger_potentialscf` (
  `potentialid` int(19) NOT NULL DEFAULT '0',
  PRIMARY KEY (`potentialid`),
  CONSTRAINT `fk_1_vtiger_potentialscf` FOREIGN KEY (`potentialid`) REFERENCES `vtiger_potential` (`potentialid`) ON DELETE CASCADE
) ENGINE=InnoDB DEFAULT CHARSET=utf8;

--
-- Dumping data for table `vtiger_potentialscf`
--


--
-- Table structure for table `vtiger_potstagehistory`
--

CREATE TABLE `vtiger_potstagehistory` (
  `historyid` int(19) NOT NULL AUTO_INCREMENT,
  `potentialid` int(19) NOT NULL,
  `amount` decimal(10,0) DEFAULT NULL,
  `stage` varchar(100) DEFAULT NULL,
  `probability` decimal(7,3) DEFAULT NULL,
  `expectedrevenue` decimal(10,0) DEFAULT NULL,
  `closedate` date DEFAULT NULL,
  `lastmodified` datetime DEFAULT NULL,
  PRIMARY KEY (`historyid`),
  KEY `potstagehistory_potentialid_idx` (`potentialid`),
  CONSTRAINT `fk_1_vtiger_potstagehistory` FOREIGN KEY (`potentialid`) REFERENCES `vtiger_potential` (`potentialid`) ON DELETE CASCADE
) ENGINE=InnoDB DEFAULT CHARSET=utf8;

--
-- Dumping data for table `vtiger_potstagehistory`
--


--
-- Table structure for table `vtiger_pricebook`
--

CREATE TABLE `vtiger_pricebook` (
  `pricebookid` int(19) NOT NULL DEFAULT '0',
  `pricebook_no` varchar(100) NOT NULL,
  `bookname` varchar(100) DEFAULT NULL,
  `active` int(1) DEFAULT NULL,
  `currency_id` int(19) NOT NULL DEFAULT '1',
  `tags` varchar(1) DEFAULT NULL,
  PRIMARY KEY (`pricebookid`),
  CONSTRAINT `fk_1_vtiger_pricebook` FOREIGN KEY (`pricebookid`) REFERENCES `vtiger_crmentity` (`crmid`) ON DELETE CASCADE
) ENGINE=InnoDB DEFAULT CHARSET=utf8;

--
-- Dumping data for table `vtiger_pricebook`
--


--
-- Table structure for table `vtiger_pricebookcf`
--

CREATE TABLE `vtiger_pricebookcf` (
  `pricebookid` int(19) NOT NULL DEFAULT '0',
  PRIMARY KEY (`pricebookid`),
  CONSTRAINT `fk_1_vtiger_pricebookcf` FOREIGN KEY (`pricebookid`) REFERENCES `vtiger_pricebook` (`pricebookid`) ON DELETE CASCADE
) ENGINE=InnoDB DEFAULT CHARSET=utf8;

--
-- Dumping data for table `vtiger_pricebookcf`
--


--
-- Table structure for table `vtiger_pricebookproductrel`
--

CREATE TABLE `vtiger_pricebookproductrel` (
  `pricebookid` int(19) NOT NULL,
  `productid` int(19) NOT NULL,
  `listprice` decimal(27,8) DEFAULT NULL,
  `usedcurrency` int(11) NOT NULL DEFAULT '1',
  PRIMARY KEY (`pricebookid`,`productid`),
  KEY `pricebookproductrel_pricebookid_idx` (`pricebookid`),
  KEY `pricebookproductrel_productid_idx` (`productid`),
  CONSTRAINT `fk_1_vtiger_pricebookproductrel` FOREIGN KEY (`pricebookid`) REFERENCES `vtiger_pricebook` (`pricebookid`) ON DELETE CASCADE
) ENGINE=InnoDB DEFAULT CHARSET=utf8;

--
-- Dumping data for table `vtiger_pricebookproductrel`
--


--
-- Table structure for table `vtiger_priority`
--

CREATE TABLE `vtiger_priority` (
  `priorityid` int(19) NOT NULL AUTO_INCREMENT,
  `priority` varchar(200) NOT NULL,
  `sortorderid` int(19) NOT NULL DEFAULT '0',
  `presence` int(1) NOT NULL DEFAULT '1',
  PRIMARY KEY (`priorityid`),
  UNIQUE KEY `priority_priority_idx` (`priority`)
) ENGINE=InnoDB DEFAULT CHARSET=utf8;

--
-- Dumping data for table `vtiger_priority`
--


--
-- Table structure for table `vtiger_productcategory`
--

CREATE TABLE `vtiger_productcategory` (
  `productcategoryid` int(19) NOT NULL AUTO_INCREMENT,
  `productcategory` varchar(200) NOT NULL,
  `presence` int(1) NOT NULL DEFAULT '1',
  `picklist_valueid` int(19) NOT NULL DEFAULT '0',
  `sortorderid` int(11) DEFAULT NULL,
  `color` varchar(10) DEFAULT NULL,
  PRIMARY KEY (`productcategoryid`),
  UNIQUE KEY `productcategory_productcategory_idx` (`productcategory`)
) ENGINE=InnoDB AUTO_INCREMENT=5 DEFAULT CHARSET=utf8;

--
-- Dumping data for table `vtiger_productcategory`
--

INSERT INTO `vtiger_productcategory` VALUES (2,'Hardware',1,136,1,NULL),(3,'Software',1,137,2,NULL),(4,'CRM Applications',1,138,3,NULL);

--
-- Table structure for table `vtiger_productcategory_seq`
--

CREATE TABLE `vtiger_productcategory_seq` (
  `id` int(11) NOT NULL
) ENGINE=InnoDB DEFAULT CHARSET=utf8;

--
-- Dumping data for table `vtiger_productcategory_seq`
--

INSERT INTO `vtiger_productcategory_seq` VALUES (4);

--
-- Table structure for table `vtiger_productcf`
--

CREATE TABLE `vtiger_productcf` (
  `productid` int(19) NOT NULL DEFAULT '0',
  PRIMARY KEY (`productid`),
  CONSTRAINT `fk_1_vtiger_productcf` FOREIGN KEY (`productid`) REFERENCES `vtiger_products` (`productid`) ON DELETE CASCADE
) ENGINE=InnoDB DEFAULT CHARSET=utf8;

--
-- Dumping data for table `vtiger_productcf`
--


--
-- Table structure for table `vtiger_productcurrencyrel`
--

CREATE TABLE `vtiger_productcurrencyrel` (
  `productid` int(11) NOT NULL,
  `currencyid` int(11) NOT NULL,
  `converted_price` decimal(28,8) DEFAULT NULL,
  `actual_price` decimal(28,8) DEFAULT NULL
) ENGINE=InnoDB DEFAULT CHARSET=utf8;

--
-- Dumping data for table `vtiger_productcurrencyrel`
--


--
-- Table structure for table `vtiger_products`
--

CREATE TABLE `vtiger_products` (
  `productid` int(11) NOT NULL,
  `product_no` varchar(100) NOT NULL,
  `productname` varchar(100) DEFAULT NULL,
  `productcode` varchar(40) DEFAULT NULL,
  `productcategory` varchar(200) DEFAULT NULL,
  `manufacturer` varchar(200) DEFAULT NULL,
  `qty_per_unit` decimal(11,2) DEFAULT '0.00',
  `unit_price` decimal(25,8) DEFAULT NULL,
  `weight` decimal(11,3) DEFAULT NULL,
  `pack_size` int(11) DEFAULT NULL,
  `sales_start_date` date DEFAULT NULL,
  `sales_end_date` date DEFAULT NULL,
  `start_date` date DEFAULT NULL,
  `expiry_date` date DEFAULT NULL,
  `cost_factor` int(11) DEFAULT NULL,
  `commissionrate` decimal(7,3) DEFAULT NULL,
  `commissionmethod` varchar(50) DEFAULT NULL,
  `discontinued` int(1) NOT NULL DEFAULT '0',
  `usageunit` varchar(200) DEFAULT NULL,
  `reorderlevel` int(11) DEFAULT NULL,
  `website` varchar(100) DEFAULT NULL,
  `taxclass` varchar(200) DEFAULT NULL,
  `mfr_part_no` varchar(200) DEFAULT NULL,
  `vendor_part_no` varchar(200) DEFAULT NULL,
  `serialno` varchar(200) DEFAULT NULL,
  `qtyinstock` decimal(25,3) DEFAULT NULL,
  `productsheet` varchar(200) DEFAULT NULL,
  `qtyindemand` int(11) DEFAULT NULL,
  `glacct` varchar(200) DEFAULT NULL,
  `vendor_id` int(11) DEFAULT NULL,
  `imagename` text,
  `currency_id` int(19) NOT NULL DEFAULT '1',
  `is_subproducts_viewable` int(1) DEFAULT '1',
  `purchase_cost` decimal(27,8) DEFAULT NULL,
  `tags` varchar(1) DEFAULT NULL,
  PRIMARY KEY (`productid`),
  CONSTRAINT `fk_1_vtiger_products` FOREIGN KEY (`productid`) REFERENCES `vtiger_crmentity` (`crmid`) ON DELETE CASCADE
) ENGINE=InnoDB DEFAULT CHARSET=utf8;

--
-- Dumping data for table `vtiger_products`
--


--
-- Table structure for table `vtiger_producttaxrel`
--

CREATE TABLE `vtiger_producttaxrel` (
  `productid` int(11) NOT NULL,
  `taxid` int(3) NOT NULL,
  `taxpercentage` decimal(7,3) DEFAULT NULL,
  `regions` text,
  KEY `producttaxrel_productid_idx` (`productid`),
  KEY `producttaxrel_taxid_idx` (`taxid`),
  CONSTRAINT `fk_crmid_vtiger_producttaxrel` FOREIGN KEY (`productid`) REFERENCES `vtiger_crmentity` (`crmid`) ON DELETE CASCADE
) ENGINE=InnoDB DEFAULT CHARSET=utf8;

--
-- Dumping data for table `vtiger_producttaxrel`
--


--
-- Table structure for table `vtiger_profile`
--

CREATE TABLE `vtiger_profile` (
  `profileid` int(10) NOT NULL AUTO_INCREMENT,
  `profilename` varchar(50) NOT NULL,
  `description` text,
  `directly_related_to_role` int(1) DEFAULT '0',
  PRIMARY KEY (`profileid`)
) ENGINE=InnoDB AUTO_INCREMENT=6 DEFAULT CHARSET=utf8;

--
-- Dumping data for table `vtiger_profile`
--

INSERT INTO `vtiger_profile` VALUES (1,'Administrator','Admin Profile',0),(2,'Sales Profile','Profile Related to Sales',0),(3,'Support Profile','Profile Related to Support',0),(4,'Guest Profile','Guest Profile for Test Users',0),(5,'Documents','',0);

--
-- Table structure for table `vtiger_profile2field`
--

CREATE TABLE `vtiger_profile2field` (
  `profileid` int(11) NOT NULL,
  `tabid` int(10) DEFAULT NULL,
  `fieldid` int(19) NOT NULL,
  `visible` int(19) DEFAULT NULL,
  `readonly` int(19) DEFAULT NULL,
  PRIMARY KEY (`profileid`,`fieldid`),
  KEY `profile2field_profileid_tabid_fieldname_idx` (`profileid`,`tabid`),
  KEY `profile2field_tabid_profileid_idx` (`tabid`,`profileid`),
  KEY `profile2field_visible_profileid_idx` (`visible`,`profileid`)
) ENGINE=InnoDB DEFAULT CHARSET=utf8;

--
-- Dumping data for table `vtiger_profile2field`
--

INSERT INTO `vtiger_profile2field` VALUES (1,6,1,0,0),(1,6,2,0,0),(1,6,3,0,0),(1,6,4,0,0),(1,6,5,0,0),(1,6,6,0,0),(1,6,7,0,0),(1,6,8,0,0),(1,6,9,0,0),(1,6,10,0,0),(1,6,11,0,0),(1,6,12,0,0),(1,6,13,0,0),(1,6,14,0,0),(1,6,15,0,0),(1,6,16,0,0),(1,6,17,0,0),(1,6,18,0,0),(1,6,19,0,0),(1,6,20,0,0),(1,6,21,0,0),(1,6,22,0,0),(1,6,23,0,0),(1,6,24,0,0),(1,6,25,0,0),(1,6,26,0,0),(1,6,27,0,0),(1,6,28,0,0),(1,6,29,0,0),(1,6,30,0,0),(1,6,31,0,0),(1,6,32,0,0),(1,6,33,0,0),(1,6,34,0,0),(1,6,35,0,0),(1,6,36,0,0),(1,7,37,0,0),(1,7,38,0,0),(1,7,39,0,0),(1,7,40,0,0),(1,7,41,0,0),(1,7,42,0,0),(1,7,43,0,0),(1,7,44,0,0),(1,7,45,0,0),(1,7,46,0,0),(1,7,47,0,0),(1,7,48,0,0),(1,7,49,0,0),(1,7,50,0,0),(1,7,51,0,0),(1,7,52,0,0),(1,7,53,0,0),(1,7,54,0,0),(1,7,55,0,0),(1,7,56,0,0),(1,7,57,0,0),(1,7,58,0,0),(1,7,59,0,0),(1,7,60,0,0),(1,7,61,0,0),(1,7,62,0,0),(1,7,63,0,0),(1,7,64,0,0),(1,7,65,0,0),(1,4,66,0,0),(1,4,67,0,0),(1,4,68,0,0),(1,4,69,0,0),(1,4,70,0,0),(1,4,71,0,0),(1,4,72,0,0),(1,4,73,0,0),(1,4,74,0,0),(1,4,75,0,0),(1,4,76,0,0),(1,4,77,0,0),(1,4,78,0,0),(1,4,79,0,0),(1,4,80,0,0),(1,4,81,0,0),(1,4,82,0,0),(1,4,83,0,0),(1,4,84,0,0),(1,4,85,0,0),(1,4,86,0,0),(1,4,87,0,0),(1,4,88,0,0),(1,4,89,0,0),(1,4,90,0,0),(1,4,91,0,0),(1,4,92,0,0),(1,4,93,0,0),(1,4,94,0,0),(1,4,95,0,0),(1,4,96,0,0),(1,4,97,0,0),(1,4,98,0,0),(1,4,99,0,0),(1,4,100,0,0),(1,4,101,0,0),(1,4,102,0,0),(1,4,103,0,0),(1,4,104,0,0),(1,4,105,0,0),(1,4,106,0,0),(1,4,107,0,0),(1,4,108,0,0),(1,4,109,0,0),(1,2,110,0,0),(1,2,111,0,0),(1,2,112,0,0),(1,2,113,0,0),(1,2,114,0,0),(1,2,115,0,0),(1,2,116,0,0),(1,2,117,0,0),(1,2,118,0,0),(1,2,119,0,0),(1,2,120,0,0),(1,2,121,0,0),(1,2,122,0,0),(1,2,123,0,0),(1,2,124,0,0),(1,2,125,0,0),(1,26,126,0,0),(1,26,127,0,0),(1,26,128,0,0),(1,26,129,0,0),(1,26,130,0,0),(1,26,131,0,0),(1,26,132,0,0),(1,26,133,0,0),(1,26,134,0,0),(1,26,135,0,0),(1,26,136,0,0),(1,26,137,0,0),(1,26,138,0,0),(1,26,139,0,0),(1,26,140,0,0),(1,26,141,0,0),(1,26,142,0,0),(1,26,143,0,0),(1,26,144,0,0),(1,26,145,0,0),(1,26,146,0,0),(1,26,147,0,0),(1,26,148,0,0),(1,26,149,0,0),(1,26,150,0,0),(1,4,151,0,0),(1,6,152,0,0),(1,7,153,0,0),(1,26,154,0,0),(1,13,155,0,0),(1,13,156,0,0),(1,13,157,0,0),(1,13,158,0,0),(1,13,159,0,0),(1,13,160,0,0),(1,13,161,0,0),(1,13,162,0,0),(1,13,163,0,0),(1,13,164,0,0),(1,13,165,0,0),(1,13,166,0,0),(1,13,167,0,0),(1,13,168,0,0),(1,13,169,0,0),(1,13,170,0,0),(1,13,171,0,0),(1,13,172,0,0),(1,13,173,0,0),(1,14,174,0,0),(1,14,175,0,0),(1,14,176,0,0),(1,14,177,0,0),(1,14,178,0,0),(1,14,179,0,0),(1,14,180,0,0),(1,14,181,0,0),(1,14,182,0,0),(1,14,183,0,0),(1,14,184,0,0),(1,14,185,0,0),(1,14,186,0,0),(1,14,187,0,0),(1,14,188,0,0),(1,14,189,0,0),(1,14,190,0,0),(1,14,191,0,0),(1,14,192,0,0),(1,14,193,0,0),(1,14,194,0,0),(1,14,195,0,0),(1,14,196,0,0),(1,14,197,0,0),(1,14,198,0,0),(1,14,199,0,0),(1,14,200,0,0),(1,14,201,0,0),(1,14,202,0,0),(1,14,203,0,0),(1,14,204,0,0),(1,8,205,0,0),(1,8,206,0,0),(1,8,207,0,0),(1,8,208,0,0),(1,8,209,0,0),(1,8,210,0,0),(1,8,211,0,0),(1,8,212,0,0),(1,8,213,0,0),(1,8,214,0,0),(1,8,215,0,0),(1,8,216,0,0),(1,8,217,0,0),(1,8,218,0,0),(1,8,219,0,0),(1,10,220,0,0),(1,10,221,0,0),(1,10,222,0,0),(1,10,223,0,0),(1,10,224,0,0),(1,10,225,0,0),(1,10,226,0,0),(1,10,227,0,0),(1,10,228,0,0),(1,10,229,0,0),(1,10,230,0,0),(1,10,231,0,0),(1,9,232,0,0),(1,9,233,0,0),(1,9,234,0,0),(1,9,235,0,0),(1,9,236,0,0),(1,9,237,0,0),(1,9,238,0,0),(1,9,239,0,0),(1,9,240,0,0),(1,9,241,0,0),(1,9,242,0,0),(1,9,243,0,0),(1,9,244,0,0),(1,9,245,0,0),(1,9,246,0,0),(1,9,247,0,0),(1,9,248,0,0),(1,9,249,0,0),(1,9,250,0,0),(1,9,251,0,0),(1,9,252,0,0),(1,9,253,0,0),(1,9,254,0,0),(1,9,255,0,0),(1,16,256,0,0),(1,16,257,0,0),(1,16,258,0,0),(1,16,259,0,0),(1,16,260,0,0),(1,16,261,0,0),(1,16,262,0,0),(1,16,263,0,0),(1,16,264,0,0),(1,16,265,0,0),(1,16,266,0,0),(1,16,267,0,0),(1,16,268,0,0),(1,16,269,0,0),(1,16,270,0,0),(1,16,271,0,0),(1,16,272,0,0),(1,16,273,0,0),(1,16,274,0,0),(1,16,275,0,0),(1,16,276,0,0),(1,16,277,0,0),(1,16,278,0,0),(1,15,279,0,0),(1,15,280,0,0),(1,15,281,0,0),(1,15,282,0,0),(1,15,283,0,0),(1,15,284,0,0),(1,15,285,0,0),(1,15,286,0,0),(1,15,287,0,0),(1,15,288,0,0),(1,18,289,0,0),(1,18,290,0,0),(1,18,291,0,0),(1,18,292,0,0),(1,18,293,0,0),(1,18,294,0,0),(1,18,295,0,0),(1,18,296,0,0),(1,18,297,0,0),(1,18,298,0,0),(1,18,299,0,0),(1,18,300,0,0),(1,18,301,0,0),(1,18,302,0,0),(1,18,303,0,0),(1,18,304,0,0),(1,18,305,0,0),(1,19,306,0,0),(1,19,307,0,0),(1,19,308,0,0),(1,19,309,0,0),(1,19,310,0,0),(1,19,311,0,0),(1,19,312,0,0),(1,19,313,0,0),(1,20,314,0,0),(1,20,315,0,0),(1,20,316,0,0),(1,20,317,0,0),(1,20,318,0,0),(1,20,319,0,0),(1,20,320,0,0),(1,20,321,0,0),(1,20,322,0,0),(1,20,323,0,0),(1,20,324,0,0),(1,20,325,0,0),(1,20,326,0,0),(1,20,327,0,0),(1,20,328,0,0),(1,20,329,0,0),(1,20,330,0,0),(1,20,331,0,0),(1,20,332,0,0),(1,20,333,0,0),(1,20,334,0,0),(1,20,335,0,0),(1,20,336,0,0),(1,20,337,0,0),(1,20,338,0,0),(1,20,339,0,0),(1,20,340,0,0),(1,20,341,0,0),(1,20,342,0,0),(1,20,343,0,0),(1,20,344,0,0),(1,20,345,0,0),(1,20,346,0,0),(1,20,347,0,0),(1,20,348,0,0),(1,20,349,0,0),(1,20,350,0,0),(1,21,351,0,0),(1,21,352,0,0),(1,21,353,0,0),(1,21,354,0,0),(1,21,355,0,0),(1,21,356,0,0),(1,21,357,0,0),(1,21,358,0,0),(1,21,359,0,0),(1,21,360,0,0),(1,21,361,0,0),(1,21,362,0,0),(1,21,363,0,0),(1,21,364,0,0),(1,21,365,0,0),(1,21,366,0,0),(1,21,367,0,0),(1,21,368,0,0),(1,21,369,0,0),(1,21,370,0,0),(1,21,371,0,0),(1,21,372,0,0),(1,21,373,0,0),(1,21,374,0,0),(1,21,375,0,0),(1,21,376,0,0),(1,21,377,0,0),(1,21,378,0,0),(1,21,379,0,0),(1,21,380,0,0),(1,21,381,0,0),(1,21,382,0,0),(1,21,383,0,0),(1,21,384,0,0),(1,21,385,0,0),(1,21,386,0,0),(1,21,387,0,0),(1,21,388,0,0),(1,22,389,0,0),(1,22,390,0,0),(1,22,391,0,0),(1,22,392,0,0),(1,22,393,0,0),(1,22,394,0,0),(1,22,395,0,0),(1,22,396,0,0),(1,22,397,0,0),(1,22,398,0,0),(1,22,399,0,0),(1,22,400,0,0),(1,22,401,0,0),(1,22,402,0,0),(1,22,403,0,0),(1,22,404,0,0),(1,22,405,0,0),(1,22,406,0,0),(1,22,407,0,0),(1,22,408,0,0),(1,22,409,0,0),(1,22,410,0,0),(1,22,411,0,0),(1,22,412,0,0),(1,22,413,0,0),(1,22,414,0,0),(1,22,415,0,0),(1,22,416,0,0),(1,22,417,0,0),(1,22,418,0,0),(1,22,419,0,0),(1,22,420,0,0),(1,22,421,0,0),(1,22,422,0,0),(1,22,423,0,0),(1,22,424,0,0),(1,22,425,0,0),(1,22,426,0,0),(1,22,427,0,0),(1,22,428,0,0),(1,22,429,0,0),(1,22,430,0,0),(1,22,431,0,0),(1,22,432,0,0),(1,22,433,0,0),(1,22,434,0,0),(1,22,435,0,0),(1,23,436,0,0),(1,23,437,0,0),(1,23,438,0,0),(1,23,439,0,0),(1,23,440,0,0),(1,23,441,0,0),(1,23,442,0,0),(1,23,443,0,0),(1,23,444,0,0),(1,23,445,0,0),(1,23,446,0,0),(1,23,447,0,0),(1,23,448,0,0),(1,23,449,0,0),(1,23,450,0,0),(1,23,451,0,0),(1,23,452,0,0),(1,23,453,0,0),(1,23,454,0,0),(1,23,455,0,0),(1,23,456,0,0),(1,23,457,0,0),(1,23,458,0,0),(1,23,459,0,0),(1,23,460,0,0),(1,23,461,0,0),(1,23,462,0,0),(1,23,463,0,0),(1,23,464,0,0),(1,23,465,0,0),(1,23,466,0,0),(1,23,467,0,0),(1,23,468,0,0),(1,23,469,0,0),(1,23,470,0,0),(1,23,471,0,0),(1,23,472,0,0),(1,23,473,0,0),(1,23,474,0,0),(1,29,475,0,0),(1,29,479,0,0),(1,29,480,0,0),(1,29,482,0,0),(1,29,489,0,0),(1,29,490,0,0),(1,29,491,0,0),(1,29,492,0,0),(1,29,493,0,0),(1,29,495,0,0),(1,29,496,0,0),(1,29,497,0,0),(1,29,498,0,0),(1,29,499,0,0),(1,29,504,0,0),(1,29,505,0,0),(1,29,506,0,0),(1,29,507,0,0),(1,29,515,0,0),(1,10,520,0,0),(1,10,521,0,0),(1,10,522,0,0),(1,10,523,0,0),(1,10,524,0,0),(1,10,525,0,0),(1,30,526,0,0),(1,30,527,0,0),(1,30,528,0,0),(1,30,529,0,0),(1,30,530,0,0),(1,30,531,0,0),(1,30,532,0,0),(1,30,533,0,0),(1,30,534,0,0),(1,30,535,0,0),(1,30,536,0,0),(1,30,537,0,0),(1,30,538,0,0),(1,30,539,0,0),(1,30,540,0,0),(1,30,541,0,0),(1,30,542,0,0),(1,30,543,0,0),(1,30,544,0,0),(1,30,545,0,0),(1,30,546,0,0),(1,30,547,0,0),(1,33,548,0,0),(1,33,549,0,0),(1,33,550,0,0),(1,33,551,0,0),(1,33,552,0,0),(1,33,553,0,0),(1,33,554,0,0),(1,33,555,0,0),(1,33,556,0,0),(1,33,557,0,0),(1,33,558,0,0),(1,33,559,0,0),(1,33,560,0,0),(1,33,561,0,0),(1,33,562,0,0),(1,33,563,0,0),(1,33,564,0,0),(1,29,565,0,0),(1,34,566,0,0),(1,34,567,0,0),(1,34,568,0,0),(1,34,569,0,0),(1,34,570,0,0),(1,34,571,0,0),(1,34,572,0,0),(1,34,573,0,0),(1,34,574,0,0),(1,34,575,0,0),(1,34,576,0,0),(1,34,577,0,0),(1,34,578,0,0),(1,34,579,0,0),(1,34,580,0,0),(1,34,581,0,0),(1,34,582,0,0),(1,34,583,0,0),(1,34,584,0,0),(1,34,585,0,0),(1,34,586,0,0),(1,34,587,0,0),(1,39,588,0,0),(1,39,589,0,0),(1,39,590,0,0),(1,39,591,0,0),(1,39,592,0,0),(1,39,593,0,0),(1,42,594,0,0),(1,42,595,0,0),(1,42,596,0,0),(1,42,597,0,0),(1,42,598,0,0),(1,42,599,0,0),(1,42,600,0,0),(1,42,601,0,0),(1,42,602,0,0),(1,42,603,0,0),(1,42,604,0,0),(1,42,605,0,0),(1,42,606,0,0),(1,42,607,0,0),(1,42,608,0,0),(1,42,609,0,0),(1,42,610,0,0),(1,42,611,0,0),(1,42,612,0,0),(1,42,613,0,0),(1,42,614,0,0),(1,43,615,0,0),(1,43,616,0,0),(1,43,617,0,0),(1,43,618,0,0),(1,43,619,0,0),(1,43,620,0,0),(1,43,621,0,0),(1,43,622,0,0),(1,44,623,0,0),(1,44,624,0,0),(1,44,625,0,0),(1,44,626,0,0),(1,44,627,0,0),(1,44,628,0,0),(1,44,629,0,0),(1,44,630,0,0),(1,44,631,0,0),(1,44,632,0,0),(1,44,633,0,0),(1,44,634,0,0),(1,44,635,0,0),(1,45,636,0,0),(1,45,637,0,0),(1,45,638,0,0),(1,45,639,0,0),(1,45,640,0,0),(1,45,641,0,0),(1,45,642,0,0),(1,45,643,0,0),(1,45,644,0,0),(1,45,645,0,0),(1,45,646,0,0),(1,45,647,0,0),(1,45,648,0,0),(1,45,649,0,0),(1,45,650,0,0),(1,45,651,0,0),(1,45,652,0,0),(1,45,653,0,0),(1,46,654,0,0),(1,46,655,0,0),(1,46,656,0,0),(1,46,657,0,0),(1,46,658,0,0),(1,46,659,0,0),(1,46,660,0,0),(1,46,661,0,0),(1,46,662,0,0),(1,46,663,0,0),(1,46,664,0,0),(1,46,665,0,0),(1,46,666,0,0),(1,46,667,0,0),(1,46,668,0,0),(1,46,669,0,0),(1,46,670,0,0),(1,46,671,0,0),(1,46,672,0,0),(1,46,673,0,0),(1,2,674,0,0),(1,29,675,0,0),(1,23,676,0,0),(1,23,677,0,0),(1,23,678,0,0),(1,23,679,0,0),(1,23,680,0,0),(1,23,681,0,0),(1,23,682,0,0),(1,23,683,0,0),(1,23,684,0,0),(1,22,685,0,0),(1,22,686,0,0),(1,22,687,0,0),(1,22,688,0,0),(1,22,689,0,0),(1,22,690,0,0),(1,22,691,0,0),(1,22,692,0,0),(1,22,693,0,0),(1,21,694,0,0),(1,21,695,0,0),(1,21,696,0,0),(1,21,697,0,0),(1,21,698,0,0),(1,21,699,0,0),(1,21,700,0,0),(1,21,701,0,0),(1,21,702,0,0),(1,20,703,0,0),(1,20,704,0,0),(1,20,705,0,0),(1,20,706,0,0),(1,20,707,0,0),(1,20,708,0,0),(1,20,709,0,0),(1,20,710,0,0),(1,20,711,0,0),(1,29,712,0,0),(1,45,713,0,0),(1,43,714,0,0),(1,29,715,0,0),(1,29,716,0,0),(1,29,717,0,0),(1,23,718,0,0),(1,22,719,0,0),(1,21,720,0,0),(1,20,721,0,0),(1,29,722,0,0),(1,6,723,0,0),(1,4,724,0,0),(1,2,725,0,0),(1,29,726,0,0),(1,23,727,0,0),(1,23,728,0,0),(1,21,729,0,0),(1,21,730,0,0),(1,18,731,0,0),(1,7,732,0,0),(1,43,733,0,0),(1,43,734,0,0),(1,23,735,0,0),(1,20,736,0,0),(1,21,737,0,0),(1,22,738,0,0),(1,29,739,0,0),(1,2,740,0,0),(1,13,741,0,0),(1,29,742,0,0),(1,29,743,0,0),(1,29,744,0,0),(1,29,745,0,0),(1,14,772,0,0),(1,34,773,0,0),(1,23,774,0,0),(1,29,775,0,0),(1,23,776,0,0),(1,23,777,0,0),(1,23,778,0,0),(1,20,779,0,0),(1,20,780,0,0),(1,20,781,0,0),(1,21,782,0,0),(1,22,783,0,0),(1,22,784,0,0),(1,22,785,0,0),(1,43,786,0,0),(1,43,787,0,0),(1,43,788,0,0),(1,2,789,0,0),(1,4,790,0,0),(1,6,791,0,0),(1,7,792,0,0),(1,8,793,0,0),(1,9,794,0,0),(1,10,795,0,0),(1,13,796,0,0),(1,14,797,0,0),(1,15,798,0,0),(1,16,799,0,0),(1,18,800,0,0),(1,19,801,0,0),(1,20,802,0,0),(1,21,803,0,0),(1,22,804,0,0),(1,23,805,0,0),(1,26,806,0,0),(1,10,807,0,0),(1,2,808,0,0),(1,4,809,0,0),(1,6,810,0,0),(1,7,811,0,0),(1,8,812,0,0),(1,9,813,0,0),(1,10,814,0,0),(1,13,815,0,0),(1,14,816,0,0),(1,15,817,0,0),(1,16,818,0,0),(1,18,819,0,0),(1,19,820,0,0),(1,20,821,0,0),(1,21,822,0,0),(1,22,823,0,0),(1,23,824,0,0),(1,26,825,0,0),(1,2,826,0,0),(1,4,827,0,0),(1,6,828,0,0),(1,7,829,0,0),(1,8,830,0,0),(1,9,831,0,0),(1,10,832,0,0),(1,13,833,0,0),(1,14,834,0,0),(1,15,835,0,0),(1,16,836,0,0),(1,18,837,0,0),(1,19,838,0,0),(1,20,839,0,0),(1,21,840,0,0),(1,22,841,0,0),(1,23,842,0,0),(1,26,843,0,0),(1,20,844,0,0),(1,21,845,0,0),(1,22,846,0,0),(1,23,847,0,0),(1,46,848,0,0),(1,46,849,0,0),(1,29,850,0,0),(1,22,851,0,0),(1,52,852,0,0),(1,52,853,0,0),(1,52,854,0,0),(1,52,855,0,0),(1,52,856,0,0),(1,52,857,0,0),(1,52,858,0,0),(1,52,859,0,0),(1,52,860,0,0),(1,52,861,0,0),(1,52,862,0,0),(1,53,863,0,0),(1,53,864,0,0),(1,53,865,0,0),(1,53,866,0,0),(1,53,867,0,0),(1,53,868,0,0),(1,53,869,0,0),(1,53,870,0,0),(1,53,871,0,0),(1,53,872,0,0),(1,53,873,0,0),(1,54,874,0,0),(1,54,875,0,0),(1,54,876,0,0),(1,54,877,0,0),(1,54,878,0,0),(1,54,879,0,0),(1,54,880,0,0),(1,54,881,0,0),(1,54,882,0,0),(1,54,883,0,0),(1,54,884,0,0),(1,53,887,0,0),(1,53,937,0,0),(1,53,939,0,0),(1,53,941,0,0),(1,53,943,0,0),(1,53,945,0,0),(1,8,947,0,0),(1,8,949,0,0),(1,8,953,0,0),(1,8,955,0,0),(1,8,957,0,0),(1,54,959,0,0),(1,54,961,0,0),(1,54,963,0,0),(1,54,965,0,0),(1,54,967,0,0),(1,54,969,0,0),(1,53,971,0,0),(1,57,972,0,0),(1,57,973,0,0),(1,57,974,0,0),(1,57,975,0,0),(1,57,976,0,0),(1,57,977,0,0),(1,57,978,0,0),(1,57,979,0,0),(1,57,980,0,0),(1,57,981,0,0),(1,57,982,0,0),(1,58,983,0,0),(1,58,984,0,0),(1,58,985,0,0),(1,58,986,0,0),(1,58,987,0,0),(1,58,988,0,0),(1,58,989,0,0),(1,58,990,0,0),(1,58,991,0,0),(1,58,992,0,0),(1,58,993,0,0),(1,59,994,0,0),(1,59,995,0,0),(1,59,996,0,0),(1,59,997,0,0),(1,59,998,0,0),(1,59,999,0,0),(1,59,1000,0,0),(1,59,1001,0,0),(1,59,1002,0,0),(1,59,1003,0,0),(1,59,1004,0,0),(1,59,1005,0,0),(1,59,1006,0,0),(1,59,1007,0,0),(1,59,1008,0,0),(1,59,1009,0,0),(1,59,1010,0,0),(1,59,1011,0,0),(1,59,1012,0,0),(1,59,1013,0,0),(1,59,1014,0,0),(1,59,1015,0,0),(1,58,1016,0,0),(1,59,1017,0,0),(1,57,1019,0,0),(1,57,1023,0,0),(1,57,1027,0,0),(1,57,1029,0,0),(1,57,1031,0,0),(1,57,1037,0,0),(1,57,1039,0,0),(1,58,1043,0,0),(1,58,1045,0,0),(1,58,1049,0,0),(1,58,1051,0,0),(1,58,1053,0,0),(1,58,1057,0,0),(1,58,1059,0,0),(1,58,1061,0,0),(1,58,1063,0,0),(1,58,1069,0,0),(1,58,1075,0,0),(1,58,1077,0,0),(1,58,1079,0,0),(1,58,1081,0,0),(1,58,1083,0,0),(1,58,1085,0,0),(1,58,1087,0,0),(1,58,1089,0,0),(1,58,1091,0,0),(1,58,1093,0,0),(1,58,1095,0,0),(1,59,1099,0,0),(1,59,1101,0,0),(1,59,1105,0,0),(1,59,1107,0,0),(1,59,1109,0,0),(1,59,1111,0,0),(1,59,1113,0,0),(1,59,1115,0,0),(1,59,1117,0,0),(1,59,1119,0,0),(1,59,1125,0,0),(1,59,1127,0,0),(1,59,1129,0,0),(1,59,1131,0,0),(1,59,1133,0,0),(1,59,1135,0,0),(1,59,1137,0,0),(1,59,1139,0,0),(1,59,1141,0,0),(1,59,1143,0,0),(1,59,1145,0,0),(1,59,1147,0,0),(1,59,1149,0,0),(1,59,1151,0,0),(1,58,1153,0,0),(1,57,1154,0,0),(1,58,1155,0,0),(1,59,1156,0,0),(1,57,1158,0,0),(1,57,1160,0,0),(1,59,1162,0,0),(1,59,1164,0,0),(1,62,1165,0,0),(1,62,1166,0,0),(1,62,1167,0,0),(1,62,1168,0,0),(1,62,1169,0,0),(1,62,1170,0,0),(1,62,1171,0,0),(1,62,1172,0,0),(1,62,1173,0,0),(1,62,1174,0,0),(1,62,1175,0,0),(1,62,1176,0,0),(1,62,1177,0,0),(1,62,1178,0,0),(1,62,1179,0,0),(1,62,1180,0,0),(1,62,1181,0,0),(1,62,1182,0,0),(1,62,1183,0,0),(1,62,1184,0,0),(1,62,1185,0,0),(1,62,1186,0,0),(1,58,1188,0,0),(1,59,1190,0,0),(1,62,1192,0,0),(1,62,1193,0,0),(1,62,1195,0,0),(1,62,1197,0,0),(1,62,1201,0,0),(1,62,1203,0,0),(1,62,1205,0,0),(1,62,1207,0,0),(1,62,1209,0,0),(1,62,1211,0,0),(1,62,1213,0,0),(1,62,1215,0,0),(1,62,1221,0,0),(1,62,1222,0,0),(1,62,1224,0,0),(1,62,1226,0,0),(1,62,1228,0,0),(1,62,1230,0,0),(1,62,1232,0,0),(1,62,1234,0,0),(1,62,1236,0,0),(1,62,1238,0,0),(1,62,1240,0,0),(1,62,1242,0,0),(1,62,1244,0,0),(1,62,1246,0,0),(1,62,1248,0,0),(1,62,1250,0,0),(1,62,1252,0,0),(1,57,1254,0,0),(1,57,1256,0,0),(1,59,1262,0,0),(1,57,1264,0,0),(1,57,1266,0,0),(1,57,1268,0,0),(1,58,1270,0,0),(1,58,1272,0,0),(1,59,1274,0,0),(1,59,1276,0,0),(1,62,1278,0,0),(1,62,1280,0,0),(1,6,1282,0,0),(1,6,1288,0,0),(1,63,1293,0,0),(1,63,1294,0,0),(1,63,1295,0,0),(1,63,1296,0,0),(1,63,1297,0,0),(1,63,1298,0,0),(1,63,1299,0,0),(1,63,1300,0,0),(1,63,1301,0,0),(1,63,1302,0,0),(1,63,1303,0,0),(1,64,1304,0,0),(1,64,1305,0,0),(1,64,1306,0,0),(1,64,1307,0,0),(1,64,1308,0,0),(1,64,1309,0,0),(1,64,1310,0,0),(1,64,1311,0,0),(1,64,1312,0,0),(1,64,1313,0,0),(1,64,1314,0,0),(1,59,1316,0,0),(1,62,1318,0,0),(1,64,1320,0,0),(1,64,1321,0,0),(1,64,1322,0,0),(1,64,1324,0,0),(1,64,1326,0,0),(1,64,1328,0,0),(1,64,1330,0,0),(1,64,1332,0,0),(1,64,1334,0,0),(1,64,1336,0,0),(1,64,1338,0,0),(1,64,1342,0,0),(1,64,1346,0,0),(1,64,1348,0,0),(1,64,1350,0,0),(1,64,1352,0,0),(1,64,1354,0,0),(1,64,1356,0,0),(1,64,1358,0,0),(1,64,1360,0,0),(1,64,1362,0,0),(1,64,1364,0,0),(1,64,1366,0,0),(1,64,1368,0,0),(1,64,1370,0,0),(1,64,1372,0,0),(1,64,1374,0,0),(1,64,1376,0,0),(1,64,1378,0,0),(1,64,1380,0,0),(1,64,1382,0,0),(1,64,1384,0,0),(1,63,1386,0,0),(1,63,1387,0,0),(1,63,1389,0,0),(1,63,1391,0,0),(1,64,1393,0,0),(1,63,1395,0,0),(1,63,1397,0,0),(1,64,1399,0,0),(1,64,1401,0,0),(1,63,1403,0,0),(1,63,1405,0,0),(1,63,1407,0,0),(1,63,1409,0,0),(1,63,1411,0,0),(1,63,1413,0,0),(1,62,1415,0,0),(1,62,1417,0,0),(1,64,1419,0,0),(1,64,1421,0,0),(1,57,1423,0,0),(1,57,1425,0,0),(1,58,1427,0,0),(1,59,1429,0,0),(1,62,1431,0,0),(1,65,1432,0,0),(1,65,1433,0,0),(1,65,1434,0,0),(1,65,1435,0,0),(1,65,1436,0,0),(1,65,1437,0,0),(1,65,1438,0,0),(1,65,1439,0,0),(1,65,1440,0,0),(1,65,1441,0,0),(1,65,1442,0,0),(1,66,1443,0,0),(1,66,1444,0,0),(1,66,1445,0,0),(1,66,1446,0,0),(1,66,1447,0,0),(1,66,1448,0,0),(1,66,1449,0,0),(1,66,1450,0,0),(1,66,1451,0,0),(1,66,1452,0,0),(1,66,1453,0,0),(1,67,1454,0,0),(1,67,1455,0,0),(1,67,1456,0,0),(1,67,1457,0,0),(1,67,1458,0,0),(1,67,1459,0,0),(1,67,1460,0,0),(1,67,1461,0,0),(1,67,1462,0,0),(1,67,1463,0,0),(1,67,1464,0,0),(1,68,1465,0,0),(1,68,1466,0,0),(1,68,1467,0,0),(1,68,1468,0,0),(1,68,1469,0,0),(1,68,1470,0,0),(1,68,1471,0,0),(1,68,1472,0,0),(1,68,1473,0,0),(1,68,1474,0,0),(1,68,1475,0,0),(1,65,1477,0,0),(1,65,1478,0,0),(1,66,1479,0,0),(1,67,1480,0,0),(1,68,1481,0,0),(1,65,1483,0,0),(1,65,1485,0,0),(1,65,1487,0,0),(1,65,1489,0,0),(1,65,1491,0,0),(1,65,1493,0,0),(1,65,1495,0,0),(1,65,1497,0,0),(1,65,1499,0,0),(1,65,1501,0,0),(1,65,1503,0,0),(1,65,1505,0,0),(1,65,1507,0,0),(1,65,1509,0,0),(1,65,1511,0,0),(1,65,1513,0,0),(1,65,1515,0,0),(1,65,1517,0,0),(1,65,1519,0,0),(1,65,1521,0,0),(1,65,1523,0,0),(1,65,1525,0,0),(1,65,1527,0,0),(1,66,1529,0,0),(1,66,1531,0,0),(1,66,1533,0,0),(1,66,1535,0,0),(1,66,1537,0,0),(1,66,1539,0,0),(1,66,1541,0,0),(1,66,1543,0,0),(1,66,1545,0,0),(1,66,1547,0,0),(1,66,1549,0,0),(1,66,1551,0,0),(1,66,1553,0,0),(1,66,1555,0,0),(1,66,1557,0,0),(1,66,1559,0,0),(1,66,1561,0,0),(1,66,1563,0,0),(1,66,1565,0,0),(1,66,1567,0,0),(1,66,1569,0,0),(1,66,1571,0,0),(1,66,1573,0,0),(1,66,1575,0,0),(1,66,1577,0,0),(1,66,1579,0,0),(1,66,1581,0,0),(1,66,1583,0,0),(1,66,1585,0,0),(1,66,1587,0,0),(1,67,1589,0,0),(1,67,1591,0,0),(1,67,1593,0,0),(1,67,1595,0,0),(1,67,1597,0,0),(1,67,1599,0,0),(1,67,1601,0,0),(1,67,1603,0,0),(1,67,1607,0,0),(1,67,1609,0,0),(1,67,1611,0,0),(1,67,1613,0,0),(1,67,1615,0,0),(1,67,1617,0,0),(1,67,1619,0,0),(1,67,1621,0,0),(1,67,1623,0,0),(1,67,1625,0,0),(1,67,1627,0,0),(1,67,1629,0,0),(1,67,1631,0,0),(1,67,1633,0,0),(1,67,1635,0,0),(1,67,1637,0,0),(1,67,1639,0,0),(1,67,1641,0,0),(1,67,1643,0,0),(1,67,1645,0,0),(1,67,1647,0,0),(1,67,1649,0,0),(1,67,1651,0,0),(1,67,1653,0,0),(1,65,1654,0,0),(1,66,1655,0,0),(1,67,1656,0,0),(1,68,1658,0,0),(1,68,1659,0,0),(1,68,1661,0,0),(1,68,1663,0,0),(1,68,1665,0,0),(1,68,1667,0,0),(1,68,1669,0,0),(1,68,1671,0,0),(1,68,1673,0,0),(1,68,1675,0,0),(1,68,1677,0,0),(1,68,1679,0,0),(1,68,1681,0,0),(1,68,1683,0,0),(1,68,1685,0,0),(1,68,1687,0,0),(1,68,1691,0,0),(1,68,1693,0,0),(1,68,1695,0,0),(1,68,1697,0,0),(1,68,1699,0,0),(1,68,1701,0,0),(1,68,1703,0,0),(1,68,1705,0,0),(1,68,1707,0,0),(1,68,1709,0,0),(1,68,1711,0,0),(1,68,1713,0,0),(1,68,1715,0,0),(1,68,1717,0,0),(1,68,1719,0,0),(1,68,1721,0,0),(1,68,1723,0,0),(1,68,1725,0,0),(1,68,1727,0,0),(1,68,1729,0,0),(1,6,1731,0,0),(1,6,1733,0,0),(1,6,1735,0,0),(1,6,1737,0,0),(1,6,1739,0,0),(1,6,1741,0,0),(1,6,1743,0,0),(1,6,1745,0,0),(1,6,1747,0,0),(1,6,1749,0,0),(1,6,1751,0,0),(1,6,1753,0,0),(1,6,1755,0,0),(1,6,1757,0,0),(1,6,1759,0,0),(1,6,1761,0,0),(1,69,1762,0,0),(1,69,1763,0,0),(1,69,1764,0,0),(1,69,1765,0,0),(1,69,1766,0,0),(1,69,1767,0,0),(1,69,1768,0,0),(1,69,1769,0,0),(1,69,1770,0,0),(1,69,1771,0,0),(1,69,1772,0,0),(1,70,1773,0,0),(1,70,1774,0,0),(1,70,1775,0,0),(1,70,1776,0,0),(1,70,1777,0,0),(1,70,1778,0,0),(1,70,1779,0,0),(1,70,1780,0,0),(1,70,1781,0,0),(1,70,1782,0,0),(1,70,1783,0,0),(1,69,1785,0,0),(1,69,1787,0,0),(1,69,1789,0,0),(1,69,1791,0,0),(1,69,1793,0,0),(1,69,1795,0,0),(1,69,1797,0,0),(1,69,1799,0,0),(1,69,1801,0,0),(1,69,1803,0,0),(1,69,1805,0,0),(1,69,1807,0,0),(1,69,1808,0,0),(1,6,1809,0,0),(1,6,1810,0,0),(1,6,1811,0,0),(1,69,1813,0,0),(1,69,1815,0,0),(1,69,1817,0,0),(1,69,1819,0,0),(1,69,1821,0,0),(1,69,1823,0,0),(1,69,1825,0,0),(1,69,1827,0,0),(1,69,1829,0,0),(1,69,1831,0,0),(1,69,1833,0,0),(1,69,1835,0,0),(1,69,1837,0,0),(1,69,1839,0,0),(1,69,1841,0,0),(1,70,1843,0,0),(1,70,1845,0,0),(1,70,1847,0,0),(1,70,1849,0,0),(1,70,1851,0,0),(1,65,1853,0,0),(1,65,1855,0,0),(1,66,1857,0,0),(1,66,1859,0,0),(1,67,1861,0,0),(1,67,1863,0,0),(1,65,1865,0,0),(1,67,1867,0,0),(1,66,1869,0,0),(1,57,1871,0,0),(1,57,1873,0,0),(1,57,1875,0,0),(1,68,1877,0,0),(1,73,1878,0,0),(1,73,1879,0,0),(1,73,1880,0,0),(1,73,1881,0,0),(1,73,1882,0,0),(1,73,1883,0,0),(1,73,1884,0,0),(1,73,1885,0,0),(1,73,1886,0,0),(1,73,1887,0,0),(1,73,1888,0,0),(1,73,1890,0,0),(1,73,1892,0,0),(1,6,1894,0,0),(1,69,1896,0,0),(2,6,1,0,0),(2,6,2,0,0),(2,6,3,0,0),(2,6,4,0,0),(2,6,5,0,0),(2,6,6,0,0),(2,6,7,0,0),(2,6,8,0,0),(2,6,9,0,0),(2,6,10,0,0),(2,6,11,0,0),(2,6,12,0,0),(2,6,13,0,0),(2,6,14,0,0),(2,6,15,0,0),(2,6,16,0,0),(2,6,17,0,0),(2,6,18,0,0),(2,6,19,0,0),(2,6,20,0,0),(2,6,21,0,0),(2,6,22,0,0),(2,6,23,0,0),(2,6,24,0,0),(2,6,25,0,0),(2,6,26,0,0),(2,6,27,0,0),(2,6,28,0,0),(2,6,29,0,0),(2,6,30,0,0),(2,6,31,0,0),(2,6,32,0,0),(2,6,33,0,0),(2,6,34,0,0),(2,6,35,0,0),(2,6,36,0,0),(2,7,37,0,0),(2,7,38,0,0),(2,7,39,0,0),(2,7,40,0,0),(2,7,41,0,0),(2,7,42,0,0),(2,7,43,0,0),(2,7,44,0,0),(2,7,45,0,0),(2,7,46,0,0),(2,7,47,0,0),(2,7,48,0,0),(2,7,49,0,0),(2,7,50,0,0),(2,7,51,0,0),(2,7,52,0,0),(2,7,53,0,0),(2,7,54,0,0),(2,7,55,0,0),(2,7,56,0,0),(2,7,57,0,0),(2,7,58,0,0),(2,7,59,0,0),(2,7,60,0,0),(2,7,61,0,0),(2,7,62,0,0),(2,7,63,0,0),(2,7,64,0,0),(2,7,65,0,0),(2,4,66,0,0),(2,4,67,0,0),(2,4,68,0,0),(2,4,69,0,0),(2,4,70,0,0),(2,4,71,0,0),(2,4,72,0,0),(2,4,73,0,0),(2,4,74,0,0),(2,4,75,0,0),(2,4,76,0,0),(2,4,77,0,0),(2,4,78,0,0),(2,4,79,0,0),(2,4,80,0,0),(2,4,81,0,0),(2,4,82,0,0),(2,4,83,0,0),(2,4,84,0,0),(2,4,85,0,0),(2,4,86,0,0),(2,4,87,0,0),(2,4,88,0,0),(2,4,89,0,0),(2,4,90,0,0),(2,4,91,0,0),(2,4,92,0,0),(2,4,93,0,0),(2,4,94,0,0),(2,4,95,0,0),(2,4,96,0,0),(2,4,97,0,0),(2,4,98,0,0),(2,4,99,0,0),(2,4,100,0,0),(2,4,101,0,0),(2,4,102,0,0),(2,4,103,0,0),(2,4,104,0,0),(2,4,105,0,0),(2,4,106,0,0),(2,4,107,0,0),(2,4,108,0,0),(2,4,109,0,0),(2,2,110,0,0),(2,2,111,0,0),(2,2,112,0,0),(2,2,113,0,0),(2,2,114,0,0),(2,2,115,0,0),(2,2,116,0,0),(2,2,117,0,0),(2,2,118,0,0),(2,2,119,0,0),(2,2,120,0,0),(2,2,121,0,0),(2,2,122,0,0),(2,2,123,0,0),(2,2,124,0,0),(2,2,125,0,0),(2,26,126,0,0),(2,26,127,0,0),(2,26,128,0,0),(2,26,129,0,0),(2,26,130,0,0),(2,26,131,0,0),(2,26,132,0,0),(2,26,133,0,0),(2,26,134,0,0),(2,26,135,0,0),(2,26,136,0,0),(2,26,137,0,0),(2,26,138,0,0),(2,26,139,0,0),(2,26,140,0,0),(2,26,141,0,0),(2,26,142,0,0),(2,26,143,0,0),(2,26,144,0,0),(2,26,145,0,0),(2,26,146,0,0),(2,26,147,0,0),(2,26,148,0,0),(2,26,149,0,0),(2,26,150,0,0),(2,4,151,0,0),(2,6,152,0,0),(2,7,153,0,0),(2,26,154,0,0),(2,13,155,0,0),(2,13,156,0,0),(2,13,157,0,0),(2,13,158,0,0),(2,13,159,0,0),(2,13,160,0,0),(2,13,161,0,0),(2,13,162,0,0),(2,13,163,0,0),(2,13,164,0,0),(2,13,165,0,0),(2,13,166,0,0),(2,13,167,0,0),(2,13,168,0,0),(2,13,169,0,0),(2,13,170,0,0),(2,13,171,0,0),(2,13,172,0,0),(2,13,173,0,0),(2,14,174,0,0),(2,14,175,0,0),(2,14,176,0,0),(2,14,177,0,0),(2,14,178,0,0),(2,14,179,0,0),(2,14,180,0,0),(2,14,181,0,0),(2,14,182,0,0),(2,14,183,0,0),(2,14,184,0,0),(2,14,185,0,0),(2,14,186,0,0),(2,14,187,0,0),(2,14,188,0,0),(2,14,189,0,0),(2,14,190,0,0),(2,14,191,0,0),(2,14,192,0,0),(2,14,193,0,0),(2,14,194,0,0),(2,14,195,0,0),(2,14,196,0,0),(2,14,197,0,0),(2,14,198,0,0),(2,14,199,0,0),(2,14,200,0,0),(2,14,201,0,0),(2,14,202,0,0),(2,14,203,0,0),(2,14,204,0,0),(2,8,205,0,0),(2,8,206,0,0),(2,8,207,0,0),(2,8,208,0,0),(2,8,209,0,0),(2,8,210,0,0),(2,8,211,0,0),(2,8,212,0,0),(2,8,213,0,0),(2,8,214,0,0),(2,8,215,0,0),(2,8,216,0,0),(2,8,217,0,0),(2,8,218,0,0),(2,8,219,0,0),(2,10,220,0,0),(2,10,221,0,0),(2,10,222,0,0),(2,10,223,0,0),(2,10,224,0,0),(2,10,225,0,0),(2,10,226,0,0),(2,10,227,0,0),(2,10,228,0,0),(2,10,229,0,0),(2,10,230,0,0),(2,10,231,0,0),(2,9,232,0,0),(2,9,233,0,0),(2,9,234,0,0),(2,9,235,0,0),(2,9,236,0,0),(2,9,237,0,0),(2,9,238,0,0),(2,9,239,0,0),(2,9,240,0,0),(2,9,241,0,0),(2,9,242,0,0),(2,9,243,0,0),(2,9,244,0,0),(2,9,245,0,0),(2,9,246,0,0),(2,9,247,0,0),(2,9,248,0,0),(2,9,249,0,0),(2,9,250,0,0),(2,9,251,0,0),(2,9,252,0,0),(2,9,253,0,0),(2,9,254,0,0),(2,9,255,0,0),(2,16,256,0,0),(2,16,257,0,0),(2,16,258,0,0),(2,16,259,0,0),(2,16,260,0,0),(2,16,261,0,0),(2,16,262,0,0),(2,16,263,0,0),(2,16,264,0,0),(2,16,265,0,0),(2,16,266,0,0),(2,16,267,0,0),(2,16,268,0,0),(2,16,269,0,0),(2,16,270,0,0),(2,16,271,0,0),(2,16,272,0,0),(2,16,273,0,0),(2,16,274,0,0),(2,16,275,0,0),(2,16,276,0,0),(2,16,277,0,0),(2,16,278,0,0),(2,15,279,0,0),(2,15,280,0,0),(2,15,281,0,0),(2,15,282,0,0),(2,15,283,0,0),(2,15,284,0,0),(2,15,285,0,0),(2,15,286,0,0),(2,15,287,0,0),(2,15,288,0,0),(2,18,289,0,0),(2,18,290,0,0),(2,18,291,0,0),(2,18,292,0,0),(2,18,293,0,0),(2,18,294,0,0),(2,18,295,0,0),(2,18,296,0,0),(2,18,297,0,0),(2,18,298,0,0),(2,18,299,0,0),(2,18,300,0,0),(2,18,301,0,0),(2,18,302,0,0),(2,18,303,0,0),(2,18,304,0,0),(2,18,305,0,0),(2,19,306,0,0),(2,19,307,0,0),(2,19,308,0,0),(2,19,309,0,0),(2,19,310,0,0),(2,19,311,0,0),(2,19,312,0,0),(2,19,313,0,0),(2,20,314,0,0),(2,20,315,0,0),(2,20,316,0,0),(2,20,317,0,0),(2,20,318,0,0),(2,20,319,0,0),(2,20,320,0,0),(2,20,321,0,0),(2,20,322,0,0),(2,20,323,0,0),(2,20,324,0,0),(2,20,325,0,0),(2,20,326,0,0),(2,20,327,0,0),(2,20,328,0,0),(2,20,329,0,0),(2,20,330,0,0),(2,20,331,0,0),(2,20,332,0,0),(2,20,333,0,0),(2,20,334,0,0),(2,20,335,0,0),(2,20,336,0,0),(2,20,337,0,0),(2,20,338,0,0),(2,20,339,0,0),(2,20,340,0,0),(2,20,341,0,0),(2,20,342,0,0),(2,20,343,0,0),(2,20,344,0,0),(2,20,345,0,0),(2,20,346,0,0),(2,20,347,0,0),(2,20,348,0,0),(2,20,349,0,0),(2,20,350,0,0),(2,21,351,0,0),(2,21,352,0,0),(2,21,353,0,0),(2,21,354,0,0),(2,21,355,0,0),(2,21,356,0,0),(2,21,357,0,0),(2,21,358,0,0),(2,21,359,0,0),(2,21,360,0,0),(2,21,361,0,0),(2,21,362,0,0),(2,21,363,0,0),(2,21,364,0,0),(2,21,365,0,0),(2,21,366,0,0),(2,21,367,0,0),(2,21,368,0,0),(2,21,369,0,0),(2,21,370,0,0),(2,21,371,0,0),(2,21,372,0,0),(2,21,373,0,0),(2,21,374,0,0),(2,21,375,0,0),(2,21,376,0,0),(2,21,377,0,0),(2,21,378,0,0),(2,21,379,0,0),(2,21,380,0,0),(2,21,381,0,0),(2,21,382,0,0),(2,21,383,0,0),(2,21,384,0,0),(2,21,385,0,0),(2,21,386,0,0),(2,21,387,0,0),(2,21,388,0,0),(2,22,389,0,0),(2,22,390,0,0),(2,22,391,0,0),(2,22,392,0,0),(2,22,393,0,0),(2,22,394,0,0),(2,22,395,0,0),(2,22,396,0,0),(2,22,397,0,0),(2,22,398,0,0),(2,22,399,0,0),(2,22,400,0,0),(2,22,401,0,0),(2,22,402,0,0),(2,22,403,0,0),(2,22,404,0,0),(2,22,405,0,0),(2,22,406,0,0),(2,22,407,0,0),(2,22,408,0,0),(2,22,409,0,0),(2,22,410,0,0),(2,22,411,0,0),(2,22,412,0,0),(2,22,413,0,0),(2,22,414,0,0),(2,22,415,0,0),(2,22,416,0,0),(2,22,417,0,0),(2,22,418,0,0),(2,22,419,0,0),(2,22,420,0,0),(2,22,421,0,0),(2,22,422,0,0),(2,22,423,0,0),(2,22,424,0,0),(2,22,425,0,0),(2,22,426,0,0),(2,22,427,0,0),(2,22,428,0,0),(2,22,429,0,0),(2,22,430,0,0),(2,22,431,0,0),(2,22,432,0,0),(2,22,433,0,0),(2,22,434,0,0),(2,22,435,0,0),(2,23,436,0,0),(2,23,437,0,0),(2,23,438,0,0),(2,23,439,0,0),(2,23,440,0,0),(2,23,441,0,0),(2,23,442,0,0),(2,23,443,0,0),(2,23,444,0,0),(2,23,445,0,0),(2,23,446,0,0),(2,23,447,0,0),(2,23,448,0,0),(2,23,449,0,0),(2,23,450,0,0),(2,23,451,0,0),(2,23,452,0,0),(2,23,453,0,0),(2,23,454,0,0),(2,23,455,0,0),(2,23,456,0,0),(2,23,457,0,0),(2,23,458,0,0),(2,23,459,0,0),(2,23,460,0,0),(2,23,461,0,0),(2,23,462,0,0),(2,23,463,0,0),(2,23,464,0,0),(2,23,465,0,0),(2,23,466,0,0),(2,23,467,0,0),(2,23,468,0,0),(2,23,469,0,0),(2,23,470,0,0),(2,23,471,0,0),(2,23,472,0,0),(2,23,473,0,0),(2,23,474,0,0),(2,29,475,0,0),(2,29,479,0,0),(2,29,480,0,0),(2,29,482,0,0),(2,29,489,0,0),(2,29,490,0,0),(2,29,491,0,0),(2,29,492,0,0),(2,29,493,0,0),(2,29,495,0,0),(2,29,496,0,0),(2,29,497,0,0),(2,29,498,0,0),(2,29,499,0,0),(2,29,504,0,0),(2,29,505,0,0),(2,29,506,0,0),(2,29,507,0,0),(2,29,515,0,0),(2,10,520,0,0),(2,10,521,0,0),(2,10,522,0,0),(2,10,523,0,0),(2,10,524,0,0),(2,10,525,0,0),(2,30,526,0,0),(2,30,527,0,0),(2,30,528,0,0),(2,30,529,0,0),(2,30,530,0,0),(2,30,531,0,0),(2,30,532,0,0),(2,30,533,0,0),(2,30,534,0,0),(2,30,535,0,0),(2,30,536,0,0),(2,30,537,0,0),(2,30,538,0,0),(2,30,539,0,0),(2,30,540,0,0),(2,30,541,0,0),(2,30,542,0,0),(2,30,543,0,0),(2,30,544,0,0),(2,30,545,0,0),(2,30,546,0,0),(2,30,547,0,0),(2,33,548,0,0),(2,33,549,0,0),(2,33,550,0,0),(2,33,551,0,0),(2,33,552,0,0),(2,33,553,0,0),(2,33,554,0,0),(2,33,555,0,0),(2,33,556,0,0),(2,33,557,0,0),(2,33,558,0,0),(2,33,559,0,0),(2,33,560,0,0),(2,33,561,0,0),(2,33,562,0,0),(2,33,563,0,0),(2,33,564,0,0),(2,29,565,0,0),(2,34,566,0,0),(2,34,567,0,0),(2,34,568,0,0),(2,34,569,0,0),(2,34,570,0,0),(2,34,571,0,0),(2,34,572,0,0),(2,34,573,0,0),(2,34,574,0,0),(2,34,575,0,0),(2,34,576,0,0),(2,34,577,0,0),(2,34,578,0,0),(2,34,579,0,0),(2,34,580,0,0),(2,34,581,0,0),(2,34,582,0,0),(2,34,583,0,0),(2,34,584,0,0),(2,34,585,0,0),(2,34,586,0,0),(2,34,587,0,0),(2,39,588,0,0),(2,39,589,0,0),(2,39,590,0,0),(2,39,591,0,0),(2,39,592,0,0),(2,39,593,0,0),(2,42,594,0,0),(2,42,595,0,0),(2,42,596,0,0),(2,42,597,0,0),(2,42,598,0,0),(2,42,599,0,0),(2,42,600,0,0),(2,42,601,0,0),(2,42,602,0,0),(2,42,603,0,0),(2,42,604,0,0),(2,42,605,0,0),(2,42,606,0,0),(2,42,607,0,0),(2,42,608,0,0),(2,42,609,0,0),(2,42,610,0,0),(2,42,611,0,0),(2,42,612,0,0),(2,42,613,0,0),(2,42,614,0,0),(2,43,615,0,0),(2,43,616,0,0),(2,43,617,0,0),(2,43,618,0,0),(2,43,619,0,0),(2,43,620,0,0),(2,43,621,0,0),(2,43,622,0,0),(2,44,623,0,0),(2,44,624,0,0),(2,44,625,0,0),(2,44,626,0,0),(2,44,627,0,0),(2,44,628,0,0),(2,44,629,0,0),(2,44,630,0,0),(2,44,631,0,0),(2,44,632,0,0),(2,44,633,0,0),(2,44,634,0,0),(2,44,635,0,0),(2,45,636,0,0),(2,45,637,0,0),(2,45,638,0,0),(2,45,639,0,0),(2,45,640,0,0),(2,45,641,0,0),(2,45,642,0,0),(2,45,643,0,0),(2,45,644,0,0),(2,45,645,0,0),(2,45,646,0,0),(2,45,647,0,0),(2,45,648,0,0),(2,45,649,0,0),(2,45,650,0,0),(2,45,651,0,0),(2,45,652,0,0),(2,45,653,0,0),(2,46,654,0,0),(2,46,655,0,0),(2,46,656,0,0),(2,46,657,0,0),(2,46,658,0,0),(2,46,659,0,0),(2,46,660,0,0),(2,46,661,0,0),(2,46,662,0,0),(2,46,663,0,0),(2,46,664,0,0),(2,46,665,0,0),(2,46,666,0,0),(2,46,667,0,0),(2,46,668,0,0),(2,46,669,0,0),(2,46,670,0,0),(2,46,671,0,0),(2,46,672,0,0),(2,46,673,0,0),(2,2,674,0,0),(2,29,675,0,0),(2,23,676,0,0),(2,23,677,0,0),(2,23,678,0,0),(2,23,679,0,0),(2,23,680,0,0),(2,23,681,0,0),(2,23,682,0,0),(2,23,683,0,0),(2,23,684,0,0),(2,22,685,0,0),(2,22,686,0,0),(2,22,687,0,0),(2,22,688,0,0),(2,22,689,0,0),(2,22,690,0,0),(2,22,691,0,0),(2,22,692,0,0),(2,22,693,0,0),(2,21,694,0,0),(2,21,695,0,0),(2,21,696,0,0),(2,21,697,0,0),(2,21,698,0,0),(2,21,699,0,0),(2,21,700,0,0),(2,21,701,0,0),(2,21,702,0,0),(2,20,703,0,0),(2,20,704,0,0),(2,20,705,0,0),(2,20,706,0,0),(2,20,707,0,0),(2,20,708,0,0),(2,20,709,0,0),(2,20,710,0,0),(2,20,711,0,0),(2,29,712,0,0),(2,45,713,0,0),(2,43,714,0,0),(2,29,715,0,0),(2,29,716,0,0),(2,29,717,0,0),(2,23,718,0,0),(2,22,719,0,0),(2,21,720,0,0),(2,20,721,0,0),(2,29,722,0,0),(2,6,723,0,0),(2,4,724,0,0),(2,2,725,0,0),(2,29,726,0,0),(2,23,727,0,0),(2,23,728,0,0),(2,21,729,0,0),(2,21,730,0,0),(2,18,731,0,0),(2,7,732,0,0),(2,43,733,0,0),(2,43,734,0,0),(2,23,735,0,0),(2,20,736,0,0),(2,21,737,0,0),(2,22,738,0,0),(2,29,739,0,0),(2,2,740,0,0),(2,13,741,0,0),(2,29,742,0,0),(2,29,743,0,0),(2,29,744,0,0),(2,29,745,0,0),(2,14,772,0,0),(2,34,773,0,0),(2,23,774,0,0),(2,29,775,0,0),(2,23,776,0,0),(2,23,777,0,0),(2,23,778,0,0),(2,20,779,0,0),(2,20,780,0,0),(2,20,781,0,0),(2,21,782,0,0),(2,22,783,0,0),(2,22,784,0,0),(2,22,785,0,0),(2,43,786,0,0),(2,43,787,0,0),(2,43,788,0,0),(2,2,789,0,0),(2,4,790,0,0),(2,6,791,0,0),(2,7,792,0,0),(2,8,793,0,0),(2,9,794,0,0),(2,10,795,0,0),(2,13,796,0,0),(2,14,797,0,0),(2,15,798,0,0),(2,16,799,0,0),(2,18,800,0,0),(2,19,801,0,0),(2,20,802,0,0),(2,21,803,0,0),(2,22,804,0,0),(2,23,805,0,0),(2,26,806,0,0),(2,10,807,0,0),(2,2,808,0,0),(2,4,809,0,0),(2,6,810,0,0),(2,7,811,0,0),(2,8,812,0,0),(2,9,813,0,0),(2,10,814,0,0),(2,13,815,0,0),(2,14,816,0,0),(2,15,817,0,0),(2,16,818,0,0),(2,18,819,0,0),(2,19,820,0,0),(2,20,821,0,0),(2,21,822,0,0),(2,22,823,0,0),(2,23,824,0,0),(2,26,825,0,0),(2,2,826,0,0),(2,4,827,0,0),(2,6,828,0,0),(2,7,829,0,0),(2,8,830,0,0),(2,9,831,0,0),(2,10,832,0,0),(2,13,833,0,0),(2,14,834,0,0),(2,15,835,0,0),(2,16,836,0,0),(2,18,837,0,0),(2,19,838,0,0),(2,20,839,0,0),(2,21,840,0,0),(2,22,841,0,0),(2,23,842,0,0),(2,26,843,0,0),(2,20,844,0,0),(2,21,845,0,0),(2,22,846,0,0),(2,23,847,0,0),(2,46,848,0,0),(2,46,849,0,0),(2,29,850,0,0),(2,22,851,0,0),(2,52,852,0,0),(2,52,853,0,0),(2,52,854,0,0),(2,52,855,0,0),(2,52,856,0,0),(2,52,857,0,0),(2,52,858,0,0),(2,52,859,0,0),(2,52,860,0,0),(2,52,861,0,0),(2,52,862,0,0),(2,53,863,0,0),(2,53,864,0,0),(2,53,865,0,0),(2,53,866,0,0),(2,53,867,0,0),(2,53,868,0,0),(2,53,869,0,0),(2,53,870,0,0),(2,53,871,0,0),(2,53,872,0,0),(2,53,873,0,0),(2,54,874,0,0),(2,54,875,0,0),(2,54,876,0,0),(2,54,877,0,0),(2,54,878,0,0),(2,54,879,0,0),(2,54,880,0,0),(2,54,881,0,0),(2,54,882,0,0),(2,54,883,0,0),(2,54,884,0,0),(2,53,887,0,0),(2,53,937,0,0),(2,53,939,0,0),(2,53,941,0,0),(2,53,943,0,0),(2,53,945,0,0),(2,8,947,0,0),(2,8,949,0,0),(2,8,953,0,0),(2,8,955,0,0),(2,8,957,0,0),(2,54,959,0,0),(2,54,961,0,0),(2,54,963,0,0),(2,54,965,0,0),(2,54,967,0,0),(2,54,969,0,0),(2,53,971,0,0),(2,57,972,0,0),(2,57,973,0,0),(2,57,974,0,0),(2,57,975,0,0),(2,57,976,0,0),(2,57,977,0,0),(2,57,978,0,0),(2,57,979,0,0),(2,57,980,0,0),(2,57,981,0,0),(2,57,982,0,0),(2,58,983,0,0),(2,58,984,0,0),(2,58,985,0,0),(2,58,986,0,0),(2,58,987,0,0),(2,58,988,0,0),(2,58,989,0,0),(2,58,990,0,0),(2,58,991,0,0),(2,58,992,0,0),(2,58,993,0,0),(2,59,994,0,0),(2,59,995,0,0),(2,59,996,0,0),(2,59,997,0,0),(2,59,998,0,0),(2,59,999,0,0),(2,59,1000,0,0),(2,59,1001,0,0),(2,59,1002,0,0),(2,59,1003,0,0),(2,59,1004,0,0),(2,59,1005,0,0),(2,59,1006,0,0),(2,59,1007,0,0),(2,59,1008,0,0),(2,59,1009,0,0),(2,59,1010,0,0),(2,59,1011,0,0),(2,59,1012,0,0),(2,59,1013,0,0),(2,59,1014,0,0),(2,59,1015,0,0),(2,58,1016,0,0),(2,59,1017,0,0),(2,57,1019,0,0),(2,57,1023,0,0),(2,57,1027,0,0),(2,57,1029,0,0),(2,57,1031,0,0),(2,57,1037,0,0),(2,57,1039,0,0),(2,58,1043,0,0),(2,58,1045,0,0),(2,58,1049,0,0),(2,58,1051,0,0),(2,58,1053,0,0),(2,58,1057,0,0),(2,58,1059,0,0),(2,58,1061,0,0),(2,58,1063,0,0),(2,58,1069,0,0),(2,58,1075,0,0),(2,58,1077,0,0),(2,58,1079,0,0),(2,58,1081,0,0),(2,58,1083,0,0),(2,58,1085,0,0),(2,58,1087,0,0),(2,58,1089,0,0),(2,58,1091,0,0),(2,58,1093,0,0),(2,58,1095,0,0),(2,59,1099,0,0),(2,59,1101,0,0),(2,59,1105,0,0),(2,59,1107,0,0),(2,59,1109,0,0),(2,59,1111,0,0),(2,59,1113,0,0),(2,59,1115,0,0),(2,59,1117,0,0),(2,59,1119,0,0),(2,59,1125,0,0),(2,59,1127,0,0),(2,59,1129,0,0),(2,59,1131,0,0),(2,59,1133,0,0),(2,59,1135,0,0),(2,59,1137,0,0),(2,59,1139,0,0),(2,59,1141,0,0),(2,59,1143,0,0),(2,59,1145,0,0),(2,59,1147,0,0),(2,59,1149,0,0),(2,59,1151,0,0),(2,58,1153,0,0),(2,57,1154,0,0),(2,58,1155,0,0),(2,59,1156,0,0),(2,57,1158,0,0),(2,57,1160,0,0),(2,59,1162,0,0),(2,59,1164,0,0),(2,62,1165,0,0),(2,62,1166,0,0),(2,62,1167,0,0),(2,62,1168,0,0),(2,62,1169,0,0),(2,62,1170,0,0),(2,62,1171,0,0),(2,62,1172,0,0),(2,62,1173,0,0),(2,62,1174,0,0),(2,62,1175,0,0),(2,62,1176,0,0),(2,62,1177,0,0),(2,62,1178,0,0),(2,62,1179,0,0),(2,62,1180,0,0),(2,62,1181,0,0),(2,62,1182,0,0),(2,62,1183,0,0),(2,62,1184,0,0),(2,62,1185,0,0),(2,62,1186,0,0),(2,58,1188,0,0),(2,59,1190,0,0),(2,62,1192,0,0),(2,62,1193,0,0),(2,62,1195,0,0),(2,62,1197,0,0),(2,62,1201,0,0),(2,62,1203,0,0),(2,62,1205,0,0),(2,62,1207,0,0),(2,62,1209,0,0),(2,62,1211,0,0),(2,62,1213,0,0),(2,62,1215,0,0),(2,62,1221,0,0),(2,62,1222,0,0),(2,62,1224,0,0),(2,62,1226,0,0),(2,62,1228,0,0),(2,62,1230,0,0),(2,62,1232,0,0),(2,62,1234,0,0),(2,62,1236,0,0),(2,62,1238,0,0),(2,62,1240,0,0),(2,62,1242,0,0),(2,62,1244,0,0),(2,62,1246,0,0),(2,62,1248,0,0),(2,62,1250,0,0),(2,62,1252,0,0),(2,57,1254,0,0),(2,57,1256,0,0),(2,59,1262,0,0),(2,57,1264,0,0),(2,57,1266,0,0),(2,57,1268,0,0),(2,58,1270,0,0),(2,58,1272,0,0),(2,59,1274,0,0),(2,59,1276,0,0),(2,62,1278,0,0),(2,62,1280,0,0),(2,6,1282,0,0),(2,6,1288,0,0),(2,63,1293,0,0),(2,63,1294,0,0),(2,63,1295,0,0),(2,63,1296,0,0),(2,63,1297,0,0),(2,63,1298,0,0),(2,63,1299,0,0),(2,63,1300,0,0),(2,63,1301,0,0),(2,63,1302,0,0),(2,63,1303,0,0),(2,64,1304,0,0),(2,64,1305,0,0),(2,64,1306,0,0),(2,64,1307,0,0),(2,64,1308,0,0),(2,64,1309,0,0),(2,64,1310,0,0),(2,64,1311,0,0),(2,64,1312,0,0),(2,64,1313,0,0),(2,64,1314,0,0),(2,59,1316,0,0),(2,62,1318,0,0),(2,64,1320,0,0),(2,64,1321,0,0),(2,64,1322,0,0),(2,64,1324,0,0),(2,64,1326,0,0),(2,64,1328,0,0),(2,64,1330,0,0),(2,64,1332,0,0),(2,64,1334,0,0),(2,64,1336,0,0),(2,64,1338,0,0),(2,64,1342,0,0),(2,64,1346,0,0),(2,64,1348,0,0),(2,64,1350,0,0),(2,64,1352,0,0),(2,64,1354,0,0),(2,64,1356,0,0),(2,64,1358,0,0),(2,64,1360,0,0),(2,64,1362,0,0),(2,64,1364,0,0),(2,64,1366,0,0),(2,64,1368,0,0),(2,64,1370,0,0),(2,64,1372,0,0),(2,64,1374,0,0),(2,64,1376,0,0),(2,64,1378,0,0),(2,64,1380,0,0),(2,64,1382,0,0),(2,64,1384,0,0),(2,63,1386,0,0),(2,63,1387,0,0),(2,63,1389,0,0),(2,63,1391,0,0),(2,64,1393,0,0),(2,63,1395,0,0),(2,63,1397,0,0),(2,64,1399,0,0),(2,64,1401,0,0),(2,63,1403,0,0),(2,63,1405,0,0),(2,63,1407,0,0),(2,63,1409,0,0),(2,63,1411,0,0),(2,63,1413,0,0),(2,62,1415,0,0),(2,62,1417,0,0),(2,64,1419,0,0),(2,64,1421,0,0),(2,57,1423,0,0),(2,57,1425,0,0),(2,58,1427,0,0),(2,59,1429,0,0),(2,62,1431,0,0),(2,65,1432,0,0),(2,65,1433,0,0),(2,65,1434,0,0),(2,65,1435,0,0),(2,65,1436,0,0),(2,65,1437,0,0),(2,65,1438,0,0),(2,65,1439,0,0),(2,65,1440,0,0),(2,65,1441,0,0),(2,65,1442,0,0),(2,66,1443,0,0),(2,66,1444,0,0),(2,66,1445,0,0),(2,66,1446,0,0),(2,66,1447,0,0),(2,66,1448,0,0),(2,66,1449,0,0),(2,66,1450,0,0),(2,66,1451,0,0),(2,66,1452,0,0),(2,66,1453,0,0),(2,67,1454,0,0),(2,67,1455,0,0),(2,67,1456,0,0),(2,67,1457,0,0),(2,67,1458,0,0),(2,67,1459,0,0),(2,67,1460,0,0),(2,67,1461,0,0),(2,67,1462,0,0),(2,67,1463,0,0),(2,67,1464,0,0),(2,68,1465,0,0),(2,68,1466,0,0),(2,68,1467,0,0),(2,68,1468,0,0),(2,68,1469,0,0),(2,68,1470,0,0),(2,68,1471,0,0),(2,68,1472,0,0),(2,68,1473,0,0),(2,68,1474,0,0),(2,68,1475,0,0),(2,65,1477,0,0),(2,65,1478,0,0),(2,66,1479,0,0),(2,67,1480,0,0),(2,68,1481,0,0),(2,65,1483,0,0),(2,65,1485,0,0),(2,65,1487,0,0),(2,65,1489,0,0),(2,65,1491,0,0),(2,65,1493,0,0),(2,65,1495,0,0),(2,65,1497,0,0),(2,65,1499,0,0),(2,65,1501,0,0),(2,65,1503,0,0),(2,65,1505,0,0),(2,65,1507,0,0),(2,65,1509,0,0),(2,65,1511,0,0),(2,65,1513,0,0),(2,65,1515,0,0),(2,65,1517,0,0),(2,65,1519,0,0),(2,65,1521,0,0),(2,65,1523,0,0),(2,65,1525,0,0),(2,65,1527,0,0),(2,66,1529,0,0),(2,66,1531,0,0),(2,66,1533,0,0),(2,66,1535,0,0),(2,66,1537,0,0),(2,66,1539,0,0),(2,66,1541,0,0),(2,66,1543,0,0),(2,66,1545,0,0),(2,66,1547,0,0),(2,66,1549,0,0),(2,66,1551,0,0),(2,66,1553,0,0),(2,66,1555,0,0),(2,66,1557,0,0),(2,66,1559,0,0),(2,66,1561,0,0),(2,66,1563,0,0),(2,66,1565,0,0),(2,66,1567,0,0),(2,66,1569,0,0),(2,66,1571,0,0),(2,66,1573,0,0),(2,66,1575,0,0),(2,66,1577,0,0),(2,66,1579,0,0),(2,66,1581,0,0),(2,66,1583,0,0),(2,66,1585,0,0),(2,66,1587,0,0),(2,67,1589,0,0),(2,67,1591,0,0),(2,67,1593,0,0),(2,67,1595,0,0),(2,67,1597,0,0),(2,67,1599,0,0),(2,67,1601,0,0),(2,67,1603,0,0),(2,67,1607,0,0),(2,67,1609,0,0),(2,67,1611,0,0),(2,67,1613,0,0),(2,67,1615,0,0),(2,67,1617,0,0),(2,67,1619,0,0),(2,67,1621,0,0),(2,67,1623,0,0),(2,67,1625,0,0),(2,67,1627,0,0),(2,67,1629,0,0),(2,67,1631,0,0),(2,67,1633,0,0),(2,67,1635,0,0),(2,67,1637,0,0),(2,67,1639,0,0),(2,67,1641,0,0),(2,67,1643,0,0),(2,67,1645,0,0),(2,67,1647,0,0),(2,67,1649,0,0),(2,67,1651,0,0),(2,67,1653,0,0),(2,65,1654,0,0),(2,66,1655,0,0),(2,67,1656,0,0),(2,68,1658,0,0),(2,68,1659,0,0),(2,68,1661,0,0),(2,68,1663,0,0),(2,68,1665,0,0),(2,68,1667,0,0),(2,68,1669,0,0),(2,68,1671,0,0),(2,68,1673,0,0),(2,68,1675,0,0),(2,68,1677,0,0),(2,68,1679,0,0),(2,68,1681,0,0),(2,68,1683,0,0),(2,68,1685,0,0),(2,68,1687,0,0),(2,68,1691,0,0),(2,68,1693,0,0),(2,68,1695,0,0),(2,68,1697,0,0),(2,68,1699,0,0),(2,68,1701,0,0),(2,68,1703,0,0),(2,68,1705,0,0),(2,68,1707,0,0),(2,68,1709,0,0),(2,68,1711,0,0),(2,68,1713,0,0),(2,68,1715,0,0),(2,68,1717,0,0),(2,68,1719,0,0),(2,68,1721,0,0),(2,68,1723,0,0),(2,68,1725,0,0),(2,68,1727,0,0),(2,68,1729,0,0),(2,6,1731,0,0),(2,6,1733,0,0),(2,6,1735,0,0),(2,6,1737,0,0),(2,6,1739,0,0),(2,6,1741,0,0),(2,6,1743,0,0),(2,6,1745,0,0),(2,6,1747,0,0),(2,6,1749,0,0),(2,6,1751,0,0),(2,6,1753,0,0),(2,6,1755,0,0),(2,6,1757,0,0),(2,6,1759,0,0),(2,6,1761,0,0),(2,69,1762,0,0),(2,69,1763,0,0),(2,69,1764,0,0),(2,69,1765,0,0),(2,69,1766,0,0),(2,69,1767,0,0),(2,69,1768,0,0),(2,69,1769,0,0),(2,69,1770,0,0),(2,69,1771,0,0),(2,69,1772,0,0),(2,70,1773,0,0),(2,70,1774,0,0),(2,70,1775,0,0),(2,70,1776,0,0),(2,70,1777,0,0),(2,70,1778,0,0),(2,70,1779,0,0),(2,70,1780,0,0),(2,70,1781,0,0),(2,70,1782,0,0),(2,70,1783,0,0),(2,69,1785,0,0),(2,69,1787,0,0),(2,69,1789,0,0),(2,69,1791,0,0),(2,69,1793,0,0),(2,69,1795,0,0),(2,69,1797,0,0),(2,69,1799,0,0),(2,69,1801,0,0),(2,69,1803,0,0),(2,69,1805,0,0),(2,69,1807,0,0),(2,69,1808,0,0),(2,6,1809,0,0),(2,6,1810,0,0),(2,6,1811,0,0),(2,69,1813,0,0),(2,69,1815,0,0),(2,69,1817,0,0),(2,69,1819,0,0),(2,69,1821,0,0),(2,69,1823,0,0),(2,69,1825,0,0),(2,69,1827,0,0),(2,69,1829,0,0),(2,69,1831,0,0),(2,69,1833,0,0),(2,69,1835,0,0),(2,69,1837,0,0),(2,69,1839,0,0),(2,69,1841,0,0),(2,70,1843,0,0),(2,70,1845,0,0),(2,70,1847,0,0),(2,70,1849,0,0),(2,70,1851,0,0),(2,65,1853,0,0),(2,65,1855,0,0),(2,66,1857,0,0),(2,66,1859,0,0),(2,67,1861,0,0),(2,67,1863,0,0),(2,65,1865,0,0),(2,67,1867,0,0),(2,66,1869,0,0),(2,57,1871,0,0),(2,57,1873,0,0),(2,57,1875,0,0),(2,68,1877,0,0),(2,73,1878,0,0),(2,73,1879,0,0),(2,73,1880,0,0),(2,73,1881,0,0),(2,73,1882,0,0),(2,73,1883,0,0),(2,73,1884,0,0),(2,73,1885,0,0),(2,73,1886,0,0),(2,73,1887,0,0),(2,73,1888,0,0),(2,73,1890,0,0),(2,73,1892,0,0),(2,6,1894,0,0),(2,69,1896,0,0),(3,6,1,0,0),(3,6,2,0,0),(3,6,3,0,0),(3,6,4,0,0),(3,6,5,0,0),(3,6,6,0,0),(3,6,7,0,0),(3,6,8,0,0),(3,6,9,0,0),(3,6,10,0,0),(3,6,11,0,0),(3,6,12,0,0),(3,6,13,0,0),(3,6,14,0,0),(3,6,15,0,0),(3,6,16,0,0),(3,6,17,0,0),(3,6,18,0,0),(3,6,19,0,0),(3,6,20,0,0),(3,6,21,0,0),(3,6,22,0,0),(3,6,23,0,0),(3,6,24,0,0),(3,6,25,0,0),(3,6,26,0,0),(3,6,27,0,0),(3,6,28,0,0),(3,6,29,0,0),(3,6,30,0,0),(3,6,31,0,0),(3,6,32,0,0),(3,6,33,0,0),(3,6,34,0,0),(3,6,35,0,0),(3,6,36,0,0),(3,7,37,0,0),(3,7,38,0,0),(3,7,39,0,0),(3,7,40,0,0),(3,7,41,0,0),(3,7,42,0,0),(3,7,43,0,0),(3,7,44,0,0),(3,7,45,0,0),(3,7,46,0,0),(3,7,47,0,0),(3,7,48,0,0),(3,7,49,0,0),(3,7,50,0,0),(3,7,51,0,0),(3,7,52,0,0),(3,7,53,0,0),(3,7,54,0,0),(3,7,55,0,0),(3,7,56,0,0),(3,7,57,0,0),(3,7,58,0,0),(3,7,59,0,0),(3,7,60,0,0),(3,7,61,0,0),(3,7,62,0,0),(3,7,63,0,0),(3,7,64,0,0),(3,7,65,0,0),(3,4,66,0,0),(3,4,67,0,0),(3,4,68,0,0),(3,4,69,0,0),(3,4,70,0,0),(3,4,71,0,0),(3,4,72,0,0),(3,4,73,0,0),(3,4,74,0,0),(3,4,75,0,0),(3,4,76,0,0),(3,4,77,0,0),(3,4,78,0,0),(3,4,79,0,0),(3,4,80,0,0),(3,4,81,0,0),(3,4,82,0,0),(3,4,83,0,0),(3,4,84,0,0),(3,4,85,0,0),(3,4,86,0,0),(3,4,87,0,0),(3,4,88,0,0),(3,4,89,0,0),(3,4,90,0,0),(3,4,91,0,0),(3,4,92,0,0),(3,4,93,0,0),(3,4,94,0,0),(3,4,95,0,0),(3,4,96,0,0),(3,4,97,0,0),(3,4,98,0,0),(3,4,99,0,0),(3,4,100,0,0),(3,4,101,0,0),(3,4,102,0,0),(3,4,103,0,0),(3,4,104,0,0),(3,4,105,0,0),(3,4,106,0,0),(3,4,107,0,0),(3,4,108,0,0),(3,4,109,0,0),(3,2,110,0,0),(3,2,111,0,0),(3,2,112,0,0),(3,2,113,0,0),(3,2,114,0,0),(3,2,115,0,0),(3,2,116,0,0),(3,2,117,0,0),(3,2,118,0,0),(3,2,119,0,0),(3,2,120,0,0),(3,2,121,0,0),(3,2,122,0,0),(3,2,123,0,0),(3,2,124,0,0),(3,2,125,0,0),(3,26,126,0,0),(3,26,127,0,0),(3,26,128,0,0),(3,26,129,0,0),(3,26,130,0,0),(3,26,131,0,0),(3,26,132,0,0),(3,26,133,0,0),(3,26,134,0,0),(3,26,135,0,0),(3,26,136,0,0),(3,26,137,0,0),(3,26,138,0,0),(3,26,139,0,0),(3,26,140,0,0),(3,26,141,0,0),(3,26,142,0,0),(3,26,143,0,0),(3,26,144,0,0),(3,26,145,0,0),(3,26,146,0,0),(3,26,147,0,0),(3,26,148,0,0),(3,26,149,0,0),(3,26,150,0,0),(3,4,151,0,0),(3,6,152,0,0),(3,7,153,0,0),(3,26,154,0,0),(3,13,155,0,0),(3,13,156,0,0),(3,13,157,0,0),(3,13,158,0,0),(3,13,159,0,0),(3,13,160,0,0),(3,13,161,0,0),(3,13,162,0,0),(3,13,163,0,0),(3,13,164,0,0),(3,13,165,0,0),(3,13,166,0,0),(3,13,167,0,0),(3,13,168,0,0),(3,13,169,0,0),(3,13,170,0,0),(3,13,171,0,0),(3,13,172,0,0),(3,13,173,0,0),(3,14,174,0,0),(3,14,175,0,0),(3,14,176,0,0),(3,14,177,0,0),(3,14,178,0,0),(3,14,179,0,0),(3,14,180,0,0),(3,14,181,0,0),(3,14,182,0,0),(3,14,183,0,0),(3,14,184,0,0),(3,14,185,0,0),(3,14,186,0,0),(3,14,187,0,0),(3,14,188,0,0),(3,14,189,0,0),(3,14,190,0,0),(3,14,191,0,0),(3,14,192,0,0),(3,14,193,0,0),(3,14,194,0,0),(3,14,195,0,0),(3,14,196,0,0),(3,14,197,0,0),(3,14,198,0,0),(3,14,199,0,0),(3,14,200,0,0),(3,14,201,0,0),(3,14,202,0,0),(3,14,203,0,0),(3,14,204,0,0),(3,8,205,0,0),(3,8,206,0,0),(3,8,207,0,0),(3,8,208,0,0),(3,8,209,0,0),(3,8,210,0,0),(3,8,211,0,0),(3,8,212,0,0),(3,8,213,0,0),(3,8,214,0,0),(3,8,215,0,0),(3,8,216,0,0),(3,8,217,0,0),(3,8,218,0,0),(3,8,219,0,0),(3,10,220,0,0),(3,10,221,0,0),(3,10,222,0,0),(3,10,223,0,0),(3,10,224,0,0),(3,10,225,0,0),(3,10,226,0,0),(3,10,227,0,0),(3,10,228,0,0),(3,10,229,0,0),(3,10,230,0,0),(3,10,231,0,0),(3,9,232,0,0),(3,9,233,0,0),(3,9,234,0,0),(3,9,235,0,0),(3,9,236,0,0),(3,9,237,0,0),(3,9,238,0,0),(3,9,239,0,0),(3,9,240,0,0),(3,9,241,0,0),(3,9,242,0,0),(3,9,243,0,0),(3,9,244,0,0),(3,9,245,0,0),(3,9,246,0,0),(3,9,247,0,0),(3,9,248,0,0),(3,9,249,0,0),(3,9,250,0,0),(3,9,251,0,0),(3,9,252,0,0),(3,9,253,0,0),(3,9,254,0,0),(3,9,255,0,0),(3,16,256,0,0),(3,16,257,0,0),(3,16,258,0,0),(3,16,259,0,0),(3,16,260,0,0),(3,16,261,0,0),(3,16,262,0,0),(3,16,263,0,0),(3,16,264,0,0),(3,16,265,0,0),(3,16,266,0,0),(3,16,267,0,0),(3,16,268,0,0),(3,16,269,0,0),(3,16,270,0,0),(3,16,271,0,0),(3,16,272,0,0),(3,16,273,0,0),(3,16,274,0,0),(3,16,275,0,0),(3,16,276,0,0),(3,16,277,0,0),(3,16,278,0,0),(3,15,279,0,0),(3,15,280,0,0),(3,15,281,0,0),(3,15,282,0,0),(3,15,283,0,0),(3,15,284,0,0),(3,15,285,0,0),(3,15,286,0,0),(3,15,287,0,0),(3,15,288,0,0),(3,18,289,0,0),(3,18,290,0,0),(3,18,291,0,0),(3,18,292,0,0),(3,18,293,0,0),(3,18,294,0,0),(3,18,295,0,0),(3,18,296,0,0),(3,18,297,0,0),(3,18,298,0,0),(3,18,299,0,0),(3,18,300,0,0),(3,18,301,0,0),(3,18,302,0,0),(3,18,303,0,0),(3,18,304,0,0),(3,18,305,0,0),(3,19,306,0,0),(3,19,307,0,0),(3,19,308,0,0),(3,19,309,0,0),(3,19,310,0,0),(3,19,311,0,0),(3,19,312,0,0),(3,19,313,0,0),(3,20,314,0,0),(3,20,315,0,0),(3,20,316,0,0),(3,20,317,0,0),(3,20,318,0,0),(3,20,319,0,0),(3,20,320,0,0),(3,20,321,0,0),(3,20,322,0,0),(3,20,323,0,0),(3,20,324,0,0),(3,20,325,0,0),(3,20,326,0,0),(3,20,327,0,0),(3,20,328,0,0),(3,20,329,0,0),(3,20,330,0,0),(3,20,331,0,0),(3,20,332,0,0),(3,20,333,0,0),(3,20,334,0,0),(3,20,335,0,0),(3,20,336,0,0),(3,20,337,0,0),(3,20,338,0,0),(3,20,339,0,0),(3,20,340,0,0),(3,20,341,0,0),(3,20,342,0,0),(3,20,343,0,0),(3,20,344,0,0),(3,20,345,0,0),(3,20,346,0,0),(3,20,347,0,0),(3,20,348,0,0),(3,20,349,0,0),(3,20,350,0,0),(3,21,351,0,0),(3,21,352,0,0),(3,21,353,0,0),(3,21,354,0,0),(3,21,355,0,0),(3,21,356,0,0),(3,21,357,0,0),(3,21,358,0,0),(3,21,359,0,0),(3,21,360,0,0),(3,21,361,0,0),(3,21,362,0,0),(3,21,363,0,0),(3,21,364,0,0),(3,21,365,0,0),(3,21,366,0,0),(3,21,367,0,0),(3,21,368,0,0),(3,21,369,0,0),(3,21,370,0,0),(3,21,371,0,0),(3,21,372,0,0),(3,21,373,0,0),(3,21,374,0,0),(3,21,375,0,0),(3,21,376,0,0),(3,21,377,0,0),(3,21,378,0,0),(3,21,379,0,0),(3,21,380,0,0),(3,21,381,0,0),(3,21,382,0,0),(3,21,383,0,0),(3,21,384,0,0),(3,21,385,0,0),(3,21,386,0,0),(3,21,387,0,0),(3,21,388,0,0),(3,22,389,0,0),(3,22,390,0,0),(3,22,391,0,0),(3,22,392,0,0),(3,22,393,0,0),(3,22,394,0,0),(3,22,395,0,0),(3,22,396,0,0),(3,22,397,0,0),(3,22,398,0,0),(3,22,399,0,0),(3,22,400,0,0),(3,22,401,0,0),(3,22,402,0,0),(3,22,403,0,0),(3,22,404,0,0),(3,22,405,0,0),(3,22,406,0,0),(3,22,407,0,0),(3,22,408,0,0),(3,22,409,0,0),(3,22,410,0,0),(3,22,411,0,0),(3,22,412,0,0),(3,22,413,0,0),(3,22,414,0,0),(3,22,415,0,0),(3,22,416,0,0),(3,22,417,0,0),(3,22,418,0,0),(3,22,419,0,0),(3,22,420,0,0),(3,22,421,0,0),(3,22,422,0,0),(3,22,423,0,0),(3,22,424,0,0),(3,22,425,0,0),(3,22,426,0,0),(3,22,427,0,0),(3,22,428,0,0),(3,22,429,0,0),(3,22,430,0,0),(3,22,431,0,0),(3,22,432,0,0),(3,22,433,0,0),(3,22,434,0,0),(3,22,435,0,0),(3,23,436,0,0),(3,23,437,0,0),(3,23,438,0,0),(3,23,439,0,0),(3,23,440,0,0),(3,23,441,0,0),(3,23,442,0,0),(3,23,443,0,0),(3,23,444,0,0),(3,23,445,0,0),(3,23,446,0,0),(3,23,447,0,0),(3,23,448,0,0),(3,23,449,0,0),(3,23,450,0,0),(3,23,451,0,0),(3,23,452,0,0),(3,23,453,0,0),(3,23,454,0,0),(3,23,455,0,0),(3,23,456,0,0),(3,23,457,0,0),(3,23,458,0,0),(3,23,459,0,0),(3,23,460,0,0),(3,23,461,0,0),(3,23,462,0,0),(3,23,463,0,0),(3,23,464,0,0),(3,23,465,0,0),(3,23,466,0,0),(3,23,467,0,0),(3,23,468,0,0),(3,23,469,0,0),(3,23,470,0,0),(3,23,471,0,0),(3,23,472,0,0),(3,23,473,0,0),(3,23,474,0,0),(3,29,475,0,0),(3,29,479,0,0),(3,29,480,0,0),(3,29,482,0,0),(3,29,489,0,0),(3,29,490,0,0),(3,29,491,0,0),(3,29,492,0,0),(3,29,493,0,0),(3,29,495,0,0),(3,29,496,0,0),(3,29,497,0,0),(3,29,498,0,0),(3,29,499,0,0),(3,29,504,0,0),(3,29,505,0,0),(3,29,506,0,0),(3,29,507,0,0),(3,29,515,0,0),(3,10,520,0,0),(3,10,521,0,0),(3,10,522,0,0),(3,10,523,0,0),(3,10,524,0,0),(3,10,525,0,0),(3,30,526,0,0),(3,30,527,0,0),(3,30,528,0,0),(3,30,529,0,0),(3,30,530,0,0),(3,30,531,0,0),(3,30,532,0,0),(3,30,533,0,0),(3,30,534,0,0),(3,30,535,0,0),(3,30,536,0,0),(3,30,537,0,0),(3,30,538,0,0),(3,30,539,0,0),(3,30,540,0,0),(3,30,541,0,0),(3,30,542,0,0),(3,30,543,0,0),(3,30,544,0,0),(3,30,545,0,0),(3,30,546,0,0),(3,30,547,0,0),(3,33,548,0,0),(3,33,549,0,0),(3,33,550,0,0),(3,33,551,0,0),(3,33,552,0,0),(3,33,553,0,0),(3,33,554,0,0),(3,33,555,0,0),(3,33,556,0,0),(3,33,557,0,0),(3,33,558,0,0),(3,33,559,0,0),(3,33,560,0,0),(3,33,561,0,0),(3,33,562,0,0),(3,33,563,0,0),(3,33,564,0,0),(3,29,565,0,0),(3,34,566,0,0),(3,34,567,0,0),(3,34,568,0,0),(3,34,569,0,0),(3,34,570,0,0),(3,34,571,0,0),(3,34,572,0,0),(3,34,573,0,0),(3,34,574,0,0),(3,34,575,0,0),(3,34,576,0,0),(3,34,577,0,0),(3,34,578,0,0),(3,34,579,0,0),(3,34,580,0,0),(3,34,581,0,0),(3,34,582,0,0),(3,34,583,0,0),(3,34,584,0,0),(3,34,585,0,0),(3,34,586,0,0),(3,34,587,0,0),(3,39,588,0,0),(3,39,589,0,0),(3,39,590,0,0),(3,39,591,0,0),(3,39,592,0,0),(3,39,593,0,0),(3,42,594,0,0),(3,42,595,0,0),(3,42,596,0,0),(3,42,597,0,0),(3,42,598,0,0),(3,42,599,0,0),(3,42,600,0,0),(3,42,601,0,0),(3,42,602,0,0),(3,42,603,0,0),(3,42,604,0,0),(3,42,605,0,0),(3,42,606,0,0),(3,42,607,0,0),(3,42,608,0,0),(3,42,609,0,0),(3,42,610,0,0),(3,42,611,0,0),(3,42,612,0,0),(3,42,613,0,0),(3,42,614,0,0),(3,43,615,0,0),(3,43,616,0,0),(3,43,617,0,0),(3,43,618,0,0),(3,43,619,0,0),(3,43,620,0,0),(3,43,621,0,0),(3,43,622,0,0),(3,44,623,0,0),(3,44,624,0,0),(3,44,625,0,0),(3,44,626,0,0),(3,44,627,0,0),(3,44,628,0,0),(3,44,629,0,0),(3,44,630,0,0),(3,44,631,0,0),(3,44,632,0,0),(3,44,633,0,0),(3,44,634,0,0),(3,44,635,0,0),(3,45,636,0,0),(3,45,637,0,0),(3,45,638,0,0),(3,45,639,0,0),(3,45,640,0,0),(3,45,641,0,0),(3,45,642,0,0),(3,45,643,0,0),(3,45,644,0,0),(3,45,645,0,0),(3,45,646,0,0),(3,45,647,0,0),(3,45,648,0,0),(3,45,649,0,0),(3,45,650,0,0),(3,45,651,0,0),(3,45,652,0,0),(3,45,653,0,0),(3,46,654,0,0),(3,46,655,0,0),(3,46,656,0,0),(3,46,657,0,0),(3,46,658,0,0),(3,46,659,0,0),(3,46,660,0,0),(3,46,661,0,0),(3,46,662,0,0),(3,46,663,0,0),(3,46,664,0,0),(3,46,665,0,0),(3,46,666,0,0),(3,46,667,0,0),(3,46,668,0,0),(3,46,669,0,0),(3,46,670,0,0),(3,46,671,0,0),(3,46,672,0,0),(3,46,673,0,0),(3,2,674,0,0),(3,29,675,0,0),(3,23,676,0,0),(3,23,677,0,0),(3,23,678,0,0),(3,23,679,0,0),(3,23,680,0,0),(3,23,681,0,0),(3,23,682,0,0),(3,23,683,0,0),(3,23,684,0,0),(3,22,685,0,0),(3,22,686,0,0),(3,22,687,0,0),(3,22,688,0,0),(3,22,689,0,0),(3,22,690,0,0),(3,22,691,0,0),(3,22,692,0,0),(3,22,693,0,0),(3,21,694,0,0),(3,21,695,0,0),(3,21,696,0,0),(3,21,697,0,0),(3,21,698,0,0),(3,21,699,0,0),(3,21,700,0,0),(3,21,701,0,0),(3,21,702,0,0),(3,20,703,0,0),(3,20,704,0,0),(3,20,705,0,0),(3,20,706,0,0),(3,20,707,0,0),(3,20,708,0,0),(3,20,709,0,0),(3,20,710,0,0),(3,20,711,0,0),(3,29,712,0,0),(3,45,713,0,0),(3,43,714,0,0),(3,29,715,0,0),(3,29,716,0,0),(3,29,717,0,0),(3,23,718,0,0),(3,22,719,0,0),(3,21,720,0,0),(3,20,721,0,0),(3,29,722,0,0),(3,6,723,0,0),(3,4,724,0,0),(3,2,725,0,0),(3,29,726,0,0),(3,23,727,0,0),(3,23,728,0,0),(3,21,729,0,0),(3,21,730,0,0),(3,18,731,0,0),(3,7,732,0,0),(3,43,733,0,0),(3,43,734,0,0),(3,23,735,0,0),(3,20,736,0,0),(3,21,737,0,0),(3,22,738,0,0),(3,29,739,0,0),(3,2,740,0,0),(3,13,741,0,0),(3,29,742,0,0),(3,29,743,0,0),(3,29,744,0,0),(3,29,745,0,0),(3,14,772,0,0),(3,34,773,0,0),(3,23,774,0,0),(3,29,775,0,0),(3,23,776,0,0),(3,23,777,0,0),(3,23,778,0,0),(3,20,779,0,0),(3,20,780,0,0),(3,20,781,0,0),(3,21,782,0,0),(3,22,783,0,0),(3,22,784,0,0),(3,22,785,0,0),(3,43,786,0,0),(3,43,787,0,0),(3,43,788,0,0),(3,2,789,0,0),(3,4,790,0,0),(3,6,791,0,0),(3,7,792,0,0),(3,8,793,0,0),(3,9,794,0,0),(3,10,795,0,0),(3,13,796,0,0),(3,14,797,0,0),(3,15,798,0,0),(3,16,799,0,0),(3,18,800,0,0),(3,19,801,0,0),(3,20,802,0,0),(3,21,803,0,0),(3,22,804,0,0),(3,23,805,0,0),(3,26,806,0,0),(3,10,807,0,0),(3,2,808,0,0),(3,4,809,0,0),(3,6,810,0,0),(3,7,811,0,0),(3,8,812,0,0),(3,9,813,0,0),(3,10,814,0,0),(3,13,815,0,0),(3,14,816,0,0),(3,15,817,0,0),(3,16,818,0,0),(3,18,819,0,0),(3,19,820,0,0),(3,20,821,0,0),(3,21,822,0,0),(3,22,823,0,0),(3,23,824,0,0),(3,26,825,0,0),(3,2,826,0,0),(3,4,827,0,0),(3,6,828,0,0),(3,7,829,0,0),(3,8,830,0,0),(3,9,831,0,0),(3,10,832,0,0),(3,13,833,0,0),(3,14,834,0,0),(3,15,835,0,0),(3,16,836,0,0),(3,18,837,0,0),(3,19,838,0,0),(3,20,839,0,0),(3,21,840,0,0),(3,22,841,0,0),(3,23,842,0,0),(3,26,843,0,0),(3,20,844,0,0),(3,21,845,0,0),(3,22,846,0,0),(3,23,847,0,0),(3,46,848,0,0),(3,46,849,0,0),(3,29,850,0,0),(3,22,851,0,0),(3,52,852,0,0),(3,52,853,0,0),(3,52,854,0,0),(3,52,855,0,0),(3,52,856,0,0),(3,52,857,0,0),(3,52,858,0,0),(3,52,859,0,0),(3,52,860,0,0),(3,52,861,0,0),(3,52,862,0,0),(3,53,863,0,0),(3,53,864,0,0),(3,53,865,0,0),(3,53,866,0,0),(3,53,867,0,0),(3,53,868,0,0),(3,53,869,0,0),(3,53,870,0,0),(3,53,871,0,0),(3,53,872,0,0),(3,53,873,0,0),(3,54,874,0,0),(3,54,875,0,0),(3,54,876,0,0),(3,54,877,0,0),(3,54,878,0,0),(3,54,879,0,0),(3,54,880,0,0),(3,54,881,0,0),(3,54,882,0,0),(3,54,883,0,0),(3,54,884,0,0),(3,53,887,0,0),(3,53,937,0,0),(3,53,939,0,0),(3,53,941,0,0),(3,53,943,0,0),(3,53,945,0,0),(3,8,947,0,0),(3,8,949,0,0),(3,8,953,0,0),(3,8,955,0,0),(3,8,957,0,0),(3,54,959,0,0),(3,54,961,0,0),(3,54,963,0,0),(3,54,965,0,0),(3,54,967,0,0),(3,54,969,0,0),(3,53,971,0,0),(3,57,972,0,0),(3,57,973,0,0),(3,57,974,0,0),(3,57,975,0,0),(3,57,976,0,0),(3,57,977,0,0),(3,57,978,0,0),(3,57,979,0,0),(3,57,980,0,0),(3,57,981,0,0),(3,57,982,0,0),(3,58,983,0,0),(3,58,984,0,0),(3,58,985,0,0),(3,58,986,0,0),(3,58,987,0,0),(3,58,988,0,0),(3,58,989,0,0),(3,58,990,0,0),(3,58,991,0,0),(3,58,992,0,0),(3,58,993,0,0),(3,59,994,0,0),(3,59,995,0,0),(3,59,996,0,0),(3,59,997,0,0),(3,59,998,0,0),(3,59,999,0,0),(3,59,1000,0,0),(3,59,1001,0,0),(3,59,1002,0,0),(3,59,1003,0,0),(3,59,1004,0,0),(3,59,1005,0,0),(3,59,1006,0,0),(3,59,1007,0,0),(3,59,1008,0,0),(3,59,1009,0,0),(3,59,1010,0,0),(3,59,1011,0,0),(3,59,1012,0,0),(3,59,1013,0,0),(3,59,1014,0,0),(3,59,1015,0,0),(3,58,1016,0,0),(3,59,1017,0,0),(3,57,1019,0,0),(3,57,1023,0,0),(3,57,1027,0,0),(3,57,1029,0,0),(3,57,1031,0,0),(3,57,1037,0,0),(3,57,1039,0,0),(3,58,1043,0,0),(3,58,1045,0,0),(3,58,1049,0,0),(3,58,1051,0,0),(3,58,1053,0,0),(3,58,1057,0,0),(3,58,1059,0,0),(3,58,1061,0,0),(3,58,1063,0,0),(3,58,1069,0,0),(3,58,1075,0,0),(3,58,1077,0,0),(3,58,1079,0,0),(3,58,1081,0,0),(3,58,1083,0,0),(3,58,1085,0,0),(3,58,1087,0,0),(3,58,1089,0,0),(3,58,1091,0,0),(3,58,1093,0,0),(3,58,1095,0,0),(3,59,1099,0,0),(3,59,1101,0,0),(3,59,1105,0,0),(3,59,1107,0,0),(3,59,1109,0,0),(3,59,1111,0,0),(3,59,1113,0,0),(3,59,1115,0,0),(3,59,1117,0,0),(3,59,1119,0,0),(3,59,1125,0,0),(3,59,1127,0,0),(3,59,1129,0,0),(3,59,1131,0,0),(3,59,1133,0,0),(3,59,1135,0,0),(3,59,1137,0,0),(3,59,1139,0,0),(3,59,1141,0,0),(3,59,1143,0,0),(3,59,1145,0,0),(3,59,1147,0,0),(3,59,1149,0,0),(3,59,1151,0,0),(3,58,1153,0,0),(3,57,1154,0,0),(3,58,1155,0,0),(3,59,1156,0,0),(3,57,1158,0,0),(3,57,1160,0,0),(3,59,1162,0,0),(3,59,1164,0,0),(3,62,1165,0,0),(3,62,1166,0,0),(3,62,1167,0,0),(3,62,1168,0,0),(3,62,1169,0,0),(3,62,1170,0,0),(3,62,1171,0,0),(3,62,1172,0,0),(3,62,1173,0,0),(3,62,1174,0,0),(3,62,1175,0,0),(3,62,1176,0,0),(3,62,1177,0,0),(3,62,1178,0,0),(3,62,1179,0,0),(3,62,1180,0,0),(3,62,1181,0,0),(3,62,1182,0,0),(3,62,1183,0,0),(3,62,1184,0,0),(3,62,1185,0,0),(3,62,1186,0,0),(3,58,1188,0,0),(3,59,1190,0,0),(3,62,1192,0,0),(3,62,1193,0,0),(3,62,1195,0,0),(3,62,1197,0,0),(3,62,1201,0,0),(3,62,1203,0,0),(3,62,1205,0,0),(3,62,1207,0,0),(3,62,1209,0,0),(3,62,1211,0,0),(3,62,1213,0,0),(3,62,1215,0,0),(3,62,1221,0,0),(3,62,1222,0,0),(3,62,1224,0,0),(3,62,1226,0,0),(3,62,1228,0,0),(3,62,1230,0,0),(3,62,1232,0,0),(3,62,1234,0,0),(3,62,1236,0,0),(3,62,1238,0,0),(3,62,1240,0,0),(3,62,1242,0,0),(3,62,1244,0,0),(3,62,1246,0,0),(3,62,1248,0,0),(3,62,1250,0,0),(3,62,1252,0,0),(3,57,1254,0,0),(3,57,1256,0,0),(3,59,1262,0,0),(3,57,1264,0,0),(3,57,1266,0,0),(3,57,1268,0,0),(3,58,1270,0,0),(3,58,1272,0,0),(3,59,1274,0,0),(3,59,1276,0,0),(3,62,1278,0,0),(3,62,1280,0,0),(3,6,1282,0,0),(3,6,1288,0,0),(3,63,1293,0,0),(3,63,1294,0,0),(3,63,1295,0,0),(3,63,1296,0,0),(3,63,1297,0,0),(3,63,1298,0,0),(3,63,1299,0,0),(3,63,1300,0,0),(3,63,1301,0,0),(3,63,1302,0,0),(3,63,1303,0,0),(3,64,1304,0,0),(3,64,1305,0,0),(3,64,1306,0,0),(3,64,1307,0,0),(3,64,1308,0,0),(3,64,1309,0,0),(3,64,1310,0,0),(3,64,1311,0,0),(3,64,1312,0,0),(3,64,1313,0,0),(3,64,1314,0,0),(3,59,1316,0,0),(3,62,1318,0,0),(3,64,1320,0,0),(3,64,1321,0,0),(3,64,1322,0,0),(3,64,1324,0,0),(3,64,1326,0,0),(3,64,1328,0,0),(3,64,1330,0,0),(3,64,1332,0,0),(3,64,1334,0,0),(3,64,1336,0,0),(3,64,1338,0,0),(3,64,1342,0,0),(3,64,1346,0,0),(3,64,1348,0,0),(3,64,1350,0,0),(3,64,1352,0,0),(3,64,1354,0,0),(3,64,1356,0,0),(3,64,1358,0,0),(3,64,1360,0,0),(3,64,1362,0,0),(3,64,1364,0,0),(3,64,1366,0,0),(3,64,1368,0,0),(3,64,1370,0,0),(3,64,1372,0,0),(3,64,1374,0,0),(3,64,1376,0,0),(3,64,1378,0,0),(3,64,1380,0,0),(3,64,1382,0,0),(3,64,1384,0,0),(3,63,1386,0,0),(3,63,1387,0,0),(3,63,1389,0,0),(3,63,1391,0,0),(3,64,1393,0,0),(3,63,1395,0,0),(3,63,1397,0,0),(3,64,1399,0,0),(3,64,1401,0,0),(3,63,1403,0,0),(3,63,1405,0,0),(3,63,1407,0,0),(3,63,1409,0,0),(3,63,1411,0,0),(3,63,1413,0,0),(3,62,1415,0,0),(3,62,1417,0,0),(3,64,1419,0,0),(3,64,1421,0,0),(3,57,1423,0,0),(3,57,1425,0,0),(3,58,1427,0,0),(3,59,1429,0,0),(3,62,1431,0,0),(3,65,1432,0,0),(3,65,1433,0,0),(3,65,1434,0,0),(3,65,1435,0,0),(3,65,1436,0,0),(3,65,1437,0,0),(3,65,1438,0,0),(3,65,1439,0,0),(3,65,1440,0,0),(3,65,1441,0,0),(3,65,1442,0,0),(3,66,1443,0,0),(3,66,1444,0,0),(3,66,1445,0,0),(3,66,1446,0,0),(3,66,1447,0,0),(3,66,1448,0,0),(3,66,1449,0,0),(3,66,1450,0,0),(3,66,1451,0,0),(3,66,1452,0,0),(3,66,1453,0,0),(3,67,1454,0,0),(3,67,1455,0,0),(3,67,1456,0,0),(3,67,1457,0,0),(3,67,1458,0,0),(3,67,1459,0,0),(3,67,1460,0,0),(3,67,1461,0,0),(3,67,1462,0,0),(3,67,1463,0,0),(3,67,1464,0,0),(3,68,1465,0,0),(3,68,1466,0,0),(3,68,1467,0,0),(3,68,1468,0,0),(3,68,1469,0,0),(3,68,1470,0,0),(3,68,1471,0,0),(3,68,1472,0,0),(3,68,1473,0,0),(3,68,1474,0,0),(3,68,1475,0,0),(3,65,1477,0,0),(3,65,1478,0,0),(3,66,1479,0,0),(3,67,1480,0,0),(3,68,1481,0,0),(3,65,1483,0,0),(3,65,1485,0,0),(3,65,1487,0,0),(3,65,1489,0,0),(3,65,1491,0,0),(3,65,1493,0,0),(3,65,1495,0,0),(3,65,1497,0,0),(3,65,1499,0,0),(3,65,1501,0,0),(3,65,1503,0,0),(3,65,1505,0,0),(3,65,1507,0,0),(3,65,1509,0,0),(3,65,1511,0,0),(3,65,1513,0,0),(3,65,1515,0,0),(3,65,1517,0,0),(3,65,1519,0,0),(3,65,1521,0,0),(3,65,1523,0,0),(3,65,1525,0,0),(3,65,1527,0,0),(3,66,1529,0,0),(3,66,1531,0,0),(3,66,1533,0,0),(3,66,1535,0,0),(3,66,1537,0,0),(3,66,1539,0,0),(3,66,1541,0,0),(3,66,1543,0,0),(3,66,1545,0,0),(3,66,1547,0,0),(3,66,1549,0,0),(3,66,1551,0,0),(3,66,1553,0,0),(3,66,1555,0,0),(3,66,1557,0,0),(3,66,1559,0,0),(3,66,1561,0,0),(3,66,1563,0,0),(3,66,1565,0,0),(3,66,1567,0,0),(3,66,1569,0,0),(3,66,1571,0,0),(3,66,1573,0,0),(3,66,1575,0,0),(3,66,1577,0,0),(3,66,1579,0,0),(3,66,1581,0,0),(3,66,1583,0,0),(3,66,1585,0,0),(3,66,1587,0,0),(3,67,1589,0,0),(3,67,1591,0,0),(3,67,1593,0,0),(3,67,1595,0,0),(3,67,1597,0,0),(3,67,1599,0,0),(3,67,1601,0,0),(3,67,1603,0,0),(3,67,1607,0,0),(3,67,1609,0,0),(3,67,1611,0,0),(3,67,1613,0,0),(3,67,1615,0,0),(3,67,1617,0,0),(3,67,1619,0,0),(3,67,1621,0,0),(3,67,1623,0,0),(3,67,1625,0,0),(3,67,1627,0,0),(3,67,1629,0,0),(3,67,1631,0,0),(3,67,1633,0,0),(3,67,1635,0,0),(3,67,1637,0,0),(3,67,1639,0,0),(3,67,1641,0,0),(3,67,1643,0,0),(3,67,1645,0,0),(3,67,1647,0,0),(3,67,1649,0,0),(3,67,1651,0,0),(3,67,1653,0,0),(3,65,1654,0,0),(3,66,1655,0,0),(3,67,1656,0,0),(3,68,1658,0,0),(3,68,1659,0,0),(3,68,1661,0,0),(3,68,1663,0,0),(3,68,1665,0,0),(3,68,1667,0,0),(3,68,1669,0,0),(3,68,1671,0,0),(3,68,1673,0,0),(3,68,1675,0,0),(3,68,1677,0,0),(3,68,1679,0,0),(3,68,1681,0,0),(3,68,1683,0,0),(3,68,1685,0,0),(3,68,1687,0,0),(3,68,1691,0,0),(3,68,1693,0,0),(3,68,1695,0,0),(3,68,1697,0,0),(3,68,1699,0,0),(3,68,1701,0,0),(3,68,1703,0,0),(3,68,1705,0,0),(3,68,1707,0,0),(3,68,1709,0,0),(3,68,1711,0,0),(3,68,1713,0,0),(3,68,1715,0,0),(3,68,1717,0,0),(3,68,1719,0,0),(3,68,1721,0,0),(3,68,1723,0,0),(3,68,1725,0,0),(3,68,1727,0,0),(3,68,1729,0,0),(3,6,1731,0,0),(3,6,1733,0,0),(3,6,1735,0,0),(3,6,1737,0,0),(3,6,1739,0,0),(3,6,1741,0,0),(3,6,1743,0,0),(3,6,1745,0,0),(3,6,1747,0,0),(3,6,1749,0,0),(3,6,1751,0,0),(3,6,1753,0,0),(3,6,1755,0,0),(3,6,1757,0,0),(3,6,1759,0,0),(3,6,1761,0,0),(3,69,1762,0,0),(3,69,1763,0,0),(3,69,1764,0,0),(3,69,1765,0,0),(3,69,1766,0,0),(3,69,1767,0,0),(3,69,1768,0,0),(3,69,1769,0,0),(3,69,1770,0,0),(3,69,1771,0,0),(3,69,1772,0,0),(3,70,1773,0,0),(3,70,1774,0,0),(3,70,1775,0,0),(3,70,1776,0,0),(3,70,1777,0,0),(3,70,1778,0,0),(3,70,1779,0,0),(3,70,1780,0,0),(3,70,1781,0,0),(3,70,1782,0,0),(3,70,1783,0,0),(3,69,1785,0,0),(3,69,1787,0,0),(3,69,1789,0,0),(3,69,1791,0,0),(3,69,1793,0,0),(3,69,1795,0,0),(3,69,1797,0,0),(3,69,1799,0,0),(3,69,1801,0,0),(3,69,1803,0,0),(3,69,1805,0,0),(3,69,1807,0,0),(3,69,1808,0,0),(3,6,1809,0,0),(3,6,1810,0,0),(3,6,1811,0,0),(3,69,1813,0,0),(3,69,1815,0,0),(3,69,1817,0,0),(3,69,1819,0,0),(3,69,1821,0,0),(3,69,1823,0,0),(3,69,1825,0,0),(3,69,1827,0,0),(3,69,1829,0,0),(3,69,1831,0,0),(3,69,1833,0,0),(3,69,1835,0,0),(3,69,1837,0,0),(3,69,1839,0,0),(3,69,1841,0,0),(3,70,1843,0,0),(3,70,1845,0,0),(3,70,1847,0,0),(3,70,1849,0,0),(3,70,1851,0,0),(3,65,1853,0,0),(3,65,1855,0,0),(3,66,1857,0,0),(3,66,1859,0,0),(3,67,1861,0,0),(3,67,1863,0,0),(3,65,1865,0,0),(3,67,1867,0,0),(3,66,1869,0,0),(3,57,1871,0,0),(3,57,1873,0,0),(3,57,1875,0,0),(3,68,1877,0,0),(3,73,1878,0,0),(3,73,1879,0,0),(3,73,1880,0,0),(3,73,1881,0,0),(3,73,1882,0,0),(3,73,1883,0,0),(3,73,1884,0,0),(3,73,1885,0,0),(3,73,1886,0,0),(3,73,1887,0,0),(3,73,1888,0,0),(3,73,1890,0,0),(3,73,1892,0,0),(3,6,1894,0,0),(3,69,1896,0,0),(4,6,1,0,0),(4,6,2,0,0),(4,6,3,0,0),(4,6,4,0,0),(4,6,5,0,0),(4,6,6,0,0),(4,6,7,0,0),(4,6,8,0,0),(4,6,9,0,0),(4,6,10,0,0),(4,6,11,0,0),(4,6,12,0,0),(4,6,13,0,0),(4,6,14,0,0),(4,6,15,0,0),(4,6,16,0,0),(4,6,17,0,0),(4,6,18,0,0),(4,6,19,0,0),(4,6,20,0,0),(4,6,21,0,0),(4,6,22,0,0),(4,6,23,0,0),(4,6,24,0,0),(4,6,25,0,0),(4,6,26,0,0),(4,6,27,0,0),(4,6,28,0,0),(4,6,29,0,0),(4,6,30,0,0),(4,6,31,0,0),(4,6,32,0,0),(4,6,33,0,0),(4,6,34,0,0),(4,6,35,0,0),(4,6,36,0,0),(4,7,37,0,0),(4,7,38,0,0),(4,7,39,0,0),(4,7,40,0,0),(4,7,41,0,0),(4,7,42,0,0),(4,7,43,0,0),(4,7,44,0,0),(4,7,45,0,0),(4,7,46,0,0),(4,7,47,0,0),(4,7,48,0,0),(4,7,49,0,0),(4,7,50,0,0),(4,7,51,0,0),(4,7,52,0,0),(4,7,53,0,0),(4,7,54,0,0),(4,7,55,0,0),(4,7,56,0,0),(4,7,57,0,0),(4,7,58,0,0),(4,7,59,0,0),(4,7,60,0,0),(4,7,61,0,0),(4,7,62,0,0),(4,7,63,0,0),(4,7,64,0,0),(4,7,65,0,0),(4,4,66,0,0),(4,4,67,0,0),(4,4,68,0,0),(4,4,69,0,0),(4,4,70,0,0),(4,4,71,0,0),(4,4,72,0,0),(4,4,73,0,0),(4,4,74,0,0),(4,4,75,0,0),(4,4,76,0,0),(4,4,77,0,0),(4,4,78,0,0),(4,4,79,0,0),(4,4,80,0,0),(4,4,81,0,0),(4,4,82,0,0),(4,4,83,0,0),(4,4,84,0,0),(4,4,85,0,0),(4,4,86,0,0),(4,4,87,0,0),(4,4,88,0,0),(4,4,89,0,0),(4,4,90,0,0),(4,4,91,0,0),(4,4,92,0,0),(4,4,93,0,0),(4,4,94,0,0),(4,4,95,0,0),(4,4,96,0,0),(4,4,97,0,0),(4,4,98,0,0),(4,4,99,0,0),(4,4,100,0,0),(4,4,101,0,0),(4,4,102,0,0),(4,4,103,0,0),(4,4,104,0,0),(4,4,105,0,0),(4,4,106,0,0),(4,4,107,0,0),(4,4,108,0,0),(4,4,109,0,0),(4,2,110,0,0),(4,2,111,0,0),(4,2,112,0,0),(4,2,113,0,0),(4,2,114,0,0),(4,2,115,0,0),(4,2,116,0,0),(4,2,117,0,0),(4,2,118,0,0),(4,2,119,0,0),(4,2,120,0,0),(4,2,121,0,0),(4,2,122,0,0),(4,2,123,0,0),(4,2,124,0,0),(4,2,125,0,0),(4,26,126,0,0),(4,26,127,0,0),(4,26,128,0,0),(4,26,129,0,0),(4,26,130,0,0),(4,26,131,0,0),(4,26,132,0,0),(4,26,133,0,0),(4,26,134,0,0),(4,26,135,0,0),(4,26,136,0,0),(4,26,137,0,0),(4,26,138,0,0),(4,26,139,0,0),(4,26,140,0,0),(4,26,141,0,0),(4,26,142,0,0),(4,26,143,0,0),(4,26,144,0,0),(4,26,145,0,0),(4,26,146,0,0),(4,26,147,0,0),(4,26,148,0,0),(4,26,149,0,0),(4,26,150,0,0),(4,4,151,0,0),(4,6,152,0,0),(4,7,153,0,0),(4,26,154,0,0),(4,13,155,0,0),(4,13,156,0,0),(4,13,157,0,0),(4,13,158,0,0),(4,13,159,0,0),(4,13,160,0,0),(4,13,161,0,0),(4,13,162,0,0),(4,13,163,0,0),(4,13,164,0,0),(4,13,165,0,0),(4,13,166,0,0),(4,13,167,0,0),(4,13,168,0,0),(4,13,169,0,0),(4,13,170,0,0),(4,13,171,0,0),(4,13,172,0,0),(4,13,173,0,0),(4,14,174,0,0),(4,14,175,0,0),(4,14,176,0,0),(4,14,177,0,0),(4,14,178,0,0),(4,14,179,0,0),(4,14,180,0,0),(4,14,181,0,0),(4,14,182,0,0),(4,14,183,0,0),(4,14,184,0,0),(4,14,185,0,0),(4,14,186,0,0),(4,14,187,0,0),(4,14,188,0,0),(4,14,189,0,0),(4,14,190,0,0),(4,14,191,0,0),(4,14,192,0,0),(4,14,193,0,0),(4,14,194,0,0),(4,14,195,0,0),(4,14,196,0,0),(4,14,197,0,0),(4,14,198,0,0),(4,14,199,0,0),(4,14,200,0,0),(4,14,201,0,0),(4,14,202,0,0),(4,14,203,0,0),(4,14,204,0,0),(4,8,205,0,0),(4,8,206,0,0),(4,8,207,0,0),(4,8,208,0,0),(4,8,209,0,0),(4,8,210,0,0),(4,8,211,0,0),(4,8,212,0,0),(4,8,213,0,0),(4,8,214,0,0),(4,8,215,0,0),(4,8,216,0,0),(4,8,217,0,0),(4,8,218,0,0),(4,8,219,0,0),(4,10,220,0,0),(4,10,221,0,0),(4,10,222,0,0),(4,10,223,0,0),(4,10,224,0,0),(4,10,225,0,0),(4,10,226,0,0),(4,10,227,0,0),(4,10,228,0,0),(4,10,229,0,0),(4,10,230,0,0),(4,10,231,0,0),(4,9,232,0,0),(4,9,233,0,0),(4,9,234,0,0),(4,9,235,0,0),(4,9,236,0,0),(4,9,237,0,0),(4,9,238,0,0),(4,9,239,0,0),(4,9,240,0,0),(4,9,241,0,0),(4,9,242,0,0),(4,9,243,0,0),(4,9,244,0,0),(4,9,245,0,0),(4,9,246,0,0),(4,9,247,0,0),(4,9,248,0,0),(4,9,249,0,0),(4,9,250,0,0),(4,9,251,0,0),(4,9,252,0,0),(4,9,253,0,0),(4,9,254,0,0),(4,9,255,0,0),(4,16,256,0,0),(4,16,257,0,0),(4,16,258,0,0),(4,16,259,0,0),(4,16,260,0,0),(4,16,261,0,0),(4,16,262,0,0),(4,16,263,0,0),(4,16,264,0,0),(4,16,265,0,0),(4,16,266,0,0),(4,16,267,0,0),(4,16,268,0,0),(4,16,269,0,0),(4,16,270,0,0),(4,16,271,0,0),(4,16,272,0,0),(4,16,273,0,0),(4,16,274,0,0),(4,16,275,0,0),(4,16,276,0,0),(4,16,277,0,0),(4,16,278,0,0),(4,15,279,0,0),(4,15,280,0,0),(4,15,281,0,0),(4,15,282,0,0),(4,15,283,0,0),(4,15,284,0,0),(4,15,285,0,0),(4,15,286,0,0),(4,15,287,0,0),(4,15,288,0,0),(4,18,289,0,0),(4,18,290,0,0),(4,18,291,0,0),(4,18,292,0,0),(4,18,293,0,0),(4,18,294,0,0),(4,18,295,0,0),(4,18,296,0,0),(4,18,297,0,0),(4,18,298,0,0),(4,18,299,0,0),(4,18,300,0,0),(4,18,301,0,0),(4,18,302,0,0),(4,18,303,0,0),(4,18,304,0,0),(4,18,305,0,0),(4,19,306,0,0),(4,19,307,0,0),(4,19,308,0,0),(4,19,309,0,0),(4,19,310,0,0),(4,19,311,0,0),(4,19,312,0,0),(4,19,313,0,0),(4,20,314,0,0),(4,20,315,0,0),(4,20,316,0,0),(4,20,317,0,0),(4,20,318,0,0),(4,20,319,0,0),(4,20,320,0,0),(4,20,321,0,0),(4,20,322,0,0),(4,20,323,0,0),(4,20,324,0,0),(4,20,325,0,0),(4,20,326,0,0),(4,20,327,0,0),(4,20,328,0,0),(4,20,329,0,0),(4,20,330,0,0),(4,20,331,0,0),(4,20,332,0,0),(4,20,333,0,0),(4,20,334,0,0),(4,20,335,0,0),(4,20,336,0,0),(4,20,337,0,0),(4,20,338,0,0),(4,20,339,0,0),(4,20,340,0,0),(4,20,341,0,0),(4,20,342,0,0),(4,20,343,0,0),(4,20,344,0,0),(4,20,345,0,0),(4,20,346,0,0),(4,20,347,0,0),(4,20,348,0,0),(4,20,349,0,0),(4,20,350,0,0),(4,21,351,0,0),(4,21,352,0,0),(4,21,353,0,0),(4,21,354,0,0),(4,21,355,0,0),(4,21,356,0,0),(4,21,357,0,0),(4,21,358,0,0),(4,21,359,0,0),(4,21,360,0,0),(4,21,361,0,0),(4,21,362,0,0),(4,21,363,0,0),(4,21,364,0,0),(4,21,365,0,0),(4,21,366,0,0),(4,21,367,0,0),(4,21,368,0,0),(4,21,369,0,0),(4,21,370,0,0),(4,21,371,0,0),(4,21,372,0,0),(4,21,373,0,0),(4,21,374,0,0),(4,21,375,0,0),(4,21,376,0,0),(4,21,377,0,0),(4,21,378,0,0),(4,21,379,0,0),(4,21,380,0,0),(4,21,381,0,0),(4,21,382,0,0),(4,21,383,0,0),(4,21,384,0,0),(4,21,385,0,0),(4,21,386,0,0),(4,21,387,0,0),(4,21,388,0,0),(4,22,389,0,0),(4,22,390,0,0),(4,22,391,0,0),(4,22,392,0,0),(4,22,393,0,0),(4,22,394,0,0),(4,22,395,0,0),(4,22,396,0,0),(4,22,397,0,0),(4,22,398,0,0),(4,22,399,0,0),(4,22,400,0,0),(4,22,401,0,0),(4,22,402,0,0),(4,22,403,0,0),(4,22,404,0,0),(4,22,405,0,0),(4,22,406,0,0),(4,22,407,0,0),(4,22,408,0,0),(4,22,409,0,0),(4,22,410,0,0),(4,22,411,0,0),(4,22,412,0,0),(4,22,413,0,0),(4,22,414,0,0),(4,22,415,0,0),(4,22,416,0,0),(4,22,417,0,0),(4,22,418,0,0),(4,22,419,0,0),(4,22,420,0,0),(4,22,421,0,0),(4,22,422,0,0),(4,22,423,0,0),(4,22,424,0,0),(4,22,425,0,0),(4,22,426,0,0),(4,22,427,0,0),(4,22,428,0,0),(4,22,429,0,0),(4,22,430,0,0),(4,22,431,0,0),(4,22,432,0,0),(4,22,433,0,0),(4,22,434,0,0),(4,22,435,0,0),(4,23,436,0,0),(4,23,437,0,0),(4,23,438,0,0),(4,23,439,0,0),(4,23,440,0,0),(4,23,441,0,0),(4,23,442,0,0),(4,23,443,0,0),(4,23,444,0,0),(4,23,445,0,0),(4,23,446,0,0),(4,23,447,0,0),(4,23,448,0,0),(4,23,449,0,0),(4,23,450,0,0),(4,23,451,0,0),(4,23,452,0,0),(4,23,453,0,0),(4,23,454,0,0),(4,23,455,0,0),(4,23,456,0,0),(4,23,457,0,0),(4,23,458,0,0),(4,23,459,0,0),(4,23,460,0,0),(4,23,461,0,0),(4,23,462,0,0),(4,23,463,0,0),(4,23,464,0,0),(4,23,465,0,0),(4,23,466,0,0),(4,23,467,0,0),(4,23,468,0,0),(4,23,469,0,0),(4,23,470,0,0),(4,23,471,0,0),(4,23,472,0,0),(4,23,473,0,0),(4,23,474,0,0),(4,29,475,0,0),(4,29,479,0,0),(4,29,480,0,0),(4,29,482,0,0),(4,29,489,0,0),(4,29,490,0,0),(4,29,491,0,0),(4,29,492,0,0),(4,29,493,0,0),(4,29,495,0,0),(4,29,496,0,0),(4,29,497,0,0),(4,29,498,0,0),(4,29,499,0,0),(4,29,504,0,0),(4,29,505,0,0),(4,29,506,0,0),(4,29,507,0,0),(4,29,515,0,0),(4,10,520,0,0),(4,10,521,0,0),(4,10,522,0,0),(4,10,523,0,0),(4,10,524,0,0),(4,10,525,0,0),(4,30,526,0,0),(4,30,527,0,0),(4,30,528,0,0),(4,30,529,0,0),(4,30,530,0,0),(4,30,531,0,0),(4,30,532,0,0),(4,30,533,0,0),(4,30,534,0,0),(4,30,535,0,0),(4,30,536,0,0),(4,30,537,0,0),(4,30,538,0,0),(4,30,539,0,0),(4,30,540,0,0),(4,30,541,0,0),(4,30,542,0,0),(4,30,543,0,0),(4,30,544,0,0),(4,30,545,0,0),(4,30,546,0,0),(4,30,547,0,0),(4,33,548,0,0),(4,33,549,0,0),(4,33,550,0,0),(4,33,551,0,0),(4,33,552,0,0),(4,33,553,0,0),(4,33,554,0,0),(4,33,555,0,0),(4,33,556,0,0),(4,33,557,0,0),(4,33,558,0,0),(4,33,559,0,0),(4,33,560,0,0),(4,33,561,0,0),(4,33,562,0,0),(4,33,563,0,0),(4,33,564,0,0),(4,29,565,0,0),(4,34,566,0,0),(4,34,567,0,0),(4,34,568,0,0),(4,34,569,0,0),(4,34,570,0,0),(4,34,571,0,0),(4,34,572,0,0),(4,34,573,0,0),(4,34,574,0,0),(4,34,575,0,0),(4,34,576,0,0),(4,34,577,0,0),(4,34,578,0,0),(4,34,579,0,0),(4,34,580,0,0),(4,34,581,0,0),(4,34,582,0,0),(4,34,583,0,0),(4,34,584,0,0),(4,34,585,0,0),(4,34,586,0,0),(4,34,587,0,0),(4,39,588,0,0),(4,39,589,0,0),(4,39,590,0,0),(4,39,591,0,0),(4,39,592,0,0),(4,39,593,0,0),(4,42,594,0,0),(4,42,595,0,0),(4,42,596,0,0),(4,42,597,0,0),(4,42,598,0,0),(4,42,599,0,0),(4,42,600,0,0),(4,42,601,0,0),(4,42,602,0,0),(4,42,603,0,0),(4,42,604,0,0),(4,42,605,0,0),(4,42,606,0,0),(4,42,607,0,0),(4,42,608,0,0),(4,42,609,0,0),(4,42,610,0,0),(4,42,611,0,0),(4,42,612,0,0),(4,42,613,0,0),(4,42,614,0,0),(4,43,615,0,0),(4,43,616,0,0),(4,43,617,0,0),(4,43,618,0,0),(4,43,619,0,0),(4,43,620,0,0),(4,43,621,0,0),(4,43,622,0,0),(4,44,623,0,0),(4,44,624,0,0),(4,44,625,0,0),(4,44,626,0,0),(4,44,627,0,0),(4,44,628,0,0),(4,44,629,0,0),(4,44,630,0,0),(4,44,631,0,0),(4,44,632,0,0),(4,44,633,0,0),(4,44,634,0,0),(4,44,635,0,0),(4,45,636,0,0),(4,45,637,0,0),(4,45,638,0,0),(4,45,639,0,0),(4,45,640,0,0),(4,45,641,0,0),(4,45,642,0,0),(4,45,643,0,0),(4,45,644,0,0),(4,45,645,0,0),(4,45,646,0,0),(4,45,647,0,0),(4,45,648,0,0),(4,45,649,0,0),(4,45,650,0,0),(4,45,651,0,0),(4,45,652,0,0),(4,45,653,0,0),(4,46,654,0,0),(4,46,655,0,0),(4,46,656,0,0),(4,46,657,0,0),(4,46,658,0,0),(4,46,659,0,0),(4,46,660,0,0),(4,46,661,0,0),(4,46,662,0,0),(4,46,663,0,0),(4,46,664,0,0),(4,46,665,0,0),(4,46,666,0,0),(4,46,667,0,0),(4,46,668,0,0),(4,46,669,0,0),(4,46,670,0,0),(4,46,671,0,0),(4,46,672,0,0),(4,46,673,0,0),(4,2,674,0,0),(4,29,675,0,0),(4,23,676,0,0),(4,23,677,0,0),(4,23,678,0,0),(4,23,679,0,0),(4,23,680,0,0),(4,23,681,0,0),(4,23,682,0,0),(4,23,683,0,0),(4,23,684,0,0),(4,22,685,0,0),(4,22,686,0,0),(4,22,687,0,0),(4,22,688,0,0),(4,22,689,0,0),(4,22,690,0,0),(4,22,691,0,0),(4,22,692,0,0),(4,22,693,0,0),(4,21,694,0,0),(4,21,695,0,0),(4,21,696,0,0),(4,21,697,0,0),(4,21,698,0,0),(4,21,699,0,0),(4,21,700,0,0),(4,21,701,0,0),(4,21,702,0,0),(4,20,703,0,0),(4,20,704,0,0),(4,20,705,0,0),(4,20,706,0,0),(4,20,707,0,0),(4,20,708,0,0),(4,20,709,0,0),(4,20,710,0,0),(4,20,711,0,0),(4,29,712,0,0),(4,45,713,0,0),(4,43,714,0,0),(4,29,715,0,0),(4,29,716,0,0),(4,29,717,0,0),(4,23,718,0,0),(4,22,719,0,0),(4,21,720,0,0),(4,20,721,0,0),(4,29,722,0,0),(4,6,723,0,0),(4,4,724,0,0),(4,2,725,0,0),(4,29,726,0,0),(4,23,727,0,0),(4,23,728,0,0),(4,21,729,0,0),(4,21,730,0,0),(4,18,731,0,0),(4,7,732,0,0),(4,43,733,0,0),(4,43,734,0,0),(4,23,735,0,0),(4,20,736,0,0),(4,21,737,0,0),(4,22,738,0,0),(4,29,739,0,0),(4,2,740,0,0),(4,13,741,0,0),(4,29,742,0,0),(4,29,743,0,0),(4,29,744,0,0),(4,29,745,0,0),(4,14,772,0,0),(4,34,773,0,0),(4,23,774,0,0),(4,29,775,0,0),(4,23,776,0,0),(4,23,777,0,0),(4,23,778,0,0),(4,20,779,0,0),(4,20,780,0,0),(4,20,781,0,0),(4,21,782,0,0),(4,22,783,0,0),(4,22,784,0,0),(4,22,785,0,0),(4,43,786,0,0),(4,43,787,0,0),(4,43,788,0,0),(4,2,789,0,0),(4,4,790,0,0),(4,6,791,0,0),(4,7,792,0,0),(4,8,793,0,0),(4,9,794,0,0),(4,10,795,0,0),(4,13,796,0,0),(4,14,797,0,0),(4,15,798,0,0),(4,16,799,0,0),(4,18,800,0,0),(4,19,801,0,0),(4,20,802,0,0),(4,21,803,0,0),(4,22,804,0,0),(4,23,805,0,0),(4,26,806,0,0),(4,10,807,0,0),(4,2,808,0,0),(4,4,809,0,0),(4,6,810,0,0),(4,7,811,0,0),(4,8,812,0,0),(4,9,813,0,0),(4,10,814,0,0),(4,13,815,0,0),(4,14,816,0,0),(4,15,817,0,0),(4,16,818,0,0),(4,18,819,0,0),(4,19,820,0,0),(4,20,821,0,0),(4,21,822,0,0),(4,22,823,0,0),(4,23,824,0,0),(4,26,825,0,0),(4,2,826,0,0),(4,4,827,0,0),(4,6,828,0,0),(4,7,829,0,0),(4,8,830,0,0),(4,9,831,0,0),(4,10,832,0,0),(4,13,833,0,0),(4,14,834,0,0),(4,15,835,0,0),(4,16,836,0,0),(4,18,837,0,0),(4,19,838,0,0),(4,20,839,0,0),(4,21,840,0,0),(4,22,841,0,0),(4,23,842,0,0),(4,26,843,0,0),(4,20,844,0,0),(4,21,845,0,0),(4,22,846,0,0),(4,23,847,0,0),(4,46,848,0,0),(4,46,849,0,0),(4,29,850,0,0),(4,22,851,0,0),(4,52,852,0,0),(4,52,853,0,0),(4,52,854,0,0),(4,52,855,0,0),(4,52,856,0,0),(4,52,857,0,0),(4,52,858,0,0),(4,52,859,0,0),(4,52,860,0,0),(4,52,861,0,0),(4,52,862,0,0),(4,53,863,0,0),(4,53,864,0,0),(4,53,865,0,0),(4,53,866,0,0),(4,53,867,0,0),(4,53,868,0,0),(4,53,869,0,0),(4,53,870,0,0),(4,53,871,0,0),(4,53,872,0,0),(4,53,873,0,0),(4,54,874,0,0),(4,54,875,0,0),(4,54,876,0,0),(4,54,877,0,0),(4,54,878,0,0),(4,54,879,0,0),(4,54,880,0,0),(4,54,881,0,0),(4,54,882,0,0),(4,54,883,0,0),(4,54,884,0,0),(4,53,887,0,0),(4,53,937,0,0),(4,53,939,0,0),(4,53,941,0,0),(4,53,943,0,0),(4,53,945,0,0),(4,8,947,0,0),(4,8,949,0,0),(4,8,953,0,0),(4,8,955,0,0),(4,8,957,0,0),(4,54,959,0,0),(4,54,961,0,0),(4,54,963,0,0),(4,54,965,0,0),(4,54,967,0,0),(4,54,969,0,0),(4,53,971,0,0),(4,57,972,0,0),(4,57,973,0,0),(4,57,974,0,0),(4,57,975,0,0),(4,57,976,0,0),(4,57,977,0,0),(4,57,978,0,0),(4,57,979,0,0),(4,57,980,0,0),(4,57,981,0,0),(4,57,982,0,0),(4,58,983,0,0),(4,58,984,0,0),(4,58,985,0,0),(4,58,986,0,0),(4,58,987,0,0),(4,58,988,0,0),(4,58,989,0,0),(4,58,990,0,0),(4,58,991,0,0),(4,58,992,0,0),(4,58,993,0,0),(4,59,994,0,0),(4,59,995,0,0),(4,59,996,0,0),(4,59,997,0,0),(4,59,998,0,0),(4,59,999,0,0),(4,59,1000,0,0),(4,59,1001,0,0),(4,59,1002,0,0),(4,59,1003,0,0),(4,59,1004,0,0),(4,59,1005,0,0),(4,59,1006,0,0),(4,59,1007,0,0),(4,59,1008,0,0),(4,59,1009,0,0),(4,59,1010,0,0),(4,59,1011,0,0),(4,59,1012,0,0),(4,59,1013,0,0),(4,59,1014,0,0),(4,59,1015,0,0),(4,58,1016,0,0),(4,59,1017,0,0),(4,57,1019,0,0),(4,57,1023,0,0),(4,57,1027,0,0),(4,57,1029,0,0),(4,57,1031,0,0),(4,57,1037,0,0),(4,57,1039,0,0),(4,58,1043,0,0),(4,58,1045,0,0),(4,58,1049,0,0),(4,58,1051,0,0),(4,58,1053,0,0),(4,58,1057,0,0),(4,58,1059,0,0),(4,58,1061,0,0),(4,58,1063,0,0),(4,58,1069,0,0),(4,58,1075,0,0),(4,58,1077,0,0),(4,58,1079,0,0),(4,58,1081,0,0),(4,58,1083,0,0),(4,58,1085,0,0),(4,58,1087,0,0),(4,58,1089,0,0),(4,58,1091,0,0),(4,58,1093,0,0),(4,58,1095,0,0),(4,59,1099,0,0),(4,59,1101,0,0),(4,59,1105,0,0),(4,59,1107,0,0),(4,59,1109,0,0),(4,59,1111,0,0),(4,59,1113,0,0),(4,59,1115,0,0),(4,59,1117,0,0),(4,59,1119,0,0),(4,59,1125,0,0),(4,59,1127,0,0),(4,59,1129,0,0),(4,59,1131,0,0),(4,59,1133,0,0),(4,59,1135,0,0),(4,59,1137,0,0),(4,59,1139,0,0),(4,59,1141,0,0),(4,59,1143,0,0),(4,59,1145,0,0),(4,59,1147,0,0),(4,59,1149,0,0),(4,59,1151,0,0),(4,58,1153,0,0),(4,57,1154,0,0),(4,58,1155,0,0),(4,59,1156,0,0),(4,57,1158,0,0),(4,57,1160,0,0),(4,59,1162,0,0),(4,59,1164,0,0),(4,62,1165,0,0),(4,62,1166,0,0),(4,62,1167,0,0),(4,62,1168,0,0),(4,62,1169,0,0),(4,62,1170,0,0),(4,62,1171,0,0),(4,62,1172,0,0),(4,62,1173,0,0),(4,62,1174,0,0),(4,62,1175,0,0),(4,62,1176,0,0),(4,62,1177,0,0),(4,62,1178,0,0),(4,62,1179,0,0),(4,62,1180,0,0),(4,62,1181,0,0),(4,62,1182,0,0),(4,62,1183,0,0),(4,62,1184,0,0),(4,62,1185,0,0),(4,62,1186,0,0),(4,58,1188,0,0),(4,59,1190,0,0),(4,62,1192,0,0),(4,62,1193,0,0),(4,62,1195,0,0),(4,62,1197,0,0),(4,62,1201,0,0),(4,62,1203,0,0),(4,62,1205,0,0),(4,62,1207,0,0),(4,62,1209,0,0),(4,62,1211,0,0),(4,62,1213,0,0),(4,62,1215,0,0),(4,62,1221,0,0),(4,62,1222,0,0),(4,62,1224,0,0),(4,62,1226,0,0),(4,62,1228,0,0),(4,62,1230,0,0),(4,62,1232,0,0),(4,62,1234,0,0),(4,62,1236,0,0),(4,62,1238,0,0),(4,62,1240,0,0),(4,62,1242,0,0),(4,62,1244,0,0),(4,62,1246,0,0),(4,62,1248,0,0),(4,62,1250,0,0),(4,62,1252,0,0),(4,57,1254,0,0),(4,57,1256,0,0),(4,59,1262,0,0),(4,57,1264,0,0),(4,57,1266,0,0),(4,57,1268,0,0),(4,58,1270,0,0),(4,58,1272,0,0),(4,59,1274,0,0),(4,59,1276,0,0),(4,62,1278,0,0),(4,62,1280,0,0),(4,6,1282,0,0),(4,6,1288,0,0),(4,63,1293,0,0),(4,63,1294,0,0),(4,63,1295,0,0),(4,63,1296,0,0),(4,63,1297,0,0),(4,63,1298,0,0),(4,63,1299,0,0),(4,63,1300,0,0),(4,63,1301,0,0),(4,63,1302,0,0),(4,63,1303,0,0),(4,64,1304,0,0),(4,64,1305,0,0),(4,64,1306,0,0),(4,64,1307,0,0),(4,64,1308,0,0),(4,64,1309,0,0),(4,64,1310,0,0),(4,64,1311,0,0),(4,64,1312,0,0),(4,64,1313,0,0),(4,64,1314,0,0),(4,59,1316,0,0),(4,62,1318,0,0),(4,64,1320,0,0),(4,64,1321,0,0),(4,64,1322,0,0),(4,64,1324,0,0),(4,64,1326,0,0),(4,64,1328,0,0),(4,64,1330,0,0),(4,64,1332,0,0),(4,64,1334,0,0),(4,64,1336,0,0),(4,64,1338,0,0),(4,64,1342,0,0),(4,64,1346,0,0),(4,64,1348,0,0),(4,64,1350,0,0),(4,64,1352,0,0),(4,64,1354,0,0),(4,64,1356,0,0),(4,64,1358,0,0),(4,64,1360,0,0),(4,64,1362,0,0),(4,64,1364,0,0),(4,64,1366,0,0),(4,64,1368,0,0),(4,64,1370,0,0),(4,64,1372,0,0),(4,64,1374,0,0),(4,64,1376,0,0),(4,64,1378,0,0),(4,64,1380,0,0),(4,64,1382,0,0),(4,64,1384,0,0),(4,63,1386,0,0),(4,63,1387,0,0),(4,63,1389,0,0),(4,63,1391,0,0),(4,64,1393,0,0),(4,63,1395,0,0),(4,63,1397,0,0),(4,64,1399,0,0),(4,64,1401,0,0),(4,63,1403,0,0),(4,63,1405,0,0),(4,63,1407,0,0),(4,63,1409,0,0),(4,63,1411,0,0),(4,63,1413,0,0),(4,62,1415,0,0),(4,62,1417,0,0),(4,64,1419,0,0),(4,64,1421,0,0),(4,57,1423,0,0),(4,57,1425,0,0),(4,58,1427,0,0),(4,59,1429,0,0),(4,62,1431,0,0),(4,65,1432,0,0),(4,65,1433,0,0),(4,65,1434,0,0),(4,65,1435,0,0),(4,65,1436,0,0),(4,65,1437,0,0),(4,65,1438,0,0),(4,65,1439,0,0),(4,65,1440,0,0),(4,65,1441,0,0),(4,65,1442,0,0),(4,66,1443,0,0),(4,66,1444,0,0),(4,66,1445,0,0),(4,66,1446,0,0),(4,66,1447,0,0),(4,66,1448,0,0),(4,66,1449,0,0),(4,66,1450,0,0),(4,66,1451,0,0),(4,66,1452,0,0),(4,66,1453,0,0),(4,67,1454,0,0),(4,67,1455,0,0),(4,67,1456,0,0),(4,67,1457,0,0),(4,67,1458,0,0),(4,67,1459,0,0),(4,67,1460,0,0),(4,67,1461,0,0),(4,67,1462,0,0),(4,67,1463,0,0),(4,67,1464,0,0),(4,68,1465,0,0),(4,68,1466,0,0),(4,68,1467,0,0),(4,68,1468,0,0),(4,68,1469,0,0),(4,68,1470,0,0),(4,68,1471,0,0),(4,68,1472,0,0),(4,68,1473,0,0),(4,68,1474,0,0),(4,68,1475,0,0),(4,65,1477,0,0),(4,65,1478,0,0),(4,66,1479,0,0),(4,67,1480,0,0),(4,68,1481,0,0),(4,65,1483,0,0),(4,65,1485,0,0),(4,65,1487,0,0),(4,65,1489,0,0),(4,65,1491,0,0),(4,65,1493,0,0),(4,65,1495,0,0),(4,65,1497,0,0),(4,65,1499,0,0),(4,65,1501,0,0),(4,65,1503,0,0),(4,65,1505,0,0),(4,65,1507,0,0),(4,65,1509,0,0),(4,65,1511,0,0),(4,65,1513,0,0),(4,65,1515,0,0),(4,65,1517,0,0),(4,65,1519,0,0),(4,65,1521,0,0),(4,65,1523,0,0),(4,65,1525,0,0),(4,65,1527,0,0),(4,66,1529,0,0),(4,66,1531,0,0),(4,66,1533,0,0),(4,66,1535,0,0),(4,66,1537,0,0),(4,66,1539,0,0),(4,66,1541,0,0),(4,66,1543,0,0),(4,66,1545,0,0),(4,66,1547,0,0),(4,66,1549,0,0),(4,66,1551,0,0),(4,66,1553,0,0),(4,66,1555,0,0),(4,66,1557,0,0),(4,66,1559,0,0),(4,66,1561,0,0),(4,66,1563,0,0),(4,66,1565,0,0),(4,66,1567,0,0),(4,66,1569,0,0),(4,66,1571,0,0),(4,66,1573,0,0),(4,66,1575,0,0),(4,66,1577,0,0),(4,66,1579,0,0),(4,66,1581,0,0),(4,66,1583,0,0),(4,66,1585,0,0),(4,66,1587,0,0),(4,67,1589,0,0),(4,67,1591,0,0),(4,67,1593,0,0),(4,67,1595,0,0),(4,67,1597,0,0),(4,67,1599,0,0),(4,67,1601,0,0),(4,67,1603,0,0),(4,67,1607,0,0),(4,67,1609,0,0),(4,67,1611,0,0),(4,67,1613,0,0),(4,67,1615,0,0),(4,67,1617,0,0),(4,67,1619,0,0),(4,67,1621,0,0),(4,67,1623,0,0),(4,67,1625,0,0),(4,67,1627,0,0),(4,67,1629,0,0),(4,67,1631,0,0),(4,67,1633,0,0),(4,67,1635,0,0),(4,67,1637,0,0),(4,67,1639,0,0),(4,67,1641,0,0),(4,67,1643,0,0),(4,67,1645,0,0),(4,67,1647,0,0),(4,67,1649,0,0),(4,67,1651,0,0),(4,67,1653,0,0),(4,65,1654,0,0),(4,66,1655,0,0),(4,67,1656,0,0),(4,68,1658,0,0),(4,68,1659,0,0),(4,68,1661,0,0),(4,68,1663,0,0),(4,68,1665,0,0),(4,68,1667,0,0),(4,68,1669,0,0),(4,68,1671,0,0),(4,68,1673,0,0),(4,68,1675,0,0),(4,68,1677,0,0),(4,68,1679,0,0),(4,68,1681,0,0),(4,68,1683,0,0),(4,68,1685,0,0),(4,68,1687,0,0),(4,68,1691,0,0),(4,68,1693,0,0),(4,68,1695,0,0),(4,68,1697,0,0),(4,68,1699,0,0),(4,68,1701,0,0),(4,68,1703,0,0),(4,68,1705,0,0),(4,68,1707,0,0),(4,68,1709,0,0),(4,68,1711,0,0),(4,68,1713,0,0),(4,68,1715,0,0),(4,68,1717,0,0),(4,68,1719,0,0),(4,68,1721,0,0),(4,68,1723,0,0),(4,68,1725,0,0),(4,68,1727,0,0),(4,68,1729,0,0),(4,6,1731,0,0),(4,6,1733,0,0),(4,6,1735,0,0),(4,6,1737,0,0),(4,6,1739,0,0),(4,6,1741,0,0),(4,6,1743,0,0),(4,6,1745,0,0),(4,6,1747,0,0),(4,6,1749,0,0),(4,6,1751,0,0),(4,6,1753,0,0),(4,6,1755,0,0),(4,6,1757,0,0),(4,6,1759,0,0),(4,6,1761,0,0),(4,69,1762,0,0),(4,69,1763,0,0),(4,69,1764,0,0),(4,69,1765,0,0),(4,69,1766,0,0),(4,69,1767,0,0),(4,69,1768,0,0),(4,69,1769,0,0),(4,69,1770,0,0),(4,69,1771,0,0),(4,69,1772,0,0),(4,70,1773,0,0),(4,70,1774,0,0),(4,70,1775,0,0),(4,70,1776,0,0),(4,70,1777,0,0),(4,70,1778,0,0),(4,70,1779,0,0),(4,70,1780,0,0),(4,70,1781,0,0),(4,70,1782,0,0),(4,70,1783,0,0),(4,69,1785,0,0),(4,69,1787,0,0),(4,69,1789,0,0),(4,69,1791,0,0),(4,69,1793,0,0),(4,69,1795,0,0),(4,69,1797,0,0),(4,69,1799,0,0),(4,69,1801,0,0),(4,69,1803,0,0),(4,69,1805,0,0),(4,69,1807,0,0),(4,69,1808,0,0),(4,6,1809,0,0),(4,6,1810,0,0),(4,6,1811,0,0),(4,69,1813,0,0),(4,69,1815,0,0),(4,69,1817,0,0),(4,69,1819,0,0),(4,69,1821,0,0),(4,69,1823,0,0),(4,69,1825,0,0),(4,69,1827,0,0),(4,69,1829,0,0),(4,69,1831,0,0),(4,69,1833,0,0),(4,69,1835,0,0),(4,69,1837,0,0),(4,69,1839,0,0),(4,69,1841,0,0),(4,70,1843,0,0),(4,70,1845,0,0),(4,70,1847,0,0),(4,70,1849,0,0),(4,70,1851,0,0),(4,65,1853,0,0),(4,65,1855,0,0),(4,66,1857,0,0),(4,66,1859,0,0),(4,67,1861,0,0),(4,67,1863,0,0),(4,65,1865,0,0),(4,67,1867,0,0),(4,66,1869,0,0),(4,57,1871,0,0),(4,57,1873,0,0),(4,57,1875,0,0),(4,68,1877,0,0),(4,73,1878,0,0),(4,73,1879,0,0),(4,73,1880,0,0),(4,73,1881,0,0),(4,73,1882,0,0),(4,73,1883,0,0),(4,73,1884,0,0),(4,73,1885,0,0),(4,73,1886,0,0),(4,73,1887,0,0),(4,73,1888,0,0),(4,73,1890,0,0),(4,73,1892,0,0),(4,6,1894,0,0),(4,69,1896,0,0),(5,6,1,0,0),(5,6,2,0,0),(5,6,3,0,0),(5,6,4,0,0),(5,6,5,0,0),(5,6,6,0,0),(5,6,7,0,0),(5,6,8,0,0),(5,6,9,0,0),(5,6,10,0,0),(5,6,11,0,0),(5,6,12,0,0),(5,6,13,0,0),(5,6,14,0,0),(5,6,15,0,0),(5,6,16,0,0),(5,6,17,0,0),(5,6,18,0,0),(5,6,19,0,0),(5,6,20,0,0),(5,6,21,0,1),(5,6,22,0,1),(5,6,23,0,0),(5,6,24,0,0),(5,6,25,0,0),(5,6,26,0,0),(5,6,27,0,0),(5,6,28,0,0),(5,6,29,0,0),(5,6,30,0,0),(5,6,31,0,0),(5,6,32,0,0),(5,6,33,0,0),(5,6,34,0,0),(5,6,35,0,0),(5,6,36,0,0),(5,13,155,0,0),(5,13,156,0,0),(5,13,157,0,0),(5,13,158,0,0),(5,13,159,0,0),(5,13,160,0,0),(5,13,161,0,0),(5,13,162,0,0),(5,13,164,0,0),(5,13,165,0,0),(5,13,166,0,1),(5,13,167,0,1),(5,13,168,0,0),(5,13,169,0,0),(5,13,170,0,0),(5,13,171,0,0),(5,13,172,0,0),(5,8,205,0,0),(5,8,206,0,1),(5,8,207,0,1),(5,8,208,0,0),(5,8,209,0,0),(5,8,210,0,0),(5,8,211,0,1),(5,8,212,0,1),(5,8,213,0,0),(5,8,214,0,0),(5,8,215,0,0),(5,8,216,0,1),(5,8,217,0,0),(5,8,218,0,0),(5,8,219,0,0),(5,29,475,0,0),(5,29,479,0,0),(5,29,480,0,0),(5,29,481,0,0),(5,29,482,0,0),(5,29,489,0,0),(5,29,490,0,0),(5,29,491,0,0),(5,29,492,0,0),(5,29,493,0,0),(5,29,494,0,0),(5,29,495,0,0),(5,29,496,0,0),(5,29,497,0,0),(5,29,498,0,0),(5,29,499,0,0),(5,29,504,0,0),(5,29,505,0,0),(5,29,506,0,0),(5,29,507,0,0),(5,29,510,0,0),(5,29,565,0,0),(5,43,615,0,0),(5,43,616,0,0),(5,43,617,0,1),(5,43,618,0,1),(5,43,619,0,0),(5,43,620,0,1),(5,43,621,0,0),(5,43,622,0,1),(5,43,714,0,0),(5,6,723,0,1),(5,43,733,0,0),(5,43,734,0,0),(5,13,741,0,0),(5,43,786,0,0),(5,43,787,0,0),(5,43,788,0,0),(5,6,791,0,1),(5,8,793,0,1),(5,13,796,0,1),(5,6,810,0,0),(5,8,812,0,0),(5,13,815,0,0),(5,6,828,0,0),(5,8,830,0,0),(5,13,833,0,0),(5,53,863,0,0),(5,53,864,0,0),(5,53,865,0,1),(5,53,866,0,1),(5,53,867,0,0),(5,53,868,0,1),(5,53,869,0,1),(5,53,870,0,0),(5,53,871,0,0),(5,53,872,0,1),(5,53,873,0,0),(5,54,874,0,0),(5,54,875,0,0),(5,54,876,0,1),(5,54,877,0,1),(5,54,878,0,0),(5,54,879,0,1),(5,54,880,0,1),(5,54,881,0,0),(5,54,882,0,0),(5,54,883,0,1),(5,54,884,0,0),(5,53,887,0,0),(5,53,937,0,0),(5,53,939,0,0),(5,53,941,0,0),(5,53,943,0,0),(5,53,945,0,0),(5,8,947,0,0),(5,8,949,0,0),(5,8,953,0,0),(5,8,955,0,0),(5,8,957,0,0),(5,54,959,0,0),(5,54,961,0,0),(5,54,963,0,0),(5,54,965,0,0),(5,54,967,0,0),(5,54,969,0,0),(5,53,971,0,0),(5,57,972,0,0),(5,57,973,0,0),(5,57,974,0,1),(5,57,975,0,1),(5,57,976,0,0),(5,57,977,0,1),(5,57,978,0,1),(5,57,979,0,0),(5,57,980,0,0),(5,57,981,0,1),(5,57,982,0,0),(5,58,983,0,0),(5,58,984,0,0),(5,58,985,0,1),(5,58,986,0,1),(5,58,987,0,0),(5,58,988,0,1),(5,58,989,0,1),(5,58,990,0,0),(5,58,991,0,0),(5,58,992,0,1),(5,58,993,0,0),(5,59,994,0,0),(5,59,995,0,0),(5,59,996,0,0),(5,59,997,0,0),(5,59,998,0,0),(5,59,999,0,0),(5,59,1000,0,0),(5,59,1001,0,0),(5,59,1002,0,0),(5,59,1003,0,0),(5,59,1004,0,0),(5,59,1005,0,0),(5,59,1006,0,0),(5,59,1007,0,1),(5,59,1008,0,1),(5,59,1009,0,0),(5,59,1010,0,1),(5,59,1011,0,1),(5,59,1012,0,0),(5,59,1013,0,0),(5,59,1014,0,1),(5,59,1015,0,0),(5,58,1016,0,0),(5,59,1017,0,0),(5,57,1019,0,0),(5,57,1023,0,0),(5,57,1027,0,0),(5,57,1029,0,0),(5,57,1031,0,0),(5,57,1037,0,0),(5,57,1039,0,0),(5,58,1043,0,0),(5,58,1045,0,0),(5,58,1049,0,0),(5,58,1051,0,0),(5,58,1053,0,0),(5,58,1057,0,0),(5,58,1059,0,0),(5,58,1061,0,0),(5,58,1063,0,0),(5,58,1069,0,0),(5,58,1075,0,0),(5,58,1077,0,0),(5,58,1079,0,0),(5,58,1081,0,0),(5,58,1083,0,0),(5,58,1085,0,0),(5,58,1087,0,0),(5,58,1089,0,0),(5,58,1091,0,0),(5,58,1093,0,0),(5,58,1095,0,0),(5,59,1099,0,0),(5,59,1101,0,0),(5,59,1105,0,0),(5,59,1107,0,0),(5,59,1109,0,0),(5,59,1111,0,0),(5,59,1113,0,0),(5,59,1115,0,0),(5,59,1117,0,0),(5,59,1119,0,0),(5,59,1125,0,0),(5,59,1127,0,0),(5,59,1129,0,0),(5,59,1131,0,0),(5,59,1133,0,0),(5,59,1135,0,0),(5,59,1137,0,0),(5,59,1139,0,0),(5,59,1141,0,0),(5,59,1143,0,0),(5,59,1145,0,0),(5,59,1147,0,0),(5,59,1149,0,0),(5,59,1151,0,0),(5,58,1153,0,0),(5,57,1154,0,0),(5,58,1155,0,0),(5,59,1156,0,0),(5,57,1158,0,0),(5,57,1160,0,0),(5,59,1162,0,0),(5,59,1164,0,0),(5,62,1165,0,0),(5,62,1166,0,0),(5,62,1167,0,0),(5,62,1168,0,0),(5,62,1169,0,0),(5,62,1170,0,0),(5,62,1171,0,0),(5,62,1172,0,0),(5,62,1173,0,0),(5,62,1174,0,0),(5,62,1175,0,0),(5,62,1176,0,0),(5,62,1177,0,0),(5,62,1178,0,1),(5,62,1179,0,1),(5,62,1180,0,0),(5,62,1181,0,1),(5,62,1182,0,1),(5,62,1183,0,0),(5,62,1184,0,0),(5,62,1185,0,1),(5,62,1186,0,0),(5,58,1188,0,0),(5,59,1190,0,0),(5,62,1192,0,0),(5,62,1193,0,0),(5,62,1195,0,0),(5,62,1197,0,0),(5,62,1201,0,0),(5,62,1203,0,0),(5,62,1205,0,0),(5,62,1207,0,0),(5,62,1209,0,0),(5,62,1211,0,0),(5,62,1213,0,0),(5,62,1215,0,0),(5,62,1221,0,0),(5,62,1222,0,0),(5,62,1224,0,0),(5,62,1226,0,0),(5,62,1228,0,0),(5,62,1230,0,0),(5,62,1232,0,0),(5,62,1234,0,0),(5,62,1236,0,0),(5,62,1238,0,0),(5,62,1240,0,0),(5,62,1242,0,0),(5,62,1244,0,0),(5,62,1246,0,0),(5,62,1248,0,0),(5,62,1250,0,0),(5,62,1252,0,0),(5,57,1254,0,0),(5,57,1256,0,0),(5,59,1262,0,0),(5,57,1264,0,0),(5,57,1266,0,0),(5,57,1268,0,0),(5,58,1270,0,0),(5,58,1272,0,0),(5,59,1274,0,0),(5,59,1276,0,0),(5,62,1278,0,0),(5,62,1280,0,0),(5,6,1282,0,0),(5,6,1288,0,0),(5,63,1293,0,0),(5,63,1294,0,0),(5,63,1295,0,1),(5,63,1296,0,1),(5,63,1297,0,0),(5,63,1298,0,1),(5,63,1299,0,1),(5,63,1300,0,0),(5,63,1301,0,0),(5,63,1302,0,1),(5,63,1303,0,0),(5,64,1304,0,0),(5,64,1305,0,0),(5,64,1306,0,1),(5,64,1307,0,1),(5,64,1308,0,0),(5,64,1309,0,1),(5,64,1310,0,1),(5,64,1311,0,0),(5,64,1312,0,0),(5,64,1313,0,1),(5,64,1314,0,0),(5,59,1316,0,0),(5,62,1318,0,0),(5,64,1320,0,0),(5,64,1321,0,0),(5,64,1322,0,0),(5,64,1324,0,0),(5,64,1326,0,0),(5,64,1328,0,0),(5,64,1330,0,0),(5,64,1332,0,0),(5,64,1334,0,0),(5,64,1336,0,0),(5,64,1338,0,0),(5,64,1342,0,0),(5,64,1346,0,0),(5,64,1348,0,0),(5,64,1350,0,0),(5,64,1352,0,0),(5,64,1354,0,0),(5,64,1356,0,0),(5,64,1358,0,0),(5,64,1360,0,0),(5,64,1362,0,0),(5,64,1364,0,0),(5,64,1366,0,0),(5,64,1368,0,0),(5,64,1370,0,0),(5,64,1372,0,0),(5,64,1374,0,0),(5,64,1376,0,0),(5,64,1378,0,0),(5,64,1380,0,0),(5,64,1382,0,0),(5,64,1384,0,0),(5,63,1386,0,0),(5,63,1387,0,0),(5,63,1389,0,0),(5,63,1391,0,0),(5,64,1393,0,0),(5,63,1395,0,0),(5,63,1397,0,0),(5,64,1399,0,0),(5,64,1401,0,0),(5,63,1403,0,0),(5,63,1405,0,0),(5,63,1407,0,0),(5,63,1409,0,0),(5,63,1411,0,0),(5,63,1413,0,0),(5,62,1415,0,0),(5,62,1417,0,0),(5,64,1419,0,0),(5,64,1421,0,0),(5,57,1423,0,0),(5,57,1425,0,0),(5,58,1427,0,0),(5,59,1429,0,0),(5,62,1431,0,0),(5,65,1432,0,0),(5,65,1433,0,0),(5,65,1434,0,1),(5,65,1435,0,1),(5,65,1436,0,0),(5,65,1437,0,1),(5,65,1438,0,1),(5,65,1439,0,0),(5,65,1440,0,0),(5,65,1441,0,1),(5,65,1442,0,0),(5,66,1443,0,0),(5,66,1444,0,0),(5,66,1445,0,1),(5,66,1446,0,1),(5,66,1447,0,0),(5,66,1448,0,1),(5,66,1449,0,1),(5,66,1450,0,0),(5,66,1451,0,0),(5,66,1452,0,1),(5,66,1453,0,0),(5,67,1454,0,0),(5,67,1455,0,0),(5,67,1456,0,1),(5,67,1457,0,1),(5,67,1458,0,0),(5,67,1459,0,1),(5,67,1460,0,1),(5,67,1461,0,0),(5,67,1462,0,0),(5,67,1463,0,1),(5,67,1464,0,0),(5,68,1465,0,0),(5,68,1466,0,0),(5,68,1467,0,1),(5,68,1468,0,1),(5,68,1469,0,0),(5,68,1470,0,1),(5,68,1471,0,1),(5,68,1472,0,0),(5,68,1473,0,0),(5,68,1474,0,1),(5,68,1475,0,0),(5,65,1477,0,0),(5,65,1478,0,0),(5,66,1479,0,0),(5,67,1480,0,0),(5,68,1481,0,0),(5,65,1483,0,0),(5,65,1485,0,0),(5,65,1487,0,0),(5,65,1489,0,0),(5,65,1491,0,0),(5,65,1493,0,0),(5,65,1495,0,0),(5,65,1497,0,0),(5,65,1499,0,0),(5,65,1501,0,0),(5,65,1503,0,0),(5,65,1505,0,0),(5,65,1507,0,0),(5,65,1509,0,0),(5,65,1511,0,0),(5,65,1513,0,0),(5,65,1515,0,0),(5,65,1517,0,0),(5,65,1519,0,0),(5,65,1521,0,0),(5,65,1523,0,0),(5,65,1525,0,0),(5,65,1527,0,0),(5,66,1529,0,0),(5,66,1531,0,0),(5,66,1533,0,0),(5,66,1535,0,0),(5,66,1537,0,0),(5,66,1539,0,0),(5,66,1541,0,0),(5,66,1543,0,0),(5,66,1545,0,0),(5,66,1547,0,0),(5,66,1549,0,0),(5,66,1551,0,0),(5,66,1553,0,0),(5,66,1555,0,0),(5,66,1557,0,0),(5,66,1559,0,0),(5,66,1561,0,0),(5,66,1563,0,0),(5,66,1565,0,0),(5,66,1567,0,0),(5,66,1569,0,0),(5,66,1571,0,0),(5,66,1573,0,0),(5,66,1575,0,0),(5,66,1577,0,0),(5,66,1579,0,0),(5,66,1581,0,0),(5,66,1583,0,0),(5,66,1585,0,0),(5,66,1587,0,0),(5,67,1589,0,0),(5,67,1591,0,0),(5,67,1593,0,0),(5,67,1595,0,0),(5,67,1597,0,0),(5,67,1599,0,0),(5,67,1601,0,0),(5,67,1603,0,0),(5,67,1607,0,0),(5,67,1609,0,0),(5,67,1611,0,0),(5,67,1613,0,0),(5,67,1615,0,0),(5,67,1617,0,0),(5,67,1619,0,0),(5,67,1621,0,0),(5,67,1623,0,0),(5,67,1625,0,0),(5,67,1627,0,0),(5,67,1629,0,0),(5,67,1631,0,0),(5,67,1633,0,0),(5,67,1635,0,0),(5,67,1637,0,0),(5,67,1639,0,0),(5,67,1641,0,0),(5,67,1643,0,0),(5,67,1645,0,0),(5,67,1647,0,0),(5,67,1649,0,0),(5,67,1651,0,0),(5,67,1653,0,0),(5,65,1654,0,0),(5,66,1655,0,0),(5,67,1656,0,0),(5,68,1658,0,0),(5,68,1659,0,0),(5,68,1661,0,0),(5,68,1663,0,0),(5,68,1665,0,0),(5,68,1667,0,0),(5,68,1669,0,0),(5,68,1671,0,0),(5,68,1673,0,0),(5,68,1675,0,0),(5,68,1677,0,0),(5,68,1679,0,0),(5,68,1681,0,0),(5,68,1683,0,0),(5,68,1685,0,0),(5,68,1687,0,0),(5,68,1691,0,0),(5,68,1693,0,0),(5,68,1695,0,0),(5,68,1697,0,0),(5,68,1699,0,0),(5,68,1701,0,0),(5,68,1703,0,0),(5,68,1705,0,0),(5,68,1707,0,0),(5,68,1709,0,0),(5,68,1711,0,0),(5,68,1713,0,0),(5,68,1715,0,0),(5,68,1717,0,0),(5,68,1719,0,0),(5,68,1721,0,0),(5,68,1723,0,0),(5,68,1725,0,0),(5,68,1727,0,0),(5,68,1729,0,0),(5,6,1731,0,0),(5,6,1733,0,0),(5,6,1735,0,0),(5,6,1737,0,0),(5,6,1739,0,0),(5,6,1741,0,0),(5,6,1743,0,0),(5,6,1745,0,0),(5,6,1747,0,0),(5,6,1749,0,0),(5,6,1751,0,0),(5,6,1753,0,0),(5,6,1755,0,0),(5,6,1757,0,0),(5,6,1759,0,0),(5,6,1761,0,0),(5,69,1762,0,0),(5,69,1763,0,0),(5,69,1764,0,1),(5,69,1765,0,1),(5,69,1766,0,0),(5,69,1767,0,1),(5,69,1768,0,1),(5,69,1769,0,0),(5,69,1770,0,0),(5,69,1771,0,1),(5,69,1772,0,0),(5,70,1773,0,0),(5,70,1774,0,0),(5,70,1775,0,1),(5,70,1776,0,1),(5,70,1777,0,0),(5,70,1778,0,1),(5,70,1779,0,1),(5,70,1780,0,0),(5,70,1781,0,0),(5,70,1782,0,1),(5,70,1783,0,0),(5,69,1785,0,0),(5,69,1787,0,0),(5,69,1789,0,0),(5,69,1791,0,0),(5,69,1793,0,0),(5,69,1795,0,0),(5,69,1797,0,0),(5,69,1799,0,0),(5,69,1801,0,0),(5,69,1803,0,0),(5,69,1805,0,0),(5,69,1807,0,0),(5,69,1808,0,0),(5,6,1809,0,0),(5,6,1810,0,0),(5,6,1811,0,0),(5,69,1813,0,0),(5,69,1815,0,0),(5,69,1817,0,0),(5,69,1819,0,0),(5,69,1821,0,0),(5,69,1823,0,0),(5,69,1825,0,0),(5,69,1827,0,0),(5,69,1829,0,0),(5,69,1831,0,0),(5,69,1833,0,0),(5,69,1835,0,0),(5,69,1837,0,0),(5,69,1839,0,0),(5,69,1841,0,0),(5,70,1843,0,0),(5,70,1845,0,0),(5,70,1847,0,0),(5,70,1849,0,0),(5,70,1851,0,0),(5,65,1853,0,0),(5,65,1855,0,0),(5,66,1857,0,0),(5,66,1859,0,0),(5,67,1861,0,0),(5,67,1863,0,0),(5,65,1865,0,0),(5,67,1867,0,0),(5,66,1869,0,0),(5,57,1871,0,0),(5,57,1873,0,0),(5,57,1875,0,0),(5,68,1877,0,0),(5,73,1878,0,0),(5,73,1879,0,0),(5,73,1880,0,0),(5,73,1881,0,0),(5,73,1882,0,0),(5,73,1883,0,0),(5,73,1884,0,0),(5,73,1885,0,0),(5,73,1886,0,0),(5,73,1887,0,0),(5,73,1888,0,0),(5,73,1890,0,0),(5,73,1892,0,0),(5,6,1894,0,0),(5,69,1896,0,0);

--
-- Table structure for table `vtiger_profile2globalpermissions`
--

CREATE TABLE `vtiger_profile2globalpermissions` (
  `profileid` int(19) NOT NULL,
  `globalactionid` int(19) NOT NULL,
  `globalactionpermission` int(19) DEFAULT NULL,
  PRIMARY KEY (`profileid`,`globalactionid`),
  KEY `idx_profile2globalpermissions` (`profileid`,`globalactionid`),
  CONSTRAINT `fk_1_vtiger_profile2globalpermissions` FOREIGN KEY (`profileid`) REFERENCES `vtiger_profile` (`profileid`) ON DELETE CASCADE
) ENGINE=InnoDB DEFAULT CHARSET=utf8;

--
-- Dumping data for table `vtiger_profile2globalpermissions`
--

INSERT INTO `vtiger_profile2globalpermissions` VALUES (1,1,0),(1,2,0),(2,1,1),(2,2,1),(3,1,1),(3,2,1),(4,1,1),(4,2,1),(5,1,1),(5,2,1);

--
-- Table structure for table `vtiger_profile2standardpermissions`
--

CREATE TABLE `vtiger_profile2standardpermissions` (
  `profileid` int(11) NOT NULL,
  `tabid` int(10) NOT NULL,
  `operation` int(10) NOT NULL,
  `permissions` int(1) DEFAULT NULL,
  PRIMARY KEY (`profileid`,`tabid`,`operation`),
  KEY `profile2standardpermissions_profileid_tabid_operation_idx` (`profileid`,`tabid`,`operation`)
) ENGINE=InnoDB DEFAULT CHARSET=utf8;

--
-- Dumping data for table `vtiger_profile2standardpermissions`
--

INSERT INTO `vtiger_profile2standardpermissions` VALUES (1,2,0,0),(1,2,1,0),(1,2,2,0),(1,2,3,0),(1,2,4,0),(1,2,7,0),(1,4,0,0),(1,4,1,0),(1,4,2,0),(1,4,3,0),(1,4,4,0),(1,4,7,0),(1,6,0,0),(1,6,1,0),(1,6,2,0),(1,6,3,0),(1,6,4,0),(1,6,7,0),(1,7,0,0),(1,7,1,0),(1,7,2,0),(1,7,3,0),(1,7,4,0),(1,7,7,0),(1,8,0,0),(1,8,1,0),(1,8,2,0),(1,8,3,0),(1,8,4,0),(1,8,7,0),(1,9,0,0),(1,9,1,0),(1,9,2,0),(1,9,3,0),(1,9,4,0),(1,9,7,0),(1,10,0,0),(1,10,1,0),(1,10,2,0),(1,10,4,0),(1,13,0,0),(1,13,1,0),(1,13,2,0),(1,13,3,0),(1,13,4,0),(1,13,7,0),(1,14,0,0),(1,14,1,0),(1,14,2,0),(1,14,3,0),(1,14,4,0),(1,14,7,0),(1,15,0,0),(1,15,1,0),(1,15,2,0),(1,15,3,0),(1,15,4,0),(1,15,7,0),(1,16,0,0),(1,16,1,0),(1,16,2,0),(1,16,3,0),(1,16,4,0),(1,16,7,0),(1,18,0,0),(1,18,1,0),(1,18,2,0),(1,18,3,0),(1,18,4,0),(1,18,7,0),(1,19,0,0),(1,19,1,0),(1,19,2,0),(1,19,3,0),(1,19,4,0),(1,19,7,0),(1,20,0,0),(1,20,1,0),(1,20,2,0),(1,20,3,0),(1,20,4,0),(1,20,7,0),(1,21,0,0),(1,21,1,0),(1,21,2,0),(1,21,3,0),(1,21,4,0),(1,21,7,0),(1,22,0,0),(1,22,1,0),(1,22,2,0),(1,22,3,0),(1,22,4,0),(1,22,7,0),(1,23,0,0),(1,23,1,0),(1,23,2,0),(1,23,3,0),(1,23,4,0),(1,23,7,0),(1,25,0,1),(1,25,1,1),(1,25,2,1),(1,25,3,0),(1,25,4,0),(1,25,7,1),(1,26,0,0),(1,26,1,0),(1,26,2,0),(1,26,3,0),(1,26,4,0),(1,26,7,0),(1,30,0,0),(1,30,1,0),(1,30,2,0),(1,30,3,0),(1,30,4,0),(1,30,7,0),(1,33,0,0),(1,33,1,0),(1,33,2,0),(1,33,3,0),(1,33,4,0),(1,33,7,0),(1,34,0,0),(1,34,1,0),(1,34,2,0),(1,34,3,0),(1,34,4,0),(1,34,7,0),(1,39,0,0),(1,39,1,0),(1,39,2,0),(1,39,3,0),(1,39,4,0),(1,39,7,0),(1,42,0,0),(1,42,1,0),(1,42,2,0),(1,42,3,0),(1,42,4,0),(1,42,7,0),(1,43,0,0),(1,43,1,0),(1,43,2,0),(1,43,3,0),(1,43,4,0),(1,43,7,0),(1,44,0,0),(1,44,1,0),(1,44,2,0),(1,44,3,0),(1,44,4,0),(1,44,7,0),(1,45,0,0),(1,45,1,0),(1,45,2,0),(1,45,3,0),(1,45,4,0),(1,45,7,0),(1,46,0,0),(1,46,1,0),(1,46,2,0),(1,46,3,0),(1,46,4,0),(1,46,7,0),(1,53,0,0),(1,53,1,0),(1,53,2,0),(1,53,3,0),(1,53,4,0),(1,53,7,0),(1,54,0,0),(1,54,1,0),(1,54,2,0),(1,54,3,0),(1,54,4,0),(1,54,7,0),(1,57,0,0),(1,57,1,0),(1,57,2,0),(1,57,3,0),(1,57,4,0),(1,57,7,0),(1,63,0,0),(1,63,1,0),(1,63,2,0),(1,63,3,0),(1,63,4,0),(1,63,7,0),(1,65,0,0),(1,65,1,0),(1,65,2,0),(1,65,3,0),(1,65,4,0),(1,65,7,0),(1,66,0,0),(1,66,1,0),(1,66,2,0),(1,66,3,0),(1,66,4,0),(1,66,7,0),(1,67,0,0),(1,67,1,0),(1,67,2,0),(1,67,3,0),(1,67,4,0),(1,67,7,0),(1,68,0,0),(1,68,1,0),(1,68,2,0),(1,68,3,0),(1,68,4,0),(1,68,7,0),(1,69,0,0),(1,69,1,0),(1,69,2,0),(1,69,3,0),(1,69,4,0),(1,69,7,0),(1,70,0,0),(1,70,1,0),(1,70,2,0),(1,70,3,0),(1,70,4,0),(1,70,7,0),(1,73,0,0),(1,73,1,0),(1,73,2,0),(1,73,3,0),(1,73,4,0),(1,73,7,0),(2,2,0,0),(2,2,1,0),(2,2,2,0),(2,2,3,0),(2,2,4,0),(2,2,7,0),(2,4,0,0),(2,4,1,0),(2,4,2,0),(2,4,3,0),(2,4,4,0),(2,4,7,0),(2,6,0,0),(2,6,1,0),(2,6,2,0),(2,6,3,0),(2,6,4,0),(2,6,7,0),(2,7,0,0),(2,7,1,0),(2,7,2,0),(2,7,3,0),(2,7,4,0),(2,7,7,0),(2,8,0,0),(2,8,1,0),(2,8,2,0),(2,8,3,0),(2,8,4,0),(2,8,7,0),(2,9,0,0),(2,9,1,0),(2,9,2,0),(2,9,3,0),(2,9,4,0),(2,9,7,0),(2,10,0,0),(2,10,1,0),(2,10,2,0),(2,10,4,0),(2,13,0,1),(2,13,1,1),(2,13,2,1),(2,13,3,0),(2,13,4,0),(2,13,7,1),(2,14,0,0),(2,14,1,0),(2,14,2,0),(2,14,3,0),(2,14,4,0),(2,14,7,0),(2,15,0,0),(2,15,1,0),(2,15,2,0),(2,15,3,0),(2,15,4,0),(2,15,7,0),(2,16,0,0),(2,16,1,0),(2,16,2,0),(2,16,3,0),(2,16,4,0),(2,16,7,0),(2,18,0,0),(2,18,1,0),(2,18,2,0),(2,18,3,0),(2,18,4,0),(2,18,7,0),(2,19,0,0),(2,19,1,0),(2,19,2,0),(2,19,3,0),(2,19,4,0),(2,19,7,0),(2,20,0,0),(2,20,1,0),(2,20,2,0),(2,20,3,0),(2,20,4,0),(2,20,7,0),(2,21,0,0),(2,21,1,0),(2,21,2,0),(2,21,3,0),(2,21,4,0),(2,21,7,0),(2,22,0,0),(2,22,1,0),(2,22,2,0),(2,22,3,0),(2,22,4,0),(2,22,7,0),(2,23,0,0),(2,23,1,0),(2,23,2,0),(2,23,3,0),(2,23,4,0),(2,23,7,0),(2,25,0,1),(2,25,1,1),(2,25,2,1),(2,25,3,0),(2,25,4,0),(2,25,7,1),(2,26,0,0),(2,26,1,0),(2,26,2,0),(2,26,3,0),(2,26,4,0),(2,26,7,0),(2,30,0,0),(2,30,1,0),(2,30,2,0),(2,30,3,0),(2,30,4,0),(2,30,7,0),(2,33,0,0),(2,33,1,0),(2,33,2,0),(2,33,3,0),(2,33,4,0),(2,33,7,0),(2,34,0,0),(2,34,1,0),(2,34,2,0),(2,34,3,0),(2,34,4,0),(2,34,7,0),(2,39,0,0),(2,39,1,0),(2,39,2,0),(2,39,3,0),(2,39,4,0),(2,39,7,0),(2,42,0,0),(2,42,1,0),(2,42,2,0),(2,42,3,0),(2,42,4,0),(2,42,7,0),(2,43,0,0),(2,43,1,0),(2,43,2,0),(2,43,3,0),(2,43,4,0),(2,43,7,0),(2,44,0,0),(2,44,1,0),(2,44,2,0),(2,44,3,0),(2,44,4,0),(2,44,7,0),(2,45,0,0),(2,45,1,0),(2,45,2,0),(2,45,3,0),(2,45,4,0),(2,45,7,0),(2,46,0,0),(2,46,1,0),(2,46,2,0),(2,46,3,0),(2,46,4,0),(2,46,7,0),(2,53,0,0),(2,53,1,0),(2,53,2,0),(2,53,3,0),(2,53,4,0),(2,53,7,0),(2,54,0,0),(2,54,1,0),(2,54,2,0),(2,54,3,0),(2,54,4,0),(2,54,7,0),(2,57,0,0),(2,57,1,0),(2,57,2,0),(2,57,3,0),(2,57,4,0),(2,57,7,0),(2,63,0,0),(2,63,1,0),(2,63,2,0),(2,63,3,0),(2,63,4,0),(2,63,7,0),(2,65,0,0),(2,65,1,0),(2,65,2,0),(2,65,3,0),(2,65,4,0),(2,65,7,0),(2,66,0,0),(2,66,1,0),(2,66,2,0),(2,66,3,0),(2,66,4,0),(2,66,7,0),(2,67,0,0),(2,67,1,0),(2,67,2,0),(2,67,3,0),(2,67,4,0),(2,67,7,0),(2,68,0,0),(2,68,1,0),(2,68,2,0),(2,68,3,0),(2,68,4,0),(2,68,7,0),(2,69,0,0),(2,69,1,0),(2,69,2,0),(2,69,3,0),(2,69,4,0),(2,69,7,0),(2,70,0,0),(2,70,1,0),(2,70,2,0),(2,70,3,0),(2,70,4,0),(2,70,7,0),(2,73,0,0),(2,73,1,0),(2,73,2,0),(2,73,3,0),(2,73,4,0),(2,73,7,0),(3,2,0,1),(3,2,1,1),(3,2,2,1),(3,2,3,0),(3,2,4,0),(3,2,7,1),(3,4,0,0),(3,4,1,0),(3,4,2,0),(3,4,3,0),(3,4,4,0),(3,4,7,0),(3,6,0,0),(3,6,1,0),(3,6,2,0),(3,6,3,0),(3,6,4,0),(3,6,7,0),(3,7,0,0),(3,7,1,0),(3,7,2,0),(3,7,3,0),(3,7,4,0),(3,7,7,0),(3,8,0,0),(3,8,1,0),(3,8,2,0),(3,8,3,0),(3,8,4,0),(3,8,7,0),(3,9,0,0),(3,9,1,0),(3,9,2,0),(3,9,3,0),(3,9,4,0),(3,9,7,0),(3,10,0,0),(3,10,1,0),(3,10,2,0),(3,10,4,0),(3,13,0,0),(3,13,1,0),(3,13,2,0),(3,13,3,0),(3,13,4,0),(3,13,7,0),(3,14,0,0),(3,14,1,0),(3,14,2,0),(3,14,3,0),(3,14,4,0),(3,14,7,0),(3,15,0,0),(3,15,1,0),(3,15,2,0),(3,15,3,0),(3,15,4,0),(3,15,7,0),(3,16,0,0),(3,16,1,0),(3,16,2,0),(3,16,3,0),(3,16,4,0),(3,16,7,0),(3,18,0,0),(3,18,1,0),(3,18,2,0),(3,18,3,0),(3,18,4,0),(3,18,7,0),(3,19,0,0),(3,19,1,0),(3,19,2,0),(3,19,3,0),(3,19,4,0),(3,19,7,0),(3,20,0,0),(3,20,1,0),(3,20,2,0),(3,20,3,0),(3,20,4,0),(3,20,7,0),(3,21,0,0),(3,21,1,0),(3,21,2,0),(3,21,3,0),(3,21,4,0),(3,21,7,0),(3,22,0,0),(3,22,1,0),(3,22,2,0),(3,22,3,0),(3,22,4,0),(3,22,7,0),(3,23,0,0),(3,23,1,0),(3,23,2,0),(3,23,3,0),(3,23,4,0),(3,23,7,0),(3,25,0,1),(3,25,1,1),(3,25,2,1),(3,25,3,0),(3,25,4,0),(3,25,7,1),(3,26,0,0),(3,26,1,0),(3,26,2,0),(3,26,3,0),(3,26,4,0),(3,26,7,0),(3,30,0,0),(3,30,1,0),(3,30,2,0),(3,30,3,0),(3,30,4,0),(3,30,7,0),(3,33,0,0),(3,33,1,0),(3,33,2,0),(3,33,3,0),(3,33,4,0),(3,33,7,0),(3,34,0,0),(3,34,1,0),(3,34,2,0),(3,34,3,0),(3,34,4,0),(3,34,7,0),(3,39,0,0),(3,39,1,0),(3,39,2,0),(3,39,3,0),(3,39,4,0),(3,39,7,0),(3,42,0,0),(3,42,1,0),(3,42,2,0),(3,42,3,0),(3,42,4,0),(3,42,7,0),(3,43,0,0),(3,43,1,0),(3,43,2,0),(3,43,3,0),(3,43,4,0),(3,43,7,0),(3,44,0,0),(3,44,1,0),(3,44,2,0),(3,44,3,0),(3,44,4,0),(3,44,7,0),(3,45,0,0),(3,45,1,0),(3,45,2,0),(3,45,3,0),(3,45,4,0),(3,45,7,0),(3,46,0,0),(3,46,1,0),(3,46,2,0),(3,46,3,0),(3,46,4,0),(3,46,7,0),(3,53,0,0),(3,53,1,0),(3,53,2,0),(3,53,3,0),(3,53,4,0),(3,53,7,0),(3,54,0,0),(3,54,1,0),(3,54,2,0),(3,54,3,0),(3,54,4,0),(3,54,7,0),(3,57,0,0),(3,57,1,0),(3,57,2,0),(3,57,3,0),(3,57,4,0),(3,57,7,0),(3,63,0,0),(3,63,1,0),(3,63,2,0),(3,63,3,0),(3,63,4,0),(3,63,7,0),(3,65,0,0),(3,65,1,0),(3,65,2,0),(3,65,3,0),(3,65,4,0),(3,65,7,0),(3,66,0,0),(3,66,1,0),(3,66,2,0),(3,66,3,0),(3,66,4,0),(3,66,7,0),(3,67,0,0),(3,67,1,0),(3,67,2,0),(3,67,3,0),(3,67,4,0),(3,67,7,0),(3,68,0,0),(3,68,1,0),(3,68,2,0),(3,68,3,0),(3,68,4,0),(3,68,7,0),(3,69,0,0),(3,69,1,0),(3,69,2,0),(3,69,3,0),(3,69,4,0),(3,69,7,0),(3,70,0,0),(3,70,1,0),(3,70,2,0),(3,70,3,0),(3,70,4,0),(3,70,7,0),(3,73,0,0),(3,73,1,0),(3,73,2,0),(3,73,3,0),(3,73,4,0),(3,73,7,0),(4,2,0,1),(4,2,1,1),(4,2,2,1),(4,2,3,0),(4,2,4,0),(4,2,7,1),(4,4,0,1),(4,4,1,1),(4,4,2,1),(4,4,3,0),(4,4,4,0),(4,4,7,1),(4,6,0,1),(4,6,1,1),(4,6,2,1),(4,6,3,0),(4,6,4,0),(4,6,7,1),(4,7,0,1),(4,7,1,1),(4,7,2,1),(4,7,3,0),(4,7,4,0),(4,7,7,1),(4,8,0,1),(4,8,1,1),(4,8,2,1),(4,8,3,0),(4,8,4,0),(4,8,7,1),(4,9,0,1),(4,9,1,1),(4,9,2,1),(4,9,3,0),(4,9,4,0),(4,9,7,1),(4,10,0,0),(4,10,1,0),(4,10,2,0),(4,10,4,0),(4,13,0,1),(4,13,1,1),(4,13,2,1),(4,13,3,0),(4,13,4,0),(4,13,7,1),(4,14,0,1),(4,14,1,1),(4,14,2,1),(4,14,3,0),(4,14,4,0),(4,14,7,1),(4,15,0,1),(4,15,1,1),(4,15,2,1),(4,15,3,0),(4,15,4,0),(4,15,7,1),(4,16,0,1),(4,16,1,1),(4,16,2,1),(4,16,3,0),(4,16,4,0),(4,16,7,1),(4,18,0,1),(4,18,1,1),(4,18,2,1),(4,18,3,0),(4,18,4,0),(4,18,7,1),(4,19,0,1),(4,19,1,1),(4,19,2,1),(4,19,3,0),(4,19,4,0),(4,19,7,1),(4,20,0,1),(4,20,1,1),(4,20,2,1),(4,20,3,0),(4,20,4,0),(4,20,7,1),(4,21,0,1),(4,21,1,1),(4,21,2,1),(4,21,3,0),(4,21,4,0),(4,21,7,1),(4,22,0,1),(4,22,1,1),(4,22,2,1),(4,22,3,0),(4,22,4,0),(4,22,7,1),(4,23,0,1),(4,23,1,1),(4,23,2,1),(4,23,3,0),(4,23,4,0),(4,23,7,1),(4,25,0,1),(4,25,1,1),(4,25,2,1),(4,25,3,0),(4,25,4,0),(4,25,7,1),(4,26,0,1),(4,26,1,1),(4,26,2,1),(4,26,3,0),(4,26,4,0),(4,26,7,1),(4,30,0,0),(4,30,1,0),(4,30,2,0),(4,30,3,0),(4,30,4,0),(4,30,7,0),(4,33,0,0),(4,33,1,0),(4,33,2,0),(4,33,3,0),(4,33,4,0),(4,33,7,0),(4,34,0,0),(4,34,1,0),(4,34,2,0),(4,34,3,0),(4,34,4,0),(4,34,7,0),(4,39,0,0),(4,39,1,0),(4,39,2,0),(4,39,3,0),(4,39,4,0),(4,39,7,0),(4,42,0,0),(4,42,1,0),(4,42,2,0),(4,42,3,0),(4,42,4,0),(4,42,7,0),(4,43,0,0),(4,43,1,0),(4,43,2,0),(4,43,3,0),(4,43,4,0),(4,43,7,0),(4,44,0,0),(4,44,1,0),(4,44,2,0),(4,44,3,0),(4,44,4,0),(4,44,7,0),(4,45,0,0),(4,45,1,0),(4,45,2,0),(4,45,3,0),(4,45,4,0),(4,45,7,0),(4,46,0,0),(4,46,1,0),(4,46,2,0),(4,46,3,0),(4,46,4,0),(4,46,7,0),(4,53,0,0),(4,53,1,0),(4,53,2,0),(4,53,3,0),(4,53,4,0),(4,53,7,0),(4,54,0,0),(4,54,1,0),(4,54,2,0),(4,54,3,0),(4,54,4,0),(4,54,7,0),(4,57,0,0),(4,57,1,0),(4,57,2,0),(4,57,3,0),(4,57,4,0),(4,57,7,0),(4,63,0,0),(4,63,1,0),(4,63,2,0),(4,63,3,0),(4,63,4,0),(4,63,7,0),(4,65,0,0),(4,65,1,0),(4,65,2,0),(4,65,3,0),(4,65,4,0),(4,65,7,0),(4,66,0,0),(4,66,1,0),(4,66,2,0),(4,66,3,0),(4,66,4,0),(4,66,7,0),(4,67,0,0),(4,67,1,0),(4,67,2,0),(4,67,3,0),(4,67,4,0),(4,67,7,0),(4,68,0,0),(4,68,1,0),(4,68,2,0),(4,68,3,0),(4,68,4,0),(4,68,7,0),(4,69,0,0),(4,69,1,0),(4,69,2,0),(4,69,3,0),(4,69,4,0),(4,69,7,0),(4,70,0,0),(4,70,1,0),(4,70,2,0),(4,70,3,0),(4,70,4,0),(4,70,7,0),(4,73,0,0),(4,73,1,0),(4,73,2,0),(4,73,3,0),(4,73,4,0),(4,73,7,0),(5,6,0,0),(5,6,1,0),(5,6,2,0),(5,6,4,0),(5,6,7,0),(5,8,0,0),(5,8,1,0),(5,8,2,0),(5,8,4,0),(5,8,7,0),(5,53,0,1),(5,53,1,1),(5,53,2,1),(5,53,4,1),(5,53,7,1),(5,54,0,1),(5,54,1,1),(5,54,2,1),(5,54,4,1),(5,54,7,1),(5,57,0,0),(5,57,1,0),(5,57,2,0),(5,57,3,0),(5,57,4,0),(5,57,7,0),(5,63,0,0),(5,63,1,0),(5,63,2,0),(5,63,3,0),(5,63,4,0),(5,63,7,0),(5,65,0,0),(5,65,1,0),(5,65,2,0),(5,65,3,0),(5,65,4,0),(5,65,7,0),(5,66,0,0),(5,66,1,0),(5,66,2,0),(5,66,3,0),(5,66,4,0),(5,66,7,0),(5,67,0,0),(5,67,1,0),(5,67,2,0),(5,67,3,0),(5,67,4,0),(5,67,7,0),(5,68,0,0),(5,68,1,0),(5,68,2,0),(5,68,3,0),(5,68,4,0),(5,68,7,0),(5,69,0,0),(5,69,1,0),(5,69,2,0),(5,69,3,0),(5,69,4,0),(5,69,7,0),(5,70,0,0),(5,70,1,0),(5,70,2,0),(5,70,3,0),(5,70,4,0),(5,70,7,0),(5,71,0,1),(5,71,1,0),(5,71,2,0),(5,71,4,0),(5,71,7,0),(5,73,0,0),(5,73,1,0),(5,73,2,0),(5,73,3,0),(5,73,4,0),(5,73,7,0);

--
-- Table structure for table `vtiger_profile2tab`
--

CREATE TABLE `vtiger_profile2tab` (
  `profileid` int(11) DEFAULT NULL,
  `tabid` int(10) DEFAULT NULL,
  `permissions` int(10) NOT NULL DEFAULT '0',
  KEY `profile2tab_profileid_tabid_idx` (`profileid`,`tabid`)
) ENGINE=InnoDB DEFAULT CHARSET=utf8;

--
-- Dumping data for table `vtiger_profile2tab`
--

INSERT INTO `vtiger_profile2tab` VALUES (1,1,0),(1,2,0),(1,3,0),(1,4,0),(1,6,0),(1,7,0),(1,8,0),(1,9,0),(1,10,0),(1,13,0),(1,14,0),(1,15,0),(1,16,0),(1,18,0),(1,19,0),(1,20,0),(1,21,0),(1,22,0),(1,23,0),(1,24,0),(1,25,0),(1,26,0),(1,27,0),(2,1,0),(2,2,0),(2,3,0),(2,4,0),(2,6,0),(2,7,0),(2,8,0),(2,9,0),(2,10,0),(2,13,0),(2,14,0),(2,15,0),(2,16,0),(2,18,0),(2,19,0),(2,20,0),(2,21,0),(2,22,0),(2,23,0),(2,24,0),(2,25,0),(2,26,0),(2,27,0),(3,1,0),(3,2,0),(3,3,0),(3,4,0),(3,6,0),(3,7,0),(3,8,0),(3,9,0),(3,10,0),(3,13,0),(3,14,0),(3,15,0),(3,16,0),(3,18,0),(3,19,0),(3,20,0),(3,21,0),(3,22,0),(3,23,0),(3,24,0),(3,25,0),(3,26,0),(3,27,0),(4,1,0),(4,2,0),(4,3,0),(4,4,0),(4,6,0),(4,7,0),(4,8,0),(4,9,0),(4,10,0),(4,13,0),(4,14,0),(4,15,0),(4,16,0),(4,18,0),(4,19,0),(4,20,0),(4,21,0),(4,22,0),(4,23,0),(4,24,0),(4,25,0),(4,26,0),(4,27,0),(1,30,0),(2,30,0),(3,30,0),(4,30,0),(1,31,0),(2,31,0),(3,31,0),(4,31,0),(1,32,0),(2,32,0),(3,32,0),(4,32,0),(1,33,0),(2,33,0),(3,33,0),(4,33,0),(1,34,0),(2,34,0),(3,34,0),(4,34,0),(1,35,0),(2,35,0),(3,35,0),(4,35,0),(1,36,0),(2,36,0),(3,36,0),(4,36,0),(1,37,0),(2,37,0),(3,37,0),(4,37,0),(1,38,0),(2,38,0),(3,38,0),(4,38,0),(1,39,0),(2,39,0),(3,39,0),(4,39,0),(1,40,0),(2,40,0),(3,40,0),(4,40,0),(1,41,0),(2,41,0),(3,41,0),(4,41,0),(1,42,0),(2,42,0),(3,42,0),(4,42,0),(1,43,0),(2,43,0),(3,43,0),(4,43,0),(1,44,0),(2,44,0),(3,44,0),(4,44,0),(1,45,0),(2,45,0),(3,45,0),(4,45,0),(1,46,0),(2,46,0),(3,46,0),(4,46,0),(1,47,0),(2,47,0),(3,47,0),(4,47,0),(1,48,0),(2,48,0),(3,48,0),(4,48,0),(1,49,0),(2,49,0),(3,49,0),(4,49,0),(1,50,0),(2,50,0),(3,50,0),(4,50,0),(1,53,0),(2,53,0),(3,53,0),(4,53,0),(1,54,0),(2,54,0),(3,54,0),(4,54,0),(1,55,0),(2,55,0),(3,55,0),(4,55,0),(5,53,1),(5,54,1),(5,55,1),(1,56,0),(2,56,0),(3,56,0),(4,56,0),(1,57,0),(2,57,0),(3,57,0),(4,57,0),(1,60,0),(2,60,0),(3,60,0),(4,60,0),(1,61,0),(2,61,0),(3,61,0),(4,61,0),(1,63,0),(2,63,0),(3,63,0),(4,63,0),(1,65,0),(2,65,0),(3,65,0),(4,65,0),(1,66,0),(2,66,0),(3,66,0),(4,66,0),(1,67,0),(2,67,0),(3,67,0),(4,67,0),(1,68,0),(2,68,0),(3,68,0),(4,68,0),(1,69,0),(2,69,0),(3,69,0),(4,69,0),(1,70,0),(2,70,0),(3,70,0),(4,70,0),(1,71,0),(2,71,0),(3,71,0),(4,71,0),(1,72,0),(2,72,0),(3,72,0),(4,72,0),(5,1,0),(5,6,0),(5,8,0),(5,13,1),(5,40,0),(5,43,1),(5,47,1),(5,50,0),(5,56,0),(5,57,0),(5,60,0),(5,61,0),(5,63,0),(5,65,0),(5,66,0),(5,67,0),(5,68,0),(5,69,0),(5,70,0),(5,71,0),(5,72,0),(5,16,1),(1,73,0),(2,73,0),(3,73,0),(4,73,0),(5,73,0);

--
-- Table structure for table `vtiger_profile2utility`
--

CREATE TABLE `vtiger_profile2utility` (
  `profileid` int(11) NOT NULL,
  `tabid` int(11) NOT NULL,
  `activityid` int(11) NOT NULL,
  `permission` int(1) DEFAULT NULL,
  PRIMARY KEY (`profileid`,`tabid`,`activityid`),
  KEY `profile2utility_profileid_tabid_activityid_idx` (`profileid`,`tabid`,`activityid`)
) ENGINE=InnoDB DEFAULT CHARSET=utf8;

--
-- Dumping data for table `vtiger_profile2utility`
--

INSERT INTO `vtiger_profile2utility` VALUES (1,2,5,0),(1,2,6,0),(1,2,10,0),(1,4,5,0),(1,4,6,0),(1,4,8,0),(1,4,10,0),(1,6,5,0),(1,6,6,0),(1,6,8,0),(1,6,10,0),(1,7,5,0),(1,7,6,0),(1,7,8,0),(1,7,9,0),(1,7,10,0),(1,8,6,0),(1,9,5,0),(1,9,6,0),(1,13,5,0),(1,13,6,0),(1,13,8,0),(1,13,10,0),(1,14,5,0),(1,14,6,0),(1,14,10,0),(1,18,5,0),(1,18,6,0),(1,18,10,0),(1,19,5,1),(1,19,6,1),(1,19,10,1),(1,20,5,0),(1,20,6,0),(1,21,5,0),(1,21,6,0),(1,22,5,0),(1,22,6,0),(1,23,5,0),(1,23,6,0),(1,25,6,0),(1,25,13,0),(1,30,5,0),(1,30,6,0),(1,30,10,0),(1,33,11,1),(1,33,12,1),(1,34,5,0),(1,34,6,0),(1,34,10,0),(1,44,5,1),(1,44,6,1),(1,44,10,1),(1,45,5,0),(1,45,6,0),(1,45,10,0),(1,46,5,0),(1,46,6,0),(1,46,10,0),(1,53,5,0),(1,53,6,0),(1,53,8,0),(1,54,5,0),(1,54,6,0),(1,54,8,0),(1,57,5,0),(1,57,6,0),(1,57,8,0),(1,63,5,0),(1,63,6,0),(1,63,8,0),(1,65,5,0),(1,65,6,0),(1,65,8,0),(1,66,5,0),(1,66,6,0),(1,66,8,0),(1,67,5,0),(1,67,6,0),(1,67,8,0),(1,68,5,0),(1,68,6,0),(1,68,8,0),(1,69,5,0),(1,69,6,0),(1,69,8,0),(1,70,5,0),(1,70,6,0),(1,70,8,0),(1,71,6,0),(1,73,5,0),(1,73,6,0),(1,73,8,0),(2,2,5,1),(2,2,6,1),(2,2,10,0),(2,4,5,1),(2,4,6,1),(2,4,8,0),(2,4,10,0),(2,6,5,1),(2,6,6,1),(2,6,8,0),(2,6,10,0),(2,7,5,1),(2,7,6,1),(2,7,8,0),(2,7,9,0),(2,7,10,0),(2,8,6,1),(2,9,5,0),(2,9,6,0),(2,13,5,1),(2,13,6,1),(2,13,8,0),(2,13,10,0),(2,14,5,1),(2,14,6,1),(2,14,10,0),(2,18,5,1),(2,18,6,1),(2,18,10,0),(2,19,5,1),(2,19,6,1),(2,19,10,1),(2,20,5,0),(2,20,6,0),(2,21,5,0),(2,21,6,0),(2,22,5,0),(2,22,6,0),(2,23,5,0),(2,23,6,0),(2,25,6,0),(2,25,13,0),(2,30,5,0),(2,30,6,0),(2,30,10,0),(2,33,11,1),(2,33,12,1),(2,34,5,0),(2,34,6,0),(2,34,10,0),(2,44,5,1),(2,44,6,1),(2,44,10,1),(2,45,5,0),(2,45,6,0),(2,45,10,0),(2,46,5,0),(2,46,6,0),(2,46,10,0),(2,53,5,0),(2,53,6,0),(2,53,8,0),(2,54,5,0),(2,54,6,0),(2,54,8,0),(2,57,5,0),(2,57,6,0),(2,57,8,0),(2,63,5,0),(2,63,6,0),(2,63,8,0),(2,65,5,0),(2,65,6,0),(2,65,8,0),(2,66,5,0),(2,66,6,0),(2,66,8,0),(2,67,5,0),(2,67,6,0),(2,67,8,0),(2,68,5,0),(2,68,6,0),(2,68,8,0),(2,69,5,0),(2,69,6,0),(2,69,8,0),(2,70,5,0),(2,70,6,0),(2,70,8,0),(2,71,6,0),(2,73,5,0),(2,73,6,0),(2,73,8,0),(3,2,5,1),(3,2,6,1),(3,2,10,0),(3,4,5,1),(3,4,6,1),(3,4,8,0),(3,4,10,0),(3,6,5,1),(3,6,6,1),(3,6,8,0),(3,6,10,0),(3,7,5,1),(3,7,6,1),(3,7,8,0),(3,7,9,0),(3,7,10,0),(3,8,6,1),(3,9,5,0),(3,9,6,0),(3,13,5,1),(3,13,6,1),(3,13,8,0),(3,13,10,0),(3,14,5,1),(3,14,6,1),(3,14,10,0),(3,18,5,1),(3,18,6,1),(3,18,10,0),(3,19,5,1),(3,19,6,1),(3,19,10,1),(3,20,5,0),(3,20,6,0),(3,21,5,0),(3,21,6,0),(3,22,5,0),(3,22,6,0),(3,23,5,0),(3,23,6,0),(3,25,6,0),(3,25,13,0),(3,30,5,0),(3,30,6,0),(3,30,10,0),(3,33,11,1),(3,33,12,1),(3,34,5,0),(3,34,6,0),(3,34,10,0),(3,44,5,1),(3,44,6,1),(3,44,10,1),(3,45,5,0),(3,45,6,0),(3,45,10,0),(3,46,5,0),(3,46,6,0),(3,46,10,0),(3,53,5,0),(3,53,6,0),(3,53,8,0),(3,54,5,0),(3,54,6,0),(3,54,8,0),(3,57,5,0),(3,57,6,0),(3,57,8,0),(3,63,5,0),(3,63,6,0),(3,63,8,0),(3,65,5,0),(3,65,6,0),(3,65,8,0),(3,66,5,0),(3,66,6,0),(3,66,8,0),(3,67,5,0),(3,67,6,0),(3,67,8,0),(3,68,5,0),(3,68,6,0),(3,68,8,0),(3,69,5,0),(3,69,6,0),(3,69,8,0),(3,70,5,0),(3,70,6,0),(3,70,8,0),(3,71,6,0),(3,73,5,0),(3,73,6,0),(3,73,8,0),(4,2,5,1),(4,2,6,1),(4,2,10,0),(4,4,5,1),(4,4,6,1),(4,4,8,1),(4,4,10,0),(4,6,5,1),(4,6,6,1),(4,6,8,1),(4,6,10,0),(4,7,5,1),(4,7,6,1),(4,7,8,1),(4,7,9,0),(4,7,10,0),(4,8,6,1),(4,9,5,0),(4,9,6,0),(4,13,5,1),(4,13,6,1),(4,13,8,1),(4,13,10,0),(4,14,5,1),(4,14,6,1),(4,14,10,0),(4,18,5,1),(4,18,6,1),(4,18,10,0),(4,19,5,1),(4,19,6,1),(4,19,10,1),(4,20,5,0),(4,20,6,0),(4,21,5,0),(4,21,6,0),(4,22,5,0),(4,22,6,0),(4,23,5,0),(4,23,6,0),(4,25,6,0),(4,25,13,0),(4,30,5,0),(4,30,6,0),(4,30,10,0),(4,33,11,1),(4,33,12,1),(4,34,5,0),(4,34,6,0),(4,34,10,0),(4,44,5,1),(4,44,6,1),(4,44,10,1),(4,45,5,0),(4,45,6,0),(4,45,10,0),(4,46,5,0),(4,46,6,0),(4,46,10,0),(4,53,5,0),(4,53,6,0),(4,53,8,0),(4,54,5,0),(4,54,6,0),(4,54,8,0),(4,57,5,0),(4,57,6,0),(4,57,8,0),(4,63,5,0),(4,63,6,0),(4,63,8,0),(4,65,5,0),(4,65,6,0),(4,65,8,0),(4,66,5,0),(4,66,6,0),(4,66,8,0),(4,67,5,0),(4,67,6,0),(4,67,8,0),(4,68,5,0),(4,68,6,0),(4,68,8,0),(4,69,5,0),(4,69,6,0),(4,69,8,0),(4,70,5,0),(4,70,6,0),(4,70,8,0),(4,71,6,0),(4,73,5,0),(4,73,6,0),(4,73,8,0),(5,6,5,0),(5,6,6,0),(5,6,8,1),(5,6,10,1),(5,8,6,0),(5,53,5,0),(5,53,6,0),(5,53,8,0),(5,53,10,1),(5,54,5,0),(5,54,6,0),(5,54,8,0),(5,54,10,1),(5,57,5,0),(5,57,6,0),(5,57,8,0),(5,63,5,0),(5,63,6,0),(5,63,8,0),(5,65,5,0),(5,65,6,0),(5,65,8,0),(5,66,5,0),(5,66,6,0),(5,66,8,0),(5,67,5,0),(5,67,6,0),(5,67,8,0),(5,68,5,0),(5,68,6,0),(5,68,8,0),(5,69,5,0),(5,69,6,0),(5,69,8,0),(5,70,5,0),(5,70,6,0),(5,70,8,0),(5,71,6,0),(5,73,5,0),(5,73,6,0),(5,73,8,0);

--
-- Table structure for table `vtiger_profile_seq`
--

CREATE TABLE `vtiger_profile_seq` (
  `id` int(11) NOT NULL
) ENGINE=InnoDB DEFAULT CHARSET=utf8;

--
-- Dumping data for table `vtiger_profile_seq`
--

INSERT INTO `vtiger_profile_seq` VALUES (5);

--
-- Table structure for table `vtiger_progress`
--

CREATE TABLE `vtiger_progress` (
  `progressid` int(11) NOT NULL AUTO_INCREMENT,
  `progress` varchar(200) NOT NULL,
  `presence` int(1) NOT NULL DEFAULT '1',
  `picklist_valueid` int(11) NOT NULL DEFAULT '0',
  `sortorderid` int(11) DEFAULT '0',
  `color` varchar(10) DEFAULT NULL,
  PRIMARY KEY (`progressid`)
) ENGINE=InnoDB AUTO_INCREMENT=12 DEFAULT CHARSET=utf8;

--
-- Dumping data for table `vtiger_progress`
--

INSERT INTO `vtiger_progress` VALUES (2,'10%',1,278,2,NULL),(3,'20%',1,279,3,NULL),(4,'30%',1,280,4,NULL),(5,'40%',1,281,5,NULL),(6,'50%',1,282,6,NULL),(7,'60%',1,283,7,NULL),(8,'70%',1,284,8,NULL),(9,'80%',1,285,9,NULL),(10,'90%',1,286,10,NULL),(11,'100%',1,287,11,NULL);

--
-- Table structure for table `vtiger_progress_seq`
--

CREATE TABLE `vtiger_progress_seq` (
  `id` int(11) NOT NULL
) ENGINE=InnoDB DEFAULT CHARSET=utf8;

--
-- Dumping data for table `vtiger_progress_seq`
--

INSERT INTO `vtiger_progress_seq` VALUES (11);

--
-- Table structure for table `vtiger_project`
--

CREATE TABLE `vtiger_project` (
  `projectid` int(19) NOT NULL,
  `projectname` varchar(255) DEFAULT NULL,
  `project_no` varchar(100) DEFAULT NULL,
  `startdate` date DEFAULT NULL,
  `targetenddate` date DEFAULT NULL,
  `actualenddate` date DEFAULT NULL,
  `targetbudget` varchar(255) DEFAULT NULL,
  `projecturl` varchar(255) DEFAULT NULL,
  `projectstatus` varchar(100) DEFAULT NULL,
  `projectpriority` varchar(100) DEFAULT NULL,
  `projecttype` varchar(100) DEFAULT NULL,
  `progress` varchar(100) DEFAULT NULL,
  `linktoaccountscontacts` varchar(100) DEFAULT NULL,
  `tags` varchar(1) DEFAULT NULL,
  `isconvertedfrompotential` int(1) NOT NULL DEFAULT '0',
  `potentialid` varchar(100) DEFAULT NULL,
  PRIMARY KEY (`projectid`),
  CONSTRAINT `fk_crmid_vtiger_project` FOREIGN KEY (`projectid`) REFERENCES `vtiger_crmentity` (`crmid`) ON DELETE CASCADE
) ENGINE=InnoDB DEFAULT CHARSET=utf8;

--
-- Dumping data for table `vtiger_project`
--


--
-- Table structure for table `vtiger_projectcf`
--

CREATE TABLE `vtiger_projectcf` (
  `projectid` int(11) NOT NULL,
  PRIMARY KEY (`projectid`),
  CONSTRAINT `fk_projectid_vtiger_projectcf` FOREIGN KEY (`projectid`) REFERENCES `vtiger_project` (`projectid`) ON DELETE CASCADE
) ENGINE=InnoDB DEFAULT CHARSET=utf8;

--
-- Dumping data for table `vtiger_projectcf`
--


--
-- Table structure for table `vtiger_projectmilestone`
--

CREATE TABLE `vtiger_projectmilestone` (
  `projectmilestoneid` int(11) NOT NULL,
  `projectmilestonename` varchar(255) DEFAULT NULL,
  `projectmilestone_no` varchar(100) DEFAULT NULL,
  `projectmilestonedate` varchar(255) DEFAULT NULL,
  `projectid` varchar(100) DEFAULT NULL,
  `projectmilestonetype` varchar(100) DEFAULT NULL,
  `tags` varchar(1) DEFAULT NULL,
  PRIMARY KEY (`projectmilestoneid`),
  CONSTRAINT `fk_crmid_vtiger_projectmilestone` FOREIGN KEY (`projectmilestoneid`) REFERENCES `vtiger_crmentity` (`crmid`) ON DELETE CASCADE
) ENGINE=InnoDB DEFAULT CHARSET=utf8;

--
-- Dumping data for table `vtiger_projectmilestone`
--


--
-- Table structure for table `vtiger_projectmilestonecf`
--

CREATE TABLE `vtiger_projectmilestonecf` (
  `projectmilestoneid` int(11) NOT NULL DEFAULT '0',
  PRIMARY KEY (`projectmilestoneid`),
  CONSTRAINT `fk_projectmilestoneid_vtiger_projectmilestonecf` FOREIGN KEY (`projectmilestoneid`) REFERENCES `vtiger_projectmilestone` (`projectmilestoneid`) ON DELETE CASCADE
) ENGINE=InnoDB DEFAULT CHARSET=utf8;

--
-- Dumping data for table `vtiger_projectmilestonecf`
--


--
-- Table structure for table `vtiger_projectmilestonetype`
--

CREATE TABLE `vtiger_projectmilestonetype` (
  `projectmilestonetypeid` int(11) NOT NULL AUTO_INCREMENT,
  `projectmilestonetype` varchar(200) NOT NULL,
  `presence` int(1) NOT NULL DEFAULT '1',
  `picklist_valueid` int(11) NOT NULL DEFAULT '0',
  `sortorderid` int(11) DEFAULT '0',
  `color` varchar(10) DEFAULT NULL,
  PRIMARY KEY (`projectmilestonetypeid`)
) ENGINE=InnoDB AUTO_INCREMENT=5 DEFAULT CHARSET=utf8;

--
-- Dumping data for table `vtiger_projectmilestonetype`
--

INSERT INTO `vtiger_projectmilestonetype` VALUES (2,'administrative',1,238,2,NULL),(3,'operative',1,239,3,NULL),(4,'other',1,240,4,NULL);

--
-- Table structure for table `vtiger_projectmilestonetype_seq`
--

CREATE TABLE `vtiger_projectmilestonetype_seq` (
  `id` int(11) NOT NULL
) ENGINE=InnoDB DEFAULT CHARSET=utf8;

--
-- Dumping data for table `vtiger_projectmilestonetype_seq`
--

INSERT INTO `vtiger_projectmilestonetype_seq` VALUES (4);

--
-- Table structure for table `vtiger_projectpriority`
--

CREATE TABLE `vtiger_projectpriority` (
  `projectpriorityid` int(11) NOT NULL AUTO_INCREMENT,
  `projectpriority` varchar(200) NOT NULL,
  `presence` int(1) NOT NULL DEFAULT '1',
  `picklist_valueid` int(11) NOT NULL DEFAULT '0',
  `sortorderid` int(11) DEFAULT '0',
  `color` varchar(10) DEFAULT NULL,
  PRIMARY KEY (`projectpriorityid`)
) ENGINE=InnoDB AUTO_INCREMENT=5 DEFAULT CHARSET=utf8;

--
-- Dumping data for table `vtiger_projectpriority`
--

INSERT INTO `vtiger_projectpriority` VALUES (2,'low',1,274,2,NULL),(3,'normal',1,275,3,NULL),(4,'high',1,276,4,NULL);

--
-- Table structure for table `vtiger_projectpriority_seq`
--

CREATE TABLE `vtiger_projectpriority_seq` (
  `id` int(11) NOT NULL
) ENGINE=InnoDB DEFAULT CHARSET=utf8;

--
-- Dumping data for table `vtiger_projectpriority_seq`
--

INSERT INTO `vtiger_projectpriority_seq` VALUES (4);

--
-- Table structure for table `vtiger_projectstatus`
--

CREATE TABLE `vtiger_projectstatus` (
  `projectstatusid` int(11) NOT NULL AUTO_INCREMENT,
  `projectstatus` varchar(200) NOT NULL,
  `presence` int(1) NOT NULL DEFAULT '1',
  `picklist_valueid` int(11) NOT NULL DEFAULT '0',
  `sortorderid` int(11) DEFAULT '0',
  `color` varchar(10) DEFAULT NULL,
  PRIMARY KEY (`projectstatusid`)
) ENGINE=InnoDB AUTO_INCREMENT=10 DEFAULT CHARSET=utf8;

--
-- Dumping data for table `vtiger_projectstatus`
--

INSERT INTO `vtiger_projectstatus` VALUES (2,'prospecting',1,261,2,NULL),(3,'initiated',1,262,3,NULL),(4,'in progress',1,263,4,NULL),(5,'waiting for feedback',1,264,5,NULL),(6,'on hold',1,265,6,NULL),(7,'completed',1,266,7,NULL),(8,'delivered',1,267,8,NULL),(9,'archived',1,268,9,NULL);

--
-- Table structure for table `vtiger_projectstatus_seq`
--

CREATE TABLE `vtiger_projectstatus_seq` (
  `id` int(11) NOT NULL
) ENGINE=InnoDB DEFAULT CHARSET=utf8;

--
-- Dumping data for table `vtiger_projectstatus_seq`
--

INSERT INTO `vtiger_projectstatus_seq` VALUES (9);

--
-- Table structure for table `vtiger_projecttask`
--

CREATE TABLE `vtiger_projecttask` (
  `projecttaskid` int(11) NOT NULL,
  `projecttaskname` varchar(255) DEFAULT NULL,
  `projecttask_no` varchar(100) DEFAULT NULL,
  `projecttasktype` varchar(100) DEFAULT NULL,
  `projecttaskpriority` varchar(100) DEFAULT NULL,
  `projecttaskprogress` varchar(100) DEFAULT NULL,
  `projecttaskhours` varchar(255) DEFAULT NULL,
  `startdate` date DEFAULT NULL,
  `enddate` date DEFAULT NULL,
  `projectid` varchar(100) DEFAULT NULL,
  `projecttasknumber` int(11) DEFAULT NULL,
  `tags` varchar(1) DEFAULT NULL,
  `projecttaskstatus` varchar(100) DEFAULT NULL,
  PRIMARY KEY (`projecttaskid`),
  CONSTRAINT `fk_crmid_vtiger_projecttask` FOREIGN KEY (`projecttaskid`) REFERENCES `vtiger_crmentity` (`crmid`) ON DELETE CASCADE
) ENGINE=InnoDB DEFAULT CHARSET=utf8;

--
-- Dumping data for table `vtiger_projecttask`
--


--
-- Table structure for table `vtiger_projecttask_status_color`
--

CREATE TABLE `vtiger_projecttask_status_color` (
  `status` varchar(255) DEFAULT NULL,
  `defaultcolor` varchar(50) DEFAULT NULL,
  `color` varchar(50) DEFAULT NULL,
  UNIQUE KEY `status` (`status`)
) ENGINE=InnoDB DEFAULT CHARSET=utf8;

--
-- Dumping data for table `vtiger_projecttask_status_color`
--

INSERT INTO `vtiger_projecttask_status_color` VALUES ('Open','#0099ff',NULL),('In Progress','#fdff00',NULL),('Completed','#3BBF67',NULL),('Deferred','#fbb11e',NULL),('Canceled','#660066',NULL);

--
-- Table structure for table `vtiger_projecttaskcf`
--

CREATE TABLE `vtiger_projecttaskcf` (
  `projecttaskid` int(11) NOT NULL DEFAULT '0',
  PRIMARY KEY (`projecttaskid`),
  CONSTRAINT `fk_projecttaskid_vtiger_projecttaskcf` FOREIGN KEY (`projecttaskid`) REFERENCES `vtiger_projecttask` (`projecttaskid`) ON DELETE CASCADE
) ENGINE=InnoDB DEFAULT CHARSET=utf8;

--
-- Dumping data for table `vtiger_projecttaskcf`
--


--
-- Table structure for table `vtiger_projecttaskpriority`
--

CREATE TABLE `vtiger_projecttaskpriority` (
  `projecttaskpriorityid` int(11) NOT NULL AUTO_INCREMENT,
  `projecttaskpriority` varchar(200) NOT NULL,
  `presence` int(1) NOT NULL DEFAULT '1',
  `picklist_valueid` int(11) NOT NULL DEFAULT '0',
  `sortorderid` int(11) DEFAULT '0',
  `color` varchar(10) DEFAULT NULL,
  PRIMARY KEY (`projecttaskpriorityid`)
) ENGINE=InnoDB AUTO_INCREMENT=5 DEFAULT CHARSET=utf8;

--
-- Dumping data for table `vtiger_projecttaskpriority`
--

INSERT INTO `vtiger_projecttaskpriority` VALUES (2,'low',1,246,2,NULL),(3,'normal',1,247,3,NULL),(4,'high',1,248,4,NULL);

--
-- Table structure for table `vtiger_projecttaskpriority_seq`
--

CREATE TABLE `vtiger_projecttaskpriority_seq` (
  `id` int(11) NOT NULL
) ENGINE=InnoDB DEFAULT CHARSET=utf8;

--
-- Dumping data for table `vtiger_projecttaskpriority_seq`
--

INSERT INTO `vtiger_projecttaskpriority_seq` VALUES (4);

--
-- Table structure for table `vtiger_projecttaskprogress`
--

CREATE TABLE `vtiger_projecttaskprogress` (
  `projecttaskprogressid` int(11) NOT NULL AUTO_INCREMENT,
  `projecttaskprogress` varchar(200) NOT NULL,
  `presence` int(1) NOT NULL DEFAULT '1',
  `picklist_valueid` int(11) NOT NULL DEFAULT '0',
  `sortorderid` int(11) DEFAULT '0',
  `color` varchar(10) DEFAULT NULL,
  PRIMARY KEY (`projecttaskprogressid`)
) ENGINE=InnoDB AUTO_INCREMENT=12 DEFAULT CHARSET=utf8;

--
-- Dumping data for table `vtiger_projecttaskprogress`
--

INSERT INTO `vtiger_projecttaskprogress` VALUES (2,'10%',1,250,2,NULL),(3,'20%',1,251,3,NULL),(4,'30%',1,252,4,NULL),(5,'40%',1,253,5,NULL),(6,'50%',1,254,6,NULL),(7,'60%',1,255,7,NULL),(8,'70%',1,256,8,NULL),(9,'80%',1,257,9,NULL),(10,'90%',1,258,10,NULL),(11,'100%',1,259,11,NULL);

--
-- Table structure for table `vtiger_projecttaskprogress_seq`
--

CREATE TABLE `vtiger_projecttaskprogress_seq` (
  `id` int(11) NOT NULL
) ENGINE=InnoDB DEFAULT CHARSET=utf8;

--
-- Dumping data for table `vtiger_projecttaskprogress_seq`
--

INSERT INTO `vtiger_projecttaskprogress_seq` VALUES (11);

--
-- Table structure for table `vtiger_projecttaskstatus`
--

CREATE TABLE `vtiger_projecttaskstatus` (
  `projecttaskstatusid` int(11) NOT NULL AUTO_INCREMENT,
  `projecttaskstatus` varchar(200) NOT NULL,
  `presence` int(1) NOT NULL DEFAULT '1',
  `picklist_valueid` int(11) NOT NULL DEFAULT '0',
  `sortorderid` int(11) DEFAULT '0',
  `color` varchar(10) DEFAULT NULL,
  PRIMARY KEY (`projecttaskstatusid`)
) ENGINE=InnoDB AUTO_INCREMENT=7 DEFAULT CHARSET=utf8;

--
-- Dumping data for table `vtiger_projecttaskstatus`
--

INSERT INTO `vtiger_projecttaskstatus` VALUES (2,'Open',0,290,2,NULL),(3,'In Progress',0,291,3,NULL),(4,'Completed',0,292,4,NULL),(5,'Deferred',0,293,5,NULL),(6,'Canceled ',0,294,6,NULL);

--
-- Table structure for table `vtiger_projecttaskstatus_seq`
--

CREATE TABLE `vtiger_projecttaskstatus_seq` (
  `id` int(11) NOT NULL
) ENGINE=InnoDB DEFAULT CHARSET=utf8;

--
-- Dumping data for table `vtiger_projecttaskstatus_seq`
--

INSERT INTO `vtiger_projecttaskstatus_seq` VALUES (6);

--
-- Table structure for table `vtiger_projecttasktype`
--

CREATE TABLE `vtiger_projecttasktype` (
  `projecttasktypeid` int(11) NOT NULL AUTO_INCREMENT,
  `projecttasktype` varchar(200) NOT NULL,
  `presence` int(1) NOT NULL DEFAULT '1',
  `picklist_valueid` int(11) NOT NULL DEFAULT '0',
  `sortorderid` int(11) DEFAULT '0',
  `color` varchar(10) DEFAULT NULL,
  PRIMARY KEY (`projecttasktypeid`)
) ENGINE=InnoDB AUTO_INCREMENT=5 DEFAULT CHARSET=utf8;

--
-- Dumping data for table `vtiger_projecttasktype`
--

INSERT INTO `vtiger_projecttasktype` VALUES (2,'administrative',1,242,2,NULL),(3,'operative',1,243,3,NULL),(4,'other',1,244,4,NULL);

--
-- Table structure for table `vtiger_projecttasktype_seq`
--

CREATE TABLE `vtiger_projecttasktype_seq` (
  `id` int(11) NOT NULL
) ENGINE=InnoDB DEFAULT CHARSET=utf8;

--
-- Dumping data for table `vtiger_projecttasktype_seq`
--

INSERT INTO `vtiger_projecttasktype_seq` VALUES (4);

--
-- Table structure for table `vtiger_projecttype`
--

CREATE TABLE `vtiger_projecttype` (
  `projecttypeid` int(11) NOT NULL AUTO_INCREMENT,
  `projecttype` varchar(200) NOT NULL,
  `presence` int(1) NOT NULL DEFAULT '1',
  `picklist_valueid` int(11) NOT NULL DEFAULT '0',
  `sortorderid` int(11) DEFAULT '0',
  `color` varchar(10) DEFAULT NULL,
  PRIMARY KEY (`projecttypeid`)
) ENGINE=InnoDB AUTO_INCREMENT=5 DEFAULT CHARSET=utf8;

--
-- Dumping data for table `vtiger_projecttype`
--

INSERT INTO `vtiger_projecttype` VALUES (2,'administrative',1,270,2,NULL),(3,'operative',1,271,3,NULL),(4,'other',1,272,4,NULL);

--
-- Table structure for table `vtiger_projecttype_seq`
--

CREATE TABLE `vtiger_projecttype_seq` (
  `id` int(11) NOT NULL
) ENGINE=InnoDB DEFAULT CHARSET=utf8;

--
-- Dumping data for table `vtiger_projecttype_seq`
--

INSERT INTO `vtiger_projecttype_seq` VALUES (4);

--
-- Table structure for table `vtiger_purchaseorder`
--

CREATE TABLE `vtiger_purchaseorder` (
  `purchaseorderid` int(19) NOT NULL DEFAULT '0',
  `subject` varchar(100) DEFAULT NULL,
  `quoteid` int(19) DEFAULT NULL,
  `vendorid` int(19) DEFAULT NULL,
  `requisition_no` varchar(100) DEFAULT NULL,
  `purchaseorder_no` varchar(100) DEFAULT NULL,
  `tracking_no` varchar(100) DEFAULT NULL,
  `contactid` int(19) DEFAULT NULL,
  `duedate` date DEFAULT NULL,
  `carrier` varchar(200) DEFAULT NULL,
  `type` varchar(100) DEFAULT NULL,
  `adjustment` decimal(25,8) DEFAULT NULL,
  `salescommission` decimal(25,3) DEFAULT NULL,
  `exciseduty` decimal(25,3) DEFAULT NULL,
  `total` decimal(25,8) DEFAULT NULL,
  `subtotal` decimal(25,8) DEFAULT NULL,
  `taxtype` varchar(25) DEFAULT NULL,
  `discount_percent` decimal(25,3) DEFAULT NULL,
  `discount_amount` decimal(25,8) DEFAULT NULL,
  `s_h_amount` decimal(25,8) DEFAULT NULL,
  `terms_conditions` text,
  `postatus` varchar(200) DEFAULT NULL,
  `currency_id` int(19) NOT NULL DEFAULT '1',
  `conversion_rate` decimal(10,3) NOT NULL DEFAULT '1.000',
  `compound_taxes_info` text,
  `pre_tax_total` decimal(25,8) DEFAULT NULL,
  `paid` decimal(25,8) DEFAULT NULL,
  `balance` decimal(25,8) DEFAULT NULL,
  `s_h_percent` int(11) DEFAULT NULL,
  `tags` varchar(1) DEFAULT NULL,
  `region_id` int(19) DEFAULT NULL,
  PRIMARY KEY (`purchaseorderid`),
  KEY `purchaseorder_vendorid_idx` (`vendorid`),
  KEY `purchaseorder_quoteid_idx` (`quoteid`),
  KEY `purchaseorder_contactid_idx` (`contactid`),
  CONSTRAINT `fk_4_vtiger_purchaseorder` FOREIGN KEY (`vendorid`) REFERENCES `vtiger_vendor` (`vendorid`) ON DELETE CASCADE,
  CONSTRAINT `fk_crmid_vtiger_purchaseorder` FOREIGN KEY (`purchaseorderid`) REFERENCES `vtiger_crmentity` (`crmid`) ON DELETE CASCADE
) ENGINE=InnoDB DEFAULT CHARSET=utf8;

--
-- Dumping data for table `vtiger_purchaseorder`
--


--
-- Table structure for table `vtiger_purchaseordercf`
--

CREATE TABLE `vtiger_purchaseordercf` (
  `purchaseorderid` int(19) NOT NULL DEFAULT '0',
  PRIMARY KEY (`purchaseorderid`),
  CONSTRAINT `fk_1_vtiger_purchaseordercf` FOREIGN KEY (`purchaseorderid`) REFERENCES `vtiger_purchaseorder` (`purchaseorderid`) ON DELETE CASCADE
) ENGINE=InnoDB DEFAULT CHARSET=utf8;

--
-- Dumping data for table `vtiger_purchaseordercf`
--


--
-- Table structure for table `vtiger_quotes`
--

CREATE TABLE `vtiger_quotes` (
  `quoteid` int(19) NOT NULL DEFAULT '0',
  `subject` varchar(100) DEFAULT NULL,
  `potentialid` int(19) DEFAULT NULL,
  `quotestage` varchar(200) DEFAULT NULL,
  `validtill` date DEFAULT NULL,
  `contactid` int(19) DEFAULT NULL,
  `quote_no` varchar(100) DEFAULT NULL,
  `subtotal` decimal(25,8) DEFAULT NULL,
  `carrier` varchar(200) DEFAULT NULL,
  `shipping` varchar(100) DEFAULT NULL,
  `inventorymanager` int(19) DEFAULT NULL,
  `type` varchar(100) DEFAULT NULL,
  `adjustment` decimal(25,8) DEFAULT NULL,
  `total` decimal(25,8) DEFAULT NULL,
  `taxtype` varchar(25) DEFAULT NULL,
  `discount_percent` decimal(25,3) DEFAULT NULL,
  `discount_amount` decimal(25,8) DEFAULT NULL,
  `s_h_amount` decimal(25,8) DEFAULT NULL,
  `accountid` int(19) DEFAULT NULL,
  `terms_conditions` text,
  `currency_id` int(19) NOT NULL DEFAULT '1',
  `conversion_rate` decimal(10,3) NOT NULL DEFAULT '1.000',
  `compound_taxes_info` text,
  `pre_tax_total` decimal(25,8) DEFAULT NULL,
  `s_h_percent` int(11) DEFAULT NULL,
  `tags` varchar(1) DEFAULT NULL,
  `region_id` int(19) DEFAULT NULL,
  PRIMARY KEY (`quoteid`),
  KEY `quote_quotestage_idx` (`quotestage`),
  KEY `quotes_potentialid_idx` (`potentialid`),
  KEY `quotes_contactid_idx` (`contactid`),
  CONSTRAINT `fk_3_vtiger_quotes` FOREIGN KEY (`potentialid`) REFERENCES `vtiger_potential` (`potentialid`) ON DELETE CASCADE,
  CONSTRAINT `fk_crmid_vtiger_quotes` FOREIGN KEY (`quoteid`) REFERENCES `vtiger_crmentity` (`crmid`) ON DELETE CASCADE
) ENGINE=InnoDB DEFAULT CHARSET=utf8;

--
-- Dumping data for table `vtiger_quotes`
--


--
-- Table structure for table `vtiger_quotesbillads`
--

CREATE TABLE `vtiger_quotesbillads` (
  `quotebilladdressid` int(19) NOT NULL DEFAULT '0',
  `bill_city` varchar(30) DEFAULT NULL,
  `bill_code` varchar(30) DEFAULT NULL,
  `bill_country` varchar(30) DEFAULT NULL,
  `bill_state` varchar(30) DEFAULT NULL,
  `bill_street` varchar(250) DEFAULT NULL,
  `bill_pobox` varchar(30) DEFAULT NULL,
  PRIMARY KEY (`quotebilladdressid`),
  CONSTRAINT `fk_1_vtiger_quotesbillads` FOREIGN KEY (`quotebilladdressid`) REFERENCES `vtiger_quotes` (`quoteid`) ON DELETE CASCADE
) ENGINE=InnoDB DEFAULT CHARSET=utf8;

--
-- Dumping data for table `vtiger_quotesbillads`
--


--
-- Table structure for table `vtiger_quotescf`
--

CREATE TABLE `vtiger_quotescf` (
  `quoteid` int(19) NOT NULL DEFAULT '0',
  PRIMARY KEY (`quoteid`),
  CONSTRAINT `fk_1_vtiger_quotescf` FOREIGN KEY (`quoteid`) REFERENCES `vtiger_quotes` (`quoteid`) ON DELETE CASCADE
) ENGINE=InnoDB DEFAULT CHARSET=utf8;

--
-- Dumping data for table `vtiger_quotescf`
--


--
-- Table structure for table `vtiger_quotesshipads`
--

CREATE TABLE `vtiger_quotesshipads` (
  `quoteshipaddressid` int(19) NOT NULL DEFAULT '0',
  `ship_city` varchar(30) DEFAULT NULL,
  `ship_code` varchar(30) DEFAULT NULL,
  `ship_country` varchar(30) DEFAULT NULL,
  `ship_state` varchar(30) DEFAULT NULL,
  `ship_street` varchar(250) DEFAULT NULL,
  `ship_pobox` varchar(30) DEFAULT NULL,
  PRIMARY KEY (`quoteshipaddressid`),
  CONSTRAINT `fk_1_vtiger_quotesshipads` FOREIGN KEY (`quoteshipaddressid`) REFERENCES `vtiger_quotes` (`quoteid`) ON DELETE CASCADE
) ENGINE=InnoDB DEFAULT CHARSET=utf8;

--
-- Dumping data for table `vtiger_quotesshipads`
--


--
-- Table structure for table `vtiger_quotestage`
--

CREATE TABLE `vtiger_quotestage` (
  `quotestageid` int(19) NOT NULL AUTO_INCREMENT,
  `quotestage` varchar(200) NOT NULL,
  `presence` int(1) NOT NULL DEFAULT '1',
  `picklist_valueid` int(19) NOT NULL DEFAULT '0',
  `sortorderid` int(11) DEFAULT NULL,
  `color` varchar(10) DEFAULT NULL,
  PRIMARY KEY (`quotestageid`),
  UNIQUE KEY `quotestage_quotestage_idx` (`quotestage`)
) ENGINE=InnoDB AUTO_INCREMENT=6 DEFAULT CHARSET=utf8;

--
-- Dumping data for table `vtiger_quotestage`
--

INSERT INTO `vtiger_quotestage` VALUES (1,'Created',0,139,0,NULL),(2,'Delivered',0,140,1,NULL),(3,'Reviewed',0,141,2,NULL),(4,'Accepted',0,142,3,NULL),(5,'Rejected',0,143,4,NULL);

--
-- Table structure for table `vtiger_quotestage_seq`
--

CREATE TABLE `vtiger_quotestage_seq` (
  `id` int(11) NOT NULL
) ENGINE=InnoDB DEFAULT CHARSET=utf8;

--
-- Dumping data for table `vtiger_quotestage_seq`
--

INSERT INTO `vtiger_quotestage_seq` VALUES (5);

--
-- Table structure for table `vtiger_quotestagehistory`
--

CREATE TABLE `vtiger_quotestagehistory` (
  `historyid` int(19) NOT NULL AUTO_INCREMENT,
  `quoteid` int(19) NOT NULL,
  `accountname` varchar(100) DEFAULT NULL,
  `total` decimal(10,0) DEFAULT NULL,
  `quotestage` varchar(200) DEFAULT NULL,
  `lastmodified` datetime DEFAULT NULL,
  PRIMARY KEY (`historyid`),
  KEY `quotestagehistory_quoteid_idx` (`quoteid`),
  CONSTRAINT `fk_1_vtiger_quotestagehistory` FOREIGN KEY (`quoteid`) REFERENCES `vtiger_quotes` (`quoteid`) ON DELETE CASCADE
) ENGINE=InnoDB DEFAULT CHARSET=utf8;

--
-- Dumping data for table `vtiger_quotestagehistory`
--


--
-- Table structure for table `vtiger_rating`
--

CREATE TABLE `vtiger_rating` (
  `rating_id` int(19) NOT NULL AUTO_INCREMENT,
  `rating` varchar(200) DEFAULT NULL,
  `presence` int(1) NOT NULL DEFAULT '1',
  `picklist_valueid` int(19) NOT NULL DEFAULT '0',
  `sortorderid` int(11) DEFAULT NULL,
  `color` varchar(10) DEFAULT NULL,
  PRIMARY KEY (`rating_id`)
) ENGINE=InnoDB AUTO_INCREMENT=7 DEFAULT CHARSET=utf8;

--
-- Dumping data for table `vtiger_rating`
--

INSERT INTO `vtiger_rating` VALUES (2,'Acquired',1,145,1,NULL),(3,'Active',1,146,2,NULL),(4,'Market Failed',1,147,3,NULL),(5,'Project Cancelled',1,148,4,NULL),(6,'Shutdown',1,149,5,NULL);

--
-- Table structure for table `vtiger_rating_seq`
--

CREATE TABLE `vtiger_rating_seq` (
  `id` int(11) NOT NULL
) ENGINE=InnoDB DEFAULT CHARSET=utf8;

--
-- Dumping data for table `vtiger_rating_seq`
--

INSERT INTO `vtiger_rating_seq` VALUES (6);

--
-- Table structure for table `vtiger_recurring_frequency`
--

CREATE TABLE `vtiger_recurring_frequency` (
  `recurring_frequency_id` int(11) DEFAULT NULL,
  `recurring_frequency` varchar(200) DEFAULT NULL,
  `sortorderid` int(11) DEFAULT NULL,
  `presence` int(11) DEFAULT NULL,
  `color` varchar(10) DEFAULT NULL
) ENGINE=InnoDB DEFAULT CHARSET=utf8;

--
-- Dumping data for table `vtiger_recurring_frequency`
--

INSERT INTO `vtiger_recurring_frequency` VALUES (2,'Daily',1,1,NULL),(3,'Weekly',2,1,NULL),(4,'Monthly',3,1,NULL),(5,'Quarterly',4,1,NULL),(6,'Yearly',5,1,NULL);

--
-- Table structure for table `vtiger_recurring_frequency_seq`
--

CREATE TABLE `vtiger_recurring_frequency_seq` (
  `id` int(11) NOT NULL
) ENGINE=InnoDB DEFAULT CHARSET=utf8;

--
-- Dumping data for table `vtiger_recurring_frequency_seq`
--

INSERT INTO `vtiger_recurring_frequency_seq` VALUES (6);

--
-- Table structure for table `vtiger_recurringevents`
--

CREATE TABLE `vtiger_recurringevents` (
  `recurringid` int(19) NOT NULL AUTO_INCREMENT,
  `activityid` int(19) NOT NULL,
  `recurringdate` date DEFAULT NULL,
  `recurringtype` varchar(30) DEFAULT NULL,
  `recurringfreq` int(19) DEFAULT NULL,
  `recurringinfo` varchar(50) DEFAULT NULL,
  `recurringenddate` date DEFAULT NULL,
  PRIMARY KEY (`recurringid`),
  KEY `fk_1_vtiger_recurringevents` (`activityid`),
  CONSTRAINT `fk_1_vtiger_recurringevents` FOREIGN KEY (`activityid`) REFERENCES `vtiger_activity` (`activityid`) ON DELETE CASCADE
) ENGINE=InnoDB DEFAULT CHARSET=utf8;

--
-- Dumping data for table `vtiger_recurringevents`
--


--
-- Table structure for table `vtiger_recurringtype`
--

CREATE TABLE `vtiger_recurringtype` (
  `recurringeventid` int(19) NOT NULL AUTO_INCREMENT,
  `recurringtype` varchar(200) NOT NULL,
  `sortorderid` int(19) NOT NULL DEFAULT '0',
  `presence` int(1) NOT NULL DEFAULT '1',
  `color` varchar(10) DEFAULT NULL,
  PRIMARY KEY (`recurringeventid`),
  UNIQUE KEY `recurringtype_status_idx` (`recurringtype`)
) ENGINE=InnoDB AUTO_INCREMENT=6 DEFAULT CHARSET=utf8;

--
-- Dumping data for table `vtiger_recurringtype`
--

INSERT INTO `vtiger_recurringtype` VALUES (2,'Daily',1,1,NULL),(3,'Weekly',2,1,NULL),(4,'Monthly',3,1,NULL),(5,'Yearly',4,1,NULL);

--
-- Table structure for table `vtiger_recurringtype_seq`
--

CREATE TABLE `vtiger_recurringtype_seq` (
  `id` int(11) NOT NULL
) ENGINE=InnoDB DEFAULT CHARSET=utf8;

--
-- Dumping data for table `vtiger_recurringtype_seq`
--

INSERT INTO `vtiger_recurringtype_seq` VALUES (5);

--
-- Table structure for table `vtiger_relatedlists`
--

CREATE TABLE `vtiger_relatedlists` (
  `relation_id` int(19) NOT NULL,
  `tabid` int(10) DEFAULT NULL,
  `related_tabid` int(10) DEFAULT NULL,
  `name` varchar(100) DEFAULT NULL,
  `sequence` int(10) DEFAULT NULL,
  `label` varchar(100) DEFAULT NULL,
  `presence` int(10) NOT NULL DEFAULT '0',
  `actions` varchar(50) NOT NULL DEFAULT '',
  `relationfieldid` int(19) DEFAULT NULL,
  `source` varchar(25) DEFAULT NULL,
  `relationtype` varchar(10) DEFAULT NULL,
  PRIMARY KEY (`relation_id`),
  KEY `relatedlists_relation_id_idx` (`relation_id`)
) ENGINE=InnoDB DEFAULT CHARSET=utf8;

--
-- Dumping data for table `vtiger_relatedlists`
--

INSERT INTO `vtiger_relatedlists` VALUES (1,6,4,'get_contacts',2,'Contacts',0,'add',72,'','1:N'),(2,6,2,'get_opportunities',3,'Potentials',0,'add',113,'','1:N'),(3,6,20,'get_quotes',4,'Quotes',0,'add',330,'','1:N'),(4,6,22,'get_salesorder',5,'Sales Order',0,'add',409,'','1:N'),(5,6,23,'get_invoices',6,'Invoice',0,'add',452,'','1:N'),(6,6,9,'get_activities',7,'Activities',0,'add',238,'','1:N'),(7,6,10,'get_emails',8,'Emails',0,'add',NULL,'','N:N'),(8,6,9,'get_history',9,'Activity History',0,'add',238,'','1:N'),(9,6,8,'get_attachments',10,'Documents',0,'add,select',NULL,'','N:N'),(10,6,13,'get_tickets',11,'HelpDesk',0,'add',157,'','1:N'),(11,6,14,'get_products',12,'Products',0,'select',NULL,'','N:N'),(12,7,9,'get_activities',2,'Activities',0,'add',238,'','1:N'),(13,7,10,'get_emails',3,'Emails',0,'add',NULL,'','N:N'),(14,7,9,'get_history',4,'Activity History',0,'add',238,'','1:N'),(15,7,8,'get_attachments',5,'Documents',0,'add,select',NULL,'','N:N'),(16,7,14,'get_products',6,'Products',0,'select',NULL,'','N:N'),(17,7,26,'get_campaigns',7,'Campaigns',0,'select',NULL,'','N:N'),(18,4,2,'get_opportunities',2,'Potentials',0,'add',740,'','1:N'),(19,4,9,'get_activities',3,'Activities',0,'add',239,'','1:N'),(20,4,10,'get_emails',4,'Emails',0,'add',NULL,'','N:N'),(21,4,13,'get_tickets',5,'HelpDesk',0,'add',741,'','1:N'),(22,4,20,'get_quotes',6,'Quotes',0,'add',319,'','1:N'),(23,4,21,'get_purchase_orders',7,'Purchase Order',0,'add',356,'','1:N'),(24,4,22,'get_salesorder',8,'Sales Order',0,'add',395,'','1:N'),(25,4,14,'get_products',9,'Products',0,'select',NULL,'','N:N'),(26,4,9,'get_history',10,'Activity History',0,'add',239,'','1:N'),(27,4,8,'get_attachments',11,'Documents',0,'add,select',NULL,'','N:N'),(28,4,26,'get_campaigns',12,'Campaigns',0,'select',NULL,'','N:N'),(29,4,23,'get_invoices',13,'Invoice',0,'add',439,'','1:N'),(30,2,9,'get_activities',2,'Activities',0,'add',238,'','1:N'),(31,2,4,'get_contacts',3,'Contacts',0,'select',NULL,'','N:N'),(32,2,14,'get_products',4,'Products',0,'select',NULL,'','N:N'),(33,2,0,'get_stage_history',5,'Sales Stage History',0,'',NULL,'','N:N'),(34,2,8,'get_attachments',6,'Documents',0,'add,select',NULL,'','N:N'),(35,2,20,'get_Quotes',7,'Quotes',0,'add',316,'','1:N'),(36,2,22,'get_salesorder',8,'Sales Order',0,'add',391,'','1:N'),(37,2,9,'get_history',9,'Activity History',0,'',238,'','1:N'),(38,14,13,'get_tickets',1,'HelpDesk',0,'add',159,'','1:N'),(39,14,8,'get_attachments',3,'Documents',0,'add,select',NULL,'','N:N'),(40,14,20,'get_quotes',4,'Quotes',0,'add',703,'','1:N'),(41,14,21,'get_purchase_orders',5,'Purchase Order',0,'add',694,'','1:N'),(42,14,22,'get_salesorder',6,'Sales Order',0,'add',685,'','1:N'),(43,14,23,'get_invoices',7,'Invoice',0,'add',676,'','1:N'),(44,14,19,'get_product_pricebooks',8,'PriceBooks',0,'ADD,SELECT',NULL,'','N:N'),(45,14,7,'get_leads',9,'Leads',0,'select',NULL,'','N:N'),(46,14,6,'get_accounts',10,'Accounts',0,'select',NULL,'','N:N'),(47,14,4,'get_contacts',11,'Contacts',0,'select',NULL,'','N:N'),(48,14,2,'get_opportunities',12,'Potentials',0,'select',NULL,'','N:N'),(49,14,14,'get_products',13,'Product Bundles',0,'add,select',NULL,'','N:N'),(50,14,14,'get_parent_products',14,'Parent Product',0,'',NULL,'','N:N'),(51,10,4,'get_contacts',1,'Contacts',0,'select,bulkmail',NULL,'','N:N'),(52,10,0,'get_users',2,'Users',0,'',NULL,'','N:N'),(53,10,8,'get_attachments',3,'Documents',0,'add,select',NULL,'','N:N'),(54,13,9,'get_activities',2,'Activities',0,'add',238,'','1:N'),(55,13,8,'get_attachments',3,'Documents',0,'add,select',NULL,'','N:N'),(56,13,0,'get_ticket_history',4,'Ticket History',0,'',NULL,'','N:N'),(57,13,9,'get_history',5,'Activity History',0,'add',238,'','1:N'),(58,19,14,'get_pricebook_products',2,'Products',0,'select',NULL,'','N:N'),(59,18,14,'get_products',1,'Products',0,'add,select',185,'','1:N'),(60,18,21,'get_purchase_orders',2,'Purchase Order',0,'add',353,'','1:N'),(61,18,4,'get_contacts',3,'Contacts',0,'select',NULL,'','N:N'),(62,18,10,'get_emails',4,'Emails',0,'add',NULL,'','N:N'),(63,20,22,'get_salesorder',1,'Sales Order',0,'',393,'','1:N'),(64,20,9,'get_activities',2,'Activities',0,'add',NULL,'','N:N'),(65,20,8,'get_attachments',3,'Documents',0,'add,select',NULL,'','N:N'),(66,20,9,'get_history',4,'Activity History',0,'',NULL,'','N:N'),(67,20,0,'get_quotestagehistory',5,'Quote Stage History',0,'',NULL,'','N:N'),(68,21,9,'get_activities',1,'Activities',0,'add',NULL,'','N:N'),(69,21,8,'get_attachments',2,'Documents',0,'add,select',NULL,'','N:N'),(70,21,9,'get_history',3,'Activity History',0,'',NULL,'','N:N'),(71,21,0,'get_postatushistory',4,'PurchaseOrder Status History',0,'',NULL,'','N:N'),(72,22,9,'get_activities',1,'Activities',0,'add',NULL,'','N:N'),(73,22,8,'get_attachments',2,'Documents',0,'add,select',NULL,'','N:N'),(74,22,23,'get_invoices',3,'Invoice',0,'',437,'','1:N'),(75,22,9,'get_history',4,'Activity History',0,'',NULL,'','N:N'),(76,22,0,'get_sostatushistory',5,'SalesOrder Status History',0,'',NULL,'','N:N'),(77,23,9,'get_activities',1,'Activities',0,'add',NULL,'','N:N'),(78,23,8,'get_attachments',2,'Documents',0,'add,select',NULL,'','N:N'),(79,23,9,'get_history',3,'Activity History',0,'',NULL,'','N:N'),(80,23,0,'get_invoicestatushistory',4,'Invoice Status History',0,'',NULL,'','N:N'),(81,9,0,'get_users',1,'Users',0,'',NULL,'','N:N'),(82,9,4,'get_contacts',2,'Contacts',0,'',NULL,'','N:N'),(83,26,4,'get_contacts',1,'Contacts',0,'add,select',NULL,'','N:N'),(84,26,7,'get_leads',2,'Leads',0,'add,select',NULL,'','N:N'),(85,26,2,'get_opportunities',3,'Potentials',0,'add',121,'','1:N'),(86,26,9,'get_activities',4,'Activities',0,'add',238,'','1:N'),(87,6,26,'get_campaigns',14,'Campaigns',0,'select',NULL,'','N:N'),(88,26,6,'get_accounts',5,'Accounts',0,'add,select',NULL,'','N:N'),(89,15,8,'get_attachments',2,'Documents',0,'add,select',NULL,'','N:N'),(90,30,13,'get_related_list',1,'Service Requests',0,'ADD,SELECT',NULL,NULL,'N:N'),(91,30,8,'get_attachments',2,'Documents',0,'ADD,SELECT',NULL,NULL,'N:N'),(92,6,30,'get_merged_list',15,'Service Contracts',0,'ADD',531,NULL,'1:N'),(93,4,30,'get_dependents_list',14,'Service Contracts',0,'ADD',531,NULL,'1:N'),(94,13,30,'get_related_list',6,'Service Contracts',0,'ADD,SELECT',NULL,NULL,'N:N'),(97,6,33,'get_merged_list',16,'PBXManager',0,'',557,NULL,'1:N'),(98,34,13,'get_related_list',1,'HelpDesk',0,'ADD,SELECT',NULL,NULL,'N:N'),(99,34,20,'get_quotes',2,'Quotes',0,'ADD',703,NULL,'1:N'),(100,34,21,'get_purchase_orders',3,'Purchase Order',0,'ADD',694,NULL,'1:N'),(101,34,22,'get_salesorder',4,'Sales Order',0,'ADD',685,NULL,'1:N'),(102,34,23,'get_invoices',5,'Invoice',0,'ADD',676,NULL,'1:N'),(103,34,19,'get_service_pricebooks',6,'PriceBooks',0,'ADD',NULL,NULL,'N:N'),(104,34,7,'get_related_list',7,'Leads',0,'SELECT',NULL,NULL,'N:N'),(105,34,6,'get_related_list',8,'Accounts',0,'SELECT',NULL,NULL,'N:N'),(106,34,4,'get_related_list',9,'Contacts',0,'SELECT',NULL,NULL,'N:N'),(107,34,2,'get_related_list',10,'Potentials',0,'SELECT',NULL,NULL,'N:N'),(108,34,8,'get_attachments',11,'Documents',0,'ADD,SELECT',NULL,NULL,'N:N'),(109,13,34,'get_related_list',7,'Services',0,'SELECT',NULL,NULL,'N:N'),(110,7,34,'get_related_list',9,'Services',0,'SELECT',NULL,NULL,'N:N'),(111,6,34,'get_related_list',17,'Services',0,'SELECT',NULL,NULL,'N:N'),(112,4,34,'get_related_list',16,'Services',0,'SELECT',NULL,NULL,'N:N'),(113,2,34,'get_related_list',10,'Services',0,'SELECT',NULL,NULL,'N:N'),(114,19,34,'get_pricebook_services',3,'Services',0,'SELECT',NULL,NULL,'N:N'),(115,39,6,'get_related_list',1,'Accounts',0,' ',NULL,NULL,'N:N'),(116,39,4,'get_related_list',2,'Contacts',0,' ',NULL,NULL,'N:N'),(117,39,7,'get_related_list',3,'Leads',0,' ',NULL,NULL,'N:N'),(118,42,13,'get_related_list',1,'HelpDesk',0,'ADD,SELECT',NULL,NULL,'N:N'),(119,42,8,'get_attachments',2,'Documents',0,'ADD,SELECT',NULL,NULL,'N:N'),(120,6,42,'get_merged_list',18,'Assets',0,'ADD',606,NULL,'1:N'),(121,14,42,'get_dependents_list',15,'Assets',0,'ADD',595,NULL,'1:N'),(122,23,42,'get_dependents_list',5,'Assets',0,'ADD',601,NULL,'1:N'),(123,7,43,'get_comments',10,'ModComments',0,'',619,NULL,'1:N'),(124,4,43,'get_comments',17,'ModComments',0,'',619,NULL,'1:N'),(125,6,43,'get_comments',19,'ModComments',0,'',619,NULL,'1:N'),(126,2,43,'get_comments',11,'ModComments',0,'',619,NULL,'1:N'),(134,6,46,'get_merged_list',20,'Projects',0,'add',660,NULL,'1:N'),(135,4,46,'get_dependents_list',18,'Projects',0,'add',660,NULL,'1:N'),(136,13,46,'get_related_list',8,'Projects',0,'SELECT',NULL,NULL,'N:N'),(138,45,8,'get_attachments',2,'Documents',0,'ADD,SELECT',NULL,NULL,'N:N'),(139,45,43,'get_comments',3,'ModComments',0,'',619,NULL,'1:N'),(140,46,45,'get_dependents_list',2,'Project Tasks',0,'ADD',639,NULL,'1:N'),(141,46,44,'get_dependents_list',3,'Project Milestones',0,'ADD',625,NULL,'1:N'),(142,46,8,'get_attachments',4,'Documents',0,'ADD,SELECT',NULL,NULL,'N:N'),(143,46,13,'get_related_list',5,'HelpDesk',0,'ADD,SELECT',NULL,NULL,'N:N'),(144,46,0,'get_gantt_chart',6,'Charts',0,'',NULL,NULL,'N:N'),(145,46,43,'get_comments',7,'ModComments',0,'',619,NULL,'1:N'),(146,13,43,'get_comments',9,'ModComments',0,'',619,NULL,'1:N'),(147,15,43,'get_comments',3,'ModComments',0,'',619,NULL,'1:N'),(148,4,42,'get_dependents_list',19,'Assets',0,'ADD',607,NULL,'1:N'),(149,4,18,'get_vendors',20,'Vendors',0,'SELECT',NULL,'','N:N'),(150,2,23,'get_dependents_list',12,'Invoice',0,'ADD',774,NULL,'1:N'),(151,8,4,'get_related_list',1,'Contacts',0,'1',NULL,NULL,'N:N'),(152,8,6,'get_related_list',2,'Accounts',0,'1',NULL,NULL,'N:N'),(153,8,2,'get_related_list',3,'Potentials',0,'1',NULL,NULL,'N:N'),(154,8,7,'get_related_list',4,'Leads',0,'1',NULL,NULL,'N:N'),(155,8,14,'get_related_list',5,'Products',0,'1',NULL,NULL,'N:N'),(156,8,34,'get_related_list',6,'Services',0,'1',NULL,NULL,'N:N'),(157,8,46,'get_related_list',7,'Project',0,'1',NULL,NULL,'N:N'),(158,8,42,'get_related_list',8,'Assets',0,'1',NULL,NULL,'N:N'),(159,8,30,'get_related_list',9,'ServiceContracts',0,'1',NULL,NULL,'N:N'),(160,8,20,'get_related_list',10,'Quotes',0,'1',NULL,NULL,'N:N'),(161,8,23,'get_related_list',11,'Invoice',0,'1',NULL,NULL,'N:N'),(162,8,22,'get_related_list',12,'SalesOrder',0,'1',NULL,NULL,'N:N'),(163,8,21,'get_related_list',13,'PurchaseOrder',0,'1',NULL,NULL,'N:N'),(164,8,13,'get_related_list',14,'HelpDesk',0,'1',NULL,NULL,'N:N'),(165,8,15,'get_related_list',15,'Faq',0,'1',NULL,NULL,'N:N'),(166,46,10,'get_emails',8,'Emails',0,'ADD',NULL,NULL,'N:N'),(167,45,10,'get_emails',4,'Emails',0,'ADD',NULL,NULL,'N:N'),(168,46,9,'get_related_list',9,'Activities',0,'ADD',NULL,NULL,'N:N'),(169,46,20,'get_related_list',10,'Quotes',0,'SELECT',NULL,NULL,'N:N'),(170,14,21,'get_purchase_orders',16,'PurchaseOrder',0,'ADD',NULL,NULL,'N:N'),(171,2,10,'get_emails',13,'Emails',0,'ADD',NULL,NULL,'N:N'),(172,13,10,'get_emails',10,'Emails',0,'ADD',NULL,NULL,'N:N'),(177,53,43,'get_comments',1,'ModComments',0,'ADD',NULL,NULL,'N:N'),(178,53,8,'get_attachments',2,'Documents',0,'ADD,SELECT',NULL,NULL,'N:N'),(179,53,9,'get_activities',3,'Activities',0,'ADD',238,NULL,'1:N'),(180,53,10,'get_emails',4,'Emails',0,'ADD',NULL,NULL,'N:N'),(181,54,43,'get_comments',1,'ModComments',0,'ADD',NULL,NULL,'N:N'),(182,54,8,'get_attachments',2,'Documents',0,'ADD,SELECT',NULL,NULL,'N:N'),(183,54,9,'get_activities',3,'Activities',0,'ADD',238,NULL,'1:N'),(184,54,10,'get_emails',4,'Emails',0,'ADD',NULL,NULL,'N:N'),(187,54,53,'get_dependents_list',5,'Dtailsfacture',0,'ADD',887,NULL,'1:N'),(188,57,43,'get_comments',1,'ModComments',0,'ADD',NULL,NULL,'N:N'),(189,57,8,'get_attachments',2,'Documents',0,'ADD,SELECT',NULL,NULL,'N:N'),(190,57,9,'get_activities',3,'Activities',0,'ADD',238,NULL,'1:N'),(191,57,10,'get_emails',4,'Emails',0,'ADD',NULL,NULL,'N:N'),(204,57,58,'get_dependents_list',5,'FactureFourniture',0,'ADD',1016,NULL,'1:N'),(205,57,59,'get_dependents_list',6,'FactureAcheminement',0,'ADD',1017,NULL,'1:N'),(206,6,57,'get_dependents_list',21,'FactureAnnuelle',0,'ADD',1154,NULL,'1:N'),(207,6,58,'get_dependents_list',22,'FactureFourniture',0,'ADD',1155,NULL,'1:N'),(208,6,59,'get_dependents_list',23,'FactureAcheminement',0,'ADD',1156,NULL,'1:N'),(217,6,62,'get_dependents_list',24,'FactureFourniAchemi',0,'ADD',1193,NULL,'1:N'),(218,57,62,'get_dependents_list',7,'FactureFourniAchemi',0,'ADD',1222,NULL,'1:N'),(219,63,43,'get_comments',1,'ModComments',0,'ADD',NULL,NULL,'N:N'),(220,63,8,'get_attachments',2,'Documents',0,'ADD,SELECT',NULL,NULL,'N:N'),(221,63,9,'get_activities',3,'Activities',0,'ADD',238,NULL,'1:N'),(222,63,10,'get_emails',4,'Emails',0,'ADD',NULL,NULL,'N:N'),(227,6,64,'get_dependents_list',26,'FactureFournitureGaz',0,'ADD',1321,NULL,'1:N'),(228,63,64,'get_dependents_list',5,'FactureFournitureGaz',0,'ADD',1322,NULL,'1:N'),(229,6,63,'get_dependents_list',25,'FactureAnnuelleGaz',0,'ADD',1387,NULL,'1:N'),(230,65,43,'get_comments',1,'ModComments',0,'ADD',NULL,NULL,'N:N'),(231,65,8,'get_attachments',2,'Documents',0,'ADD,SELECT',NULL,NULL,'N:N'),(232,65,9,'get_activities',3,'Activities',0,'ADD',238,NULL,'1:N'),(233,65,10,'get_emails',4,'Emails',0,'ADD',NULL,NULL,'N:N'),(234,66,43,'get_comments',1,'ModComments',0,'ADD',NULL,NULL,'N:N'),(235,66,8,'get_attachments',2,'Documents',0,'ADD,SELECT',NULL,NULL,'N:N'),(236,66,9,'get_activities',3,'Activities',0,'ADD',238,NULL,'1:N'),(237,66,10,'get_emails',4,'Emails',0,'ADD',NULL,NULL,'N:N'),(238,67,43,'get_comments',1,'ModComments',0,'ADD',NULL,NULL,'N:N'),(239,67,8,'get_attachments',2,'Documents',0,'ADD,SELECT',NULL,NULL,'N:N'),(240,67,9,'get_activities',3,'Activities',0,'ADD',238,NULL,'1:N'),(241,67,10,'get_emails',4,'Emails',0,'ADD',NULL,NULL,'N:N'),(242,68,43,'get_comments',1,'ModComments',0,'ADD',NULL,NULL,'N:N'),(243,68,8,'get_attachments',2,'Documents',0,'ADD,SELECT',NULL,NULL,'N:N'),(244,68,9,'get_activities',3,'Activities',0,'ADD',238,NULL,'1:N'),(245,68,10,'get_emails',4,'Emails',0,'ADD',NULL,NULL,'N:N'),(246,6,65,'get_dependents_list',27,'ElecFourniture',0,'ADD',1478,NULL,'1:N'),(247,6,66,'get_dependents_list',28,'ElecAcheminement',0,'ADD',1479,NULL,'1:N'),(248,6,67,'get_dependents_list',29,'ElecFourniAchemi',0,'ADD',1480,NULL,'1:N'),(249,6,68,'get_dependents_list',30,'GazFourniture',0,'ADD',1481,NULL,'1:N'),(250,57,65,'get_dependents_list',8,'ElecFourniture',0,'ADD',1654,NULL,'1:N'),(251,57,66,'get_dependents_list',9,'ElecAcheminement',0,'ADD',1655,NULL,'1:N'),(252,57,67,'get_dependents_list',10,'ElecFourniAchemi',0,'ADD',1656,NULL,'1:N'),(253,63,68,'get_dependents_list',6,'GazFourniture',0,'ADD',1659,NULL,'1:N'),(254,69,43,'get_comments',1,'ModComments',0,'ADD',NULL,NULL,'N:N'),(255,69,8,'get_attachments',2,'Documents',0,'ADD,SELECT',NULL,NULL,'N:N'),(256,69,9,'get_activities',3,'Activities',0,'ADD',238,NULL,'1:N'),(257,69,10,'get_emails',4,'Emails',0,'ADD',NULL,NULL,'N:N'),(258,70,43,'get_comments',1,'ModComments',0,'ADD',NULL,NULL,'N:N'),(259,70,8,'get_attachments',2,'Documents',0,'ADD,SELECT',NULL,NULL,'N:N'),(260,70,9,'get_activities',3,'Activities',0,'ADD',238,NULL,'1:N'),(261,70,10,'get_emails',4,'Emails',0,'ADD',NULL,NULL,'N:N'),(262,70,69,'get_dependents_list',5,'SIRET',0,'ADD',1808,NULL,'1:N'),(263,73,43,'get_comments',1,'ModComments',0,'ADD',NULL,NULL,'N:N'),(264,73,8,'get_attachments',2,'Documents',0,'ADD,SELECT',NULL,NULL,'N:N'),(265,73,9,'get_activities',3,'Activities',0,'ADD',238,NULL,'1:N'),(266,73,10,'get_emails',4,'Emails',0,'ADD',NULL,NULL,'N:N');

--
-- Table structure for table `vtiger_relatedlists_rb`
--

CREATE TABLE `vtiger_relatedlists_rb` (
  `entityid` int(19) DEFAULT NULL,
  `action` varchar(50) DEFAULT NULL,
  `rel_table` varchar(200) DEFAULT NULL,
  `rel_column` varchar(200) DEFAULT NULL,
  `ref_column` varchar(200) DEFAULT NULL,
  `related_crm_ids` text
) ENGINE=InnoDB DEFAULT CHARSET=utf8;

--
-- Dumping data for table `vtiger_relatedlists_rb`
--

INSERT INTO `vtiger_relatedlists_rb` VALUES (2,'update','vtiger_dtailsfacture','cf_factures_id','dtailsfactureid','3'),(12156,'update','vtiger_facturefourniture','cf_factureannuelle_id','facturefournitureid','12157'),(12153,'update','vtiger_facturefourniture','cf_factureannuelle_id','facturefournitureid','12154,12155'),(12285,'update','vtiger_facturefourniture','cf_factureannuelle_id','facturefournitureid','12286,12287,12288,12289,12290,12291,12292,12293,12294,12295,12296,12297,12298,12299,12300,12301,12302,12303,12304,12305,12306,12307,12308,12309,12310,12311,12312,12313,12314,12315,12316,12317,12318,12319,12320,12321,12322,12323,12324,12325,12326,12327,12328,12329,12330,12331,12332,12333,12334,12335,12336,12337,12338,12339,12340,12341,12342,12343,12344,12345,12346,12347,12348,12349,12350,12351,12352,12353,12354,12355,12356,12357,12358,12359,12360,12361,12362,12363,12364,12365,12366,12367,12368,12369,12370,12371,12372,12373,12374,12375,12376,12377,12378,12379,12380,12381,12382,12383,12384,12385,12386,12387,12388,12389,12390,12391,12392,12393,12394,12395'),(12260,'update','vtiger_facturefourniture','cf_factureannuelle_id','facturefournitureid','12261'),(14332,'update','vtiger_crmentity','deleted','crmid',''),(14332,'update','vtiger_crmentity','deleted','crmid',''),(14332,'update','vtiger_facturefourniachemi','cf_accounts_id','facturefourniachemiid','14333,14334,14335,14336,14337,14338,14339,14340,14341,14342,14343,14344'),(14346,'update','vtiger_crmentity','deleted','crmid',''),(14346,'update','vtiger_crmentity','deleted','crmid',''),(14346,'update','vtiger_facturefourniachemi','cf_accounts_id','facturefourniachemiid','14347,14348,14349,14350,14351,14352,14353'),(14355,'update','vtiger_crmentity','deleted','crmid',''),(14355,'update','vtiger_crmentity','deleted','crmid',''),(14355,'update','vtiger_factureannuelle','cf_accounts_id','factureannuelleid','14354'),(14355,'update','vtiger_facturefourniachemi','cf_accounts_id','facturefourniachemiid','14356,14357,14358,14359,14360,14361,14362,14363,14364,14365,14366,14367'),(14189,'update','vtiger_crmentity','deleted','crmid',''),(14189,'update','vtiger_crmentity','deleted','crmid',''),(14189,'update','vtiger_factureannuelle','cf_accounts_id','factureannuelleid','14188,14193'),(14189,'update','vtiger_facturefourniture','cf_accounts_id','facturefournitureid','14190,14192,14194,14195,14196,14197,14198,14199,14200,14201,14202,14203,14204,14205,14206,14207,14208,14209,14210,14211,14212,14213,14214,14215,14216,14217,14218,14219,14220,14221,14222,14223,14224,14225,14226,14227'),(12412,'update','vtiger_crmentity','deleted','crmid',''),(12412,'update','vtiger_crmentity','deleted','crmid',''),(12412,'update','vtiger_factureannuelle','cf_accounts_id','factureannuelleid','12413,14330'),(12412,'update','vtiger_factureacheminement','cf_accounts_id','factureacheminementid','12414,12415,12416,12417,12418,12419,12420,12421,12422,12423,12424,12425,14307,14309,14311,14313,14315,14317,14319,14321,14323,14325,14327,14329'),(12397,'update','vtiger_crmentity','deleted','crmid',''),(12397,'update','vtiger_crmentity','deleted','crmid',''),(12397,'update','vtiger_factureannuelle','cf_accounts_id','factureannuelleid','12411'),(12397,'update','vtiger_facturefourniture','cf_accounts_id','facturefournitureid','12398,12399,12400,12401,12402,12403,12404,12405,12406,12407,12408,12409,12410'),(14354,'update','vtiger_facturefourniachemi','cf_factureannuelle_id','facturefourniachemiid','14356,14357,14358,14359,14360,14361,14362,14363,14364,14365,14366,14367'),(14331,'update','vtiger_facturefourniachemi','cf_factureannuelle_id','facturefourniachemiid','14333,14334,14335,14336,14337,14338,14339,14340,14341,14342,14343,14344'),(14345,'update','vtiger_facturefourniachemi','cf_factureannuelle_id','facturefourniachemiid','14347,14348,14349,14350,14351,14352,14353'),(14330,'update','vtiger_factureacheminement','cf_factureannuelle_id','factureacheminementid','14307,14309,14311,14313,14315,14317,14319,14321,14323,14325,14327,14329'),(14188,'update','vtiger_facturefourniture','cf_factureannuelle_id','facturefournitureid','14190,14196,14200,14203,14206,14209,14212,14213,14218,14220,14222,14226'),(14193,'update','vtiger_facturefourniture','cf_factureannuelle_id','facturefournitureid','14194,14197,14198,14201,14204,14207,14210,14215,14216,14221,14224,14227'),(14191,'update','vtiger_facturefourniture','cf_factureannuelle_id','facturefournitureid','14192,14195,14199,14202,14205,14208,14211,14214,14217,14219,14223,14225'),(12413,'update','vtiger_factureacheminement','cf_factureannuelle_id','factureacheminementid','12414,12415,12416,12417,12418,12419,12420,12421,12422,12423,12424,12425'),(12413,'update','vtiger_facturefourniachemi','cf_factureannuelle_id','facturefourniachemiid','13992,13993'),(12411,'update','vtiger_facturefourniture','cf_factureannuelle_id','facturefournitureid','12399,12400,12401,12402,12403,12404,12405,12406,12407,12408,12409,12410'),(12271,'update','vtiger_facturefourniture','cf_factureannuelle_id','facturefournitureid','12272,12273,12274,12275,12276,12277,12278,12279,12280,12281,12282'),(12271,'update','vtiger_factureacheminement','cf_factureannuelle_id','factureacheminementid','12396'),(12283,'update','vtiger_facturefourniture','cf_factureannuelle_id','facturefournitureid','12284'),(12262,'update','vtiger_facturefourniture','cf_factureannuelle_id','facturefournitureid','12263'),(12264,'update','vtiger_facturefourniture','cf_factureannuelle_id','facturefournitureid','12265,12266,12267,12268,12269,12270'),(12160,'update','vtiger_facturefourniture','cf_factureannuelle_id','facturefournitureid','12161,12162,12163,12164,12165,12166,12167,12168,12169,12170'),(12158,'update','vtiger_facturefourniture','cf_factureannuelle_id','facturefournitureid','12159'),(14403,'update','vtiger_facturefourniture','cf_factureannuelle_id','facturefournitureid','14405'),(14394,'update','vtiger_facturefourniture','cf_factureannuelle_id','facturefournitureid','14396'),(14397,'update','vtiger_facturefourniture','cf_factureannuelle_id','facturefournitureid','14399,14400,14401,14402,14406,14407,14408,14409,14410,14411'),(14397,'update','vtiger_factureacheminement','cf_factureannuelle_id','factureacheminementid','14438,14439,14440,14441,14442,14443,14444,14445,14446,14447,14448,14449'),(14450,'update','vtiger_facturefourniachemi','cf_factureannuelle_id','facturefourniachemiid','14452,14453,14454,14455,14456,14457,14458,14459,14460,14461,14462,14463'),(14451,'update','vtiger_crmentity','deleted','crmid',''),(14451,'update','vtiger_crmentity','deleted','crmid',''),(14451,'update','vtiger_factureannuelle','cf_accounts_id','factureannuelleid','14450'),(14451,'update','vtiger_facturefourniachemi','cf_accounts_id','facturefourniachemiid','14452,14453,14454,14455,14456,14457,14458,14459,14460,14461,14462,14463'),(14437,'update','vtiger_crmentity','deleted','crmid',''),(14437,'update','vtiger_crmentity','deleted','crmid',''),(14437,'update','vtiger_factureannuelle','cf_accounts_id','factureannuelleid','14397,14436'),(14437,'update','vtiger_factureacheminement','cf_accounts_id','factureacheminementid','14438,14439,14440,14441,14442,14443,14444,14445,14446,14447,14448,14449'),(14398,'update','vtiger_crmentity','deleted','crmid',''),(14398,'update','vtiger_crmentity','deleted','crmid',''),(14398,'update','vtiger_facturefourniture','cf_accounts_id','facturefournitureid','14399,14400,14401,14402,14406,14407,14408,14409,14410,14411'),(14404,'update','vtiger_crmentity','deleted','crmid',''),(14404,'update','vtiger_crmentity','deleted','crmid',''),(14404,'update','vtiger_facturefourniture','cf_accounts_id','facturefournitureid','14405'),(14395,'update','vtiger_crmentity','deleted','crmid',''),(14395,'update','vtiger_crmentity','deleted','crmid',''),(14395,'update','vtiger_factureannuelle','cf_accounts_id','factureannuelleid','14394'),(14395,'update','vtiger_facturefourniture','cf_accounts_id','facturefournitureid','14396'),(14620,'update','vtiger_crmentity','deleted','crmid',''),(14620,'update','vtiger_crmentity','deleted','crmid',''),(14650,'update','vtiger_crmentity','deleted','crmid',''),(14650,'update','vtiger_crmentity','deleted','crmid',''),(14650,'update','vtiger_factureannuelle','cf_accounts_id','factureannuelleid','14649'),(14650,'update','vtiger_facturefourniachemi','cf_accounts_id','facturefourniachemiid','14651,14652,14653,14654,14655,14656,14657,14658,14659,14660,14661,14662'),(14634,'update','vtiger_crmentity','deleted','crmid',''),(14634,'update','vtiger_crmentity','deleted','crmid',''),(14634,'update','vtiger_factureannuelle','cf_accounts_id','factureannuelleid','14633,14635,14637'),(14634,'update','vtiger_facturefourniture','cf_accounts_id','facturefournitureid','14621,14622,14623,14624,14625,14626,14627,14628,14629,14630,14631,14632'),(14634,'update','vtiger_factureacheminement','cf_accounts_id','factureacheminementid','14636,14638,14639,14640,14641,14642,14643,14644,14645,14646,14647,14648'),(14635,'update','vtiger_facturefourniture','cf_factureannuelle_id','facturefournitureid','14621,14622,14623,14624,14625,14626,14627,14628,14629,14630,14631,14632'),(14635,'update','vtiger_factureacheminement','cf_factureannuelle_id','factureacheminementid','14636,14638,14639,14640,14641,14642,14643,14644,14645,14646,14647,14648'),(14687,'update','vtiger_facturefourniture','cf_factureannuelle_id','facturefournitureid','14688,14689,14690,14691,14692,14693,14694,14695,14696,14697,14698'),(14649,'update','vtiger_facturefourniachemi','cf_factureannuelle_id','facturefourniachemiid','14651,14652,14653,14654,14655,14656,14657,14658,14659,14660,14661,14662'),(14781,'update','vtiger_crmentity','deleted','crmid',''),(14781,'update','vtiger_crmentity','deleted','crmid',''),(14781,'update','vtiger_factureannuelle','cf_accounts_id','factureannuelleid','14780'),(14781,'update','vtiger_facturefourniture','cf_accounts_id','facturefournitureid','14782,14783,14784,14785,14786,14787,14788,14789,14790,14791,14792,14793'),(14780,'update','vtiger_facturefourniture','cf_factureannuelle_id','facturefournitureid','14782,14783,14784,14785,14786,14787,14788,14789,14790,14791,14792,14793'),(15393,'update','vtiger_facturefourniture','cf_factureannuelle_id','facturefournitureid','15395,15396,15397,15398,15399,15400,15401,15402,15403,15404,15405'),(15406,'update','vtiger_factureacheminement','cf_factureannuelle_id','factureacheminementid','15408,15409,15410,15411,15412,15413,15414,15415,15416,15417,15418,15419'),(15420,'update','vtiger_facturefourniachemi','cf_factureannuelle_id','facturefourniachemiid','15421,15422,15423,15424,15425,15426,15427,15428,15429,15430,15431,15432'),(15394,'update','vtiger_crmentity','deleted','crmid',''),(15394,'update','vtiger_crmentity','deleted','crmid',''),(15394,'update','vtiger_factureannuelle','cf_accounts_id','factureannuelleid','15393'),(15394,'update','vtiger_facturefourniture','cf_accounts_id','facturefournitureid','15395,15396,15397,15398,15399,15400,15401,15402,15403,15404,15405'),(15407,'update','vtiger_crmentity','deleted','crmid',''),(15407,'update','vtiger_crmentity','deleted','crmid',''),(15407,'update','vtiger_factureannuelle','cf_accounts_id','factureannuelleid','15406'),(15407,'update','vtiger_factureacheminement','cf_accounts_id','factureacheminementid','15408,15409,15410,15411,15412,15413,15414,15415,15416,15417,15418,15419'),(15435,'update','vtiger_crmentity','deleted','crmid',''),(15435,'update','vtiger_crmentity','deleted','crmid',''),(15435,'update','vtiger_facturefournituregaz','cf_accounts_id','facturefournituregazid','15436,15437,15439,15440,15441,15442,15443,15444,15445,15446,15447,15448'),(15435,'update','vtiger_factureannuellegaz','cf_accounts_id','factureannuellegazid','15438'),(15438,'update','vtiger_facturefournituregaz','cf_factureannuellegaz_id','facturefournituregazid','15439,15440,15441,15442,15443,15444,15445,15446,15454,15455,15456,15457,15458,15459,15460,15461'),(15434,'update','vtiger_facturefournituregaz','cf_factureannuellegaz_id','facturefournituregazid','15436,15437,15447,15448,15452,15453,15462,15463'),(15451,'update','vtiger_crmentity','deleted','crmid',''),(15451,'update','vtiger_crmentity','deleted','crmid',''),(15451,'update','vtiger_facturefournituregaz','cf_accounts_id','facturefournituregazid','15452,15453,15454,15455,15456,15457,15458,15459,15460,15461,15462,15463'),(15451,'update','vtiger_factureannuellegaz','cf_accounts_id','factureannuellegazid','15438'),(15510,'update','vtiger_facturefourniture','cf_factureannuelle_id','facturefournitureid','15512,15513,15514,15515,15516,15517,15518,15519,15520,15521,15522'),(15466,'update','vtiger_facturefournituregaz','cf_factureannuellegaz_id','facturefournituregazid','15468,15469,15479,15480'),(18986,'update','vtiger_crmentity','deleted','crmid',''),(18986,'update','vtiger_crmentity','deleted','crmid',''),(18987,'update','vtiger_crmentity','deleted','crmid',''),(18987,'update','vtiger_crmentity','deleted','crmid',''),(16833,'update','vtiger_elecfourniture','cf_factureannuelle_id','elecfournitureid','18203,18204,18205,18206,18207,18208,18209,18210,18211,18212,18213,18214'),(16832,'update','vtiger_crmentity','deleted','crmid',''),(16832,'update','vtiger_crmentity','deleted','crmid',''),(16832,'update','vtiger_factureannuelle','cf_accounts_id','factureannuelleid','16628'),(16858,'update','vtiger_crmentity','deleted','crmid',''),(16858,'update','vtiger_crmentity','deleted','crmid',''),(16858,'update','vtiger_factureannuellegaz','cf_accounts_id','factureannuellegazid','16912,16914'),(18988,'update','vtiger_crmentity','deleted','crmid',''),(18988,'update','vtiger_crmentity','deleted','crmid',''),(18988,'update','vtiger_elecfourniture','cf_accounts_id','elecfournitureid','18989'),(16830,'update','vtiger_crmentity','deleted','crmid',''),(16830,'update','vtiger_crmentity','deleted','crmid',''),(16830,'update','vtiger_factureannuelle','cf_accounts_id','factureannuelleid','16596'),(16829,'update','vtiger_crmentity','deleted','crmid',''),(16829,'update','vtiger_crmentity','deleted','crmid',''),(16829,'update','vtiger_factureannuelle','cf_accounts_id','factureannuelleid','16582'),(16831,'update','vtiger_crmentity','deleted','crmid',''),(16831,'update','vtiger_crmentity','deleted','crmid',''),(16831,'update','vtiger_factureannuelle','cf_accounts_id','factureannuelleid','16616'),(16826,'update','vtiger_crmentity','deleted','crmid',''),(16826,'update','vtiger_crmentity','deleted','crmid',''),(16826,'update','vtiger_factureannuelle','cf_accounts_id','factureannuelleid','16519,16521,16525,16527,16542'),(16828,'update','vtiger_crmentity','deleted','crmid',''),(16828,'update','vtiger_crmentity','deleted','crmid',''),(16828,'update','vtiger_factureannuelle','cf_accounts_id','factureannuelleid','16563,16576'),(16827,'update','vtiger_crmentity','deleted','crmid',''),(16827,'update','vtiger_crmentity','deleted','crmid',''),(16827,'update','vtiger_factureannuelle','cf_accounts_id','factureannuelleid','16550,16553'),(16824,'update','vtiger_crmentity','deleted','crmid',''),(16824,'update','vtiger_crmentity','deleted','crmid',''),(16824,'update','vtiger_factureannuelle','cf_accounts_id','factureannuelleid','16492'),(16823,'update','vtiger_crmentity','deleted','crmid',''),(16823,'update','vtiger_crmentity','deleted','crmid',''),(16823,'update','vtiger_factureannuelle','cf_accounts_id','factureannuelleid','16463,16469'),(16825,'update','vtiger_crmentity','deleted','crmid',''),(16825,'update','vtiger_crmentity','deleted','crmid',''),(16825,'update','vtiger_factureannuelle','cf_accounts_id','factureannuelleid','16495,16504'),(26540,'update','vtiger_gazfourniture','cf_factureannuellegaz_id','gazfournitureid','26541,26542,26543,26544,26545,26546,26547,26548,26549,26550,26551,26552'),(26534,'update','vtiger_gazfourniture','cf_factureannuellegaz_id','gazfournitureid','26535,26536,26537,26538,26539'),(27825,'update','vtiger_crmentity','deleted','crmid',''),(27825,'update','vtiger_crmentity','deleted','crmid',''),(27826,'update','vtiger_gazfourniture','cf_factureannuellegaz_id','gazfournitureid','27303,27304,27306,27307,27308,27310,27312,27314,27316'),(27827,'update','vtiger_gazfourniture','cf_factureannuellegaz_id','gazfournitureid','27305'),(27828,'update','vtiger_gazfourniture','cf_factureannuellegaz_id','gazfournitureid','27318,27320,27322,27324,27326,27328,27330,27332,27334,27335,27336,27339'),(27829,'update','vtiger_gazfourniture','cf_factureannuellegaz_id','gazfournitureid','27341,27346,27349,27354,27358,27359,27360'),(27831,'update','vtiger_gazfourniture','cf_factureannuellegaz_id','gazfournitureid','27343,27352,27356,27363,27364'),(15239,'update','vtiger_crmentity','deleted','crmid',''),(15239,'update','vtiger_crmentity','deleted','crmid',''),(15556,'update','vtiger_crmentity','deleted','crmid',''),(15556,'update','vtiger_crmentity','deleted','crmid',''),(30102,'update','vtiger_gazfourniture','cf_factureannuellegaz_id','gazfournitureid','26674,26676'),(30101,'update','vtiger_gazfourniture','cf_factureannuellegaz_id','gazfournitureid','26673,26675,26677'),(32709,'update','vtiger_elecacheminement','cf_factureannuelle_id','elecacheminementid','29925'),(32815,'update','vtiger_elecacheminement','cf_factureannuelle_id','elecacheminementid','31524'),(32817,'update','vtiger_elecacheminement','cf_factureannuelle_id','elecacheminementid','31525'),(32811,'update','vtiger_elecacheminement','cf_factureannuelle_id','elecacheminementid','31522'),(32813,'update','vtiger_elecacheminement','cf_factureannuelle_id','elecacheminementid','31523'),(32809,'update','vtiger_elecacheminement','cf_factureannuelle_id','elecacheminementid','31521'),(32799,'update','vtiger_elecacheminement','cf_factureannuelle_id','elecacheminementid','31516'),(32801,'update','vtiger_elecacheminement','cf_factureannuelle_id','elecacheminementid','31517'),(32803,'update','vtiger_elecacheminement','cf_factureannuelle_id','elecacheminementid','31518'),(32805,'update','vtiger_elecacheminement','cf_factureannuelle_id','elecacheminementid','31519'),(32807,'update','vtiger_elecacheminement','cf_factureannuelle_id','elecacheminementid','31520'),(32795,'update','vtiger_elecacheminement','cf_factureannuelle_id','elecacheminementid','31514'),(32797,'update','vtiger_elecacheminement','cf_factureannuelle_id','elecacheminementid','31515'),(32798,'update','vtiger_crmentity','deleted','crmid',''),(32798,'update','vtiger_crmentity','deleted','crmid',''),(32798,'update','vtiger_elecacheminement','cf_accounts_id','elecacheminementid','31515'),(32796,'update','vtiger_crmentity','deleted','crmid',''),(32796,'update','vtiger_crmentity','deleted','crmid',''),(32796,'update','vtiger_elecacheminement','cf_accounts_id','elecacheminementid','31514'),(32800,'update','vtiger_crmentity','deleted','crmid',''),(32800,'update','vtiger_crmentity','deleted','crmid',''),(32800,'update','vtiger_elecacheminement','cf_accounts_id','elecacheminementid','31516'),(32802,'update','vtiger_crmentity','deleted','crmid',''),(32802,'update','vtiger_crmentity','deleted','crmid',''),(32802,'update','vtiger_elecacheminement','cf_accounts_id','elecacheminementid','31517'),(32804,'update','vtiger_crmentity','deleted','crmid',''),(32804,'update','vtiger_crmentity','deleted','crmid',''),(32804,'update','vtiger_elecacheminement','cf_accounts_id','elecacheminementid','31518'),(32806,'update','vtiger_crmentity','deleted','crmid',''),(32806,'update','vtiger_crmentity','deleted','crmid',''),(32806,'update','vtiger_elecacheminement','cf_accounts_id','elecacheminementid','31519'),(32808,'update','vtiger_crmentity','deleted','crmid',''),(32808,'update','vtiger_crmentity','deleted','crmid',''),(32808,'update','vtiger_elecacheminement','cf_accounts_id','elecacheminementid','31520'),(32810,'update','vtiger_crmentity','deleted','crmid',''),(32810,'update','vtiger_crmentity','deleted','crmid',''),(32810,'update','vtiger_elecacheminement','cf_accounts_id','elecacheminementid','31521'),(32812,'update','vtiger_crmentity','deleted','crmid',''),(32812,'update','vtiger_crmentity','deleted','crmid',''),(32812,'update','vtiger_elecacheminement','cf_accounts_id','elecacheminementid','31522'),(32814,'update','vtiger_crmentity','deleted','crmid',''),(32814,'update','vtiger_crmentity','deleted','crmid',''),(32814,'update','vtiger_elecacheminement','cf_accounts_id','elecacheminementid','31523'),(32816,'update','vtiger_crmentity','deleted','crmid',''),(32816,'update','vtiger_crmentity','deleted','crmid',''),(32816,'update','vtiger_elecacheminement','cf_accounts_id','elecacheminementid','31524'),(27846,'update','vtiger_crmentity','deleted','crmid',''),(27846,'update','vtiger_crmentity','deleted','crmid',''),(28502,'update','vtiger_crmentity','deleted','crmid',''),(28502,'update','vtiger_crmentity','deleted','crmid',''),(32708,'update','vtiger_crmentity','deleted','crmid',''),(32708,'update','vtiger_crmentity','deleted','crmid',''),(32707,'update','vtiger_crmentity','deleted','crmid',''),(32707,'update','vtiger_crmentity','deleted','crmid',''),(32706,'update','vtiger_crmentity','deleted','crmid',''),(32706,'update','vtiger_crmentity','deleted','crmid',''),(32705,'update','vtiger_crmentity','deleted','crmid',''),(32705,'update','vtiger_crmentity','deleted','crmid',''),(32704,'update','vtiger_crmentity','deleted','crmid',''),(32704,'update','vtiger_crmentity','deleted','crmid',''),(32703,'update','vtiger_crmentity','deleted','crmid',''),(32703,'update','vtiger_crmentity','deleted','crmid',''),(32702,'update','vtiger_crmentity','deleted','crmid',''),(32702,'update','vtiger_crmentity','deleted','crmid',''),(32701,'update','vtiger_crmentity','deleted','crmid',''),(32701,'update','vtiger_crmentity','deleted','crmid',''),(32700,'update','vtiger_crmentity','deleted','crmid',''),(32700,'update','vtiger_crmentity','deleted','crmid',''),(32699,'update','vtiger_crmentity','deleted','crmid',''),(32699,'update','vtiger_crmentity','deleted','crmid',''),(32697,'update','vtiger_crmentity','deleted','crmid',''),(32697,'update','vtiger_crmentity','deleted','crmid',''),(32697,'update','vtiger_elecacheminement','cf_accounts_id','elecacheminementid','31525'),(32690,'update','vtiger_crmentity','deleted','crmid',''),(32690,'update','vtiger_crmentity','deleted','crmid',''),(32698,'update','vtiger_crmentity','deleted','crmid',''),(32698,'update','vtiger_crmentity','deleted','crmid',''),(33192,'update','vtiger_elecfourniture','cf_factureannuelle_id','elecfournitureid','33068'),(33194,'update','vtiger_crmentity','deleted','crmid',''),(33194,'update','vtiger_crmentity','deleted','crmid',''),(33740,'update','vtiger_crmentity','deleted','crmid',''),(33740,'update','vtiger_crmentity','deleted','crmid',''),(33741,'update','vtiger_crmentity','deleted','crmid',''),(33741,'update','vtiger_crmentity','deleted','crmid',''),(33742,'update','vtiger_crmentity','deleted','crmid',''),(33742,'update','vtiger_crmentity','deleted','crmid',''),(33743,'update','vtiger_crmentity','deleted','crmid',''),(33743,'update','vtiger_crmentity','deleted','crmid',''),(33744,'update','vtiger_crmentity','deleted','crmid',''),(33744,'update','vtiger_crmentity','deleted','crmid',''),(33745,'update','vtiger_crmentity','deleted','crmid',''),(33745,'update','vtiger_crmentity','deleted','crmid',''),(33746,'update','vtiger_crmentity','deleted','crmid',''),(33746,'update','vtiger_crmentity','deleted','crmid',''),(33747,'update','vtiger_crmentity','deleted','crmid',''),(33747,'update','vtiger_crmentity','deleted','crmid',''),(33748,'update','vtiger_crmentity','deleted','crmid',''),(33748,'update','vtiger_crmentity','deleted','crmid',''),(33749,'update','vtiger_crmentity','deleted','crmid',''),(33749,'update','vtiger_crmentity','deleted','crmid',''),(33750,'update','vtiger_crmentity','deleted','crmid',''),(33750,'update','vtiger_crmentity','deleted','crmid',''),(33751,'update','vtiger_crmentity','deleted','crmid',''),(33751,'update','vtiger_crmentity','deleted','crmid',''),(33794,'update','vtiger_crmentity','deleted','crmid',''),(33794,'update','vtiger_crmentity','deleted','crmid',''),(33801,'update','vtiger_crmentity','deleted','crmid',''),(33801,'update','vtiger_crmentity','deleted','crmid',''),(33828,'update','vtiger_crmentity','deleted','crmid',''),(33828,'update','vtiger_crmentity','deleted','crmid',''),(34425,'update','vtiger_crmentity','deleted','crmid',''),(34425,'update','vtiger_crmentity','deleted','crmid',''),(34410,'update','vtiger_crmentity','deleted','crmid',''),(34410,'update','vtiger_crmentity','deleted','crmid',''),(34423,'update','vtiger_crmentity','deleted','crmid',''),(34423,'update','vtiger_crmentity','deleted','crmid',''),(34323,'update','vtiger_elecfourniachemi','cf_factureannuelle_id','elecfourniachemiid','34325,34326,34327,34328,34329,34330,34331,34332,34333,34334,34335,34336'),(34309,'update','vtiger_elecfourniachemi','cf_factureannuelle_id','elecfourniachemiid','34311,34312,34313,34314,34315,34316,34317,34318,34319,34320,34321,34322'),(34295,'update','vtiger_elecfourniachemi','cf_factureannuelle_id','elecfourniachemiid','34297,34298,34299,34300,34301,34302,34303,34304,34305,34306,34307,34308'),(34351,'update','vtiger_elecfourniachemi','cf_factureannuelle_id','elecfourniachemiid','34352,34353,34354,34355,34356,34357,34358,34359,34360,34361,34362,34363'),(34364,'update','vtiger_elecfourniachemi','cf_factureannuelle_id','elecfourniachemiid','34365,34366,34367,34368,34369,34370,34371,34372,34373,34374,34375,34376'),(34337,'update','vtiger_elecfourniachemi','cf_factureannuelle_id','elecfourniachemiid','34339,34340,34341,34342,34343,34344,34345,34346,34347,34348,34349,34350'),(34338,'update','vtiger_crmentity','deleted','crmid',''),(34338,'update','vtiger_crmentity','deleted','crmid',''),(34338,'update','vtiger_elecfourniachemi','cf_accounts_id','elecfourniachemiid','34339,34340,34341,34342,34343,34344,34345,34346,34347,34348,34349,34350,34352,34353,34354,34355,34356,34357,34358,34359,34360,34361,34362,34363,34365,34366,34367,34368,34369,34370,34371,34372,34373,34374,34375,34376'),(34412,'update','vtiger_crmentity','deleted','crmid',''),(34412,'update','vtiger_crmentity','deleted','crmid',''),(34811,'update','vtiger_crmentity','deleted','crmid',''),(34811,'update','vtiger_crmentity','deleted','crmid',''),(34813,'update','vtiger_crmentity','deleted','crmid',''),(34813,'update','vtiger_crmentity','deleted','crmid',''),(34815,'update','vtiger_crmentity','deleted','crmid',''),(34815,'update','vtiger_crmentity','deleted','crmid',''),(34816,'update','vtiger_crmentity','deleted','crmid',''),(34816,'update','vtiger_crmentity','deleted','crmid',''),(34817,'update','vtiger_crmentity','deleted','crmid',''),(34817,'update','vtiger_crmentity','deleted','crmid',''),(34818,'update','vtiger_crmentity','deleted','crmid',''),(34818,'update','vtiger_crmentity','deleted','crmid',''),(34819,'update','vtiger_crmentity','deleted','crmid',''),(34819,'update','vtiger_crmentity','deleted','crmid',''),(34820,'update','vtiger_crmentity','deleted','crmid',''),(34820,'update','vtiger_crmentity','deleted','crmid',''),(34821,'update','vtiger_crmentity','deleted','crmid',''),(34821,'update','vtiger_crmentity','deleted','crmid',''),(34822,'update','vtiger_crmentity','deleted','crmid',''),(34822,'update','vtiger_crmentity','deleted','crmid',''),(34814,'update','vtiger_crmentity','deleted','crmid',''),(34814,'update','vtiger_crmentity','deleted','crmid',''),(32710,'update','vtiger_elecacheminement','cf_factureannuelle_id','elecacheminementid','29948'),(31146,'update','vtiger_elecfourniachemi','cf_factureannuelle_id','elecfourniachemiid','22324'),(32711,'update','vtiger_elecacheminement','cf_factureannuelle_id','elecacheminementid','29968'),(36876,'update','vtiger_crmentity','deleted','crmid',''),(36876,'update','vtiger_crmentity','deleted','crmid',''),(37187,'update','vtiger_crmentity','deleted','crmid',''),(37187,'update','vtiger_crmentity','deleted','crmid',''),(37189,'update','vtiger_crmentity','deleted','crmid',''),(37189,'update','vtiger_crmentity','deleted','crmid',''),(37191,'update','vtiger_crmentity','deleted','crmid',''),(37191,'update','vtiger_crmentity','deleted','crmid',''),(37193,'update','vtiger_crmentity','deleted','crmid',''),(37193,'update','vtiger_crmentity','deleted','crmid',''),(37186,'update','vtiger_crmentity','deleted','crmid',''),(37186,'update','vtiger_crmentity','deleted','crmid',''),(37195,'update','vtiger_crmentity','deleted','crmid',''),(37195,'update','vtiger_crmentity','deleted','crmid',''),(37188,'update','vtiger_crmentity','deleted','crmid',''),(37188,'update','vtiger_crmentity','deleted','crmid',''),(37190,'update','vtiger_crmentity','deleted','crmid',''),(37190,'update','vtiger_crmentity','deleted','crmid',''),(37192,'update','vtiger_crmentity','deleted','crmid',''),(37192,'update','vtiger_crmentity','deleted','crmid',''),(37185,'update','vtiger_crmentity','deleted','crmid',''),(37185,'update','vtiger_crmentity','deleted','crmid',''),(37194,'update','vtiger_crmentity','deleted','crmid',''),(37194,'update','vtiger_crmentity','deleted','crmid',''),(37184,'update','vtiger_crmentity','deleted','crmid',''),(37184,'update','vtiger_crmentity','deleted','crmid',''),(37184,'update','vtiger_factureannuelle','cf_accounts_id','factureannuelleid','37183'),(38637,'update','vtiger_crmentity','deleted','crmid',''),(38637,'update','vtiger_crmentity','deleted','crmid',''),(38636,'update','vtiger_crmentity','deleted','crmid',''),(38636,'update','vtiger_crmentity','deleted','crmid',''),(38638,'update','vtiger_crmentity','deleted','crmid',''),(38638,'update','vtiger_crmentity','deleted','crmid',''),(38635,'update','vtiger_crmentity','deleted','crmid',''),(38635,'update','vtiger_crmentity','deleted','crmid',''),(38630,'update','vtiger_crmentity','deleted','crmid',''),(38630,'update','vtiger_crmentity','deleted','crmid',''),(38632,'update','vtiger_crmentity','deleted','crmid',''),(38632,'update','vtiger_crmentity','deleted','crmid',''),(38634,'update','vtiger_crmentity','deleted','crmid',''),(38634,'update','vtiger_crmentity','deleted','crmid',''),(38629,'update','vtiger_crmentity','deleted','crmid',''),(38629,'update','vtiger_crmentity','deleted','crmid',''),(38631,'update','vtiger_crmentity','deleted','crmid',''),(38631,'update','vtiger_crmentity','deleted','crmid',''),(38633,'update','vtiger_crmentity','deleted','crmid',''),(38633,'update','vtiger_crmentity','deleted','crmid',''),(38024,'update','vtiger_crmentity','deleted','crmid',''),(38024,'update','vtiger_crmentity','deleted','crmid',''),(38803,'update','vtiger_elecacheminement','cf_factureannuelle_id','elecacheminementid','38556'),(38582,'update','vtiger_elecfourniture','cf_factureannuelle_id','elecfournitureid','38372,38373,38374,38375,38376,38377,38378,38379,38380,38381,38382,38383'),(38582,'update','vtiger_elecacheminement','cf_factureannuelle_id','elecacheminementid','38544,38545,38546,38548,38549,38551,38552,38553,38554,38555'),(38585,'update','vtiger_elecacheminement','cf_factureannuelle_id','elecacheminementid','38557'),(38584,'update','vtiger_crmentity','deleted','crmid',''),(38584,'update','vtiger_crmentity','deleted','crmid',''),(38584,'update','vtiger_factureannuelle','cf_accounts_id','factureannuelleid','38583'),(38586,'update','vtiger_crmentity','deleted','crmid',''),(38586,'update','vtiger_crmentity','deleted','crmid',''),(38798,'update','vtiger_elecfourniture','cf_factureannuelle_id','elecfournitureid','38689,38690,38691,38692,38693,38694,38695,38696,38697,38698,38699,38700');

--
-- Table structure for table `vtiger_relatedlists_seq`
--

CREATE TABLE `vtiger_relatedlists_seq` (
  `id` int(11) NOT NULL
) ENGINE=InnoDB DEFAULT CHARSET=utf8;

--
-- Dumping data for table `vtiger_relatedlists_seq`
--

INSERT INTO `vtiger_relatedlists_seq` VALUES (266);

--
-- Table structure for table `vtiger_relcriteria`
--

CREATE TABLE `vtiger_relcriteria` (
  `queryid` int(19) NOT NULL,
  `columnindex` int(11) NOT NULL,
  `columnname` varchar(250) DEFAULT '',
  `comparator` varchar(20) DEFAULT NULL,
  `value` varchar(512) DEFAULT NULL,
  `groupid` int(11) DEFAULT '1',
  `column_condition` varchar(256) DEFAULT 'and',
  PRIMARY KEY (`queryid`,`columnindex`),
  KEY `relcriteria_queryid_idx` (`queryid`),
  CONSTRAINT `fk_1_vtiger_relcriteria` FOREIGN KEY (`queryid`) REFERENCES `vtiger_selectquery` (`queryid`) ON DELETE CASCADE
) ENGINE=InnoDB DEFAULT CHARSET=utf8;

--
-- Dumping data for table `vtiger_relcriteria`
--

INSERT INTO `vtiger_relcriteria` VALUES (1,0,'vtiger_contactdetails:accountid:Contacts_Account_Name:account_id:V','n','',1,'and'),(2,0,'vtiger_contactdetails:accountid:Contacts_Account_Name:account_id:V','e','',1,'and'),(3,0,'vtiger_potential:potentialname:Potentials_Potential_Name:potentialname:V','n','',1,'and'),(7,0,'vtiger_potential:sales_stage:Potentials_Sales_Stage:sales_stage:V','e','Closed Won',1,'and'),(12,0,'vtiger_troubletickets:status:HelpDesk_Status:ticketstatus:V','n','Closed',1,'and'),(15,0,'vtiger_quotes:quotestage:Quotes_Quote_Stage:quotestage:V','n','Accepted',1,'and'),(15,1,'vtiger_quotes:quotestage:Quotes_Quote_Stage:quotestage:V','n','Rejected',1,'and'),(22,0,'vtiger_email_track:access_count:Emails_Access_Count:access_count:I','ny','',1,'and'),(23,0,'vtiger_email_track:access_count:Emails_Access_Count:access_count:I','ny','',1,'and'),(24,0,'vtiger_email_track:access_count:Emails_Access_Count:access_count:I','ny','',1,'and'),(25,0,'vtiger_email_track:access_count:Emails_Access_Count:access_count:I','ny','',1,'and');

--
-- Table structure for table `vtiger_relcriteria_grouping`
--

CREATE TABLE `vtiger_relcriteria_grouping` (
  `groupid` int(11) NOT NULL,
  `queryid` int(19) NOT NULL,
  `group_condition` varchar(256) DEFAULT NULL,
  `condition_expression` text,
  PRIMARY KEY (`groupid`,`queryid`)
) ENGINE=InnoDB DEFAULT CHARSET=utf8;

--
-- Dumping data for table `vtiger_relcriteria_grouping`
--

INSERT INTO `vtiger_relcriteria_grouping` VALUES (1,1,'','0'),(1,2,'','0'),(1,3,'','0'),(1,7,'','0'),(1,12,'','0'),(1,15,'','0 and 1'),(1,22,'','0'),(1,23,'','0'),(1,24,'','0'),(1,25,'','0');

--
-- Table structure for table `vtiger_reminder_interval`
--

CREATE TABLE `vtiger_reminder_interval` (
  `reminder_intervalid` int(19) NOT NULL AUTO_INCREMENT,
  `reminder_interval` varchar(200) NOT NULL,
  `sortorderid` int(19) NOT NULL,
  `presence` int(1) NOT NULL,
  PRIMARY KEY (`reminder_intervalid`)
) ENGINE=InnoDB AUTO_INCREMENT=9 DEFAULT CHARSET=utf8;

--
-- Dumping data for table `vtiger_reminder_interval`
--

INSERT INTO `vtiger_reminder_interval` VALUES (2,'1 Minute',1,1),(3,'5 Minutes',2,1),(4,'15 Minutes',3,1),(5,'30 Minutes',4,1),(6,'45 Minutes',5,1),(7,'1 Hour',6,1),(8,'1 Day',7,1);

--
-- Table structure for table `vtiger_reminder_interval_seq`
--

CREATE TABLE `vtiger_reminder_interval_seq` (
  `id` int(11) NOT NULL
) ENGINE=InnoDB DEFAULT CHARSET=utf8;

--
-- Dumping data for table `vtiger_reminder_interval_seq`
--

INSERT INTO `vtiger_reminder_interval_seq` VALUES (8);

--
-- Table structure for table `vtiger_report`
--

CREATE TABLE `vtiger_report` (
  `reportid` int(19) NOT NULL,
  `folderid` int(19) NOT NULL,
  `reportname` varchar(100) DEFAULT '',
  `description` varchar(250) DEFAULT '',
  `reporttype` varchar(50) DEFAULT '',
  `queryid` int(19) NOT NULL DEFAULT '0',
  `state` varchar(50) DEFAULT 'SAVED',
  `customizable` int(1) DEFAULT '1',
  `category` int(11) DEFAULT '1',
  `owner` int(11) DEFAULT '1',
  `sharingtype` varchar(200) DEFAULT 'Private',
  PRIMARY KEY (`reportid`),
  KEY `report_queryid_idx` (`queryid`),
  KEY `report_folderid_idx` (`folderid`),
  CONSTRAINT `fk_2_vtiger_report` FOREIGN KEY (`queryid`) REFERENCES `vtiger_selectquery` (`queryid`) ON DELETE CASCADE
) ENGINE=InnoDB DEFAULT CHARSET=utf8;

--
-- Dumping data for table `vtiger_report`
--

INSERT INTO `vtiger_report` VALUES (1,1,'Contacts by Accounts','Contacts related to Accounts','tabular',1,'CUSTOM',1,1,1,'Public'),(2,1,'Contacts without Accounts','Contacts not related to Accounts','tabular',2,'CUSTOM',1,1,1,'Public'),(3,1,'Contacts by Potentials','Contacts related to Potentials','tabular',3,'CUSTOM',1,1,1,'Public'),(4,2,'Lead by Source','Lead by Source','summary',4,'CUSTOM',1,1,1,'Public'),(5,2,'Lead Status Report','Lead Status Report','summary',5,'CUSTOM',1,1,1,'Public'),(6,3,'Potential Pipeline','Potential Pipeline','summary',6,'CUSTOM',1,1,1,'Public'),(7,3,'Closed Potentials','Potential that have Won','tabular',7,'CUSTOM',1,1,1,'Public'),(8,4,'Last Month Activities','Last Month Activities','tabular',8,'CUSTOM',1,1,1,'Public'),(9,4,'This Month Activities','This Month Activities','tabular',9,'CUSTOM',1,1,1,'Public'),(10,5,'Tickets by Products','Tickets related to Products','tabular',10,'CUSTOM',1,1,1,'Public'),(11,5,'Tickets by Priority','Tickets by Priority','summary',11,'CUSTOM',1,1,1,'Public'),(12,5,'Open Tickets','Tickets that are Open','tabular',12,'CUSTOM',1,1,1,'Public'),(13,6,'Product Details','Product Detailed Report','tabular',13,'CUSTOM',1,1,1,'Public'),(14,6,'Products by Contacts','Products related to Contacts','tabular',14,'CUSTOM',1,1,1,'Public'),(15,7,'Open Quotes','Quotes that are Open','tabular',15,'CUSTOM',1,1,1,'Public'),(16,7,'Quotes Detailed Report','Quotes Detailed Report','tabular',16,'CUSTOM',1,1,1,'Public'),(17,8,'PurchaseOrder by Contacts','PurchaseOrder related to Contacts','tabular',17,'CUSTOM',1,1,1,'Public'),(18,8,'PurchaseOrder Detailed Report','PurchaseOrder Detailed Report','tabular',18,'CUSTOM',1,1,1,'Public'),(19,9,'Invoice Detailed Report','Invoice Detailed Report','tabular',19,'CUSTOM',1,1,1,'Public'),(20,10,'SalesOrder Detailed Report','SalesOrder Detailed Report','tabular',20,'CUSTOM',1,1,1,'Public'),(21,11,'Campaign Expectations and Actuals','Campaign Expectations and Actuals','tabular',21,'CUSTOM',1,1,1,'Public'),(22,12,'Contacts Email Report','Emails sent to Contacts','tabular',22,'CUSTOM',1,1,1,'Public'),(23,12,'Accounts Email Report','Emails sent to Organizations','tabular',23,'CUSTOM',1,1,1,'Public'),(24,12,'Leads Email Report','Emails sent to Leads','tabular',24,'CUSTOM',1,1,1,'Public'),(25,12,'Vendors Email Report','Emails sent to Vendors','tabular',25,'CUSTOM',1,1,1,'Public');

--
-- Table structure for table `vtiger_report_sharegroups`
--

