(40560,33211009700166,332110097,7000,'0','21','','LE LAC NORD','','ZONE INDUSTRIELLE','20.52Z','PRIVAS','',0,'GE','20.52Z','','BOSTIK SA',332110097,33211009700208,420,92700,'32','D’ESTIENNE D’ORVES','RUE','COLOMBES','2052Z','','Société anonyme à conseil d\'administration'),(40561,85333184100017,853331841,75011,'0','','AVENUE','PARMENTIER','','','71.12B','PARIS','79',0,'PME','71.12B','','DAMETIS',853331841,85333184100025,3,49000,'12','LOUIS BOISRAME','RUE','ANGERS','7112B','','Société par actions simplifiée'),(40562,50957910800036,509579108,76370,'0','03','RUE','ANDRE MARIE AMPERE','','','46.69B','DIEPPE','22',0,'PME','46.69B','','PLUG INDUSTRY',509579108,50957910800101,9,76000,'','DU RENARD','RUE','ROUEN','4669B','','Société à responsabilité limitée (SARL)'),(40563,34204780000020,342047800,31780,'1','01','RUE','GUSTAVE EIFFEL','','ZA NAUCOU','46.69B','CASTELGINEST','2',0,'PME','46.69B','','EQUIPEMENT SERVICE INDUSTRIE',342047800,34204780000020,2,31780,'01','GUSTAVE EIFFEL','RUE','CASTELGINEST','4669B','','Société à responsabilité limitée (SARL)'),(40564,91652109900769,916521099,51100,'0','11','AVENUE','HOCHE','','POLE TECHNOLOGIE HENRY FAR','46.74B','REIMS','',0,'ETI','46.74B','','WEISHAUPT',916521099,91652109900769,0,51100,'11','HOCHE','AVENUE','REIMS','4674B','','Société par actions simplifiée'),(40565,30137492200120,301374922,69760,'1','41','RUE','SANS SOUCI','','','10.51A','LIMONEST','81',0,'GE','10.51A','','BLEDINA',301374922,30137492200120,81,69760,'41','SANS SOUCI','RUE','LIMONEST','1051A','','Société par actions simplifiée'),(40566,38806279600049,388062796,45600,'0','12','ROUTE','D\'ORLEANS','','','22.21Z','SULLY-SUR-LOIRE','',0,'ETI','22.21Z','','ELYDAN',388062796,38806279600080,127,38590,'22','LOUIS BLERIOT','AVENUE','SAINT-ETIENNE-DE-SAINT-GEOIRS','2221Z','','Société par actions simplifiée'),(40567,85260705000022,852607050,92130,'0','21','QUAI','DU PRESIDENT ROOSEVELT','','47-103','35.11Z','ISSY-LES-MOULINEAUX','47',0,'ETI','35.11Z','','ISSY URBASER ENERGIE SAS',852607050,85260705000014,1140,34000,'','ALBERT EINSTEIN','AVENUE','MONTPELLIER','3511Z','','Société par actions simplifiée'),(40568,37598039800016,375980398,29300,'1','21','','KERISOLE','','','70.10Z','QUIMPERLE','',0,'ETI','70.10Z','','SWM SERVICES',375980398,37598039800016,0,29300,'21','KERISOLE','','QUIMPERLE','7010Z','','Société par actions simplifiée'),(40569,88096055400017,880960554,0,'1','','[ND]','[ND]','','[ND]','71.12B','LYON','[ND]',0,'','71.12B','','[ND]',880960554,88096055400017,0,0,'','[ND]','[ND]','LYON','7112B','','Entrepreneur individuel'),(40570,82100133600022,821001336,69006,'1','11','RUE','SAINTE GENEVIEVE','','IMMEUBLE LE POLARIS','71.20B','LYON','45',0,'PME','71.20B','','DIAGNOSTEAM',821001336,82100133600022,45,69006,'11','SAINTE GENEVIEVE','RUE','LYON','7120B','','Société par actions simplifiée'),(40571,39869454700033,398694547,88200,'1','11','RUE','DE L’ENCENCEMENT','','','33.14Z','SAINT-NABORD','6',0,'PME','33.14Z','','ELECTRO MOTEUR',398694547,39869454700033,6,88200,'11','DE L’ENCENCEMENT','RUE','SAINT-NABORD','3314Z','','Société à responsabilité limitée (SARL)'),(40572,97632030900124,976320309,69520,'0','22','','LE SABLON','','','23.61Z','GRIGNY','',0,'ETI','23.61Z','','KP1',976320309,97632030900124,0,69520,'22','LE SABLON','','GRIGNY','2361Z','','Société par actions simplifiée'),(40573,32668525200289,326685252,51100,'0','11','RUE','DU VAL CLAIR','','ZI POMPELLE','46.69B','REIMS','31',0,'ETI','46.69B','','AIRFLUX',326685252,32668525200289,31,51100,'11','DU VAL CLAIR','RUE','REIMS','4669B','','Société par actions simplifiée'),(40574,30119329800017,301193298,26150,'1','21','AVENUE','DE LA CLAIRETTE','','','11.02A','DIE','355',0,'PME','11.02A','','LA CAVE DE DIE JAILLANCE',301193298,30119329800017,355,26150,'21','DE LA CLAIRETTE','AVENUE','DIE','1102A','','Société coopérative agricole'),(40575,94615060400142,946150604,35410,'0','11','RUE','GIFARD SUD','','','46.69B','DOMLOUP','',0,'ETI','46.69B','','VIESSMANN INDUSTRIE FRANCE',946150604,94615060400134,6,68350,'12','DE BRUXELLES','AV','BRUNSTATT-DIDENHEIM','3311Z','','Société par actions simplifiée'),(40576,50538979100011,505389791,30600,'1','11','RUE','PHILIPPE LAMOUR','','','33.20C','VAUVERT','65',0,'PME','33.20C','','ASTEL',505389791,50538979100011,65,30600,'11','PHILIPPE LAMOUR','RUE','VAUVERT','3320C','','Société à responsabilité limitée (SARL)'),(40577,50159176200015,501591762,15100,'1','21','','ZA ROZIER','','','10.85Z','COREN','',0,'PME','10.85Z','','UNIPLANEZE',501591762,50159176200015,0,15100,'21','ZA ROZIER','','COREN','1085Z','','Société par actions simplifiée'),(40578,35338571900433,353385719,94410,'1','12','PLACE','MONTGOLFIER','','IMMEUBLE L\'AQUARENE','28.29B','SAINT-MAURICE','1',0,'GE','28.29B','','VEOLIA WATER STI',353385719,35338571900433,1,94410,'12','MONTGOLFIER','PLACE','SAINT-MAURICE','2829B','','Société par actions simplifiée'),(40579,35184452700066,351844527,59552,'0','22','RUE','JOSEPH COSTE','','','23.99Z','COURCHELETTES','4',0,'ETI','23.99Z','','IKO-AXTER',351844527,35184452700157,6,75009,'01','LAFERRIERE','RUE','PARIS','2399Z','','Société par actions simplifiée'),(40580,78978346100013,789783461,69003,'0','00','RUE','DE LA VILLETTE','','','64.30Z','LYON','55',0,'PME','64.30Z','','NALDEO GROUP',789783461,78978346100021,222,69003,'','LAFAYETTE','COURS','LYON','6430Z','','Société par actions simplifiée'),(40581,30907295700025,309072957,38160,'1','12','','AUX ECHAVAGNES','','ZAC','22.29A','SAINT-MARCELLIN','',0,'PME','22.29A','','K PLAST',309072957,30907295700025,0,38160,'12','AUX ECHAVAGNES','','SAINT-MARCELLIN','2229A','','Société par actions simplifiée'),(40582,83335843500026,833358435,93600,'1','02','AVENUE','ANTOINE BOURDELLE','','','68.31Z','AULNAY-SOUS-BOIS','1',0,'PME','68.31Z','','KOUBY FINANCIAL AND PROPERTY MANAGEMENT',833358435,83335843500026,1,93600,'02','ANTOINE BOURDELLE','AVENUE','AULNAY-SOUS-BOIS','6831Z','','Société à responsabilité limitée (SARL)'),(40583,32121322500048,321213225,38000,'1','','PLACE','ROBERT SCHUMAN','','','35.14Z','GRENOBLE','8',0,'ETI','35.14Z','','GEG SOURCE D\'ENERGIES',321213225,32121322500048,8,38000,'','ROBERT SCHUMAN','PLACE','GRENOBLE','3514Z','','Société par actions simplifiée'),(40584,39194344600024,391943446,74300,'1','22','AVENUE','DE LA REPUBLIQUE','','','29.32Z','CLUSES','650',0,'PME','29.32Z','','KONGSBERG DRIVELINE SYSTEMS SAS',391943446,39194344600024,650,74300,'22','DE LA REPUBLIQUE','AVENUE','CLUSES','2932Z','','Société par actions simplifiée'),(40585,32899936200119,328999362,2800,'0','12','','CHEMIN VERT','','','49.41A','VENDEUIL','',0,'ETI','49.41A','','ACTIVITES DE RECYCLAGE ET DE FORMULATION - ARF',328999362,32899936200069,22,59330,'12','JEAN MESSAGER','RUE','SAINT-REMY-DU-NORD','3822Z','','Société anonyme à conseil d\'administration'),(40586,40989912700164,409899127,38420,'0','21','RUE','DES BOURELLES','','ZI','43.21A','DOMENE','',0,'GE','43.21A','','INEO RHONE ALPES AUVERGNE',409899127,40989912700164,0,38420,'21','DES BOURELLES','RUE','DOMENE','4321A','','Société en nom collectif'),(40587,32668525200313,326685252,60840,'0','02','RUE','DU MOULIN DE BAILLY LE BEL','','PARC D\'ACTIVITES','46.69B','BREUIL-LE-SEC','',0,'ETI','46.69B','','AIRFLUX',326685252,32668525200313,0,60840,'02','DU MOULIN DE BAILLY LE BEL','RUE','BREUIL-LE-SEC','4669B','','Société par actions simplifiée'),(40588,50170617000047,501706170,92400,'1','21','RUE','BERTHELOT','','','35.13Z','COURBEVOIE','2',0,'GE','35.13Z','','GAZELENERGIE SOLUTIONS',501706170,50170617000047,2,92400,'21','BERTHELOT','RUE','COURBEVOIE','3513Z','','Société par actions simplifiée'),(40589,35338571900128,353385719,69150,'0','21','RUE','DE LOMBARDIE','','','28.29B','DECINES-CHARPIEU','2',0,'GE','28.29B','','VEOLIA WATER STI',353385719,35338571900128,2,69150,'21','DE LOMBARDIE','RUE','DECINES-CHARPIEU','2829B','','Société par actions simplifiée'),(40590,49935521200014,499355212,87240,'0','12','','LA BRUTINE','','NOUEIX','43.39Z','SAINT-LAURENT-LES-EGLISES','',0,'PME','43.39Z','','COTE MURS',499355212,49935521200022,31,87410,'','DU CHATENET','RUE','LE PALAIS-SUR-VIENNE','4399C','','Société à responsabilité limitée (SARL)'),(40591,88486371300019,884863713,69100,'1','02','RUE','LOUIS GUERIN','','','43.29A','VILLEURBANNE','19',0,'PME','43.29A','','NEXT ENERGY',884863713,88486371300019,19,69100,'02','LOUIS GUERIN','RUE','VILLEURBANNE','4329A','','Société à responsabilité limitée (SARL)'),(40592,60632064600031,606320646,74300,'1','12','ROUTE','DES GRANDS CHAMPS','','','25.62A','MAGLAND','180',0,'ETI','25.62A','','MEUNIDEC',606320646,60632064600031,180,74300,'12','DES GRANDS CHAMPS','ROUTE','MAGLAND','2562A','','Société par actions simplifiée'),(40593,33124142200020,331241422,29390,'1','02','RUE','JEAN LANCIEN','','','33.12Z','SCAER','1',0,'PME','33.12Z','','SOCIETE ARMORICAINE DE REALISATIONS ET D\'ASSISTANCE FRIGORIFIQUE',331241422,33124142200020,1,29390,'02','JEAN LANCIEN','RUE','SCAER','3312Z','','Société à responsabilité limitée (SARL)'),(40594,49132640100016,491326401,15500,'1','21','','ZONE ARTISANALE LA PRADE','','','25.11Z','MASSIAC','',0,'PME','25.11Z','','CMF STRUCTURES',491326401,49132640100016,0,15500,'21','ZONE ARTISANALE LA PRADE','','MASSIAC','2511Z','','Société par actions simplifiée'),(40595,33856725800490,338567258,69360,'0','31','','LE PONTET','','','27.11Z','SAINT-SYMPHORIEN-D OZON','',0,'ETI','27.11Z','','MOTEURS LEROY SOMER',338567258,33856725800490,0,69360,'31','LE PONTET','','SAINT-SYMPHORIEN-D OZON','2711Z','','Société par actions simplifiée'),(40596,44026717700028,440267177,67800,'1','22','RUE','DE L\'ATOME','','','33.20B','BISCHHEIM','6',0,'GE','33.20B','','AXIMA REFRIGERATION FRANCE',440267177,44026717700028,6,67800,'22','DE L\'ATOME','RUE','BISCHHEIM','3320B','','Société par actions simplifiée'),(40597,48960630100013,489606301,67660,'1','12','RUE','DES POTIERS','','','43.22B','BETSCHDORF','60',0,'PME','43.22B','','BEYER ENERGIES',489606301,48960630100013,60,67660,'12','DES POTIERS','RUE','BETSCHDORF','4322B','','Société par actions simplifiée'),(40598,41967142500751,419671425,59700,'1','22','AVENUE','DE LA MARNE','','','68.20B','MARCQ-EN-BAROEUL','340',0,'GE','68.20B','','APAVE NORD-OUEST SAS',419671425,41967142500751,340,59700,'22','DE LA MARNE','AVENUE','MARCQ-EN-BAROEUL','6820B','','Société par actions simplifiée'),(40599,44449761400032,444497614,69800,'1','','ALLEE','IRENE JOLIOT CURIE','','PARC TECHNOLOGIQUE - BATIMENT B2','68.20B','SAINT-PRIEST','12',0,'PME','68.20B','','IMMAC',444497614,44449761400032,12,69800,'','IRENE JOLIOT CURIE','ALLEE','SAINT-PRIEST','6820B','','Société civile'),(40600,49337304700023,493373047,36400,'1','31','','ETAILLE','','','32.50A','LACS','',0,'ETI','32.50A','','FENWAL FRANCE SAS',493373047,49337304700023,0,36400,'31','ETAILLE','','LACS','3250A','','Société par actions simplifiée'),(40601,40125156602093,401251566,92800,'1','41','RUE','JEAN JAURES','','','87.10A','PUTEAUX','12',0,'GE','87.10A','','EMEIS',401251566,40125156602093,12,92800,'41','JEAN JAURES','RUE','PUTEAUX','8710A','','Société anonyme à conseil d\'administration'),(40602,34866339400024,348663394,45770,'0','','IMPASSE','DE LA FOULONNERIE','','','23.99Z','SARAN','200',0,'GE','23.99Z','','SOCIETE LIANTS DE L OUEST',348663394,34866339400016,4,44340,'','BELOUGA','RUE','BOUGUENAIS','2399Z','','Société par actions simplifiée'),(40603,26590155300064,265901553,59210,'0','03','RUE','GEORGES SEURAT','','','87.30A','COUDEKERQUE-BRANCHE','22',0,'PME','87.30A','','CENTRE COMMUNAL  ACTION SOCIALE DE COUDEKERQUE',265901553,26590155300098,44,59210,'03','DE LA REPUBLIQUE','PLACE','COUDEKERQUE-BRANCHE','8899B','','Etablissement public administratif'),(40604,31508127300056,315081273,69360,'1','11','RTE','D HEYRIEUX','','Z.I DU PONTET','33.14Z','SAINT SYMPHORIEN D\'OZON','615',0,'ETI','33.14Z','','ESO SUD EST',315081273,31508127300056,615,69360,'11','D HEYRIEUX','RTE','SAINT SYMPHORIEN D\'OZON','3314Z','','Société à responsabilité limitée (SARL)'),(40605,57206768400678,572067684,3400,'0','32','ROUTE','DE LYON','','','29.32Z','YZEURE','176',0,'GE','29.32Z','','ROBERT BOSCH FRANCE',572067684,57206768400678,176,3400,'32','DE LYON','ROUTE','YZEURE','2932Z','','Société par actions simplifiée'),(40606,45022979400109,450229794,38330,'1','12','CHEMIN','DES PRELES','','420 CHEMIN DES PRELES','71.12B','SAINT-ISMIER','',0,'ETI','71.12B','','IDEC HAUTES TECHNOLOGIES',450229794,45022979400109,0,38330,'12','DES PRELES','CHEMIN','SAINT-ISMIER','7112B','','Société par actions simplifiée'),(40607,81009350000017,810093500,31250,'1','12','ROUTE','DE CASTRES','','','23.20Z','REVEL','33',0,'PME','23.20Z','','FONTES REFRACTORIES',810093500,81009350000017,33,31250,'12','DE CASTRES','ROUTE','REVEL','2320Z','','Société par actions simplifiée'),(40608,34866339400016,348663394,44340,'1','','RUE','BELOUGA','','ZI DU CHAFFAULT','23.99Z','BOUGUENAIS','4',0,'GE','23.99Z','','SOCIETE LIANTS DE L OUEST',348663394,34866339400016,4,44340,'','BELOUGA','RUE','BOUGUENAIS','2399Z','','Société par actions simplifiée'),(40609,26590155300098,265901553,59210,'1','03','PLACE','DE LA REPUBLIQUE','','','88.99B','COUDEKERQUE-BRANCHE','44',0,'PME','88.99B','','CENTRE COMMUNAL  ACTION SOCIALE DE COUDEKERQUE',265901553,26590155300098,44,59210,'03','DE LA REPUBLIQUE','PLACE','COUDEKERQUE-BRANCHE','8899B','','Etablissement public administratif'),(40610,89910669400016,899106694,78150,'0','','SQ','RIVOLI RES LOUVRE','','','70.22Z','LE CHESNAY-ROCQUENCOURT','1',0,'PME','70.22Z','','ECO6M',899106694,89910669400024,1185,6250,'','DES CAMPELIERES','CHEMIN','MOUGINS','7112B','','Société à responsabilité limitée (SARL)'),(40611,33495851900038,334958519,63320,'0','11','','LA BATAILLE','','','10.51C','SAINT-DIERY','',0,'ETI','10.51C','','ETS VAISSAIRE PAPON',334958519,33495851900046,11,63320,'','DE PELINDE','CHE','SAINT-DIERY','1051C','','Société par actions simplifiée'),(40612,30930461606404,309304616,61100,'0','03','RUE','DU BON MARCHE','','','46.69A','FLERS','483',0,'GE','46.69A','','REXEL FRANCE',309304616,30930461606404,483,61100,'03','DU BON MARCHE','RUE','FLERS','4669A','','Société par actions simplifiée'),(40613,60282001100099,602820011,43100,'0','22','AVENUE','D\'AUVERGNE','','','25.50B','BRIOUDE','',0,'ETI','25.50B','','SOC NOISEENNE OUTILLAGE DE PRESSE SNOP',602820011,60282001100107,22,93420,'32','DES NATIONS','AVENUE','VILLEPINTE','2550B','','Société par actions simplifiée'),(40614,33043264200016,330432642,20200,'1','31','AV','FRANCOIS GIACOBBI','','','84.13Z','BASTIA','',0,'PME','84.13Z','','OFFICE EQUIPEMENT HYDRAULIQUE CORSE',330432642,33043264200016,0,20200,'31','FRANCOIS GIACOBBI','AV','BASTIA','8413Z','','Etablissement public ou régie à caractère industriel ou commercial'),(40615,48768155300045,487681553,29860,'1','32','','LE RADEN','','','10.51D','PLOUVIEN','',0,'ETI','10.51D','','SILL',487681553,48768155300045,0,29860,'32','LE RADEN','','PLOUVIEN','1051D','','Société par actions simplifiée'),(40616,40865027300050,408650273,1100,'0','11','RUE','DU MOULIN','','','33.12Z','BELLIGNAT','11',0,'PME','33.12Z','','SPI ENERGIE',408650273,40865027300068,160,73490,'12','DU CLAPET','RUE','LA RAVOIRE','3312Z','','Société par actions simplifiée'),(40617,40865027300068,408650273,73490,'1','12','RUE','DU CLAPET','','','33.12Z','LA RAVOIRE','160',0,'PME','33.12Z','','SPI ENERGIE',408650273,40865027300068,160,73490,'12','DU CLAPET','RUE','LA RAVOIRE','3312Z','','Société par actions simplifiée'),(40618,85520050700462,855200507,63118,'0','51','','LADOUX','','CTRE D\'ESSAIS ET DE RECHERCHE','70.10Z','CEBAZAT','',0,'GE','70.10Z','','MANUFACTURE FRANCAISE DES PNEUMATIQUES MICHELIN',855200507,85520050700462,0,63118,'51','LADOUX','','CEBAZAT','7010Z','','Société par actions simplifiée'),(40619,57950045500046,579500455,83130,'1','12','AV','IRENE ET F JOLIOT CURIE','','ZI DE TOULON EST','46.71Z','LA GARDE','471',0,'ETI','46.71Z','','K9 ENERGY',579500455,57950045500046,471,83130,'12','IRENE ET F JOLIOT CURIE','AV','LA GARDE','4671Z','','Société par actions simplifiée'),(40620,38813101300087,388131013,92400,'0','22','PLACE','DE L\'IRIS','','TOUR CB 21','46.75Z','COURBEVOIE','16',0,'GE','46.75Z','','VEOLIA WTS FRANCE',388131013,38813101300129,1,94410,'','MONTGOLFIER','PLACE','SAINT-MAURICE','4675Z','','Société par actions simplifiée'),(40621,49271325000032,492713250,59660,'1','12','ROUTE','DE LA GORGUE','','ZONE D ACTIVITE DE LA RIVIERE D OR','11.05Z','MERVILLE','83',0,'PME','11.05Z','','BRASSERIE DU PAYS FLAMAND',492713250,49271325000032,83,59660,'12','DE LA GORGUE','ROUTE','MERVILLE','1105Z','','Société par actions simplifiée'),(40622,96950200403138,969502004,69007,'1','21','AVENUE','TONY GARNIER','','','46.71Z','LYON','12',0,'GE','46.71Z','','ENILIVE FRANCE SARL',969502004,96950200403138,12,69007,'21','TONY GARNIER','AVENUE','LYON','4671Z','','Société à responsabilité limitée (SARL)'),(40623,33351244000020,333512440,73110,'1','32','AV','MAURICE FRANCK','','','17.12Z','VALGELON-LA ROCHETTE','23',0,'ETI','17.12Z','','LA ROCHETTE CARTONBOARD SAS',333512440,33351244000020,23,73110,'32','MAURICE FRANCK','AV','VALGELON-LA ROCHETTE','1712Z','','Société par actions simplifiée'),(40624,47884577900014,478845779,63920,'1','22','RUE','DE L\'INNOVATION','','ZONE DE HAUTES TECHNOLOGIES','22.22Z','PESCHADOIRES','5',0,'PME','22.22Z','','CARTOLUX-THIERS',478845779,47884577900014,5,63920,'22','DE L\'INNOVATION','RUE','PESCHADOIRES','2222Z','','Société par actions simplifiée'),(40625,31920072100011,319200721,26500,'1','22','AVENUE','DE LYON','','','25.40Z','BOURG-LES-VALENCE','99',0,'ETI','25.40Z','','CHEDDITE FRANCE',319200721,31920072100011,99,26500,'22','DE LYON','AVENUE','BOURG-LES-VALENCE','2540Z','','Société anonyme à conseil d\'administration'),(40626,40865027300076,408650273,74970,'0','02','AVENUE','DE L\'INDUSTRIE','','ZONE INDUSTRIELLE LES PRES PARIS','33.12Z','MARIGNIER','447',0,'PME','33.12Z','','SPI ENERGIE',408650273,40865027300068,160,73490,'12','DU CLAPET','RUE','LA RAVOIRE','3312Z','','Société par actions simplifiée'),(40627,78150710800061,781507108,15100,'0','12','RUE','BAPTISTE ROZIERES','','ZI DE MONTPLAIN','10.51D','SAINT-FLOUR','3',0,'GE','10.51D','','BONILAIT PROTEINES',781507108,78150710800012,5,86360,'22','DE SAINT GEORGES','ROUTE','CHASSENEUIL-DU-POITOU','1051D','','Société anonyme à conseil d\'administration'),(40628,89531081100016,895310811,69005,'1','','RUE','COMMANDANT CHARCOT','','','74.90B','LYON','90',0,'PME','74.90B','','FITT',895310811,89531081100016,90,69005,'','COMMANDANT CHARCOT','RUE','LYON','7490B','','Société par actions simplifiée'),(40629,77873117400034,778731174,67720,'1','32','RUE','DE L’INDUSTRIE','','','10.51A','HOERDT','19',0,'ETI','10.51A','','LAITERIE COOPERAT ALSACIENNE ALSACE LAIT',778731174,77873117400034,19,67720,'32','DE L’INDUSTRIE','RUE','HOERDT','1051A','','Société coopérative agricole'),(40630,80351980000103,803519800,59650,'0','11','ALLEE','LAKANAL','','MINIPARC','46.69C','VILLENEUVE-D\'ASCQ','',0,'ETI','46.69C','','TRANE FRANCE SAS',803519800,80351980000012,1,88190,'','DES AMERIQUES','RUE','GOLBEY','4669B','','Société par actions simplifiée'),(40631,40026326500011,400263265,69100,'1','','PLACE','JULES GRANDCLEMENT','','IMMEUBLE LE SAINT NICOLAS','68.20B','VILLEURBANNE','31',0,'PME','68.20B','','SOLYMMO',400263265,40026326500011,31,69100,'','JULES GRANDCLEMENT','PLACE','VILLEURBANNE','6820B','','Société par actions simplifiée'),(40632,32108935100043,321089351,43370,'1','','ROUTE','DE CAYRES','','MONTAGNAC','10.13A','SOLIGNAC-SUR-LOIRE','2',0,'PME','10.13A','','NICOLAS G SALAISONS MONTAGNAC',321089351,32108935100043,2,43370,'','DE CAYRES','ROUTE','SOLIGNAC-SUR-LOIRE','1013A','','Société par actions simplifiée'),(40633,41821202300034,418212023,63430,'1','12','','LES BEGONNES','','ZA CHAMP LAMET','33.20A','PONT-DU-CHATEAU','2',0,'PME','33.20A','','CF2C',418212023,41821202300034,2,63430,'12','LES BEGONNES','','PONT-DU-CHATEAU','3320A','','Société par actions simplifiée'),(40634,30702045300014,307020453,30100,'1','32','BOULEVARD','CHARLES PEGUY','','','27.12Z','ALES','16',0,'GE','27.12Z','','MERLIN GERIN ALES',307020453,30702045300014,16,30100,'32','CHARLES PEGUY','BOULEVARD','ALES','2712Z','','Société par actions simplifiée'),(40635,78322355500013,783223555,84350,'1','00','','CHATEAU DE BEAUCASTEL','','DOMAINE DE BEAUCASTEL','01.21Z','COURTHEZON','',0,'','01.21Z','','SOCIETE FERMIERE DES VIGNOBLES P.PERRIN',783223555,78322355500013,0,84350,'00','CHATEAU DE BEAUCASTEL','','COURTHEZON','0121Z','','Société civile'),(40636,41390920100142,413909201,57220,'0','21','RUE','DU GENERAL DE RASCAS','','','41.20B','BOULAY-MOSELLE','',0,'GE','41.20B','','SOGEA EST B T P',413909201,41390920100217,415,54520,'11','DE BOUFFLERS','AVENUE','LAXOU','4221Z','','Société par actions simplifiée'),(40637,38290349000102,382903490,3270,'0','11','AVENUE','DES SOURCES','','','11.07A','SAINT-YORRE','70',0,'ETI','11.07A','','ROXANE NORD',382903490,38290349000052,107,59840,'22','DU KEMMEL','AVENUE','PERENCHIES','1107A','','Société par actions simplifiée'),(40638,80217992900020,802179929,13015,'1','11','AVENUE','PAUL HEROULT','','ZI LA DELORME','43.99C','MARSEILLE','13',0,'ETI','43.99C','','PROFIL ENERGY',802179929,80217992900020,13,13015,'11','PAUL HEROULT','AVENUE','MARSEILLE','4399C','','Société par actions simplifiée'),(40639,39348524800016,393485248,87170,'1','','','LES COURRIERES','','','43.34Z','ISLE','',0,'','43.34Z','','MIROITERIE GBM',393485248,39348524800016,0,87170,'','LES COURRIERES','','ISLE','4334Z','','Société par actions simplifiée'),(40640,43401105200090,434011052,25490,'0','32','ALLEE','HENRI HUGONIOT','','ZAC TECHNOLAND 2','81.22Z','ALLENJOIE','1575',0,'GE','81.22Z','','SOCIETE DES TECHNIQUES DE PROPRETE INDUSTRIELLE',434011052,43401105200108,7,92500,'22','EUGENE ET ARMAND PEUGEOT','RUE','RUEIL-MALMAISON','8121Z','','Société par actions simplifiée'),(40641,88817154300018,888171543,41100,'1','21','AVENUE','DES CITES UNIES D\'EUROPE','','BATIMENT C','71.20B','VENDOME','1',0,'GE','71.20B','','ONIS CONTROLES',888171543,88817154300018,1,41100,'21','DES CITES UNIES D\'EUROPE','AVENUE','VENDOME','7120B','','Société par actions simplifiée'),(40642,40265886800037,402658868,26200,'0','12','ALLEE','DU LAC','','ZI DU GOURNIER','22.22Z','MONTELIMAR','',0,'PME','22.22Z','','WERIT',402658868,40265886800011,7,67160,'21','DE L\'INDUSTRIE ALTENSTADT','RUE','WISSEMBOURG','2222Z','','Société par actions simplifiée'),(40643,55200175200047,552001752,3270,'1','21','AVENUE','DES SOURCES','','','11.07A','SAINT-YORRE','70',0,'ETI','11.07A','','SOCIETE COMMERCIALE D\'EAUX MINERALES DU BASSIN DE VICHY',552001752,55200175200047,70,3270,'21','DES SOURCES','AVENUE','SAINT-YORRE','1107A','','Société par actions simplifiée'),(40644,20009365600011,200093656,55210,'1','11','RUE','CHARLES DE GAULLE','','','36.00Z','HEUDICOURT-SOUS-LES-COTES','65',0,'PME','36.00Z','','SYNDICAT MIXTE DES EAUX LAFFON DE LADEBAT',200093656,20009365600011,65,55210,'11','CHARLES DE GAULLE','RUE','HEUDICOURT-SOUS-LES-COTES','3600Z','','Etablissement public administratif'),(40645,30563558300076,305635583,38280,'1','41','RUE','DU MARAIS','','','46.17A','VILLETTE-D\'ANTHON','6',0,'ETI','46.17A','','SOCIETE COOPERATIVE D\'APPROVISIONNEMENT RHONE ALPES',305635583,30563558300076,6,38280,'41','DU MARAIS','RUE','VILLETTE-D\'ANTHON','4617A','','Société anonyme à conseil d\'administration'),(40646,84391560400022,843915604,6800,'1','02','RUE','PASTEUR','','12-15-RESIDENCE LE MIAMI','43.29A','CAGNES-SUR-MER','12',0,'PME','43.29A','','JOSS CALORIFUGE',843915604,84391560400022,12,6800,'02','PASTEUR','RUE','CAGNES-SUR-MER','4329A','','Société à responsabilité limitée (SARL)'),(40647,78625049800015,786250498,77340,'1','21','RUE','JEAN MOULIN','','','28.29B','PONTAULT-COMBAULT','11',0,'ETI','28.29B','','JACIR',786250498,78625049800015,11,77340,'21','JEAN MOULIN','RUE','PONTAULT-COMBAULT','2829B','','Société par actions simplifiée'),(40648,30609419400058,306094194,91000,'1','','RUE','JEAN MERMOZ','','ZAE SAINT GUENAULT','46.12A','EVRY-COURCOURONNES','1',0,'GE','46.12A','','CARFUEL',306094194,30609419400058,1,91000,'','JEAN MERMOZ','RUE','EVRY-COURCOURONNES','4612A','','Société par actions simplifiée'),(40649,80897273100018,808972731,1600,'1','11','RUE','DES GARENNES','','','64.20Z','REYRIEUX','',0,'ETI','64.20Z','','GMD EUROCAST',808972731,80897273100018,0,1600,'11','DES GARENNES','RUE','REYRIEUX','6420Z','','Société par actions simplifiée'),(40650,25660151900034,256601519,66000,'1','11','AVENUE','JULIEN PANCHOT','','','84.11Z','PERPIGNAN','37',0,'PME','84.11Z','','SYNDICAT DEPARTEMENTAL D\'ENERGIES ET D\'ELECTRICITE DU PAYS CATALAN (SYDEEL)',256601519,25660151900034,37,66000,'11','JULIEN PANCHOT','AVENUE','PERPIGNAN','8411Z','','Etablissement public administratif'),(40651,20002678900053,200026789,11000,'1','21','RUE','BARBES','','','84.13Z','CARCASSONNE','15',0,'PME','84.13Z','','SYNDICAT AUDOIS D\'ENERGIES ET DU NUMERIQUE SYADEN',200026789,20002678900053,15,11000,'21','BARBES','RUE','CARCASSONNE','8413Z','','Etablissement public administratif'),(40652,38387079700156,383870797,59500,'0','21','RUE','MAURICE CAULLERY','','ZI DOUAI DORIGNIES','43.21A','DOUAI','1130',0,'GE','43.21A','','INEO HAUTS DE FRANCE',383870797,38387079700156,1130,59500,'21','MAURICE CAULLERY','RUE','DOUAI','4321A','','Société par actions simplifiée'),(40653,75203642600019,752036426,38350,'1','12','ZONE INDUSTRIELLE','DU MARAIS','','ZONE INDUSTRIELLE','74.90A','LA MURE','',0,'PME','74.90A','','ATTICORA',752036426,75203642600019,0,38350,'12','DU MARAIS','ZONE INDUSTRIELLE','LA MURE','7490A','','Société anonyme à conseil d\'administration'),(40654,72678013300039,726780133,69490,'1','21','RUE','JEAN MOULIN','','ZONE INDUSTRIELLE PRE VINCENT','23.12Z','VINDRY-SUR-TURDINE','29',0,'ETI','23.12Z','','LUKORA',726780133,72678013300039,29,69490,'21','JEAN MOULIN','RUE','VINDRY-SUR-TURDINE','2312Z','','Société par actions simplifiée'),(40655,48271849100038,482718491,76600,'0','12','RUE','GENERAL CHANZY','','PORT 3702','71.12B','LE HAVRE','58',0,'PME','71.12B','','ARMSTRONG INTERNATIONAL SA',482718491,48271849100012,0,0,'','PARCINDUSTRIEL DES HAUTS S','','','7112B','','Personne morale de droit étranger, immatriculée au RCS (registre du commerce et des sociétés)'),(40656,31928111900010,319281119,63000,'1','02','BOULEVARD','GUSTAVE FLAUBERT','','','82.19Z','CLERMONT-FERRAND','56',0,'PME','82.19Z','','GROUPE GESTION 4 SCM',319281119,31928111900010,56,63000,'02','GUSTAVE FLAUBERT','BOULEVARD','CLERMONT-FERRAND','8219Z','','Société civile'),(40657,77566225700267,775662257,60200,'0','','ROUTE','DE CHOISY','','','21.20Z','COMPIEGNE','56',0,'GE','21.20Z','','SANOFI WINTHROP INDUSTRIE',775662257,77566225700150,82,94250,'41','RASPAIL','AVENUE','GENTILLY','2120Z','','Société anonyme à conseil d\'administration'),(40658,39313207100050,393132071,33170,'1','11','AVENUE','DE LA MADELEINE','','','46.52Z','GRADIGNAN','11',0,'PME','46.52Z','','LM SYSTEMES',393132071,39313207100050,11,33170,'11','DE LA MADELEINE','AVENUE','GRADIGNAN','4652Z','','Société par actions simplifiée'),(40659,24740069000019,247400690,74160,'1','31','RUE','GEORGES DE MESTRAL','','BAT ATHENA ARCHAMPS TECHNOPOLE','84.11Z','ARCHAMPS','38',0,'PME','84.11Z','','COMMUNAUTE DE COMMUNES DU GENEVOIS',247400690,24740069000019,38,74160,'31','GEORGES DE MESTRAL','RUE','ARCHAMPS','8411Z','','Etablissement public administratif'),(40660,34305695800501,343056958,69330,'0','12','AVENUE','HENRI SCHNEIDER','','MULTIPARC DU GRAND LARGE ZAC DES GAULN','33.20B','MEYZIEU','355',0,'ETI','33.20B','','JOHSON CONTROLS INDUSTRIES',343056958,34305695800501,355,69330,'12','HENRI SCHNEIDER','AVENUE','MEYZIEU','3320B','','Société par actions simplifiée'),(40661,35344872300018,353448723,42610,'1','12','','LE BOURG','','SOURCE PAROT','11.07A','SAINT-ROMAIN-LE-PUY','',0,'PME','11.07A','','PAROT SAS - EAU MINERALE NATURELLE',353448723,35344872300018,0,42610,'12','LE BOURG','','SAINT-ROMAIN-LE-PUY','1107A','','Société par actions simplifiée'),(40662,25820057500045,258200575,82000,'1','12','AVENUE','DE L\'EUROPE','','ZONE ALBASUD','84.13Z','MONTAUBAN','78',0,'PME','84.13Z','','SYNDICAT DEPARTEMENTAL D\'ENERGIE',258200575,25820057500045,78,82000,'12','DE L\'EUROPE','AVENUE','MONTAUBAN','8413Z','','Etablissement public administratif'),(40663,17690111400247,176901114,42000,'0','31','PLACE','DU PALAIS DE JUSTICE','','','84.23Z','SAINT-ETIENNE','',0,'ETI','84.23Z','','COUR D APPEL DE LYON',176901114,17690111400247,0,42000,'31','DU PALAIS DE JUSTICE','PLACE','SAINT-ETIENNE','8423Z','','Administration de l\'état'),(40664,77566487304147,775664873,78280,'1','22','AVENUE','EUGENE FREYSSINET','','IMMEUBLE ATLANTIS','43.21B','GUYANCOURT','1',0,'GE','43.21B','','BOUYGUES ENERGIES & SERVICES',775664873,77566487304147,1,78280,'22','EUGENE FREYSSINET','AVENUE','GUYANCOURT','4321B','','Société par actions simplifiée'),(40665,40865027300084,408650273,69800,'0','','AVENUE','CHARLIE CHAPLIN','','','33.12Z','SAINT-PRIEST','173',0,'PME','33.12Z','','SPI ENERGIE',408650273,40865027300068,160,73490,'12','DU CLAPET','RUE','LA RAVOIRE','3312Z','','Société par actions simplifiée'),(40666,37578164800015,375781648,29380,'1','32','PONT','HELLEC','','','10.39A','SAINT-THURIEN','',0,'GE','10.39A','','CIE GEN PROD ALIMENTAIRES PENY',375781648,37578164800015,0,29380,'32','HELLEC','PONT','SAINT-THURIEN','1039A','','Société par actions simplifiée'),(40667,43152292900055,431522929,63170,'0','03','ALL','GROUPE N BOURBAKI','','','82.99Z','AUBIERE','7',0,'PME','82.99Z','','SOCIETE D\'ECONOMIE MIXTE POUR L\'ELECTRIFICATION DE LA HAUTE AUVERGNE',431522929,43152292900030,66,15000,'','DE LA REPUBLIQUE','AVENUE','AURILLAC','6420Z','','Société anonyme à conseil d\'administration'),(40668,39402090300206,394020903,3200,'0','22','','ZI DE LA TOUR D\'ABREST','','','95.11Z','ABREST','',0,'ETI','95.11Z','','NSE',394020903,39402090300198,0,3250,'12','LA GRAND CROIX','','NIZEROLLES','2611Z','','Société anonyme à directoire'),(40669,20005849300053,200058493,69100,'1','','ESPLANADE','MIRIAM MAKEBA','','IMMEUBLE ORGANDI','84.11Z','VILLEURBANNE','1',0,'PME','84.11Z','','SYNDICAT DE GESTION DES ENERGIES DE LA REGION LYONNAISE',200058493,20005849300053,1,69100,'','MIRIAM MAKEBA','ESPLANADE','VILLEURBANNE','8411Z','','Etablissement public administratif'),(40670,20004718100017,200047181,89000,'1','21','AVENUE','FOCH','','','84.11Z','AUXERRE','4',0,'PME','84.11Z','','SYNDICAT DEPARTEMENTAL D\'ENERGIES DE L\'YONNE',200047181,20004718100017,4,89000,'21','FOCH','AVENUE','AUXERRE','8411Z','','Etablissement public administratif'),(40671,38456094201548,384560942,26000,'0','22','','CHAMPT DU PONT','','ZAC DE LA MOTTE','47.52B','VALENCE','',0,'GE','47.52B','','LEROY MERLIN FRANCE',384560942,38456094201548,0,26000,'22','CHAMPT DU PONT','','VALENCE','4752B','','Société anonyme à conseil d\'administration'),(40672,24740030200011,247400302,74120,'1','03','PLACE','DE L\'EGLISE','','MAIRIE','37.00Z','MEGEVE','',0,'PME','37.00Z','','SIVU D ETUDES MEGEVE PRAZ SUR ARLY',247400302,24740030200011,0,74120,'03','DE L\'EGLISE','PLACE','MEGEVE','3700Z','','Etablissement public administratif'),(40673,91191455400017,911914554,38780,'1','','RUE','RENE SIBILLE','','11 JARDIN DES FORGES','43.22B','PONT-EVEQUE','',0,'PME','43.22B','','CUZIN CHAUFFAGE',911914554,91191455400017,0,38780,'','RENE SIBILLE','RUE','PONT-EVEQUE','4322B','','Société à responsabilité limitée (SARL)'),(40674,62201274800720,622012748,29270,'0','11','','KERVOAZOU','','','38.21Z','CARHAIX-PLOUGUER','',0,'GE','38.21Z','','SUEZ RV ENERGIE',622012748,62201274801074,16,92400,'','DE L\'IRIS','PLACE','COURBEVOIE','3821Z','','Société par actions simplifiée'),(40675,41494668100338,414946681,92220,'1','22','AVENUE','ARISTIDE BRIAND','','','46.75Z','BAGNEUX','10',0,'ETI','46.75Z','','NALCO FRANCE',414946681,41494668100338,10,92220,'22','ARISTIDE BRIAND','AVENUE','BAGNEUX','4675Z','','Société par actions simplifiée'),(40676,84460672300022,844606723,31400,'1','','CHEMIN','DE PAYSSAT','','ZONE INDUSTRIELLE MONTAUDRAN','43.21A','TOULOUSE','70',0,'GE','43.21A','','SPIE INDUSTRIE',844606723,84460672300022,70,31400,'','DE PAYSSAT','CHEMIN','TOULOUSE','4321A','','Société par actions simplifiée'),(40677,32892021000031,328920210,87520,'0','22','','ZI DU PUY GAILLARD','','','17.21B','ORADOUR-SUR-GLANE','',0,'ETI','17.21B','','PUSTERLA 1880 FRANCE',328920210,32892021000023,646,72400,'31','DU COUTIER CHERRE','RUE','CHERRE-AU','1721B','','Société par actions simplifiée'),(40678,25340169900058,253401699,34120,'1','12','AV','J B SALVAING ET J SCHNEIDER','','','84.13Z','PEZENAS','33',0,'PME','84.13Z','','SYNDICAT MIXTE HERAULT ENERGIE',253401699,25340169900058,33,34120,'12','J B SALVAING ET J SCHNEIDER','AV','PEZENAS','8413Z','','Etablissement public administratif'),(40679,34145938600213,341459386,92120,'0','','BOULEVARD','ROMAIN ROLLAND','','','70.10Z','MONTROUGE','29',0,'GE','70.10Z','','STMICROELECTRONICS FRANCE',341459386,34145938600320,134,92120,'','ARISTIDE BRIAND','AVENUE','MONTROUGE','2611Z','','Société par actions simplifiée'),(40680,38290349000052,382903490,59840,'1','22','AVENUE','DU KEMMEL','','','11.07A','PERENCHIES','107',0,'ETI','11.07A','','ROXANE NORD',382903490,38290349000052,107,59840,'22','DU KEMMEL','AVENUE','PERENCHIES','1107A','','Société par actions simplifiée'),(40681,84471855100048,844718551,60200,'0','32','ROUTE','DE CHOISY','','','21.20Z','COMPIEGNE','56',0,'GE','21.20Z','','OPELLA HEALTHCARE INTERNATIONAL SAS',844718551,84471855100071,157,92200,'','CHARLES DE GAULLE','AVENUE','NEUILLY-SUR-SEINE','4646Z','','Société par actions simplifiée'),(40682,20004217400090,200042174,56100,'1','41','ESPLANADE','DU PERISTYLE','','MAISON DE L\'AGGLOMERATION','84.11Z','LORIENT','',0,'ETI','84.11Z','','LORIENT AGGLOMERATION',200042174,20004217400090,0,56100,'41','DU PERISTYLE','ESPLANADE','LORIENT','8411Z','','Etablissement public administratif'),(40683,39402090300214,394020903,63200,'0','22','RUE','DE L\'AMBENE','','','26.12Z','RIOM','',0,'ETI','26.12Z','','NSE',394020903,39402090300198,0,3250,'12','LA GRAND CROIX','','NIZEROLLES','2611Z','','Société anonyme à directoire'),(40684,20003954300018,200039543,30000,'1','12','RUE','BRIDAINE','','','35.13Z','NIMES','4',0,'PME','35.13Z','','SYNDICAT MIXTE D\'ELECTRICITE DU GARD',200039543,20003954300018,4,30000,'12','BRIDAINE','RUE','NIMES','3513Z','','Etablissement public administratif'),(40685,25150082300033,251500823,15000,'1','02','AVENUE','DE LA REPUBLIQUE','','','84.11Z','AURILLAC','66',0,'PME','84.11Z','','SYNDICAT DEPARTEMENTAL D ENERGIES DU CANTAL',251500823,25150082300033,66,15000,'02','DE LA REPUBLIQUE','AVENUE','AURILLAC','8411Z','','Etablissement public administratif'),(40686,39794645000046,397946450,3300,'1','','RUE','JEAN BONNET','','','43.22B','CUSSET','11',0,'PME','43.22B','','PRO CLIM ENERGIES',397946450,39794645000046,11,3300,'','JEAN BONNET','RUE','CUSSET','4322B','','Société par actions simplifiée'),(40687,20007516600013,200075166,25110,'1','11','RUE','BARBIER','','HOTEL DES SERVICES','84.13Z','BAUME-LES-DAMES','5',0,'PME','84.13Z','','PETR DU DOUBS CENTRAL',200075166,20007516600013,5,25110,'11','BARBIER','RUE','BAUME-LES-DAMES','8413Z','','Etablissement public administratif'),(40688,87120055600011,871200556,63100,'1','22','BOULEVARD','ETIENNE CLEMENTEL','','','86.10Z','CLERMONT-FERRAND','123',0,'PME','86.10Z','','SOC EXPLOITATION CLINIQUE DE LA PLAINE',871200556,87120055600011,123,63100,'22','ETIENNE CLEMENTEL','BOULEVARD','CLERMONT-FERRAND','8610Z','','Société par actions simplifiée'),(40689,57209324300150,572093243,21110,'0','21','VOIE','ROMAINE','','','20.30Z','GENLIS','23',0,'ETI','20.30Z','','PPG AC-FRANCE',572093243,57209324300150,23,21110,'21','ROMAINE','VOIE','GENLIS','2030Z','','Société anonyme à conseil d\'administration'),(40690,41030348100239,410303481,91140,'0','12','','','','CD 118 ZONE 7 DE COURTABOEUF','38.21Z','VILLEJUST','',0,'GE','38.21Z','','GENERIS',410303481,41030348100239,0,91140,'12','','','VILLEJUST','3821Z','','Société par actions simplifiée'),(40691,40997922600027,409979226,63430,'1','12','RUE','DES BEGONNES','','ZA CHAMP LAMET','33.20C','PONT-DU-CHATEAU','4',0,'PME','33.20C','','SEGMA',409979226,40997922600027,4,63430,'12','DES BEGONNES','RUE','PONT-DU-CHATEAU','3320C','','Société par actions simplifiée'),(40692,25380402500042,253804025,38000,'1','12','RUE','PIERRE SEMARD','','IMM EUROPOLE N° 25 A 27','84.13Z','GRENOBLE','27',0,'PME','84.13Z','','TERRITOIRE D\'ENERGIE ISERE (TE38)',253804025,25380402500042,27,38000,'12','PIERRE SEMARD','RUE','GRENOBLE','8413Z','','Etablissement public administratif'),(40693,82100133600014,821001336,69006,'0','','RUE','VENDOME','','','71.20B','LYON','103',0,'PME','71.20B','','DIAGNOSTEAM',821001336,82100133600022,45,69006,'11','SAINTE GENEVIEVE','RUE','LYON','7120B','','Société par actions simplifiée'),(40694,38806279600031,388062796,38590,'0','','ROUTE','DE GRENOBLE','','','22.21Z','SAINT-ETIENNE-DE-SAINT-GEOIRS','33',0,'ETI','22.21Z','','ELYDAN',388062796,38806279600080,127,38590,'22','LOUIS BLERIOT','AVENUE','SAINT-ETIENNE-DE-SAINT-GEOIRS','2221Z','','Société par actions simplifiée'),(40695,40989912700016,409899127,69100,'0','','RUE','DE LA POUDRETTE','','','43.21A','VILLEURBANNE','30',0,'GE','43.21A','','INEO RHONE ALPES AUVERGNE',409899127,40989912700016,30,69100,'','DE LA POUDRETTE','RUE','VILLEURBANNE','4321A','','Société en nom collectif'),(40696,49426116700022,494261167,1310,'1','11','IMPASSE','DE POURRET','','','25.11Z','CONFRANCON','71',0,'PME','25.11Z','','CT2A',494261167,49426116700022,71,1310,'11','DE POURRET','IMPASSE','CONFRANCON','2511Z','','Société par actions simplifiée'),(40697,43312264500016,433122645,22200,'1','31','','PARC D\'ACTIVITE DE BELLEVUE','','ZONE INDUSTRIELLE','10.85Z','SAINT-AGATHON','',0,'GE','10.85Z','','FARMOR',433122645,43312264500016,0,22200,'31','PARC D\'ACTIVITE DE BELLEVUE','','SAINT-AGATHON','1085Z','','Société par actions simplifiée'),(40698,48927552900027,489275529,3270,'1','02','RUE','DE LA CROIX DES VERNES','','','33.20B','SAINT-YORRE','44',0,'PME','33.20B','','PRELEC',489275529,48927552900027,44,3270,'02','DE LA CROIX DES VERNES','RUE','SAINT-YORRE','3320B','','Société à responsabilité limitée (SARL)'),(40699,26030026400017,260300264,3200,'1','51','BOULEVARD','DENIERE','','','86.10Z','VICHY','',0,'ETI','86.10Z','','CENTRE HOSPITALIER JACQUES LACARIN',260300264,26030026400017,0,3200,'51','DENIERE','BOULEVARD','VICHY','8610Z','','Etablissement public administratif'),(40700,53324797900115,533247979,60710,'0','22','','LA SUCRERIE','','','10.81Z','CHEVRIERES','',0,'GE','10.81Z','','TEREOS FRANCE',533247979,53324797900206,0,77230,'22','DE SENLIS','RUE','MOUSSY-LE-VIEUX','1081Z','','Société coopérative agricole'),(40701,40313822500061,403138225,2390,'0','','RUE','PASTEUR','','','10.62Z','ORIGNY-SAINTE-BENOITE','11',0,'GE','10.62Z','','TEREOS STARCH & SWEETENERS EUROPE',403138225,40313822500012,0,67390,'32','ZI PORTUAIRE','','MARCKOLSHEIM','1062Z','','Société par actions simplifiée'),(40702,26750045200466,267500452,75010,'0','51','AVENUE','CLAUDE VELLEFAUX','','','86.10Z','PARIS','1',0,'GE','86.10Z','','ASSISTANCE PUBLIQUE HOPITAUX DE PARIS',267500452,26750045200466,1,75010,'51','CLAUDE VELLEFAUX','AVENUE','PARIS','8610Z','','Etablissement public administratif'),(40703,35051087100022,350510871,63920,'0','','ZONE INDUSTRIELLE','DES FORGES','','','25.73B','PESCHADOIRES','6',0,'ETI','25.73B','','ALAMO GROUP AGRICULTURE FRANCE',350510871,35051087100014,40,69250,'22','AUGUSTE WISSEL','AVENUE','NEUVILLE-SUR-SAONE','2830Z','','Société par actions simplifiée'),(40704,44572183000013,445721830,59610,'1','22','RUE','DU CHAUFOUR','','','25.94Z','FOURMIES','2',0,'ETI','25.94Z','','AGRATI FOURMIES S.A.S.',445721830,44572183000013,2,59610,'22','DU CHAUFOUR','RUE','FOURMIES','2594Z','','Société par actions simplifiée'),(40705,40877093100017,408770931,63320,'1','03','','LA CHAUX','','','01.41Z','SAINT-DIERY','',0,'','01.41Z','','GAEC DU BOIS JOLI',408770931,40877093100017,0,63320,'03','LA CHAUX','','SAINT-DIERY','0141Z','','Société civile'),(40706,53324797900123,533247979,62170,'0','22','ROUTE','NATIONALE 39','','','10.81Z','ATTIN','18',0,'GE','10.81Z','','TEREOS FRANCE',533247979,53324797900206,0,77230,'22','DE SENLIS','RUE','MOUSSY-LE-VIEUX','1081Z','','Société coopérative agricole'),(40707,37765808300011,377658083,52100,'1','32','AVENUE','DU GENERAL SARRAIL','','','24.52Z','SAINT-DIZIER','11',0,'ETI','24.52Z','','ACIERIES HACHETTE ET DRIOUT',377658083,37765808300011,11,52100,'32','DU GENERAL SARRAIL','AVENUE','SAINT-DIZIER','2452Z','','Société par actions simplifiée'),(40708,44025274000046,440252740,42510,'0','21','CHEMIN','DE LA CENTRALE','','','13.20Z','BUSSIERES','77',0,'GE','13.20Z','','ATELIERS DE TISSAGE DE BUSSIERES ET DE CHALLES',440252740,44025274000020,16,69310,'','DES MURIERS','CHE','OULLINS-PIERRE-BENITE','1320Z','','Société par actions simplifiée'),(40709,77941242800020,779412428,26290,'1','11','','QUARTIER DES GRESSES','','','85.20Z','DONZERE','',0,'PME','85.20Z','','OGEC STE MARIE',779412428,77941242800020,0,26290,'11','QUARTIER DES GRESSES','','DONZERE','8520Z','','Association loi 1901 ou assimilé'),(40710,84460672300295,844606723,21850,'0','','RUE','DE LA REDOUTE','','','43.21A','SAINT-APOLLINAIRE','32',0,'GE','43.21A','','SPIE INDUSTRIE',844606723,84460672300295,32,21850,'','DE LA REDOUTE','RUE','SAINT-APOLLINAIRE','4321A','','Société par actions simplifiée'),(40711,84460672300584,844606723,57530,'0','','RUE','DU JARDIN D\'ECOSSE','','','43.21A','ARS LAQUENEXY','9',0,'GE','43.21A','','SPIE INDUSTRIE',844606723,84460672300584,9,57530,'','DU JARDIN D\'ECOSSE','RUE','ARS LAQUENEXY','4321A','','Société par actions simplifiée'),(40712,90097920400014,900979204,1150,'1','03','ROUTE','DE LOYETTES','','','55.10Z','BLYES','668',0,'PME','55.10Z','','LE RICCOTY',900979204,90097920400014,668,1150,'03','DE LOYETTES','ROUTE','BLYES','5510Z','','Société par actions simplifiée'),(40713,44035213600012,440352136,87000,'1','21','RUE','DE NEXON','','','10.11Z','LIMOGES','125',0,'PME','10.11Z','','ABATTOIR DE LIMOGES METROPOLE',440352136,44035213600012,125,87000,'21','DE NEXON','RUE','LIMOGES','1011Z','','Etablissement public ou régie à caractère industriel ou commercial'),(40714,32552045000231,325520450,22600,'0','22','RUE','ARTHUR ENAUD','','ZI DEKERSUGUET','10.51C','LOUDEAC','',0,'GE','10.51C','','ENTREMONT ALLIANCE',325520450,32552045000231,0,22600,'22','ARTHUR ENAUD','RUE','LOUDEAC','1051C','','Société par actions simplifiée'),(40715,41479011300016,414790113,80090,'1','21','RUE','DE QUEBEC','','','43.21A','AMIENS','39',0,'GE','43.21A','','GTIE AMIENS',414790113,41479011300016,39,80090,'21','DE QUEBEC','RUE','AMIENS','4321A','','Société par actions simplifiée'),(40716,35181269800667,351812698,74000,'1','21','IMP','DES PRAIRIES','','PAE LES GLAISINS','71.20B','ANNECY','3',0,'ETI','71.20B','','BUREAU ALPES CONTROLES',351812698,35181269800667,3,74000,'21','DES PRAIRIES','IMP','ANNECY','7120B','','Société par actions simplifiée'),(40717,35216504700015,352165047,68220,'1','12','RUE','DE NANCY','','','22.29A','HESINGUE','7',0,'ETI','22.29A','','EURO PRODUCTION',352165047,35216504700015,7,68220,'12','DE NANCY','RUE','HESINGUE','2229A','','Société par actions simplifiée'),(40718,24871931200162,248719312,87000,'1','41','RUE','BERNARD PALISSY','','','84.11Z','LIMOGES','19',0,'ETI','84.11Z','','CU LIMOGES METROPOLE',248719312,24871931200162,19,87000,'41','BERNARD PALISSY','RUE','LIMOGES','8411Z','','Etablissement public administratif'),(40719,49144131700063,491441317,92800,'1','','COURS','MICHELET','','','68.20B','PUTEAUX','1',0,'GE','68.20B','','SAS CHAPONNAY MERIEUX LOGISTICS',491441317,49144131700063,1,92800,'','MICHELET','COURS','PUTEAUX','6820B','','Société par actions simplifiée'),(40720,35286063901858,352860639,21800,'1','12','RUE','DU POINT DU JOUR','','','46.71Z','CHEVIGNY-SAINT-SAUVEUR','7',0,'ETI','46.71Z','','T.D-DISTRIBUTION THEVENIN-DUCROT-DISTRIBUTION',352860639,35286063901858,7,21800,'12','DU POINT DU JOUR','RUE','CHEVIGNY-SAINT-SAUVEUR','4671Z','','Société par actions simplifiée'),(40721,36780140400412,367801404,84320,'0','22','CHEMIN','DE GROMELLE','','','52.10B','ENTRAIGUES-SUR-LA-SORGUE','400',0,'ETI','52.10B','','FM FRANCE',367801404,36780140400412,400,84320,'22','DE GROMELLE','CHEMIN','ENTRAIGUES-SUR-LA-SORGUE','5210B','','Société par actions simplifiée'),(40722,25730223200034,257302232,73290,'1','12','RUE','DE LA PETITE EAU','','BATIMENT 3D','42.99Z','LA MOTTE-SERVOLEX','81',0,'PME','42.99Z','','SYNDICAT DEPARTEMENTAL D ENERGIE DE LA SAVOIE',257302232,25730223200034,81,73290,'12','DE LA PETITE EAU','RUE','LA MOTTE-SERVOLEX','4299Z','','Etablissement public administratif'),(40723,25580118500018,255801185,58000,'1','22','PLACE','DE LA REPUBLIQUE','','','84.13Z','NEVERS','7',0,'PME','84.13Z','','SYNDICAT INTERCOMMUNAL D ENERGIES D EQUIPEMENT ET D ENVIRONNEMENT DE LA NIEVRE',255801185,25580118500018,7,58000,'22','DE LA REPUBLIQUE','PLACE','NEVERS','8413Z','','Etablissement public administratif'),(40724,54210765113030,542107651,92400,'1','42','PLACE','SAMUEL DE CHAMPLAIN','','','35.23Z','COURBEVOIE','1',0,'GE','35.23Z','','ENGIE',542107651,54210765113030,1,92400,'42','SAMUEL DE CHAMPLAIN','PLACE','COURBEVOIE','3523Z','','Société anonyme à conseil d\'administration'),(40725,39023357500013,390233575,54000,'1','11','RUE','SAINT NICOLAS','','','68.32A','NANCY','22',0,'PME','68.32A','','MICHEL ET NEUMAYER',390233575,39023357500013,22,54000,'11','SAINT NICOLAS','RUE','NANCY','6832A','','Société par actions simplifiée'),(40726,76680017100015,766800171,54000,'1','12','RUE','MAURICE BARRES','','','68.32A','NANCY','15',0,'PME','68.32A','','BONNABELLE ET CIE',766800171,76680017100015,15,54000,'12','MAURICE BARRES','RUE','NANCY','6832A','','Société par actions simplifiée'),(40727,35227629900026,352276299,63200,'1','12','AVENUE','HECTOR BERLIOZ','','ZAC DE LA GRAVIERE','49.41A','RIOM','',0,'PME','49.41A','','ATR',352276299,35227629900026,0,63200,'12','HECTOR BERLIOZ','AVENUE','RIOM','4941A','','Société anonyme à conseil d\'administration'),(40728,54672007900203,546720079,69124,'1','02','RUE','DE NORVEGE','','AIRPARC, LYON SAINT EXUPERY AEROPORT','43.21A','COLOMBIER-SAUGNIEU','160',0,'ETI','43.21A','','SOCIETE DE TRAVAUX ELECTRIQUES DU BUGEY',546720079,54672007900203,160,69124,'02','DE NORVEGE','RUE','COLOMBIER-SAUGNIEU','4321A','','Société par actions simplifiée'),(40729,80351980000111,803519800,69570,'0','21','CHEMIN','DE LA BRUYERE','','46-48-INNOVALIA BAT D','46.69C','DARDILLY','46',0,'ETI','46.69C','','TRANE FRANCE SAS',803519800,80351980000012,1,88190,'','DES AMERIQUES','RUE','GOLBEY','4669B','','Société par actions simplifiée'),(40730,80351980000129,803519800,54630,'0','11','RUE','JEAN LAMOUR','','ZA LA JUSTICE','46.69C','RICHARDMENIL','9',0,'ETI','46.69C','','TRANE FRANCE SAS',803519800,80351980000012,1,88190,'','DES AMERIQUES','RUE','GOLBEY','4669B','','Société par actions simplifiée'),(40731,43308514900121,433085149,33610,'0','41','AVENUE','SALVADOR ALLENDE','','ZONE INDUSTRIELLE GAZINET','10.72Z','CESTAS','',0,'GE','10.72Z','','MONDELEZ FRANCE BISCUITS PRODUCTION SAS',433085149,43308514900121,0,33610,'41','SALVADOR ALLENDE','AVENUE','CESTAS','1072Z','','Société par actions simplifiée'),(40732,30247750000052,302477500,3300,'0','03','BOULEVARD','JEAN LAFAURE','','','45.11Z','CUSSET','44',0,'ETI','45.11Z','','REPUBLIQUE AUTOS',302477500,30247750000078,8,63000,'12','LOUIS BLERIOT','RUE','CLERMONT-FERRAND','4511Z','','Société par actions simplifiée'),(40733,8628064100019,86280641,45340,'1','21','ROUTE','DE LA SOURCE','','','11.07A','CHAMBON-LA-FORET','',0,'ETI','11.07A','','GALE EAUX MINERALES NATURELLES CHAMBON',86280641,8628064100019,0,45340,'21','DE LA SOURCE','ROUTE','CHAMBON-LA-FORET','1107A','','Société par actions simplifiée'),(40734,33187698700073,331876987,82000,'1','31','AVENUE','D\'ITALIE','','','46.17A','MONTAUBAN','1419',0,'GE','46.17A','','METRO FSD FRANCE',331876987,33187698700073,1419,82000,'31','D\'ITALIE','AVENUE','MONTAUBAN','4617A','','Société par actions simplifiée'),(40735,53791552200040,537915522,80080,'1','12','AVENUE','ROGER DUMOULIN','','','43.21A','AMIENS','59',0,'GE','43.21A','','CEGELEC PICARDIE INDUSTRIE',537915522,53791552200040,59,80080,'12','ROGER DUMOULIN','AVENUE','AMIENS','4321A','','Société par actions simplifiée'),(40736,84542028000032,845420280,10200,'0','32','AVENUE','DU GENERAL LECLERC','','','25.50A','BAR-SUR-AUBE','',0,'ETI','25.50A','','LISI AEROSPACE FORGED INTEGRATED SOLUTIONS',845420280,84542028000016,39,52310,'41','DES FORGES','RTE','BOLOGNE','2550A','','Société par actions simplifiée'),(40737,44981224700012,449812247,63320,'1','11','','LA CHAUX','','','47.29Z','SAINT-DIERY','',0,'PME','47.29Z','','DU BOIS JOLI',449812247,44981224700012,0,63320,'11','LA CHAUX','','SAINT-DIERY','4729Z','','Société par actions simplifiée'),(40738,31109848700201,311098487,44800,'0','12','RUE','DU REMOULEUR','','','43.22B','SAINT-HERBLAIN','1',0,'ETI','43.22B','','SOCIETE-MISSENARD QUINT B',311098487,31109848700201,1,44800,'12','DU REMOULEUR','RUE','SAINT-HERBLAIN','4322B','','Société par actions simplifiée'),(40739,95353906100010,953539061,75017,'1','','RUE','DE COURCELLES','','','68.20B','PARIS','183',0,'','68.20B','','SCCF PROPERTIES',953539061,95353906100010,183,75017,'','DE COURCELLES','RUE','PARIS','6820B','','Société civile'),(40740,30337658601265,303376586,42100,'0','12','RUE','DE LA MONTAT','','CENTRE COMMERCIAL DE MONTHIEU','47.54Z','SAINT-ETIENNE','140',0,'GE','47.54Z','','DARTY GRAND EST',303376586,30337658601265,140,42100,'12','DE LA MONTAT','RUE','SAINT-ETIENNE','4754Z','','Société en nom collectif'),(40741,39770462800015,397704628,87000,'1','21','RUE','SAINTE ANNE','','','85.42Z','LIMOGES','43',0,'PME','85.42Z','','ASSOCIATION POUR LA GESTION DE 3IL',397704628,39770462800015,43,87000,'21','SAINTE ANNE','RUE','LIMOGES','8542Z','','Association loi 1901 ou assimilé'),(40742,41355739800612,413557398,91000,'0','21','RUE','MARYSE BASTIE','','','47.76Z','EVRY-COURCOURONNES','6',0,'ETI','47.76Z','','ANIMALIS',413557398,41355739800612,6,91000,'21','MARYSE BASTIE','RUE','EVRY-COURCOURONNES','4776Z','','Société par actions simplifiée'),(40743,52182348400030,521823484,82100,'0','31','ALLEE','DES TOURNESOLS','','ZAC DU BARRAOUET','10.71A','CASTELSARRASIN','771',0,'ETI','10.71A','','AJINOMOTO FROZEN FOODS FRANCE',521823484,52182348400022,0,27110,'22','DE PONT DE L’ARCHE','ROUTE','LE NEUBOURG','1085Z','','Société par actions simplifiée'),(40744,85293613700011,852936137,94150,'1','11','AV','DE BOURGOGNE MIN','','BATIMENT A3 -','46.31Z','RUNGIS','75',0,'PME','46.31Z','','MAGNIER DISTRIBUTION',852936137,85293613700011,75,94150,'11','DE BOURGOGNE MIN','AV','RUNGIS','4631Z','','Société par actions simplifiée'),(40745,98091128300011,980911283,94550,'1','','AVENUE','GEORGES GUYNEMER','','','46.39B','CHEVILLY-LARUE','32',0,'','46.39B','','ARG FRAIS',980911283,98091128300011,32,94550,'','GEORGES GUYNEMER','AVENUE','CHEVILLY-LARUE','4639B','','Société par actions simplifiée'),(40746,71204245600145,712042456,64600,'0','41','AVENUE','MARCEL DASSAULT','','(ANCIENNEMENT QUARTIER HARDOY)','30.30Z','ANGLET','8',0,'GE','30.30Z','','DASSAULT AVIATION',712042456,71204245600111,9,75008,'','DES CHAMPS ELYSEES-MARCEL DASSAULT','ROND-POINT','PARIS','3030Z','','Société anonyme à conseil d\'administration'),(40747,33514631200582,335146312,59491,'0','03','AV','DE LA CREATIVITE','','MAISON DU COWORKING','46.69A','VILLENEUVE D ASCQ','6',0,'ETI','46.69A','','ABB FRANCE',335146312,33514631200459,7,95800,'32','D\'OSNY','BOULEVARD','CERGY','3312Z','','Société par actions simplifiée'),(40748,31310446500056,313104465,94320,'0','12','RUE','DES ALOUETTES','','','52.29B','THIAIS','15',0,'ETI','52.29B','','FRET INTERNAT RAPIDE SERV TRAN',313104465,31310446500080,7,93290,'12','DU TE','RUE','TREMBLAY-EN-FRANCE','5229B','','Société par actions simplifiée'),(40749,97622003800047,976220038,3270,'0','01','AVENUE','DES SOURCES','','BATIMENT SY2','11.07A','SAINT-YORRE','70',0,'ETI','11.07A','','SOCIETE REGINA',976220038,97622003800062,70,3270,'12','DES SOURCES','AVENUE','SAINT-YORRE','1107A','','Société à responsabilité limitée (SARL)'),(40750,50908767200044,509087672,59960,'1','12','RUE','DE RECKEM','','','71.12B','NEUVILLE-EN-FERRAIN','31',0,'PME','71.12B','','ACONSTRUCT',509087672,50908767200044,31,59960,'12','DE RECKEM','RUE','NEUVILLE-EN-FERRAIN','7112B','','Société par actions simplifiée'),(40751,26690027300910,266900273,69500,'0','','BOULEVARD','PINEL','','','86.10Z','BRON','59',0,'GE','86.10Z','','HOSPICES CIVILS DE LYON',266900273,26690027300910,59,69500,'','PINEL','BOULEVARD','BRON','8610Z','','Etablissement public administratif'),(40752,38872724000169,388727240,80440,'0','03','AVENUE','DE L’ETOILE DU SUD','','ZAC JULES VERNE','43.21A','GLISY','36',0,'GE','43.21A','','EIFFAGE ENERGIE SYSTEMES - INDUS NORD',388727240,38872724000045,0,62131,'32','DEPARTEMENTALE 937','RTE','VERQUIN','4321A','','Société par actions simplifiée'),(40753,38268153400014,382681534,40400,'1','11','ROUTE','DE LALANDE','','','33.20C','CARCARES-SAINTE-CROIX','3771',0,'GE','33.20C','','SMI INFORMATIQUE AUTOMATISMES',382681534,38268153400014,3771,40400,'11','DE LALANDE','ROUTE','CARCARES-SAINTE-CROIX','3320C','','Société par actions simplifiée'),(40754,31892006300076,318920063,59115,'1','01','RUE','DU CATILLON','','ZI ROUBAIX EST','46.69B','LEERS','3',0,'PME','46.69B','','DECAMAT+',318920063,31892006300076,3,59115,'01','DU CATILLON','RUE','LEERS','4669B','','Société à responsabilité limitée (SARL)'),(40755,41498294200024,414982942,54110,'0','21','RUE','DE LA SALINE','','ZA SOLVAY - PTE EST RTE DES DIGUES','08.93Z','DOMBASLE-SUR-MEURTHE','1',0,'ETI','08.93Z','','K+S FRANCE',414982942,41498294200099,1,51100,'12','DES DOCKS REMOIS','RUE','REIMS','4675Z','','Société par actions simplifiée'),(40756,43845265800034,438452658,22100,'1','02','RUE','DES JARDINS','','','28.25Z','QUEVERT','5',0,'PME','28.25Z','','SYSTECH ENERGY',438452658,43845265800034,5,22100,'02','DES JARDINS','RUE','QUEVERT','2825Z','','Société à responsabilité limitée (SARL)'),(40757,34070744700017,340707447,38750,'1','02','AVENUE','DES JEUX','','RESIDENCE DE L\'ALPE','68.31Z','HUEZ','',0,'PME','68.31Z','','AGENCE GIVERDON IMMOBILIER-AGI',340707447,34070744700017,0,38750,'02','DES JEUX','AVENUE','HUEZ','6831Z','','Société par actions simplifiée'),(40758,20005376700014,200053767,69002,'1','52','COURS','CHARLEMAGNE','','','84.11Z','LYON','101',0,'GE','84.11Z','','REGION AUVERGNE-RHONE-ALPES',200053767,20005376700014,101,69002,'52','CHARLEMAGNE','COURS','LYON','8411Z','','Collectivité territoriale'),(40759,49295421900043,492954219,75002,'1','','RUE','SAINT-AUGUSTIN','','','64.20Z','PARIS','30',0,'PME','64.20Z','','FONCIERE MOZART',492954219,49295421900043,30,75002,'','SAINT-AUGUSTIN','RUE','PARIS','6420Z','','Société par actions simplifiée'),(40760,38151180700046,381511807,59200,'1','12','RUE','DE BRADFORD','','','33.12Z','TOURCOING','68',0,'PME','33.12Z','','MECANIQUE TUYAUTERIE MAINTENANCE INDUSTR',381511807,38151180700046,68,59200,'12','DE BRADFORD','RUE','TOURCOING','3312Z','','Société par actions simplifiée'),(40761,56450302700026,564503027,42400,'1','21','RUE','MICHEL RONDET','','ZONE INDUSTRIELLE DU CLOS','25.93Z','SAINT-CHAMOND','15',0,'PME','25.93Z','','MLT MINET LACING TECHNOLOGY',564503027,56450302700026,15,42400,'21','MICHEL RONDET','RUE','SAINT-CHAMOND','2593Z','','Société par actions simplifiée'),(40762,24690072400146,246900724,69670,'1','21','CHE','DU STADE','','','84.11Z','VAUGNERAY','27',0,'PME','84.11Z','','COMMUNAUTE COMMUNES VALLONS DU LYONNAIS',246900724,24690072400146,27,69670,'21','DU STADE','CHE','VAUGNERAY','8411Z','','Etablissement public administratif'),(40763,80365276700028,803652767,69630,'1','02','ROUTE','DES AQUEDUCS','','ZI TAFFIGNON LE FORUM DES AQUEDUCS','35.30Z','CHAPONOST','',0,'PME','35.30Z','','ENER4',803652767,80365276700028,0,69630,'02','DES AQUEDUCS','ROUTE','CHAPONOST','3530Z','','Société par actions simplifiée'),(40764,48839388500030,488393885,69960,'0','21','RUE','LOUIS PRADEL','','','33.12Z','CORBAS','4',0,'ETI','33.12Z','','ADF RHONE ALPES',488393885,48839388500048,5,69720,'','MARECHAL JUIN','AVENUE','SAINT-LAURENT-DE-MURE','3312Z','','Société par actions simplifiée'),(40765,31863481300030,318634813,69320,'0','22','RUE','ALFRED NOBEL','','PARC ACTIVITE CHATEAU ILE','33.20C','FEYZIN','15',0,'GE','33.20C','','EIFFAGE ENERGIE SYSTEMES - SECAUTO',318634813,31863481300063,2,13500,'22','LOUIS LEPINE','RUE','MARTIGUES','3313Z','','Société par actions simplifiée'),(40766,37920807700030,379208077,2240,'0','32','','LA VOIE D\'URVILLIERS','','','10.61B','ITANCOURT','',0,'ETI','10.61B','','CEREAL PARTNERS FRANCE',379208077,37920807700063,34,92130,'12','GUYNEMER','RUE','ISSY-LES-MOULINEAUX','1061B','','Société en nom collectif'),(40767,82173341700025,821733417,62200,'0','22','RUE','DE NEMOURS','','','10.92Z','BOULOGNE-SUR-MER','',0,'ETI','10.92Z','','C&D FOODS FRANCE',821733417,82173341700041,37,62200,'22','MONTEBELLO','RUE','BOULOGNE-SUR-MER','1092Z','','Société par actions simplifiée'),(40768,48770452000021,487704520,54330,'1','11','RUE','JOSEPH MACHARD','','','43.22B','OMELMONT','4',0,'PME','43.22B','','C.C.E.R SAINTOIS',487704520,48770452000021,4,54330,'11','JOSEPH MACHARD','RUE','OMELMONT','4322B','','Société à responsabilité limitée (SARL)'),(40769,34169095600022,341690956,38100,'1','21','RUE','LEO LAGRANGE','','','87.10A','GRENOBLE','6',0,'PME','87.10A','','ARBRES DE VIE -  ETABLISSEMENTS POUR PERSONNES AGEES',341690956,34169095600022,6,38100,'21','LEO LAGRANGE','RUE','GRENOBLE','8710A','','Association loi 1901 ou assimilé'),(40770,78413225000068,784132250,35000,'1','','RUE','DU MANOIR DE SERVIGNE','','','23.99Z','RENNES','45',0,'GE','23.99Z','','BREIZH ENROBES',784132250,78413225000068,45,35000,'','DU MANOIR DE SERVIGNE','RUE','RENNES','2399Z','','Société par actions simplifiée'),(40771,42188156600028,421881566,26120,'1','22','','ZA LES PETITS CHAMPS','','Z A','43.99B','MONTELIER','',0,'ETI','43.99B','','BONHOMME BATIMENTS INDUSTRIELS',421881566,42188156600028,0,26120,'22','ZA LES PETITS CHAMPS','','MONTELIER','4399B','','Société par actions simplifiée'),(40772,85720052100022,857200521,63800,'1','41','AVENUE','DU MIDI','','76-78','46.46Z','COURNON-D\'AUVERGNE','76',0,'ETI','46.46Z','','CENTRE SPECIALITES PHARMACEUTIQUES',857200521,85720052100022,76,63800,'41','DU MIDI','AVENUE','COURNON-D\'AUVERGNE','4646Z','','Société par actions simplifiée'),(40773,85720052100261,857200521,63800,'0','21','RUE','DE LA RASA','','','46.46Z','COURNON-D\'AUVERGNE','',0,'ETI','46.46Z','','CENTRE SPECIALITES PHARMACEUTIQUES',857200521,85720052100261,0,63800,'21','DE LA RASA','RUE','COURNON-D\'AUVERGNE','4646Z','','Société par actions simplifiée'),(40774,26500110700019,265001107,50200,'1','32','RUE','DE LA GARE','','','86.10Z','COUTANCES','',0,'ETI','86.10Z','','CENTRE HOSPITALIER DE COUTANCES',265001107,26500110700019,0,50200,'32','DE LA GARE','RUE','COUTANCES','8610Z','','Etablissement public administratif'),(40775,33211009700075,332110097,60170,'0','22','RTE','DE BAILLY','','','20.52Z','RIBECOURT-DRESLINCOURT','',0,'GE','20.52Z','','BOSTIK SA',332110097,33211009700208,420,92700,'32','D’ESTIENNE D’ORVES','RUE','COLOMBES','2052Z','','Société anonyme à conseil d\'administration'),(40776,79588034300038,795880343,74200,'0','','RUE','DE LA GARE','','ZA DE MESINGES','74.90B','ALLINGES','403',0,'PME','74.90B','','SARL ETS BUTTAY FRERES',795880343,79588034300020,27,74200,'12','DE LA FONTAINE COUVERTE','AVENUE','THONON-LES-BAINS','4633Z','','Société à responsabilité limitée (SARL)'),(40777,30568943200022,305689432,17440,'1','31','RUE','GALILEE','','ZAC DE BELLE AIRE','10.51A','AYTRE','9',0,'ETI','10.51A','','AVI-CHARENTE',305689432,30568943200022,9,17440,'31','GALILEE','RUE','AYTRE','1051A','','Société par actions simplifiée'),(40778,44982047100026,449820471,26260,'1','02','QUA','ZI LES SABLES','','','46.69B','SAINT DONAT SUR L\'HERBASSE','',0,'PME','46.69B','','ARCLIM',449820471,44982047100026,0,26260,'02','ZI LES SABLES','QUA','SAINT DONAT SUR L\'HERBASSE','4669B','','Société à responsabilité limitée (SARL)'),(40779,48868143800039,488681438,12110,'1','12','','RUAU','','Z.I. DE RUAU','43.21A','AUBIN','',0,'PME','43.21A','','AVEYRON ELEC CONCEPT',488681438,48868143800039,0,12110,'12','RUAU','','AUBIN','4321A','','Société par actions simplifiée'),(40780,78413225000134,784132250,56390,'0','','','PARC D\'ACTIVITES DE KERAVEL','','','23.99Z','LOCQUELTAS','',0,'GE','23.99Z','','BREIZH ENROBES',784132250,78413225000068,45,35000,'','DU MANOIR DE SERVIGNE','RUE','RENNES','2399Z','','Société par actions simplifiée'),(40781,83240431300039,832404313,69001,'1','03','RUE','DE LA REPUBLIQUE','','','43.22B','LYON','4',0,'PME','43.22B','','ALMACIA',832404313,83240431300039,4,69001,'03','DE LA REPUBLIQUE','RUE','LYON','4322B','','Société par actions simplifiée'),(40782,89215429500018,892154295,0,'1','','','153 A1 RUE DES PAGES','','','74.90B','','',0,'PME','74.90B','','BEF4U SPRL',892154295,89215429500018,0,0,'','153 A1 RUE DES PAGES','','','7490B','','Personne morale de droit étranger, non immatriculée au RCS'),(40783,83325141600016,833251416,14730,'0','12','RUE','DE LA LIBERTE','','','13.99Z','GIBERVILLE','57',0,'PME','13.99Z','','CALOMATECH',833251416,83325141600024,10,14120,'','AMPERE','RUE','MONDEVILLE','1396Z','','Société par actions simplifiée'),(40784,75180559900014,751805599,66170,'0','01','AVENUE','DU GENERAL DE GAULLE','','','47.21Z','NEFIACH','50',0,'PME','47.21Z','','CATALAN DU FRUIT',751805599,75180559900030,16,66130,'','CAVE COOP GUSTAVE DUFRAISSE','RUE','ILLE-SUR-TET','4721Z','','Société par actions simplifiée'),(40785,38813490000033,388134900,69680,'1','11','RUE','JACQUARD','','','43.22B','CHASSIEU','17',0,'PME','43.22B','','ACOFROID SAS',388134900,38813490000033,17,69680,'11','JACQUARD','RUE','CHASSIEU','4322B','','Société par actions simplifiée'),(40786,31245483800250,312454838,62160,'0','22','BD','ARTHUR LAMENDIN','','','86.10Z','BULLY LES MINES','',0,'ETI','86.10Z','','ASSOC HOSPITALIERE NORD ARTOIS CLINIQUE',312454838,31245483800250,0,62160,'22','ARTHUR LAMENDIN','BD','BULLY LES MINES','8610Z','','Association loi 1901 ou assimilé'),(40787,32925504600115,329255046,75013,'1','32','AVENUE','PIERRE MENDES FRANCE','','','66.30Z','PARIS','43',0,'GE','66.30Z','','AEW',329255046,32925504600115,43,75013,'32','PIERRE MENDES FRANCE','AVENUE','PARIS','6630Z','','Société par actions simplifiée'),(40788,26020861600011,260208616,2100,'1','51','AVENUE','MICHEL DE I\'HOSPITAL','','','86.10Z','SAINT-QUENTIN','1',0,'ETI','86.10Z','','CENTRE HOSPITALIER GENERAL ST QUENTIN',260208616,26020861600011,1,2100,'51','MICHEL DE I\'HOSPITAL','AVENUE','SAINT-QUENTIN','8610Z','','Etablissement public administratif'),(40789,49334616700015,493346167,42400,'1','21','','CLOS MARQUET','','ZONE INDUSTRIELLE','22.21Z','SAINT-CHAMOND','',0,'PME','22.21Z','','AGRIPOLYANE',493346167,49334616700015,0,42400,'21','CLOS MARQUET','','SAINT-CHAMOND','2221Z','','Société par actions simplifiée'),(40790,42863435600011,428634356,69002,'1','22','RUE','GROLEE','','','71.12B','LYON','6',0,'ETI','71.12B','','CABINET D\'ETUDES MARC MERLIN',428634356,42863435600011,6,69002,'22','GROLEE','RUE','LYON','7112B','','Société par actions simplifiée'),(40791,30137492200047,301374922,59114,'0','32','RUE','REMY GOETGHELUCK','','','10.86Z','STEENVOORDE','',0,'GE','10.86Z','','BLEDINA',301374922,30137492200120,81,69760,'41','SANS SOUCI','RUE','LIMONEST','1051A','','Société par actions simplifiée'),(40792,43789445400028,437894454,73240,'1','11','RTE','DE PONT DE BEAUVOISIN','','ST GENIX SUR GUIERS','33.20B','SAINT-GENIX-LES-VILLAGES','1275',0,'PME','33.20B','','CBF-PRO',437894454,43789445400028,1275,73240,'11','DE PONT DE BEAUVOISIN','RTE','SAINT-GENIX-LES-VILLAGES','3320B','','Société par actions simplifiée'),(40793,77992413300019,779924133,69008,'1','51','RUE','LAENNEC','','','86.10Z','LYON','28',0,'ETI','86.10Z','','CENTRE LEON BERARD',779924133,77992413300019,28,69008,'51','LAENNEC','RUE','LYON','8610Z','','Autre personne morale de droit privé'),(40794,34200861200059,342008612,59167,'1','12','RUE','DU GALIBOT','','','22.29A','LALLAING','601',0,'ETI','22.29A','','ICTDP',342008612,34200861200059,601,59167,'12','DU GALIBOT','RUE','LALLAING','2229A','','Société par actions simplifiée'),(40795,81529033300021,815290333,69002,'1','','PLACE','GAILLETON','','ESPACE GAILLETON','71.12B','LYON','2',0,'PME','71.12B','','BEEBRYTE S.A.S',815290333,81529033300021,2,69002,'','GAILLETON','PLACE','LYON','7112B','','Société par actions simplifiée'),(40796,79588034300020,795880343,74200,'1','12','AVENUE','DE LA FONTAINE COUVERTE','','','46.33Z','THONON-LES-BAINS','27',0,'PME','46.33Z','','SARL ETS BUTTAY FRERES',795880343,79588034300020,27,74200,'12','DE LA FONTAINE COUVERTE','AVENUE','THONON-LES-BAINS','4633Z','','Société à responsabilité limitée (SARL)'),(40797,38843652900035,388436529,66000,'1','12','AVENUE','DE MILAN','','ZAC DU GRAND ST CHARLES','52.29B','PERPIGNAN','450',0,'PME','52.29B','','BERTHAUD ROUSSILLON PAPOTRANS',388436529,38843652900035,450,66000,'12','DE MILAN','AVENUE','PERPIGNAN','5229B','','Société à responsabilité limitée (SARL)'),(40798,92035023800019,920350238,26140,'1','','RUE','DES USINES','','','29.10Z','ANDANCETTE','6',0,'ETI','29.10Z','','AM E-PRODUCTION',920350238,92035023800019,6,26140,'','DES USINES','RUE','ANDANCETTE','2910Z','','Société par actions simplifiée'),(40799,38313208100035,383132081,51300,'1','22','','ZONE INDUSTRIELLE','','LIEU DIT LE CERISIER','29.32Z','VITRY LE FRANCOIS','',0,'GE','29.32Z','','ARCELORMITTAL TUBULAR PRODUCTS VITRY',383132081,38313208100035,0,51300,'22','ZONE INDUSTRIELLE','','VITRY LE FRANCOIS','2932Z','','Société par actions simplifiée'),(40800,57209969500106,572099695,44550,'0','21','RUE','DE LA CARAVELLE','','ZONE PORTUAIRE TERMINAL AGRO ALIMENT.','10.41A','MONTOIR-DE-BRETAGNE','',0,'GE','10.41A','','CARGILL FRANCE',572099695,57209969500197,102,92800,'22','BOIELDIEU','TERRASSE','PUTEAUX','1041A','','Société par actions simplifiée'),(40801,78413225000076,784132250,22260,'0','','LD','CHATEAULIN','','','23.99Z','PLOUEC-DU-TRIEUX','',0,'GE','23.99Z','','BREIZH ENROBES',784132250,78413225000068,45,35000,'','DU MANOIR DE SERVIGNE','RUE','RENNES','2399Z','','Société par actions simplifiée'),(40802,31245483800086,312454838,62590,'0','31','PLACE','DE LA 4E REPUBLIQUE','','','86.10Z','OIGNIES','',0,'ETI','86.10Z','','ASSOC HOSPITALIERE NORD ARTOIS CLINIQUE',312454838,31245483800086,0,62590,'31','DE LA 4E REPUBLIQUE','PLACE','OIGNIES','8610Z','','Association loi 1901 ou assimilé'),(40803,34539992700036,345399927,38420,'1','12','RUE','CHARLES MOREL','','','28.25Z','DOMENE','1',0,'ETI','28.25Z','','ATHERM',345399927,34539992700036,1,38420,'12','CHARLES MOREL','RUE','DOMENE','2825Z','','Société par actions simplifiée'),(40804,43753117100027,437531171,63200,'1','11','RUE','RAY CHARLES','','ZAC DES PORTES DE RIOM','43.22B','RIOM','',0,'PME','43.22B','','AR2C',437531171,43753117100027,0,63200,'11','RAY CHARLES','RUE','RIOM','4322B','','Société par actions simplifiée'),(40805,43844711200055,438447112,59380,'0','11','RUE','DES ARTISANS','','ZONE ARTISANALE DES ARTISANS','43.29A','ARMBOUTS-CAPPEL','3',0,'PME','43.29A','','ISONOR',438447112,43844711200063,0,59820,'','DU DEVELOPPEMENT','ROUTE','GRAVELINES','4329A','','Société par actions simplifiée'),(40806,34297768300024,342977683,86000,'1','32','RUE','DE LA PROVIDENCE','','','86.10Z','POITIERS','1',0,'GE','86.10Z','','POLYCLINIQUE DE POITIERS',342977683,34297768300024,1,86000,'32','DE LA PROVIDENCE','RUE','POITIERS','8610Z','','Société par actions simplifiée'),(40807,20006911000019,200069110,73000,'1','41','ALLEE','DES BLACHERES','','','84.11Z','CHAMBERY','106',0,'ETI','84.11Z','','GRAND CHAMBERY',200069110,20006911000019,106,73000,'41','DES BLACHERES','ALLEE','CHAMBERY','8411Z','','Etablissement public administratif'),(40808,48840064900023,488400649,1360,'1','12','CHEMIN','DU DERONTET','','ZA DES 2 B','43.22B','BELIGNEUX','265',0,'PME','43.22B','','ALPHA ENERGIE',488400649,48840064900023,265,1360,'12','DU DERONTET','CHEMIN','BELIGNEUX','4322B','','Société par actions simplifiée'),(40809,41355739800059,413557398,77185,'0','12','ALLEE','DES PALOMBES','','','47.76Z','LOGNES','',0,'ETI','47.76Z','','ANIMALIS',413557398,41355739800059,0,77185,'12','DES PALOMBES','ALLEE','LOGNES','4776Z','','Société par actions simplifiée'),(40810,31611320800094,316113208,62138,'0','12','RUE','D\'OSLO','','P INDU ARTOIS FLANDRES HOTEL ENT CEL 7','43.22B','DOUVRIN','150',0,'ETI','43.22B','','ETUDES INSTALLATION MAINTENANCE INDUSTRI',316113208,31611320800094,150,62138,'12','D\'OSLO','RUE','DOUVRIN','4322B','','Société par actions simplifiée'),(40811,41258187800011,412581878,2290,'1','32','','','','','10.72Z','MONTIGNY-LENGRAIN','',0,'ETI','10.72Z','','INTERSNACK FRANCE',412581878,41258187800011,0,2290,'32','','','MONTIGNY-LENGRAIN','1072Z','','Société par actions simplifiée'),(40812,40220056200013,402200562,7600,'1','12','RUE','DU VOLTOUR','','','43.22B','VALS-LES-BAINS','7',0,'PME','43.22B','','LARGIER TECHNOLOGIE',402200562,40220056200013,7,7600,'12','DU VOLTOUR','RUE','VALS-LES-BAINS','4322B','','Société par actions simplifiée'),(40813,43136923000013,431369230,38950,'1','12','RUE','DE BROTTERODE','','ZI','43.22B','SAINT-MARTIN-LE-VINOUX','21',0,'PME','43.22B','','EOLYA',431369230,43136923000013,21,38950,'12','DE BROTTERODE','RUE','SAINT-MARTIN-LE-VINOUX','4322B','','Société par actions simplifiée'),(40814,8568078300017,85680783,45380,'1','22','AVENUE','GEORGES POMPIDOU','','','10.39A','LA CHAPELLE-SAINT-MESMIN','26',0,'GE','10.39A','','D\'AUCY ORLEANS',85680783,8568078300017,26,45380,'22','GEORGES POMPIDOU','AVENUE','LA CHAPELLE-SAINT-MESMIN','1039A','','Société par actions simplifiée'),(40815,72658015200130,726580152,69170,'0','','','LE CANTUBAS','','','85.59A','TARARE','',0,'ETI','85.59A','','GERFLOR',726580152,72658015200155,1,69009,'','GIOVANNI DA VERRAZZANO','PLACE','LYON','4673B','','Société par actions simplifiée'),(40816,48482041000021,484820410,72100,'1','','RUE','DE GUETTELOUP','','','64.30Z','LE MANS','28',0,'GE','64.30Z','','POLE SANTE SUD - CMCM',484820410,48482041000021,28,72100,'','DE GUETTELOUP','RUE','LE MANS','6430Z','','Société par actions simplifiée'),(40817,40419130600038,404191306,65000,'0','31','BOULEVARD','DU 8 MAI 1945','','','86.10Z','TARBES','28',0,'GE','86.10Z','','POLYCLINIQUE DE L\'ORMEAU',404191306,40419130600012,12,65000,'31','DE L’ORMEAU','CHEMIN','TARBES','8610Z','','Société par actions simplifiée'),(40818,43321351900047,433213519,47000,'1','41','RUE','DU DOC ET MME DELMAS','','','86.10Z','AGEN','1',0,'GE','86.10Z','','CLINIQUE ESQUIROL ST HILAIRE',433213519,43321351900047,1,47000,'41','DU DOC ET MME DELMAS','RUE','AGEN','8610Z','','Société par actions simplifiée'),(40819,32728689400024,327286894,67500,'1','22','RUE','DES PREMONTRES','','','86.10Z','HAGUENAU','6',0,'GE','86.10Z','','CLINIQUE SAINTE ODILE',327286894,32728689400024,6,67500,'22','DES PREMONTRES','RUE','HAGUENAU','8610Z','','Société par actions simplifiée'),(40820,34046694500037,340466945,54100,'1','31','RUE','AMBROISE PARE','','','86.10Z','NANCY','95',0,'GE','86.10Z','','POLYCLINIQUE MAJORELLE SA',340466945,34046694500037,95,54100,'31','AMBROISE PARE','RUE','NANCY','8610Z','','Société par actions simplifiée'),(40821,34400116900020,344001169,74370,'1','21','ROUTE','DES CONTAMINES','','','43.22B','ARGONAY','110',0,'ETI','43.22B','','LANSARD ENERGIE',344001169,34400116900020,110,74370,'21','DES CONTAMINES','ROUTE','ARGONAY','4322B','','Société par actions simplifiée'),(40822,32457145400036,324571454,77470,'1','11','AVENUE','DE VERDUN','','','25.11Z','TRILPORT','67',0,'PME','25.11Z','','ITHERM SA',324571454,32457145400036,67,77470,'11','DE VERDUN','AVENUE','TRILPORT','2511Z','','Société par actions simplifiée'),(40823,88645021200016,886450212,42600,'1','22','ROUTE','NOUVELLE','','','86.10Z','MONTBRISON','',0,'GE','86.10Z','','CLINIQUE NOUVELLE DU FOREZ',886450212,88645021200016,0,42600,'22','NOUVELLE','ROUTE','MONTBRISON','8610Z','','Société par actions simplifiée'),(40824,57172266900264,571722669,59770,'1','41','RUE','ALPHONSE TERROIR','','','46.49Z','MARLY','',0,'ETI','46.49Z','','LYRECO FRANCE',571722669,57172266900264,0,59770,'41','ALPHONSE TERROIR','RUE','MARLY','4649Z','','Société par actions simplifiée'),(40825,36780140400438,367801404,77720,'0','22','RTE','DEPARTEMENTALE 619','','LD LA JUSTICE','52.10B','MORMANT','',0,'ETI','52.10B','','FM FRANCE',367801404,36780140400438,0,77720,'22','DEPARTEMENTALE 619','RTE','MORMANT','5210B','','Société par actions simplifiée'),(40826,21690280900013,216902809,69330,'1','12','ROUTE','DE LYON','','HOTEL DE VILLE','84.11Z','JONS','',0,'PME','84.11Z','','COMMUNE DE JONS',216902809,21690280900013,0,69330,'12','DE LYON','ROUTE','JONS','8411Z','','Collectivité territoriale'),(40827,38143844900021,381438449,69330,'1','','CHEMIN','DU RHONE','','GOLF CLUB DE LYON','93.11Z','JONS','',0,'PME','93.11Z','','GOLF CLUB DE LYON',381438449,38143844900021,0,69330,'','DU RHONE','CHEMIN','JONS','9311Z','','Société anonyme à conseil d\'administration'),(40828,42901269300041,429012693,73100,'1','12','IMPASSE','DES COUDURIERS','','','55.10Z','GRESY-SUR-AIX','48',0,'PME','55.10Z','','CHATEAU BRACHET',429012693,42901269300041,48,73100,'12','DES COUDURIERS','IMPASSE','GRESY-SUR-AIX','5510Z','','Société à responsabilité limitée (SARL)'),(40829,44990138800016,449901388,33300,'1','01','RUE','CLAUDE BOUCHER','','','82.99Z','BORDEAUX','15',0,'ETI','82.99Z','','GIE GBNA SANTE',449901388,44990138800016,15,33300,'01','CLAUDE BOUCHER','RUE','BORDEAUX','8299Z','','Groupement d\'intérêt économique'),(40830,50515922800012,505159228,59000,'1','31','RUE','BERTHELOT','','DOMAINE PAINDAVOINE','49.20Z','LILLE','13',0,'PME','49.20Z','','LINEAS FRANCE',505159228,50515922800012,13,59000,'31','BERTHELOT','RUE','LILLE','4920Z','','Société à responsabilité limitée (SARL)'),(40831,57172129900014,571721299,80090,'1','22','RUE','DE CAGNY','','','19.20Z','AMIENS','614',0,'ETI','19.20Z','','IGOL PICARDIE ILE DE FRANCE',571721299,57172129900014,614,80090,'22','DE CAGNY','RUE','AMIENS','1920Z','','Société par actions simplifiée'),(40832,57708008800021,577080088,62575,'1','22','RUE','AMBROISE PARE','','','86.10Z','BLENDECQUES','71',0,'GE','86.10Z','','CLINIQUE DE SAINT-OMER',577080088,57708008800021,71,62575,'22','AMBROISE PARE','RUE','BLENDECQUES','8610Z','','Société par actions simplifiée'),(40833,86720055200026,867200552,63100,'1','32','AVENUE','DE LA REPUBLIQUE','','','86.10Z','CLERMONT-FERRAND','105',0,'GE','86.10Z','','STE PAR ACTIONS SIMPLIFIEE DE GESTION D\'ETABLISSEMENTS DE SOINS',867200552,86720055200026,105,63100,'32','DE LA REPUBLIQUE','AVENUE','CLERMONT-FERRAND','8610Z','','Société par actions simplifiée'),(40834,34096955900053,340969559,59710,'1','11','RUE','DE LILLE','','','46.69B','AVELIN','71',0,'ETI','46.69B','','FELDMANN SAS',340969559,34096955900053,71,59710,'11','DE LILLE','RUE','AVELIN','4669B','','Société par actions simplifiée'),(40835,88304562700014,883045627,69120,'1','02','RUE','PIERRE MENDES FRANCE','','','43.22B','VAULX-EN-VELIN','28',0,'PME','43.22B','','NOVHA GENIE CLIMATIQUE',883045627,88304562700014,28,69120,'02','PIERRE MENDES FRANCE','RUE','VAULX-EN-VELIN','4322B','','Société par actions simplifiée'),(40836,79461348900010,794613489,54220,'1','03','RUE','MARCEL GALLIOT','','','43.22B','MALZEVILLE','3',0,'PME','43.22B','','ECO CHAUFF CLIM',794613489,79461348900010,3,54220,'03','MARCEL GALLIOT','RUE','MALZEVILLE','4322B','','Société à responsabilité limitée (SARL)'),(40837,81967184300053,819671843,80190,'1','22','ROUTE','DE CHAULNES','','LIEUDIT LES TRENTE','10.91Z','NESLE','',0,'ETI','10.91Z','','INNOVAFEED',819671843,81967184300053,0,80190,'22','DE CHAULNES','ROUTE','NESLE','1091Z','','Société par actions simplifiée'),(40838,42552018600023,425520186,89000,'1','22','AV','FONTAINE SAINTE MARGUERITE','','','86.10Z','AUXERRE','5',0,'GE','86.10Z','','CLINIQUE PAUL BERT SA',425520186,42552018600023,5,89000,'22','FONTAINE SAINTE MARGUERITE','AV','AUXERRE','8610Z','','Société par actions simplifiée'),(40839,74981188100020,749811881,62470,'0','32','CHEMIN','DE QUENEHEM','','','22.29A','CALONNE-RICOUART','',0,'ETI','22.29A','','FLEX-N-GATE MARLES',749811881,74981188100053,18,25400,'','DE VERDUN','RUE','AUDINCOURT','2229A','','Société par actions simplifiée'),(40840,66382041300206,663820413,26000,'1','22','RUE','JEAN JULLIEN DAVIN','','','27.33Z','VALENCE','12',0,'ETI','27.33Z','','CROUZET',663820413,66382041300206,12,26000,'22','JEAN JULLIEN DAVIN','RUE','VALENCE','2733Z','','Société par actions simplifiée'),(40841,41222546800021,412225468,62220,'1','02','RUE','ALBERT EINSTEIN','','PARC D\'ACTIVITE DU CHATEAU','23.99Z','CARVIN','',0,'GE','23.99Z','','LIANTS ET BITUMES DU NORD',412225468,41222546800021,0,62220,'02','ALBERT EINSTEIN','RUE','CARVIN','2399Z','','Société par actions simplifiée'),(40842,31245483800227,312454838,62110,'0','41','RUE','DU DOCTEUR LAENNEC','','RTE DEPARTEMENTALE 919','86.10Z','HENIN-BEAUMONT','',0,'ETI','86.10Z','','ASSOC HOSPITALIERE NORD ARTOIS CLINIQUE',312454838,31245483800227,0,62110,'41','DU DOCTEUR LAENNEC','RUE','HENIN-BEAUMONT','8610Z','','Association loi 1901 ou assimilé'),(40843,75310895000035,753108950,59400,'0','31','RUE','WATTEAU','','','86.10Z','CAMBRAI','22',0,'ETI','86.10Z','','GROUPEMENT DES HOPITAUX DE L\'INSTITUT CATHOLIQUE DE LILLE',753108950,75310895000019,60,59800,'','VAUBAN','BOULEVARD','LILLE','8610Z','','Autre personne morale de droit privé'),(40844,48886236800039,488862368,84000,'1','22','ALLEE','DE LA CHARTREUSE','','PARC D\'ACTIVITE','71.12B','AVIGNON','310',0,'ETI','71.12B','','GSE',488862368,48886236800039,310,84000,'22','DE LA CHARTREUSE','ALLEE','AVIGNON','7112B','','Société par actions simplifiée'),(40845,32015339800021,320153398,31240,'1','41','BOULEVARD','DE RATALENS','','','86.10Z','SAINT-JEAN','',0,'GE','86.10Z','','CLINIQUE DE L\'UNION',320153398,32015339800021,0,31240,'41','DE RATALENS','BOULEVARD','SAINT-JEAN','8610Z','','Société anonyme à conseil d\'administration'),(40846,80274769100045,802747691,92000,'1','12','RUE','ERNEST RENAN','','','71.12B','NANTERRE','64',0,'ETI','71.12B','','CLIMANET SERVICES',802747691,80274769100045,64,92000,'12','ERNEST RENAN','RUE','NANTERRE','7112B','','Société par actions simplifiée'),(40847,72658015200148,726580152,69400,'0','03','RUE','DES FRERES BONNET','','','52.10B','VILLEFRANCHE-SUR-SAONE','80',0,'ETI','52.10B','','GERFLOR',726580152,72658015200155,1,69009,'','GIOVANNI DA VERRAZZANO','PLACE','LYON','4673B','','Société par actions simplifiée'),(40848,43360512800027,433605128,69550,'0','','CHEMIN','DE BAGATELLE','','','22.23Z','AMPLEPUIS','',0,'ETI','22.23Z','','GERFLOR TARARE SNC',433605128,43360512800019,43,69170,'32','ROBERT MICHON','BOULEVARD','TARARE','2223Z','','Société en nom collectif'),(40849,89317048000014,893170480,63800,'1','01','CHEMIN','DE CHARDON','','','82.11Z','LA ROCHE-NOIRE','4',0,'PME','82.11Z','','FINANCIERE STE',893170480,89317048000014,4,63800,'01','DE CHARDON','CHEMIN','LA ROCHE-NOIRE','8211Z','','Société par actions simplifiée'),(40850,67722040200015,677220402,19100,'1','31','IMP','DES CEDRES','','','86.10Z','BRIVE LA GAILLARDE','',0,'GE','86.10Z','','CENTRE MEDICO-CHIRURGICAL LES CEDRES',677220402,67722040200015,0,19100,'31','DES CEDRES','IMP','BRIVE LA GAILLARDE','8610Z','','Société par actions simplifiée'),(40851,84715013300019,847150133,82000,'1','32','AVENUE','MARCEL UNAL','','','86.10Z','MONTAUBAN','330',0,'GE','86.10Z','','CLINIQUE DU PONT DE CHAUME',847150133,84715013300019,330,82000,'32','MARCEL UNAL','AVENUE','MONTAUBAN','8610Z','','Société par actions simplifiée'),(40852,72658015200064,726580152,69490,'0','12','BD','DE LA TURDINE','','SAINT LOUP','22.23Z','VINDRY-SUR-TURDINE','600',0,'ETI','22.23Z','','GERFLOR',726580152,72658015200155,1,69009,'','GIOVANNI DA VERRAZZANO','PLACE','LYON','4673B','','Société par actions simplifiée'),(40853,40313508000055,403135080,69130,'1','','CHE','DE LA SAUVEGARDE','','ECULLY PARC','20.14Z','ECULLY','21',0,'','20.14Z','','EXPANSIA',403135080,40313508000055,21,69130,'','DE LA SAUVEGARDE','CHE','ECULLY','2014Z','','Société par actions simplifiée'),(40854,79475373100023,794753731,69120,'1','11','RUE','PIERRE MENDES FRANCE','','','43.21A','VAULX-EN-VELIN','28',0,'PME','43.21A','','NOVHA ENERGIE',794753731,79475373100023,28,69120,'11','PIERRE MENDES FRANCE','RUE','VAULX-EN-VELIN','4321A','','Société par actions simplifiée'),(40855,82324749900010,823247499,59279,'1','12','RTE','DE LA DISTILLERIE','','PORT 4206','38.22Z','LOON-PLAGE','4206',0,'ETI','38.22Z','','INDACHLOR',823247499,82324749900010,4206,59279,'12','DE LA DISTILLERIE','RTE','LOON-PLAGE','3822Z','','Société par actions simplifiée'),(40856,78469464800048,784694648,80090,'1','11','RUE','DE CAGNY','','','46.19A','AMIENS','614',0,'ETI','46.19A','','IGOL FRANCE',784694648,78469464800048,614,80090,'11','DE CAGNY','RUE','AMIENS','4619A','','Société par actions simplifiée'),(40857,30037976500021,300379765,31100,'1','32','ROUTE','DE SAINT SIMON','','','86.10Z','TOULOUSE','387',0,'GE','86.10Z','','CLINIQUE AMBROISE PARE',300379765,30037976500021,387,31100,'32','DE SAINT SIMON','ROUTE','TOULOUSE','8610Z','','Société anonyme à conseil d\'administration'),(40858,76780012100018,767800121,54100,'1','03','RUE','MARIE MARVINGT','','','86.10Z','NANCY','',0,'GE','86.10Z','','IMMOBILIERE DE NANCY',767800121,76780012100018,0,54100,'03','MARIE MARVINGT','RUE','NANCY','8610Z','','Société par actions simplifiée'),(40859,46420003900020,464200039,33600,'1','32','ALLEE','DES TULIPES','','','86.10Z','PESSAC','',0,'GE','86.10Z','','HOPITAL PRIVE SAINT-MARTIN',464200039,46420003900020,0,33600,'32','DES TULIPES','ALLEE','PESSAC','8610Z','','Société par actions simplifiée'),(40860,93565003600020,935650036,3000,'1','01','AV','DU PROFESSEUR ETIENNE SORREL','','','68.20B','MOULINS','32',0,'GE','68.20B','','HOLDING DE SAINT ODILON',935650036,93565003600020,32,3000,'01','DU PROFESSEUR ETIENNE SORREL','AV','MOULINS','6820B','','Société par actions simplifiée'),(40861,36780140400479,367801404,85260,'0','21','RUE','GEORGES CLEMENCEAU','','','52.10B','L\'HERBERGEMENT','90',0,'ETI','52.10B','','FM FRANCE',367801404,36780140400479,90,85260,'21','GEORGES CLEMENCEAU','RUE','L\'HERBERGEMENT','5210B','','Société par actions simplifiée'),(40862,45310271700031,453102717,87000,'0','32','RUE','VICTOR SCHOELCHER','','','86.10Z','LIMOGES','1',0,'ETI','86.10Z','','POLYCLINIQUE DE LIMOGES',453102717,45310271700023,18,87000,'41','GENERAL CATROUX','RUE','LIMOGES','8610Z','','Société par actions simplifiée'),(40863,72658015200015,726580152,69170,'0','32','BOULEVARD','ROBERT MICHON','','','22.23Z','TARARE','43',0,'ETI','22.23Z','','GERFLOR',726580152,72658015200155,1,69009,'','GIOVANNI DA VERRAZZANO','PLACE','LYON','4673B','','Société par actions simplifiée'),(40864,33204799200059,332047992,2100,'1','21','RUE','DE SAINT-QUENTIN','','','43.29A','NEUVILLE-SAINT-AMAND','10',0,'PME','43.29A','','ISOLATION THERMIQUE BOMBA',332047992,33204799200059,10,2100,'21','DE SAINT-QUENTIN','RUE','NEUVILLE-SAINT-AMAND','4329A','','Société par actions simplifiée'),(40865,30186563000034,301865630,7210,'1','21','ROUTE','DES BLACHES','','','43.99B','ALISSAS','287',0,'PME','43.99B','','ETABLISSEMENTS GIRAUD-DELAY',301865630,30186563000034,287,7210,'21','DES BLACHES','ROUTE','ALISSAS','4399B','','Société par actions simplifiée'),(40866,52875499700013,528754997,59800,'1','21','RUE','DES ARTS','','28-44','68.32A','LILLE','28',0,'ETI','68.32A','','IMMO DE FRANCE HAUTS DE FRANCE',528754997,52875499700013,28,59800,'21','DES ARTS','RUE','LILLE','6832A','','Société par actions simplifiée'),(40867,26500101600012,265001016,50480,'1','22','AV','QUI QU EN GROGNE','','','86.10Z','CARENTAN-LES-MARAIS','1',0,'ETI','86.10Z','','HOPITAL LOCAL',265001016,26500101600012,1,50480,'22','QUI QU EN GROGNE','AV','CARENTAN-LES-MARAIS','8610Z','','Etablissement public administratif'),(40868,53802521400056,538025214,95310,'1','03','RUE','PAUL APPEL','','','43.21A','SAINT-OUEN-L\'AUMONE','6',0,'PME','43.21A','','GTC ONE',538025214,53802521400056,6,95310,'03','PAUL APPEL','RUE','SAINT-OUEN-L\'AUMONE','4321A','','Société par actions simplifiée'),(40869,47896917300044,478969173,38000,'1','31','RUE','JEAN VAUJANY','','TECHNISUD','28.21Z','GRENOBLE','46',0,'ETI','28.21Z','','ECM TECHNOLOGIES',478969173,47896917300044,46,38000,'31','JEAN VAUJANY','RUE','GRENOBLE','2821Z','','Société par actions simplifiée'),(40870,13000478100022,130004781,50000,'1','01','RUE','DU VIEUX CANDOL','','','84.12Z','SAINT-LO','900',0,'PME','84.12Z','','GIP RESTAURATION COLLECTIVE CENTRE MANCHE',130004781,13000478100022,900,50000,'01','DU VIEUX CANDOL','RUE','SAINT-LO','8412Z','','Autre personne morale de droit public administratif'),(40871,8692039400011,86920394,81000,'1','41','RUE','DU PERE COLOMBIER','','','86.10Z','ALBI','1',0,'GE','86.10Z','','CENTRE MEDICO CHIRURGICAL ET OBSTETRICAL CLAUDE BERNARD',86920394,8692039400011,1,81000,'41','DU PERE COLOMBIER','RUE','ALBI','8610Z','','Société par actions simplifiée'),(40872,34096955900038,340969559,80080,'0','03','AVENUE','ROGER DUMOULIN','','ZI','46.69B','AMIENS','63',0,'ETI','46.69B','','FELDMANN SAS',340969559,34096955900053,71,59710,'11','DE LILLE','RUE','AVELIN','4669B','','Société par actions simplifiée'),(40873,76380135400013,763801354,54500,'1','22','AVENUE','JEAN JAURES','','','86.10Z','VANDOEUVRE-LES-NANCY','102',0,'GE','86.10Z','','CLINIQUE SAINT ANDRE',763801354,76380135400013,102,54500,'22','JEAN JAURES','AVENUE','VANDOEUVRE-LES-NANCY','8610Z','','Société par actions simplifiée'),(40874,19382099000011,193820990,38360,'1','21','RUE','DES PIES','','','85.31Z','SASSENAGE','5',0,'PME','85.31Z','','LYCEE POLYVALENT ROGER DESCHAUX',193820990,19382099000011,5,38360,'21','DES PIES','RUE','SASSENAGE','8531Z','','Etablissement public administratif'),(40875,40009144300020,400091443,59210,'1','22','RUE','DES FORTS','','LIEUDIT DU BOERNHOL','86.10Z','COUDEKERQUE-BRANCHE','300',0,'GE','86.10Z','','SA CLINIQUE DE FLANDRE',400091443,40009144300020,300,59210,'22','DES FORTS','RUE','COUDEKERQUE-BRANCHE','8610Z','','Société par actions simplifiée'),(40876,57172129900030,571721299,80440,'0','11','RUE','DU CAPITAINE NEMO','','POLE JULES VERNE','19.20Z','GLISY','20',0,'ETI','19.20Z','','IGOL PICARDIE ILE DE FRANCE',571721299,57172129900014,614,80090,'22','DE CAGNY','RUE','AMIENS','1920Z','','Société par actions simplifiée'),(40877,41490897000026,414908970,59300,'1','32','AVENUE','VAUBAN','','','86.10Z','VALENCIENNES','10',0,'GE','86.10Z','','POLYCLINIQUE VAUBAN',414908970,41490897000026,10,59300,'32','VAUBAN','AVENUE','VALENCIENNES','8610Z','','Société par actions simplifiée'),(40878,48886236800138,488862368,69800,'0','21','RUE','JEAN CARMET','','','71.12B','SAINT-PRIEST','5',0,'ETI','71.12B','','GSE',488862368,48886236800039,310,84000,'22','DE LA CHARTREUSE','ALLEE','AVIGNON','7112B','','Société par actions simplifiée'),(40879,95092537000013,950925370,73000,'0','','RUE','LEON MENABREA','','','71.12B','CHAMBERY','113',0,'','71.12B','','FREEZCO',950925370,95092537000021,287,73290,'','DE LA CURIAZ','RUE','LA MOTTE-SERVOLEX','7112B','','Société à responsabilité limitée (SARL)'),(40880,52346041800024,523460418,63800,'1','11','RUE','MARYSE BASTIE','','','43.22B','COURNON-D\'AUVERGNE','7',0,'PME','43.22B','','MAGMA CONCEPT',523460418,52346041800024,7,63800,'11','MARYSE BASTIE','RUE','COURNON-D\'AUVERGNE','4322B','','Société par actions simplifiée'),(40881,31245483800334,312454838,62620,'0','21','RUE','DES CHARMILLES','','EHPAD DES CHARMILLES','86.10Z','BARLIN','23',0,'ETI','86.10Z','','ASSOC HOSPITALIERE NORD ARTOIS CLINIQUE',312454838,31245483800334,23,62620,'21','DES CHARMILLES','RUE','BARLIN','8610Z','','Association loi 1901 ou assimilé'),(40882,31611320800037,316113208,25460,'1','21','RUE','DU BREUIL','','TECHNOLAND','43.22B','ETUPES','',0,'ETI','43.22B','','ETUDES INSTALLATION MAINTENANCE INDUSTRI',316113208,31611320800037,0,25460,'21','DU BREUIL','RUE','ETUPES','4322B','','Société par actions simplifiée'),(40883,52875499700070,528754997,59140,'0','11','RUE','CLEMENCEAU','','','68.32A','DUNKERQUE','3',0,'ETI','68.32A','','IMMO DE FRANCE HAUTS DE FRANCE',528754997,52875499700013,28,59800,'21','DES ARTS','RUE','LILLE','6832A','','Société par actions simplifiée'),(40884,37886031600058,378860316,29200,'1','32','RUE','ERNESTINE DE TREMAUDAN','','ZAC DE KERAUDREN','86.10Z','BREST','',0,'GE','86.10Z','','KERAUDREN - GRAND LARGE',378860316,37886031600058,0,29200,'32','ERNESTINE DE TREMAUDAN','RUE','BREST','8610Z','','Société anonyme à conseil d\'administration'),(40885,82346462300011,823464623,44800,'0','01','RUE','DES PILIERS DE LA CHAUVINIERE','','5-7','38.32Z','SAINT-HERBLAIN','5',0,'PME','38.32Z','','FLOOR TO FLOOR',823464623,82346462300037,0,69680,'','BLAISE PASCAL','RUE','CHASSIEU','3832Z','','Société par actions simplifiée'),(40886,58450206600031,584502066,42270,'1','11','RUE','LEO LAGRANGE','','ZI DE LA BARGETTE','33.20B','SAINT-PRIEST-EN-JAREZ','16',0,'PME','33.20B','','LE FROID FOREZIEN SARL',584502066,58450206600031,16,42270,'11','LEO LAGRANGE','RUE','SAINT-PRIEST-EN-JAREZ','3320B','','Société par actions simplifiée'),(40887,44145388300064,441453883,66000,'0','12','RUE','EUGENE BOURDON','','','49.41B','PERPIGNAN','141',0,'PME','49.41B','','DISTRI SERVICES FRANCE 72',441453883,44145388300023,22,72100,'11','MICHAEL FARADAY','RUE','LE MANS','4941B','','Société à responsabilité limitée (SARL)'),(40888,5650038200066,56500382,38240,'1','12','CHEMIN','DE LA DHUY','','ZAC DE MAUPERTUIS','27.12Z','MEYLAN','11',0,'PME','27.12Z','','DEPAGNE',56500382,5650038200066,11,38240,'12','DE LA DHUY','CHEMIN','MEYLAN','2712Z','','Société par actions simplifiée'),(40889,82889836100013,828898361,73460,'1','01','','ZONE ARTISANALE DU ROTEY','','','33.20B','NOTRE-DAME-DES-MILLIERES','',0,'PME','33.20B','','PRO G FROID',828898361,82889836100013,0,73460,'01','ZONE ARTISANALE DU ROTEY','','NOTRE-DAME-DES-MILLIERES','3320B','','Société à responsabilité limitée (SARL)'),(40890,81578044000021,815780440,70000,'1','21','RUE','DU DOCTEUR NOEL COURVOISIER','','','86.10Z','VESOUL','11',0,'GE','86.10Z','','CLINIQUE SAINT-MARTIN',815780440,81578044000021,11,70000,'21','DU DOCTEUR NOEL COURVOISIER','RUE','VESOUL','8610Z','','Société par actions simplifiée'),(40891,49346647800028,493466478,84700,'1','22','AVENUE','LOUIS PASTEUR','','','86.10Z','SORGUES','235',0,'GE','86.10Z','','FONTVERT AVIGNON NORD',493466478,49346647800028,235,84700,'22','LOUIS PASTEUR','AVENUE','SORGUES','8610Z','','Société par actions simplifiée'),(40892,5781846000016,57818460,13006,'1','32','RUE','DU DOCTEUR ESCAT','','','86.10Z','MARSEILLE','77',0,'GE','86.10Z','','CLINIQUE BOUCHARD',57818460,5781846000016,77,13006,'32','DU DOCTEUR ESCAT','RUE','MARSEILLE','8610Z','','Société par actions simplifiée'),(40893,41930460500035,419304605,69006,'1','11','RUE','DUQUESNE','','','70.10Z','LYON','17',0,'ETI','70.10Z','','COMPAGNIE GENERALE D\'INVESTISSEMENT ET DE PARTICIPATIONS - COGIP',419304605,41930460500035,17,69006,'11','DUQUESNE','RUE','LYON','7010Z','','Société par actions simplifiée'),(40894,34151905600012,341519056,38950,'1','21','RUE','DE BROTTERODE','','ZI','43.22B','SAINT-MARTIN-LE-VINOUX','21',0,'PME','43.22B','','PIERRE STREIFF',341519056,34151905600012,21,38950,'21','DE BROTTERODE','RUE','SAINT-MARTIN-LE-VINOUX','4322B','','Société par actions simplifiée'),(40895,42808370300069,428083703,38120,'1','31','RUE','DES PLATANES','','','74.20Z','SAINT-EGREVE','1',0,'ETI','74.20Z','','PHOTOWEB',428083703,42808370300069,1,38120,'31','DES PLATANES','RUE','SAINT-EGREVE','7420Z','','Société par actions simplifiée'),(40896,84014322600016,840143226,38090,'0','02','','LES ROCHES','','LIEU DIT','43.21A','VILLEFONTAINE','',0,'PME','43.21A','','MBM ENERGY',840143226,84014322600024,5,38290,'','LES CEDRES','LOTISSEMENT','LA VERPILLIERE','4321A','','Société par actions simplifiée'),(40897,79486551900019,794865519,27500,'1','11','RTE','DU BOURG','','ZA LE CABARET N 4','43.29A','LE PERREY','',0,'PME','43.29A','','NORMANDE D\'ISOLATION',794865519,79486551900019,0,27500,'11','DU BOURG','RTE','LE PERREY','4329A','','Société par actions simplifiée'),(40898,52447027500016,524470275,69008,'1','01','AVENUE','BERTHELOT','','','46.69B','LYON','320',0,'PME','46.69B','','MENZEL FRANCE',524470275,52447027500016,320,69008,'01','BERTHELOT','AVENUE','LYON','4669B','','Société à responsabilité limitée (SARL)'),(40899,34275169000120,342751690,69800,'1','32','RUE','MAURICE AUDIBERT','','PARC D AFFAIRES LA BANDONNIERE  5 ET 7','33.20B','SAINT-PRIEST','5',0,'ETI','33.20B','','MONDIAL FRIGO-IFC',342751690,34275169000120,5,69800,'32','MAURICE AUDIBERT','RUE','SAINT-PRIEST','3320B','','Société par actions simplifiée'),(40900,38948401500059,389484015,89000,'1','12','','LES CLAIRIONS','','BRONISLAW GEREMEK','45.11Z','AUXERRE','',0,'ETI','45.11Z','','NOMBLOT BOURGOGNE',389484015,38948401500059,0,89000,'12','LES CLAIRIONS','','AUXERRE','4511Z','','Société par actions simplifiée'),(40901,38306522400065,383065224,13320,'1','03','CHE','DE SAUVECANNE','','PARC DE SAUVECANNE 1','46.69B','BOUC-BEL-AIR','990',0,'PME','46.69B','','MEDIA MESURES',383065224,38306522400065,990,13320,'03','DE SAUVECANNE','CHE','BOUC-BEL-AIR','4669B','','Société par actions simplifiée'),(40902,48121256100312,481212561,38090,'1','22','RUE','CONDORCET','','BATIMENT LE DAUPHIN','52.24B','VAULX-MILIEU','80',0,'ETI','52.24B','','RHENUS LOGISTICS FRANCE',481212561,48121256100312,80,38090,'22','CONDORCET','RUE','VAULX-MILIEU','5224B','','Société par actions simplifiée'),(40903,30207946200164,302079462,29300,'0','21','','Z I DE KERGOSTIOU','','','10.92Z','QUIMPERLE','',0,'GE','10.92Z','','NESTLE PURINA PETCARE FRANCE',302079462,30207946200263,34,92130,'22','GUYNEMER','RUE','ISSY-LES-MOULINEAUX','1092Z','','Société par actions simplifiée'),(40904,53870036000026,538700360,42160,'1','03','ALL','DU CANAL','','LES LANDES','46.69B','SAINT-CYPRIEN','10',0,'PME','46.69B','','POLE AIR INDUSTRIE',538700360,53870036000026,10,42160,'03','DU CANAL','ALL','SAINT-CYPRIEN','4669B','','Société à responsabilité limitée (SARL)'),(40905,30207946200206,302079462,80800,'0','32','RUE','DE L’EUROPE','','','10.92Z','AUBIGNY','',0,'GE','10.92Z','','NESTLE PURINA PETCARE FRANCE',302079462,30207946200263,34,92130,'22','GUYNEMER','RUE','ISSY-LES-MOULINEAUX','1092Z','','Société par actions simplifiée'),(40906,81973736200049,819737362,38090,'1','11','RUE','CONDORCET','','','43.22B','VAULX-MILIEU','43',0,'PME','43.22B','','MT2C',819737362,81973736200049,43,38090,'11','CONDORCET','RUE','VAULX-MILIEU','4322B','','Société à responsabilité limitée (SARL)'),(40907,62201950300045,622019503,38300,'0','21','AVENUE','DES FRERES LUMIERE','','','20.14Z','BOURGOIN-JALLIEU','15',0,'ETI','20.14Z','','PCAS',622019503,62201950300086,21,69130,'12','DE LA SAUVEGARDE','CHEMIN','ECULLY','2014Z','','Société par actions simplifiée'),(40908,31109848700052,311098487,59880,'0','12','RUE','HENRI BARBUSSE','','','43.22B','SAINT-SAULVE','55',0,'ETI','43.22B','','SOCIETE-MISSENARD QUINT B',311098487,31109848700284,34,2430,'21','EUGENE FREYSSINET','RUE','GAUCHY','4322B','','Société par actions simplifiée'),(40909,40120629700038,401206297,62300,'1','12','RUE','DES COLIBRIS','','PARC D\'ACTIVITE  LES OISEA','43.29A','LENS','',0,'PME','43.29A','','QUALISOL',401206297,40120629700038,0,62300,'12','DES COLIBRIS','RUE','LENS','4329A','','Société par actions simplifiée'),(40910,88362225000024,883622250,76200,'1','12','QUAI','DES INDES','','','10.41A','DIEPPE','',0,'GE','10.41A','','PROLEIN',883622250,88362225000024,0,76200,'12','DES INDES','QUAI','DIEPPE','1041A','','Société par actions simplifiée'),(40911,31109848700409,311098487,62231,'0','12','PARC','D\'ENTREPRISE COURTIMMO','','RUE DU CAP D\'AGDE BAT A 194 TER','43.22B','COQUELLES','',0,'ETI','43.22B','','SOCIETE-MISSENARD QUINT B',311098487,31109848700409,0,62231,'12','D\'ENTREPRISE COURTIMMO','PARC','COQUELLES','4322B','','Société par actions simplifiée'),(40912,42345798500038,423457985,26300,'1','21','ALLEE','DES BARONNIES','','ZONE D\'ACTIVITES','25.62B','BOURG-DE-PEAGE','170',0,'PME','25.62B','','PMD VALLON',423457985,42345798500038,170,26300,'21','DES BARONNIES','ALLEE','BOURG-DE-PEAGE','2562B','','Société par actions simplifiée'),(40913,43578121600021,435781216,26600,'1','12','RTE','LES JALETS','','RN 7','46.34Z','LA ROCHE-DE-GLUN','',0,'ETI','46.34Z','','PAUL JABOULET AINE',435781216,43578121600021,0,26600,'12','LES JALETS','RTE','LA ROCHE-DE-GLUN','4634Z','','Société par actions simplifiée'),(40914,39154895500023,391548955,80080,'0','42','RUE','ANDRE DUROUCHEZ','','Z.I. DE LONGPRE','20.41Z','AMIENS','',0,'ETI','20.41Z','','PROCTER & GAMBLE AMIENS',391548955,39154895500031,163,92600,'','AULAGNIER','QUAI','ASNIERES-SUR-SEINE','2041Z','','Société par actions simplifiée'),(40915,71420105000016,714201050,66100,'1','22','AVENUE','D\'ARGELES-SUR-MER','','','86.10Z','PERPIGNAN','',0,'GE','86.10Z','','POLYCLINIQUE MEDITERRANEE',714201050,71420105000016,0,66100,'22','D\'ARGELES-SUR-MER','AVENUE','PERPIGNAN','8610Z','','Société par actions simplifiée'),(40916,95330457300017,953304573,74210,'1','','RUE','DES EPINETTES','','','32.12Z','FAVERGES-SEYTHENEX','454',0,'','32.12Z','','PRECIPRO FRANCE',953304573,95330457300017,454,74210,'','DES EPINETTES','RUE','FAVERGES-SEYTHENEX','3212Z','','Société par actions simplifiée'),(40917,35720005400157,357200054,59110,'0','32','AVENUE','DE LA REPUBLIQUE','','','70.10Z','LA MADELEINE','101',0,'GE','70.10Z','','ROQUETTE FRERES',357200054,35720005400017,1,62136,'51','DE LA HAUTE LOGE','RUE','LESTREM','1062Z','','Société anonyme à conseil d\'administration'),(40918,56207750302402,562077503,38100,'0','21','RUE','DES ALLIES','','','42.21Z','GRENOBLE','108',0,'GE','42.21Z','','SADE - COMPAGNIE GENERALE DE TRAVAUX HYDRAULIQUES',562077503,56207750302402,108,38100,'21','DES ALLIES','RUE','GRENOBLE','4221Z','','Société anonyme à conseil d\'administration'),(40919,39908648700036,399086487,62800,'1','','AVENUE','DE L’ENTRE 2 MONTS','','HOPITAL DE RIAUMONT','68.20B','LIEVIN','',0,'PME','68.20B','','SCI A.H.N.A.C',399086487,39908648700036,0,62800,'','DE L’ENTRE 2 MONTS','AVENUE','LIEVIN','6820B','','Société civile'),(40920,83537597300020,835375973,69170,'1','01','PLACE','JULES FERRY','','','33.20B','TARARE','9',0,'PME','33.20B','','SALMAN REFRIGERATION',835375973,83537597300020,9,69170,'01','JULES FERRY','PLACE','TARARE','3320B','','Société à responsabilité limitée (SARL)'),(40921,37920096700022,379200967,43750,'1','11','AVENUE','CHARLES MASSOT','','','55.10Z','VALS-PRES-LE-PUY','2',0,'PME','55.10Z','','SA LE BRIVAS',379200967,37920096700022,2,43750,'11','CHARLES MASSOT','AVENUE','VALS-PRES-LE-PUY','5510Z','','Société par actions simplifiée'),(40922,48957505000047,489575050,92200,'1','03','AVENUE','CHARLES DE GAULLE','','','71.12B','NEUILLY-SUR-SEINE','174',0,'PME','71.12B','','SAGE SERVICES ENERGIE',489575050,48957505000047,174,92200,'03','CHARLES DE GAULLE','AVENUE','NEUILLY-SUR-SEINE','7112B','','Société par actions simplifiée'),(40923,38215187600010,382151876,26130,'1','12','ALLEE','DES GREZES','','ZI DU BOIS DES LOTS','33.20C','SAINT-PAUL-TROIS-CHATEAUX','3',0,'PME','33.20C','','SOCIETE D\'AUTOMATISMES DE PNEUMATIQUE ET D\'ELECTROMECANIQUE',382151876,38215187600010,3,26130,'12','DES GREZES','ALLEE','SAINT-PAUL-TROIS-CHATEAUX','3320C','','Société par actions simplifiée'),(40924,43180369100010,431803691,38120,'1','12','RUE','DU PONT NOIR','','','71.12B','SAINT-EGREVE','47',0,'ETI','71.12B','','S.B.I',431803691,43180369100010,47,38120,'12','DU PONT NOIR','RUE','SAINT-EGREVE','7112B','','Société par actions simplifiée'),(40925,39938709100040,399387091,62800,'1','','AVENUE','DE L’ENTRE 2 MONTS','','HOPITAL DE RIAUMONT','68.20A','LIEVIN','',0,'PME','68.20A','','SCI DE LA HAUTE DEULE',399387091,39938709100040,0,62800,'','DE L’ENTRE 2 MONTS','AVENUE','LIEVIN','6820A','','Société civile'),(40926,42399770900070,423997709,75013,'1','','AVENUE','PIERRE MENDES FRANCE','','','68.20B','PARIS','43',0,'ETI','68.20B','','SCI DISTRIPOLE DE LA PLAINE DE L\'AIN',423997709,42399770900070,43,75013,'','PIERRE MENDES FRANCE','AVENUE','PARIS','6820B','','Société civile'),(40927,35720005400074,357200054,80800,'0','31','','','','','10.62Z','VECQUEMONT','',0,'GE','10.62Z','','ROQUETTE FRERES',357200054,35720005400017,1,62136,'51','DE LA HAUTE LOGE','RUE','LESTREM','1062Z','','Société anonyme à conseil d\'administration'),(40928,25260136400018,252601364,26220,'1','03','QUAI','MALLEVAL','','','36.00Z','DIEULEFIT','',0,'PME','36.00Z','','S.I DES EAUX ET DE L\'ASSAINISSEMENT DU PAYS DE DIEULEFIT-BOURDEAUX (SIEA)',252601364,25260136400018,0,26220,'03','MALLEVAL','QUAI','DIEULEFIT','3600Z','','Etablissement public administratif'),(40929,51533955400062,515339554,74250,'0','11','RUE','DE L\'INDUSTRIE','','ZI LES TATTES','46.32B','VIUZ-EN-SALLAZ','',0,'GE','46.32B','','SAVEURS D\'ANTOINE',515339554,51533955400088,3,92160,'11','DU DOCTEUR TENINE','AVENUE','ANTONY','4632B','','Société par actions simplifiée'),(40930,76880059100010,768800591,54140,'1','12','AVENUE','DE LA MALGRANGE','','','33.20D','JARVILLE-LA-MALGRANGE','74',0,'PME','33.20D','','ELECTRICITE INDUSTRIELLE J. TRICOT',768800591,76880059100010,74,54140,'12','DE LA MALGRANGE','AVENUE','JARVILLE-LA-MALGRANGE','3320D','','Société par actions simplifiée'),(40931,43259978500057,432599785,38070,'0','21','','LES QUATRE ROUTES','','PARC DE CHESNES QUATRE ROU','52.29B','SAINT-QUENTIN-FALLAVIER','7',0,'ETI','52.29B','','YUSEN LOGISTICS (FRANCE)',432599785,43259978500115,14,93290,'21','DE LA BELLE BORNE','RUE','TREMBLAY-EN-FRANCE','5229B','','Société par actions simplifiée'),(40932,37869128100026,378691281,66300,'1','','RUE','DES VIOLETTES','','RIPOLL YVES','68.20B','THUIR','',0,'PME','68.20B','','SCI THERIC',378691281,37869128100026,0,66300,'','DES VIOLETTES','RUE','THUIR','6820B','','Société civile'),(40933,31109848700441,311098487,69800,'0','11','RUE','GALILEE','','PARC D\'ACTIVITE LE MEUNIERES','43.22B','SAINT-PRIEST','',0,'ETI','43.22B','','SOCIETE-MISSENARD QUINT B',311098487,31109848700441,0,69800,'11','GALILEE','RUE','SAINT-PRIEST','4322B','','Société par actions simplifiée'),(40934,83387751700023,833877517,38610,'1','12','RUE','DE LA PISCINE','','BATIMENT BERGES ACF GIERES','24.45Z','GIERES','1025',0,'PME','24.45Z','','VULKAM',833877517,83387751700023,1025,38610,'12','DE LA PISCINE','RUE','GIERES','2445Z','','Société par actions simplifiée'),(40935,82445870700026,824458707,69003,'0','00','RUE','GARIBALDI','','14 RUE DU LAC-IMMEUBLE M+M PART DIEU','68.20B','LYON','177',0,'PME','68.20B','','VSA PROPERTY',824458707,82445870700059,129,69003,'','SERVIENT','RUE','LYON','6832A','','Société par actions simplifiée'),(40936,34932820300030,349328203,69650,'1','21','AVENUE','DE LA PAIX','','','28.29A','SAINT-GERMAIN-AU-MONT-D\'OR','11',0,'PME','28.29A','','THIMONNIER',349328203,34932820300030,11,69650,'21','DE LA PAIX','AVENUE','SAINT-GERMAIN-AU-MONT-D\'OR','2829A','','Société par actions simplifiée'),(40937,39939558100032,399395581,38920,'1','51','RUE','JEAN MONNET','','','26.11Z','CROLLES','850',0,'GE','26.11Z','','STMICROELECTRONICS (CROLLES 2) SAS',399395581,39939558100032,850,38920,'51','JEAN MONNET','RUE','CROLLES','2611Z','','Société par actions simplifiée'),(40938,69732053900045,697320539,38340,'1','12','','ZI PARC D\'ACTIVITES CENTR ALP','','','82.92Z','VOREPPE','',0,'PME','82.92Z','','SOC INDUSTRIEL CONDITIONNEMENT OPTIMISE',697320539,69732053900045,0,38340,'12','ZI PARC D\'ACTIVITES CENTR ALP','','VOREPPE','8292Z','','Société à responsabilité limitée (SARL)'),(40939,41133254700024,411332547,26000,'1','11','CHEMIN','DES HUGUENOTS','','','43.22B','VALENCE','101',0,'PME','43.22B','','TTEC MGP',411332547,41133254700024,101,26000,'11','DES HUGUENOTS','CHEMIN','VALENCE','4322B','','Société à responsabilité limitée (SARL)'),(40940,44517812200013,445178122,66000,'1','','AVENUE','DE LONDRES','','','68.20B','PERPIGNAN','',0,'PME','68.20B','','SCI LOGISTIC',445178122,44517812200013,0,66000,'','DE LONDRES','AVENUE','PERPIGNAN','6820B','','Société civile'),(40941,13002033200016,130020332,69003,'1','42','RUE','ANDRE PHILIP','','','84.24Z','LYON','215',0,'GE','84.24Z','','SECRETARIAT GENERAL POUR L\'ADMINISTRATION DU MINISTERE DE L\'INTERIEUR SUD-EST',130020332,13002033200016,215,69003,'42','ANDRE PHILIP','RUE','LYON','8424Z','','Administration de l\'état'),(40942,31506416200029,315064162,38640,'1','21','CHEMIN','DE LA PLAINE','','ZA LES BAUCHES','43.32A','CLAIX','15',0,'PME','43.32A','','VEPRES',315064162,31506416200029,15,38640,'21','DE LA PLAINE','CHEMIN','CLAIX','4332A','','Société par actions simplifiée'),(40943,25690094500021,256900945,69780,'1','01','','MAIRIE DEST PIERRE DE CHANDIEU B','','','36.00Z','SAINT-PIERRE-DE-CHANDIEU','4',0,'PME','36.00Z','','SI D EAU POTABLE DE L EST LYONNAIS',256900945,25690094500021,4,69780,'01','MAIRIE DEST PIERRE DE CHANDIEU B','','SAINT-PIERRE-DE-CHANDIEU','3600Z','','Etablissement public administratif'),(40944,41043615800118,410436158,1000,'0','21','CHEMIN','DE MAJORNAS','','','24.10Z','BOURG-EN-BRESSE','3',0,'ETI','24.10Z','','UGITECH',410436158,41043615800027,0,73400,'42','PAUL GIROD','AVENUE','UGINE','2410Z','','Société anonyme à conseil d\'administration'),(40945,43259978500156,432599785,38070,'0','','RUE','DE BRETAGNE','','ZAC DE CHESNES LA NOIREE','52.10B','SAINT-QUENTIN-FALLAVIER','19',0,'ETI','52.10B','','YUSEN LOGISTICS (FRANCE)',432599785,43259978500115,14,93290,'21','DE LA BELLE BORNE','RUE','TREMBLAY-EN-FRANCE','5229B','','Société par actions simplifiée'),(40946,35024368900022,350243689,38530,'0','','RUE','DE LA DRAGUELINE','','','47.11F','PONTCHARRA','67',0,'PME','47.11F','','SOPODIS',350243689,35024368900014,67,38530,'22','DE LA DRAGUELINE','RUE','PONTCHARRA','4711F','','Société par actions simplifiée'),(40947,74632001900134,746320019,73000,'1','12','RUE','FRANCOIS GUISE','','','42.99Z','CHAMBERY','137',0,'PME','42.99Z','','SOCIETE AMENAGEMENT DE LA SAVOIE',746320019,74632001900134,137,73000,'12','FRANCOIS GUISE','RUE','CHAMBERY','4299Z','','Société anonyme à conseil d\'administration'),(40948,30594967900024,305949679,84830,'1','12','ROUTE','DE SAINTE CECILE','','','33.20B','SERIGNAN-DU-COMTAT','',0,'PME','33.20B','','SOCIETE DES ETABLISSEMENTS PICQUETTE',305949679,30594967900024,0,84830,'12','DE SAINTE CECILE','ROUTE','SERIGNAN-DU-COMTAT','3320B','','Société par actions simplifiée'),(40949,81079155800010,810791558,60280,'1','','RUE','DES RIVES DE L\'OISE','','','71.12B','VENETTE','',0,'PME','71.12B','','WATT INGENIERIE',810791558,81079155800010,0,60280,'','DES RIVES DE L\'OISE','RUE','VENETTE','7112B','','Société à responsabilité limitée (SARL)'),(40950,33376253200047,333762532,42100,'1','11','RUE','BADIOU','','','33.14Z','SAINT-ETIENNE','3',0,'PME','33.14Z','','S.T.E.E.',333762532,33376253200047,3,42100,'11','BADIOU','RUE','SAINT-ETIENNE','3314Z','','Société par actions simplifiée'),(40951,40482446800023,404824468,34070,'1','02','RUE','DU PASTEUR JEAN CADIER','','','43.22B','MONTPELLIER','29',0,'PME','43.22B','','STE DE VENTILATION MEDITERRANEENNE',404824468,40482446800023,29,34070,'02','DU PASTEUR JEAN CADIER','RUE','MONTPELLIER','4322B','','Société par actions simplifiée'),(40952,31896169500018,318961695,1250,'1','21','ROUTE','DE BOURG','','','22.29A','SIMANDRE-SUR-SURAN','546',0,'PME','22.29A','','T.M.P. - CONVERT',318961695,31896169500018,546,1250,'21','DE BOURG','ROUTE','SIMANDRE-SUR-SURAN','2229A','','Société par actions simplifiée'),(40953,48868624700021,488686247,93290,'1','','RUE','DE ROME','','BATIMENT ALTAI - VOIE 10-14','79.90Z','TREMBLAY-EN-FRANCE','10',0,'GE','79.90Z','','SERVAIR SOLUTION',488686247,48868624700021,10,93290,'','DE ROME','RUE','TREMBLAY-EN-FRANCE','7990Z','','Société par actions simplifiée'),(40954,75088853900012,750888539,43410,'1','11','','ZA LES BONNES','','','43.22A','LEMPDES-SUR-ALLAGNON','',0,'PME','43.22A','','CF2C CHASTANG',750888539,75088853900012,0,43410,'11','ZA LES BONNES','','LEMPDES-SUR-ALLAGNON','4322A','','Société par actions simplifiée'),(40955,34868884700048,348688847,75008,'1','03','BOULEVARD','HAUSSMANN','','','68.31Z','PARIS','85',0,'PME','68.31Z','','SIRIUS',348688847,34868884700048,85,75008,'03','HAUSSMANN','BOULEVARD','PARIS','6831Z','','Société par actions simplifiée'),(40956,79219324500026,792193245,84460,'1','11','CHEMIN','DE ROBION A ORGON','','','25.11Z','CHEVAL-BLANC','610',0,'PME','25.11Z','','NOVACIER',792193245,79219324500026,610,84460,'11','DE ROBION A ORGON','CHEMIN','CHEVAL-BLANC','2511Z','','Société à responsabilité limitée (SARL)'),(40957,56209442500450,562094425,59760,'0','41','ROUTE','DE SPYCKER','','SITE DE MARDYCK PORT 3801','24.10Z','GRANDE-SYNTHE','3801',0,'GE','24.10Z','','ARCELORMITTAL FRANCE',562094425,56209442500450,3801,59760,'41','DE SPYCKER','ROUTE','GRANDE-SYNTHE','2410Z','','Société par actions simplifiée'),(40958,30964553900052,309645539,92200,'0','02','AVENUE','CHARLES DE GAULLE','','115-123','70.10Z','NEUILLY-SUR-SEINE','115',0,'GE','70.10Z','','GXO LOGISTICS EUROPE',309645539,30964553900078,191,92200,'','CHARLES DE GAULLE','AVENUE','NEUILLY-SUR-SEINE','7010Z','','Société par actions simplifiée'),(40959,37899289500821,378992895,45760,'0','31','ROUTE','DE PITHIVIERS','','PARC TECHNOLOGIQUE ORLEANS','52.10B','BOIGNY-SUR-BIONNE','165',0,'GE','52.10B','','GXO LOGISTICS FRANCE',378992895,37899289500821,165,45760,'31','DE PITHIVIERS','ROUTE','BOIGNY-SUR-BIONNE','5210B','','Société par actions simplifiée'),(40960,49105036500031,491050365,49220,'1','','','LE BOIS MONTBOURCHER','','','68.20B','CHAMBELLAY','',0,'PME','68.20B','','BMG ACTIVITE',491050365,49105036500031,0,49220,'','LE BOIS MONTBOURCHER','','CHAMBELLAY','6820B','','Société civile'),(40961,43548054600108,435480546,26800,'1','32','RUE','LOUIS SAILLANT','','ZI LA MOTTE','01.13Z','PORTES-LES-VALENCE','',0,'','01.13Z','','HM.CLAUSE',435480546,43548054600108,0,26800,'32','LOUIS SAILLANT','RUE','PORTES-LES-VALENCE','0113Z','','Société par actions simplifiée'),(40962,47898966800049,478989668,92700,'1','','RUE','DU DEBARCADERE','','9-11','20.41Z','COLOMBES','9',0,'ETI','20.41Z','','COLGATE-PALMOLIVE INDUSTRIEL',478989668,47898966800049,9,92700,'','DU DEBARCADERE','RUE','COLOMBES','2041Z','','Société par actions simplifiée'),(40963,34976285600111,349762856,59262,'0','21','RUE','DES SERINGATS','','','52.10A','SAINGHIN-EN-MELANTOIS','562',0,'GE','52.10A','','GXO LOGISTICS GEL FRANCE',349762856,34976285600129,1,31100,'','DU GENERAL EISENHOWER','ROND-POINT','TOULOUSE','5210A','','Société par actions simplifiée'),(40964,42998056800027,429980568,60350,'1','21','RUE','DU FLOTTAGE','','','20.13B','TROSLY-BREUIL','1',0,'GE','20.13B','','MERCK PERFORMANCE MATERIALS',429980568,42998056800027,1,60350,'21','DU FLOTTAGE','RUE','TROSLY-BREUIL','2013B','','Société par actions simplifiée'),(40965,37801689300034,378016893,66330,'1','41','AVENUE','AMBROISE CROIZAT','','','86.10Z','CABESTANY','',0,'GE','86.10Z','','MEDIPOLE SAINT-ROCH',378016893,37801689300034,0,66330,'41','AMBROISE CROIZAT','AVENUE','CABESTANY','8610Z','','Société par actions simplifiée'),(40966,37899289501381,378992895,28140,'0','22','','ZONE INTER - DEPARTEMENTALE','','POUPRY - SECTEUR VILLENEUVE','52.10B','POUPRY','',0,'GE','52.10B','','GXO LOGISTICS FRANCE',378992895,37899289501381,0,28140,'22','ZONE INTER - DEPARTEMENTALE','','POUPRY','5210B','','Société par actions simplifiée'),(40967,77921386700020,779213867,63000,'1','41','RUE','MONTALEMBERT','','','86.10Z','CLERMONT-FERRAND','58',0,'ETI','86.10Z','','CENTRE LUTTE CONTRE LE CANCER',779213867,77921386700020,58,63000,'41','MONTALEMBERT','RUE','CLERMONT-FERRAND','8610Z','','Autre personne morale de droit privé'),(40968,48483387600101,484833876,31100,'1','','ROND-POINT','DU GENERAL EISENHOWER','','GOLF PARK BAT F','52.10B','TOULOUSE','1',0,'GE','52.10B','','GXO LOGISTICS NORD & EST FRANCE',484833876,48483387600101,1,31100,'','DU GENERAL EISENHOWER','ROND-POINT','TOULOUSE','5210B','','Société par actions simplifiée'),(40969,30525377500038,305253775,81210,'1','03','ROUTE','DE VABRE','','','13.91Z','ROQUECOURBE','',0,'PME','13.91Z','','SOCIETE BERLAINE',305253775,30525377500038,0,81210,'03','DE VABRE','ROUTE','ROQUECOURBE','1391Z','','Société par actions simplifiée'),(40970,35720005400108,357200054,59660,'0','','ROUTE','D\'ESTAIRES','','','01.11Z','MERVILLE','414',0,'GE','01.11Z','','ROQUETTE FRERES',357200054,35720005400017,1,62136,'51','DE LA HAUTE LOGE','RUE','LESTREM','1062Z','','Société anonyme à conseil d\'administration'),(40971,31703770300012,317037703,95200,'1','12','RUE','DE TISSONVILLIERS','','ZI','38.21Z','SARCELLES','1',0,'PME','38.21Z','','SAREN',317037703,31703770300012,1,95200,'12','DE TISSONVILLIERS','RUE','SARCELLES','3821Z','','Société en nom collectif'),(40972,55204695502320,552046955,26000,'0','02','RUE','JEAN BERTIN','','','35.30Z','VALENCE','38',0,'GE','35.30Z','','ENGIE ENERGIE SERVICES',552046955,55204695502320,38,26000,'02','JEAN BERTIN','RUE','VALENCE','3530Z','','Société anonyme à conseil d\'administration'),(40973,75750085500106,757500855,87280,'0','21','ALLEE','LOUIS-CHARLES ET HENRI GEAY','','','43.91B','LIMOGES','6',0,'PME','43.91B','','SOC OUVRIERS PLOMBIERS COUVREURS ZINGUEU',757500855,75750085500114,48,87000,'','PAUL CLAUDEL','RUE','LIMOGES','4322B','','Société anonyme à conseil d\'administration'),(40974,56207158900021,562071589,93240,'1','32','RUE','D\'\'AMIENS','','LE BOIS MOUSSAY','86.10Z','STAINS','35',0,'GE','86.10Z','','CLINIQUE DE L ESTREE',562071589,56207158900021,35,93240,'32','D\'\'AMIENS','RUE','STAINS','8610Z','','Société par actions simplifiée'),(40975,82414586600029,824145866,49220,'1','','','LA BICHETIERE - VERN-D\'ANJOU','','','71.12B','ERDRE-EN-ANJOU','',0,'PME','71.12B','','AMIOT BLIN CONSULTING',824145866,82414586600029,0,49220,'','LA BICHETIERE - VERN-D\'ANJOU','','ERDRE-EN-ANJOU','7112B','','Société à responsabilité limitée (SARL)'),(40976,65202148600053,652021486,75002,'1','','RUE','SAINT-AUGUSTIN','','','64.20Z','PARIS','30',0,'PME','64.20Z','','COMPAGNIE FINANCIERE D\'INVESTISSEMENTS',652021486,65202148600053,30,75002,'','SAINT-AUGUSTIN','RUE','PARIS','6420Z','','Société par actions simplifiée'),(40977,53829198000018,538291980,12100,'1','11','RUE','DE LA MEGISSERIE','','','74.90B','MILLAU','4',0,'PME','74.90B','','AD FINE',538291980,53829198000018,4,12100,'11','DE LA MEGISSERIE','RUE','MILLAU','7490B','','Société à responsabilité limitée (SARL)'),(40978,62201950300128,622019503,30000,'0','12','ALLEE','GRAHAM BELL','','PARC GEORGES BESSE','72.11Z','NIMES','70',0,'ETI','72.11Z','','PCAS',622019503,62201950300086,21,69130,'12','DE LA SAUVEGARDE','CHEMIN','ECULLY','2014Z','','Société par actions simplifiée'),(40979,62201950300094,622019503,91300,'0','12','RUE','ELLA MAILLART','','','20.14Z','MASSY','11',0,'ETI','20.14Z','','PCAS',622019503,62201950300086,21,69130,'12','DE LA SAUVEGARDE','CHEMIN','ECULLY','2014Z','','Société par actions simplifiée'),(40980,39332948700010,393329487,34600,'0','11','','D 160','','','11.07A','LES AIRES','570',0,'ETI','11.07A','','VERNIERE',393329487,39332948700036,70,3270,'','DES SOURCES','AVENUE','SAINT-YORRE','1107A','','Société par actions simplifiée'),(40981,34858283400118,348582834,95310,'0','00','AVENUE','DE L\'EGUILLETTE','','ZI DU VERT GALANT','46.69B','SAINT-OUEN-L\'AUMONE','2',0,'ETI','46.69B','','ATLAS COPCO FRANCE',348582834,34858283400167,14,95740,'31','LOUIS BLERIOT','AVENUE','FREPILLON','3312Z','','Société par actions simplifiée'),(40982,34858283400167,348582834,95740,'1','31','AVENUE','LOUIS BLERIOT','','ZAC DES EPINEAUX','33.12Z','FREPILLON','14',0,'ETI','33.12Z','','ATLAS COPCO FRANCE',348582834,34858283400167,14,95740,'31','LOUIS BLERIOT','AVENUE','FREPILLON','3312Z','','Société par actions simplifiée'),(40983,38290349000094,382903490,59710,'0','12','ROUTE','DE VALENCIENNES','','PET PREFORMES','11.07A','MERIGNIES','436',0,'ETI','11.07A','','ROXANE NORD',382903490,38290349000052,107,59840,'22','DU KEMMEL','AVENUE','PERENCHIES','1107A','','Société par actions simplifiée'),(40984,30448879400179,304488794,61420,'1','','','','','LE CLOS DES SOURCES','70.10Z','LA FERRIERE-BOCHARD','',0,'ETI','70.10Z','','SOCIETE ALMA SA',304488794,30448879400179,0,61420,'','','','LA FERRIERE-BOCHARD','7010Z','','Société anonyme à directoire'),(40985,35201495500285,352014955,64140,'0','22','AVENUE','MARCEL DASSAULT','','ZI INDUSPAL','10.51A','LONS','',0,'GE','10.51A','','CANDIA',352014955,35201495500392,200,75014,'31','RAYMOND LOSSERAND','RUE','PARIS','1051A','','Société par actions simplifiée'),(40986,35359767700015,353597677,75015,'1','','RUE','AUGUSTE CHABRIERES','','','46.71Z','PARIS','24',0,'GE','46.71Z','','SCA PETROLE ET DERIVES',353597677,35359767700015,24,75015,'','AUGUSTE CHABRIERES','RUE','PARIS','4671Z','','Société par actions simplifiée'),(40987,35101483200023,351014832,69003,'0','12','RUE','MAURICE FLANDIN','','','55.10Z','LYON','29',0,'PME','55.10Z','','SNC INVEST HOTEL LYON PART DIEU',351014832,35101483200031,2,75008,'','LORD BYRON','RUE','PARIS','5510Z','','Société en nom collectif'),(40988,88206260700016,882062607,92800,'0','','TERRASSE','BOIELDIEU','','TOUR FRANKLIN - LA DEFENSE 8','38.21Z','PUTEAUX','',0,'GE','38.21Z','','PAPREC ENERGIES 45',882062607,88206260700032,7,75008,'','DU DOCTEUR LANCEREAUX','RUE','PARIS','3821Z','','Société par actions simplifiée'),(40989,88206260700024,882062607,45500,'0','','','LES GATINES','','ARRABLOY','38.21Z','GIEN','',0,'GE','38.21Z','','PAPREC ENERGIES 45',882062607,88206260700032,7,75008,'','DU DOCTEUR LANCEREAUX','RUE','PARIS','3821Z','','Société par actions simplifiée'),(40990,84961682600038,849616826,75008,'1','12','RUE','ALFRED DE VIGNY','','','70.22Z','PARIS','5',0,'PME','70.22Z','','ACT COMMODITIES (FRANCE)',849616826,84961682600038,5,75008,'12','ALFRED DE VIGNY','RUE','PARIS','7022Z','','Société par actions simplifiée'),(40991,80848969400022,808489694,42110,'1','21','ROUTE','DE SAINT-ETIENNE','','','17.21A','FEURS','',0,'ETI','17.21A','','SEYFERT FOREZ',808489694,80848969400022,0,42110,'21','DE SAINT-ETIENNE','ROUTE','FEURS','1721A','','Société par actions simplifiée'),(40992,53225430700038,532254307,49100,'1','41','RUE','ANDRE BOQUEL','','','86.10Z','ANGERS','15',0,'ETI','86.10Z','','INSTITUT DE CANCEROLOGIE DE L OUEST',532254307,53225430700038,15,49100,'41','ANDRE BOQUEL','RUE','ANGERS','8610Z','','Autre personne morale de droit privé'),(40993,38185653300025,381856533,63190,'1','32','RUE','MAL DE LATTRE DE TASSIGNY','','ROND POINT AUTOROUTE','15.12Z','LEZOUX','18',0,'ETI','15.12Z','','PIERRE COTTE',381856533,38185653300025,18,63190,'32','MAL DE LATTRE DE TASSIGNY','RUE','LEZOUX','1512Z','','Société par actions simplifiée'),(40994,63980456600458,639804566,78280,'1','11','BOULEVARD','DES CHENES','','4 PARC ARIANE IMMEUBLE PLUTON','17.12Z','GUYANCOURT','',0,'ETI','17.12Z','','SYLVAMO FRANCE SA',639804566,63980456600458,0,78280,'11','DES CHENES','BOULEVARD','GUYANCOURT','1712Z','','Société anonyme à conseil d\'administration'),(40995,40125156601129,401251566,86500,'0','21','RUE','D\'YPRES','','','87.10A','MONTMORILLON','22',0,'GE','87.10A','','EMEIS',401251566,40125156601129,22,86500,'21','D\'YPRES','RUE','MONTMORILLON','8710A','','Société anonyme à conseil d\'administration'),(40996,48226360500016,482263605,63920,'1','12','RUE','DE L\'INNOVATION','','ZONE DE HAUTES TECHNOLOGIES','22.29A','PESCHADOIRES','14',0,'PME','22.29A','','TOP CLEAN INJECTION',482263605,48226360500016,14,63920,'12','DE L\'INNOVATION','RUE','PESCHADOIRES','2229A','','Société par actions simplifiée'),(40997,9542001400011,95420014,61420,'1','22','','LE CLOS DES SOURCES','','','11.07A','LA FERRIERE-BOCHARD','',0,'ETI','11.07A','','SOCIETE EXPLOITATION SOURCES ROXANE',95420014,9542001400011,0,61420,'22','LE CLOS DES SOURCES','','LA FERRIERE-BOCHARD','1107A','','Société anonyme à directoire'),(40998,38290349000045,382903490,69730,'0','12','RTE','NATIONALE','','LIEUDIT CHAMP FLEURI BECCA','11.07A','GENAY','872',0,'ETI','11.07A','','ROXANE NORD',382903490,38290349000052,107,59840,'22','DU KEMMEL','AVENUE','PERENCHIES','1107A','','Société par actions simplifiée'),(40999,9542001400037,95420014,8430,'0','21','CHE','DEPARTEMENTAL 35 LE PANIER VOLAN','','','11.07B','JANDUN','',0,'ETI','11.07B','','SOCIETE EXPLOITATION SOURCES ROXANE',95420014,9542001400011,0,61420,'22','LE CLOS DES SOURCES','','LA FERRIERE-BOCHARD','1107A','','Société anonyme à directoire'),(41000,32345727500010,323457275,2100,'1','31','BOULEVARD','DU DOCTEUR SCHWEITZER','','','86.10Z','SAINT-QUENTIN','1',0,'GE','86.10Z','','HOPITAL PRIVE SAINT CLAUDE',323457275,32345727500010,1,2100,'31','DU DOCTEUR SCHWEITZER','BOULEVARD','SAINT-QUENTIN','8610Z','','Société par actions simplifiée'),(41001,37964248100020,379642481,44800,'1','42','AVENUE','CLAUDE BERNARD','','','86.10Z','SAINT-HERBLAIN','',0,'GE','86.10Z','','SANTE ATLANTIQUE',379642481,37964248100020,0,44800,'42','CLAUDE BERNARD','AVENUE','SAINT-HERBLAIN','8610Z','','Société anonyme à conseil d\'administration'),(41002,5680065900783,56800659,13130,'0','22','','LA GARE ET LA MOLLE','','','43.21A','BERRE L\'ETANG','',0,'GE','43.21A','','SNEF',56800659,5680065900783,0,13130,'22','LA GARE ET LA MOLLE','','BERRE L\'ETANG','4321A','','Société anonyme à conseil d\'administration'),(41003,5680065901666,56800659,13270,'0','22','','LA FEUILLANE','','LOT 74 ZI','43.21A','FOS-SUR-MER','',0,'GE','43.21A','','SNEF',56800659,5680065901666,0,13270,'22','LA FEUILLANE','','FOS-SUR-MER','4321A','','Société anonyme à conseil d\'administration'),(41004,38774910400023,387749104,59230,'1','','AVENUE','DU CLOS','','','11.07A','SAINT-AMAND-LES-EAUX','89',0,'ETI','11.07A','','SOCIETE DES EAUX DE CHORGES',387749104,38774910400023,89,59230,'','DU CLOS','AVENUE','SAINT-AMAND-LES-EAUX','1107A','','Société par actions simplifiée'),(41005,38774910400015,387749104,5230,'0','12','CHEMIN','DU PONTILLAS','','','11.07A','CHORGES','215',0,'ETI','11.07A','','SOCIETE DES EAUX DE CHORGES',387749104,38774910400023,89,59230,'','DU CLOS','AVENUE','SAINT-AMAND-LES-EAUX','1107A','','Société par actions simplifiée'),(41006,82416979100012,824169791,84830,'1','03','RTE','DE SAINTE CICILE LES VIGNES','','','33.20B','SERIGNAN-DU-COMTAT','',0,'PME','33.20B','','PICQUETTE CLIMATISATION',824169791,82416979100012,0,84830,'03','DE SAINTE CICILE LES VIGNES','RTE','SERIGNAN-DU-COMTAT','3320B','','Société par actions simplifiée'),(41007,37899289500169,378992895,1150,'0','21','AVENUE','DES BERGERIES','','PARC INDUSTRIEL PLAINE AIN','52.10B','SAINT-VULBAS','',0,'GE','52.10B','','GXO LOGISTICS FRANCE',378992895,37899289500169,0,1150,'21','DES BERGERIES','AVENUE','SAINT-VULBAS','5210B','','Société par actions simplifiée'),(41008,37950943300049,379509433,94550,'1','12','AVENUE','GEORGES GUYNEMER','','40-42 ZA JEAN MERMOZ','33.20B','CHEVILLY-LARUE','40',0,'ETI','33.20B','','SERVICE DE MAINTENANCE ET D\'INSTALLATION EN FROID COMMERCIAL ET INDUSTRIEL',379509433,37950943300049,40,94550,'12','GEORGES GUYNEMER','AVENUE','CHEVILLY-LARUE','3320B','','Société par actions simplifiée'),(41009,79110148800025,791101488,2300,'1','12','','C D 937','','','47.11D','AUTREVILLE','',0,'PME','47.11D','','ROMAX DISTRI',791101488,79110148800025,0,2300,'12','C D 937','','AUTREVILLE','4711D','','Société par actions simplifiée'),(41010,31109848700300,311098487,59650,'0','12','RUE','DE LA CHANTERELLE','','','43.22B','VILLENEUVE-D\'ASCQ','',0,'ETI','43.22B','','SOCIETE-MISSENARD QUINT B',311098487,31109848700300,0,59650,'12','DE LA CHANTERELLE','RUE','VILLENEUVE-D\'ASCQ','4322B','','Société par actions simplifiée'),(41011,79648026700015,796480267,74200,'1','12','CHEMIN','DU GENEVRAY','','','11.07A','THONON-LES-BAINS','23',0,'ETI','11.07A','','SOC DES EAUX MINERALES THONON LES BAINS',796480267,79648026700015,23,74200,'12','DU GENEVRAY','CHEMIN','THONON-LES-BAINS','1107A','','Société par actions simplifiée'),(41012,44005586102243,440055861,21850,'0','22','RUE','DE LA REDOUTE','','','43.21A','SAINT-APOLLINAIRE','32',0,'GE','43.21A','','SPIE BUILDING SOLUTIONS',440055861,44005586102243,32,21850,'22','DE LA REDOUTE','RUE','SAINT-APOLLINAIRE','4321A','','Société par actions simplifiée'),(41013,41538869300038,415388693,30620,'1','01','RUE','JOEL DE ROSNAY','','','70.10Z','AUBORD','3',0,'PME','70.10Z','','DRYG',415388693,41538869300038,3,30620,'01','JOEL DE ROSNAY','RUE','AUBORD','7010Z','','Société par actions simplifiée'),(41014,9542001400029,95420014,72370,'0','22','','','','','11.07B','ARDENAY-SUR-MERIZE','',0,'ETI','11.07B','','SOCIETE EXPLOITATION SOURCES ROXANE',95420014,9542001400011,0,61420,'22','LE CLOS DES SOURCES','','LA FERRIERE-BOCHARD','1107A','','Société anonyme à directoire'),(41015,41479408100052,414794081,67230,'0','12','RUE','D\'ESPAGNE','','','43.22B','BENFELD','3',0,'GE','43.22B','','SDEL ALSACE',414794081,41479408100045,15,67550,'21','DE LA FORET','RUE','VENDENHEIM','4321A','','Société par actions simplifiée'),(41016,48140121400038,481401214,84800,'1','11','ROUTE','DE CAUMONT','','ZA DES THEOLOGIENS 2','33.12Z','L\'ISLE-SUR-LA-SORGUE','20',0,'PME','33.12Z','','SERI FROID',481401214,48140121400038,20,84800,'11','DE CAUMONT','ROUTE','L\'ISLE-SUR-LA-SORGUE','3312Z','','Société à responsabilité limitée (SARL)'),(41017,21380527800016,213805278,38114,'1','21','','','','HOTEL DE VILLE','84.11Z','VAUJANY','',0,'PME','84.11Z','','COMMUNE DE VAUJANY',213805278,21380527800016,0,38114,'21','','','VAUJANY','8411Z','','Collectivité territoriale'),(41018,92612015500029,926120155,60200,'1','41','RUE','JEAN-JACQUES BERNARD','','','86.10Z','COMPIEGNE','7',0,'ETI','86.10Z','','POLYCLINIQUE SAINT COME',926120155,92612015500029,7,60200,'41','JEAN-JACQUES BERNARD','RUE','COMPIEGNE','8610Z','','Société anonyme à conseil d\'administration'),(41019,31625229500027,316252295,67150,'1','32','','Z I ERSTEIN KRAFFT','','','21.20Z','ERSTEIN','',0,'ETI','21.20Z','','LABORATOIRES B T T',316252295,31625229500027,0,67150,'32','Z I ERSTEIN KRAFFT','','ERSTEIN','2120Z','','Société par actions simplifiée'),(41020,44885461200018,448854612,43800,'1','21','','ZI LES TOURETTES','','','22.21Z','ROSIERES','',0,'PME','22.21Z','','MOREY PRODUCTION',448854612,44885461200018,0,43800,'21','ZI LES TOURETTES','','ROSIERES','2221Z','','Société par actions simplifiée'),(41021,84508721200021,845087212,68124,'1','01','RUE','MAL JOFFRE','','','33.20A','WINTZENHEIM','5',0,'PME','33.20A','','ALSA PIPING',845087212,84508721200021,5,68124,'01','MAL JOFFRE','RUE','WINTZENHEIM','3320A','','Société par actions simplifiée'),(41022,84460672300659,844606723,67810,'0','','RUE','LUCIEN VELTEN','','','43.21A','HOLTZHEIM','3',0,'GE','43.21A','','SPIE INDUSTRIE',844606723,84460672300659,3,67810,'','LUCIEN VELTEN','RUE','HOLTZHEIM','4321A','','Société par actions simplifiée'),(41023,21730206600014,217302066,73710,'1','11','AVENUE','DE CHASSEFORET','','HOTEL DE VILLE','84.11Z','PRALOGNAN-LA-VANOISE','',0,'PME','84.11Z','','COMMUNE DE PRALOGNAN LA VANOISE',217302066,21730206600014,0,73710,'11','DE CHASSEFORET','AVENUE','PRALOGNAN-LA-VANOISE','8411Z','','Collectivité territoriale'),(41024,55850395900022,558503959,67800,'1','21','RUE','DE LA ROBERTSAU','','','10.82Z','BISCHHEIM','18',0,'ETI','10.82Z','','CSM FRANCE',558503959,55850395900022,18,67800,'21','DE LA ROBERTSAU','RUE','BISCHHEIM','1082Z','','Société par actions simplifiée'),(41025,41964378800013,419643788,12110,'1','02','RUE','HENRI BARBUSSE','','','33.14Z','AUBIN','1',0,'PME','33.14Z','','BOUDET BOBINAGE',419643788,41964378800013,1,12110,'02','HENRI BARBUSSE','RUE','AUBIN','3314Z','','Société à responsabilité limitée (SARL)'),(41026,77871315600264,778713156,90380,'0','22','RUE','DE PHAFFANS','','','87.20A','ROPPE','11',0,'ETI','87.20A','','ADAPEI DU TERRITOIRE DE BELFORT - GESTION',778713156,77871315600355,6,90000,'11','DU RHONE','RUE','BELFORT','8899B','','Association loi 1901 ou assimilé'),(41027,75310895000043,753108950,59000,'0','42','BOULEVARD','DE BELFORT','','','86.10Z','LILLE','51',0,'ETI','86.10Z','','GROUPEMENT DES HOPITAUX DE L\'INSTITUT CATHOLIQUE DE LILLE',753108950,75310895000019,60,59800,'','VAUBAN','BOULEVARD','LILLE','8610Z','','Autre personne morale de droit privé'),(41028,78292123300014,782921233,13009,'1','42','BOULEVARD','DE SAINTE MARGUERITE','','','86.10Z','MARSEILLE','232',0,'ETI','86.10Z','','INSTITUT JEAN PAOLI & IRENE CALMETTES CENTRE REGIONAL DE LUTTE CONTRE LE CANCER',782921233,78292123300014,232,13009,'42','DE SAINTE MARGUERITE','BOULEVARD','MARSEILLE','8610Z','','Autre personne morale de droit privé'),(41029,77980105900014,779801059,69140,'1','21','RUE','DE LA PELLETIERE','','','25.62B','RILLIEUX-LA-PAPE','86',0,'PME','25.62B','','MONIN-MECANIQUE',779801059,77980105900014,86,69140,'21','DE LA PELLETIERE','RUE','RILLIEUX-LA-PAPE','2562B','','Société anonyme à conseil d\'administration'),(41030,45157051900053,451570519,28100,'1','22','RUE','DU REVEILLON','','','10.83Z','DREUX','1',0,'PME','10.83Z','','DAMMANN FRERES',451570519,45157051900053,1,28100,'22','DU REVEILLON','RUE','DREUX','1083Z','','Société par actions simplifiée'),(41031,26900129300209,269001293,90400,'1','51','ROUTE','DE MOVAL','','','86.10Z','TREVENANS','100',0,'ETI','86.10Z','','HOPITAL NORD FRANCHE COMTE',269001293,26900129300209,100,90400,'51','DE MOVAL','ROUTE','TREVENANS','8610Z','','Etablissement public administratif'),(41032,83396502300017,833965023,26250,'1','12','AVENUE','DENIS PAPIN','','ZA DE LA FAUCHETIERE 2','43.22B','LIVRON-SUR-DROME','2',0,'PME','43.22B','','VIGNAL ENERGIES',833965023,83396502300017,2,26250,'12','DENIS PAPIN','AVENUE','LIVRON-SUR-DROME','4322B','','Société par actions simplifiée'),(41033,41854196700075,418541967,68000,'1','','RUE','TIMKEN','','','46.12B','COLMAR','10',0,'ETI','46.12B','','LONZA BIOSCIENCE SARL',418541967,41854196700075,10,68000,'','TIMKEN','RUE','COLMAR','4612B','','Société à responsabilité limitée (SARL)'),(41034,38539406900046,385394069,7500,'1','12','RUE','CLAUDE CHAPPE','','ZA DES TREMOLLETS','10.86Z','GUILHERAND-GRANGES','240',0,'PME','10.86Z','','BARIATRIX EUROPE INC',385394069,38539406900046,240,7500,'12','CLAUDE CHAPPE','RUE','GUILHERAND-GRANGES','1086Z','','Société par actions simplifiée'),(41035,97632030900413,976320309,84000,'0','00','AVENUE','PIERRE SEMARD','','MIN BAT D','23.61Z','AVIGNON','135',0,'ETI','23.61Z','','KP1',976320309,97632030900413,135,84000,'00','PIERRE SEMARD','AVENUE','AVIGNON','2361Z','','Société par actions simplifiée'),(41036,32899936200069,328999362,59330,'1','12','RUE','JEAN MESSAGER','','','38.22Z','SAINT-REMY-DU-NORD','22',0,'ETI','38.22Z','','ACTIVITES DE RECYCLAGE ET DE FORMULATION - ARF',328999362,32899936200069,22,59330,'12','JEAN MESSAGER','RUE','SAINT-REMY-DU-NORD','3822Z','','Société anonyme à conseil d\'administration'),(41037,33211009700208,332110097,92700,'1','32','RUE','D’ESTIENNE D’ORVES','','','20.52Z','COLOMBES','420',0,'GE','20.52Z','','BOSTIK SA',332110097,33211009700208,420,92700,'32','D’ESTIENNE D’ORVES','RUE','COLOMBES','2052Z','','Société anonyme à conseil d\'administration'),(41038,32668525200123,326685252,59000,'1','21','RUE','DE MARQUILLIES','','','46.69B','LILLE','148',0,'ETI','46.69B','','AIRFLUX',326685252,32668525200123,148,59000,'21','DE MARQUILLIES','RUE','LILLE','4669B','','Société par actions simplifiée'),(41039,31109848700284,311098487,2430,'1','21','RUE','EUGENE FREYSSINET','','ZI LE ROYEUX','43.22B','GAUCHY','34',0,'ETI','43.22B','','SOCIETE-MISSENARD QUINT B',311098487,31109848700284,34,2430,'21','EUGENE FREYSSINET','RUE','GAUCHY','4322B','','Société par actions simplifiée'),(41040,53324797900206,533247979,77230,'1','22','RUE','DE SENLIS','','','10.81Z','MOUSSY-LE-VIEUX','',0,'GE','10.81Z','','TEREOS FRANCE',533247979,53324797900206,0,77230,'22','DE SENLIS','RUE','MOUSSY-LE-VIEUX','1081Z','','Société coopérative agricole'),(41041,75750085500114,757500855,87000,'1','','RUE','PAUL CLAUDEL','','','43.22B','LIMOGES','48',0,'PME','43.22B','','SOC OUVRIERS PLOMBIERS COUVREURS ZINGUEU',757500855,75750085500114,48,87000,'','PAUL CLAUDEL','RUE','LIMOGES','4322B','','Société anonyme à conseil d\'administration'),(41042,55204695503195,552046955,37540,'0','22','RUE','LEANDRE POURCELOT','','LE CLOS DE LA RABELAIS','35.30Z','SAINT-CYR-SUR-LOIRE','6',0,'GE','35.30Z','','ENGIE ENERGIE SERVICES',552046955,55204695503195,6,37540,'22','LEANDRE POURCELOT','RUE','SAINT-CYR-SUR-LOIRE','3530Z','','Société anonyme à conseil d\'administration'),(41043,78150710800012,781507108,86360,'1','22','ROUTE','DE SAINT GEORGES','','BONNILLET','10.51D','CHASSENEUIL-DU-POITOU','5',0,'GE','10.51D','','BONILAIT PROTEINES',781507108,78150710800012,5,86360,'22','DE SAINT GEORGES','ROUTE','CHASSENEUIL-DU-POITOU','1051D','','Société anonyme à conseil d\'administration'),(41044,42117403800123,421174038,93210,'1','','RUE','ANDRE CAMPRA','','IMMEUBLE LE CEZANNE','24.10Z','SAINT-DENIS','6',0,'GE','24.10Z','','ARCELORMITTAL MEDITERRANEE',421174038,42117403800123,6,93210,'','ANDRE CAMPRA','RUE','SAINT-DENIS','2410Z','','Société par actions simplifiée'),(41045,42117403800065,421174038,48200,'0','31','CITE','MALAGAZAGNE','','USINE DE ST CHELY D\'APCHER','24.10Z','SAINT-CHELY-D\'APCHER','',0,'GE','24.10Z','','ARCELORMITTAL MEDITERRANEE',421174038,42117403800123,6,93210,'','ANDRE CAMPRA','RUE','SAINT-DENIS','2410Z','','Société par actions simplifiée'),(41046,38151180700038,381511807,62720,'0','02','AVENUE','DE L\'EUROPE','','ZONE ACTIVITE DE LA MAIE','46.69B','RINXENT','',0,'PME','46.69B','','MECANIQUE TUYAUTERIE MAINTENANCE INDUSTR',381511807,38151180700046,68,59200,'12','DE BRADFORD','RUE','TOURCOING','3312Z','','Société par actions simplifiée'),(41047,32626222700084,326262227,64170,'0','','','USINE DE LACQ','','PLATEFORME INDUSLACQ RD 31 PORTE EST','23.99Z','LACQ','',0,'ETI','23.99Z','','TORAY CARBON FIBERS EUROPE',326262227,32626222700092,0,64170,'','DEPARTEMENTALE 817','RTE','LACQ','2399Z','','Société anonyme à conseil d\'administration'),(41048,63622022000017,636220220,29860,'1','12','LD','LE RADEN','','RTE DE TARIEC','70.10Z','PLOUVIEN','',0,'ETI','70.10Z','','SILL ENTREPRISES',636220220,63622022000017,0,29860,'12','LE RADEN','LD','PLOUVIEN','7010Z','','Société par actions simplifiée'),(41049,57675058200016,576750582,72370,'0','21','','LE MOULINNEUF','','CD 52 BIS','11.07A','ARDENAY-SUR-MERIZE','',0,'ETI','11.07A','','CRISTAL ROC',576750582,57675058200032,0,61420,'','LE CLOS DES SOURCES','','LA FERRIERE-BOCHARD','1107A','','Société par actions simplifiée'),(41050,51869201700024,518692017,63200,'1','','AVENUE','DU STADE','','','64.20Z','RIOM','61',0,'ETI','64.20Z','','GROUPE BACACIER',518692017,51869201700024,61,63200,'','DU STADE','AVENUE','RIOM','6420Z','','Société par actions simplifiée'),(41051,38260122700020,382601227,63118,'1','22','RUE','DES COUTILS','','','82.92Z','CEBAZAT','19',0,'ETI','82.92Z','','PHARM ADIS',382601227,38260122700020,19,63118,'22','DES COUTILS','RUE','CEBAZAT','8292Z','','Société à responsabilité limitée (SARL)'),(41052,1545099200019,15450992,21490,'1','12','IMPASSE','DES COTTAGES DE LA NORGE','','','27.52Z','CLENAY','3',0,'PME','27.52Z','','SOCIETE BOURGUIGNONNE DE MECANIQUE',15450992,1545099200019,3,21490,'12','DES COTTAGES DE LA NORGE','IMPASSE','CLENAY','2752Z','','Société anonyme à directoire'),(41053,43361849300046,433618493,90300,'1','12','','ZA DU BALLON','','','43.22B','OFFEMONT','',0,'PME','43.22B','','MAINTENANCE DEPANNAGE TOUTES ENERGIES',433618493,43361849300046,0,90300,'12','ZA DU BALLON','','OFFEMONT','4322B','','Société à responsabilité limitée (SARL)'),(41054,38826989600022,388269896,90700,'1','02','RUE','DU LIEUTENANT BIDAUX','','','71.12B','CHATENOIS-LES-FORGES','11',0,'PME','71.12B','','ENEBAT',388269896,38826989600022,11,90700,'02','DU LIEUTENANT BIDAUX','RUE','CHATENOIS-LES-FORGES','7112B','','Société par actions simplifiée'),(41055,84271079000010,842710790,0,'1','','','T HOFVELD 11','','','24.45Z','','',0,'PME','24.45Z','','LEGENDRE CONVEYORS NV SA',842710790,84271079000010,0,0,'','T HOFVELD 11','','','2445Z','','Personne morale de droit étranger, non immatriculée au RCS'),(41056,44851238400091,448512384,1700,'0','','','LES ECHETS','','ZAC DE ROSARGE LES ECHETS','47.22Z','MIRIBEL','',0,'ETI','47.22Z','','SODELY',448512384,44851238400042,2,69140,'','DU LOUP PENDU','AV','RILLIEUX LA PAPE','1011Z','','Société par actions simplifiée'),(41057,13002612300229,130026123,69500,'0','32','AVENUE','FRANCOIS MITTERRAND','','CITE DES MOBILITES','85.42Z','BRON','25',0,'ETI','85.42Z','','UNIVERSITE GUSTAVE EIFFEL',130026123,13002612300229,25,69500,'32','FRANCOIS MITTERRAND','AVENUE','BRON','8542Z','','Etablissement public administratif'),(41058,34400116900038,344001169,73100,'0','11','IMPASSE','DENIS PAPIN','','','43.22B','GRESY-SUR-AIX','74',0,'ETI','43.22B','','LANSARD ENERGIE',344001169,34400116900020,110,74370,'21','DES CONTAMINES','ROUTE','ARGONAY','4322B','','Société par actions simplifiée'),(41059,21380265500018,213802655,38770,'1','12','PLACE','ALBERT RIVET','','','84.11Z','LA MOTTE-D\'AVEILLANS','1',0,'PME','84.11Z','','COMMUNE DE LA MOTTE D AVEILLANS',213802655,21380265500018,1,38770,'12','ALBERT RIVET','PLACE','LA MOTTE-D\'AVEILLANS','8411Z','','Collectivité territoriale'),(41060,65362016100030,653620161,38490,'1','21','ROUTE','DES EPLAGNES','','','43.22B','CHARANCIEU','90',0,'PME','43.22B','','ENTREPRISE GILLET',653620161,65362016100030,90,38490,'21','DES EPLAGNES','ROUTE','CHARANCIEU','4322B','','Société par actions simplifiée'),(41061,44199900000017,441999000,67640,'1','22','RTE','DE LYON','','','17.21A','FEGERSHEIM','146',0,'GE','17.21A','','DS SMITH PACKAGING FEGERSHEIM',441999000,44199900000017,146,67640,'22','DE LYON','RTE','FEGERSHEIM','1721A','','Société par actions simplifiée'),(41062,84177094400020,841770944,68200,'1','21','RUE','DE QUIMPER','','','28.99B','MULHOUSE','15',0,'PME','28.99B','','MANUFACTURE DU HAUT RHIN',841770944,84177094400020,15,68200,'21','DE QUIMPER','RUE','MULHOUSE','2899B','','Société par actions simplifiée'),(41063,52836512500053,528365125,67210,'1','32','BOULEVARD','DE L’EUROPE','','','11.05Z','OBERNAI','',0,'ETI','11.05Z','','KRONENBOURG SUPPLY COMPANY',528365125,52836512500053,0,67210,'32','DE L’EUROPE','BOULEVARD','OBERNAI','1105Z','','Société par actions simplifiée'),(41064,85302646600013,853026466,43190,'1','02','ROUTE','DU FIEU','','','46.77Z','TENCE','660',0,'PME','46.77Z','','RG GROUP',853026466,85302646600013,660,43190,'02','DU FIEU','ROUTE','TENCE','4677Z','','Société par actions simplifiée'),(41065,91725015100029,917250151,3630,'1','32','RUE','AMBROISE CROIZAT','','','86.10Z','DESERTINES','8',0,'GE','86.10Z','','POLYCLINIQUE SAINT-FRANCOIS',917250151,91725015100029,8,3630,'32','AMBROISE CROIZAT','RUE','DESERTINES','8610Z','','Société par actions simplifiée'),(41066,38387079700222,383870797,60200,'0','12','AVENUE','HENRI ADNOT','','','43.21A','COMPIEGNE','5',0,'GE','43.21A','','INEO HAUTS DE FRANCE',383870797,38387079700107,0,59139,'21','AUGUSTIN LHERMITTE','RUE','NOYELLES-LES-SECLIN','4321A','','Société par actions simplifiée'),(41067,42971906500022,429719065,1700,'1','03','RUE','DE PALVERNE','','LES ECHETS ZAC DE ROSARGE','71.12B','MIRIBEL','250',0,'PME','71.12B','','AIR TRAITEMENT PROCESS',429719065,42971906500022,250,1700,'03','DE PALVERNE','RUE','MIRIBEL','7112B','','Société par actions simplifiée'),(41068,85480074501687,854800745,69007,'0','41','RUE','ALEXANDER FLEMING','','','43.22B','LYON','6',0,'GE','43.22B','','AXIMA CONCEPT',854800745,85480074501687,6,69007,'41','ALEXANDER FLEMING','RUE','LYON','4322B','','Société anonyme à conseil d\'administration'),(41069,77561430800879,775614308,67210,'1','22','BOULEVARD','DE L’EUROPE','','','46.34Z','OBERNAI','',0,'ETI','46.34Z','','KRONENBOURG',775614308,77561430800879,0,67210,'22','DE L’EUROPE','BOULEVARD','OBERNAI','4634Z','','Société par actions simplifiée'),(41070,48868143800047,488681438,34740,'0','01','RUE','DE LA GARENNE','','','43.21A','VENDARGUES','615',0,'PME','43.21A','','AVEYRON ELEC CONCEPT',488681438,48868143800039,0,12110,'12','RUAU','','AUBIN','4321A','','Société par actions simplifiée'),(41071,32626222700027,326262227,64150,'0','32','RTE','LAGOR','','','23.99Z','ABIDOS','',0,'ETI','23.99Z','','TORAY CARBON FIBERS EUROPE',326262227,32626222700092,0,64170,'','DEPARTEMENTALE 817','RTE','LACQ','2399Z','','Société anonyme à conseil d\'administration'),(41072,81539437400012,815394374,69150,'1','','RUE','SULLY','','PARC D\'ACTIVITE DU GRAND LARGE','71.12B','DECINES-CHARPIEU','15',0,'','71.12B','','SYSLEM INGENIERIE',815394374,81539437400012,15,69150,'','SULLY','RUE','DECINES-CHARPIEU','7112B','','Société par actions simplifiée'),(41073,39846158200072,398461582,76700,'0','11','AVENUE','DU CANTIPOU','','ZAC DU CAMPDOLENT','43.22B','HARFLEUR','',0,'GE','43.22B','','EIFFAGE ENERGIE SYSTEMES - CLEVIA NORMANDIE',398461582,39846158200015,0,14730,'21','ZI DU MARTRAY','','GIBERVILLE','4322B','','Société par actions simplifiée'),(41074,32230429600013,322304296,19200,'1','32','ROUTE','DE PONTY','','','47.11F','USSEL','',0,'ETI','47.11F','','USSEL DISTRIBUTION',322304296,32230429600013,0,19200,'32','DE PONTY','ROUTE','USSEL','4711F','','Société par actions simplifiée'),(41075,17690111400403,176901114,69003,'0','42','RUE','SERVIENT','','REGIE','84.23Z','LYON','67',0,'ETI','84.23Z','','COUR D APPEL DE LYON',176901114,17690111400403,67,69003,'42','SERVIENT','RUE','LYON','8423Z','','Administration de l\'état'),(41076,21730213200055,217302132,73490,'0','03','','R DU 8 MAI 1945','','','85.20Z','LA RAVOIRE','',0,'PME','85.20Z','','COMMUNE DE LA RAVOIRE',217302132,21730213200014,0,73490,'22','R DE L’HOTEL DE VILLE','','LA RAVOIRE','8411Z','','Collectivité territoriale'),(41077,82120495500032,821204955,38000,'1','12','RUE','DIDEROT','','BAT B','71.12B','GRENOBLE','37',0,'PME','71.12B','','LANCEY ENERGY STORAGE',821204955,82120495500032,37,38000,'12','DIDEROT','RUE','GRENOBLE','7112B','','Société par actions simplifiée'),(41078,42882285202926,428822852,13011,'0','22','RUE','DE LA VALLEE VERTE','','DOMAINE VALLEE VERTE- BATIMENT SKYBURY','86.90C','MARSEILLE 11EME','',0,'GE','86.90C','','ETABLISSEMENT FRANCAIS DU SANG',428822852,42882285202926,0,13011,'22','DE LA VALLEE VERTE','RUE','MARSEILLE 11EME','8690C','','Etablissement public administratif'),(41079,95752578500045,957525785,69330,'1','11','RUE','DES BRUYERES','','ZI DE MARIAGE','28.21Z','PUSIGNAN','27',0,'PME','28.21Z','','SOC SOPARA',957525785,95752578500045,27,69330,'11','DES BRUYERES','RUE','PUSIGNAN','2821Z','','Société à responsabilité limitée (SARL)'),(41080,51761211500017,517612115,42153,'1','01','RUE','CLEMENT ADER','','','71.12B','RIORGES','180',0,'PME','71.12B','','APICC',517612115,51761211500017,180,42153,'01','CLEMENT ADER','RUE','RIORGES','7112B','','Société à responsabilité limitée (SARL)'),(41081,31245483800342,312454838,62217,'0','21','RUE','MARCEL DELIS','','EHPAD D ACHICOURT','86.10Z','ACHICOURT','',0,'ETI','86.10Z','','ASSOC HOSPITALIERE NORD ARTOIS CLINIQUE',312454838,31245483800342,0,62217,'21','MARCEL DELIS','RUE','ACHICOURT','8610Z','','Association loi 1901 ou assimilé'),(41082,15700034000032,157000340,69580,'1','','BOULEVARD','DE L\'OUEST','','','84.24Z','SATHONAY-CAMP','36',0,'','84.24Z','','REGION DE GENDARMERIE D\'AUVERGNE-RHONE-ALPES',157000340,15700034000032,36,69580,'','DE L\'OUEST','BOULEVARD','SATHONAY-CAMP','8424Z','','Administration de l\'état'),(41083,30461408400057,304614084,69001,'0','21','RUE','NEYRET','','','85.31Z','LYON','1',0,'ETI','85.31Z','','OGEC AUX LAZARISTES-LA SALLE LYON',304614084,30461408400016,24,69005,'32','SAINT BARTHELEMY','MONTEE','LYON','8531Z','','Association loi 1901 ou assimilé'),(41084,91775611600021,917756116,69230,'1','11','CHEMIN','DU FAVIER','','LOT 1 I','43.22B','SAINT-GENIS-LAVAL','',0,'PME','43.22B','','EFFISCOP',917756116,91775611600021,0,69230,'11','DU FAVIER','CHEMIN','SAINT-GENIS-LAVAL','4322B','','Société à responsabilité limitée (SARL)'),(41085,83040690600016,830406906,44800,'1','01','RUE','HENRI RADIGOIS','','','70.22Z','SAINT-HERBLAIN','37',0,'PME','70.22Z','','ANYWATT EXPERTISE',830406906,83040690600016,37,44800,'01','HENRI RADIGOIS','RUE','SAINT-HERBLAIN','7022Z','','Société par actions simplifiée'),(41086,30176432000018,301764320,67500,'1','12','RUE','DES AVIATEURS','','ZONE ARTISANALE','33.20B','HAGUENAU','33',0,'PME','33.20B','','BUHLER SAS',301764320,30176432000018,33,67500,'12','DES AVIATEURS','RUE','HAGUENAU','3320B','','Société par actions simplifiée'),(41087,88257028600014,882570286,92500,'1','','RUE','GEORGE SAND','','','70.22Z','RUEIL-MALMAISON','36',0,'PME','70.22Z','','EVERTGIE',882570286,88257028600014,36,92500,'','GEORGE SAND','RUE','RUEIL-MALMAISON','7022Z','','Société par actions simplifiée'),(41088,88757724500046,887577245,64700,'1','','RUE','DE SANTIAGO','','PORTE 304','71.12B','HENDAYE','41',0,'PME','71.12B','','PERFINERGIE',887577245,88757724500046,41,64700,'','DE SANTIAGO','RUE','HENDAYE','7112B','','Société à responsabilité limitée (SARL)'),(41089,91358499100032,913584991,90300,'0','','RUE','MARCEL PANGON','','TECHN\'HOM 5','27.90Z','CRAVANCHE','3',0,'PME','27.90Z','','INOCEL DEVELOPMENT',913584991,91358499100024,8,38120,'11','DE ROCHEPLEINE','RUE','SAINT-EGREVE','2790Z','','Société anonyme à conseil d\'administration'),(41090,36780140400511,367801404,45300,'0','31','RUE','DU GATINAIS','','ZAC SAINT EUROPE','52.10B','ESCRENNES','1',0,'ETI','52.10B','','FM FRANCE',367801404,36780140400511,1,45300,'31','DU GATINAIS','RUE','ESCRENNES','5210B','','Société par actions simplifiée'),(41091,37789566900028,377895669,25000,'1','03','RUE','CLEMENT MAROT','','ZAC LAFAYETTE','70.10Z','BESANCON','27',0,'PME','70.10Z','','J P R INVEST',377895669,37789566900028,27,25000,'03','CLEMENT MAROT','RUE','BESANCON','7010Z','','Société par actions simplifiée'),(41092,37865558300029,378655583,94500,'1','11','RUE','DU PROFESSEUR PAUL MILLIEZ','','','33.20B','CHAMPIGNY-SUR-MARNE','450',0,'PME','33.20B','','SOCIETE D\'ETUDES ET D\'INSTALLATIONS FRIGORIFIQUES',378655583,37865558300029,450,94500,'11','DU PROFESSEUR PAUL MILLIEZ','RUE','CHAMPIGNY-SUR-MARNE','3320B','','Société par actions simplifiée'),(41093,38870609500022,388706095,63360,'1','21','','CLERMONT LIMAGNE','','BIOPOLE','20.42Z','SAINT-BEAUZIRE','',0,'PME','20.42Z','','GREENTECH',388706095,38870609500022,0,63360,'21','CLERMONT LIMAGNE','','SAINT-BEAUZIRE','2042Z','','Société anonyme à conseil d\'administration'),(41094,33004503000013,330045030,62440,'1','22','PARC','D\'ENTREPRISES MOTTE BOIS','','','19.20Z','HARNES','',0,'ETI','19.20Z','','DURAND PRODUCTION',330045030,33004503000013,0,62440,'22','D\'ENTREPRISES MOTTE BOIS','PARC','HARNES','1920Z','','Société par actions simplifiée'),(41095,49129379100027,491293791,59279,'1','12','RTE','DE LA DISTILLERIE','','4208','11.01Z','LOON-PLAGE','4208',0,'ETI','11.01Z','','RYSSEN ALCOOLS',491293791,49129379100027,4208,59279,'12','DE LA DISTILLERIE','RTE','LOON-PLAGE','1101Z','','Société par actions simplifiée'),(41096,50083286000018,500832860,64390,'1','02','ROUTE','DU HAUT-BEARN','','QUARTIER MUNEIN','64.20Z','SAINT-GLADIE-ARRIVE-MUNEIN','6',0,'PME','64.20Z','','S.L.B. SARRAT',500832860,50083286000018,6,64390,'02','DU HAUT-BEARN','ROUTE','SAINT-GLADIE-ARRIVE-MUNEIN','6420Z','','Société par actions simplifiée'),(41097,53225430700020,532254307,44800,'0','41','BD','PROFESSEUR JACQUES MONOD','','','86.10Z','ST-HERBLAIN','',0,'ETI','86.10Z','','INSTITUT DE CANCEROLOGIE DE L OUEST',532254307,53225430700038,15,49100,'41','ANDRE BOQUEL','RUE','ANGERS','8610Z','','Autre personne morale de droit privé'),(41098,31700734200015,317007342,59491,'1','','RUE','DE LA RECHERCHE','','','46.12A','VILLENEUVE-D\'ASCQ','200',0,'GE','46.12A','','AUCHAN ENERGIES',317007342,31700734200015,200,59491,'','DE LA RECHERCHE','RUE','VILLENEUVE-D\'ASCQ','4612A','','Société en nom collectif'),(41099,32944918500019,329449185,63200,'1','12','','ZAC DES PORTES DE RIOM','','RTE DEPARTEMENTALE 6','47.52B','RIOM','',0,'PME','47.52B','','JADAMIC',329449185,32944918500019,0,63200,'12','ZAC DES PORTES DE RIOM','','RIOM','4752B','','Société par actions simplifiée'),(41100,49017612000924,490176120,69007,'0','11','AVENUE','JEAN JAURES','','','55.20Z','LYON','175',0,'ETI','55.20Z','','APPART\'CITY',490176120,49017612000924,175,69007,'11','JEAN JAURES','AVENUE','LYON','5520Z','','Société par actions simplifiée'),(41101,26620941000197,266209410,62100,'1','42','BOULEVARD','DES JUSTES','','','86.10Z','CALAIS','1601',0,'ETI','86.10Z','','CENTRE HOSPITALIER DE CALAIS',266209410,26620941000197,1601,62100,'42','DES JUSTES','BOULEVARD','CALAIS','8610Z','','Etablissement public administratif'),(41102,33886477000049,338864770,24200,'1','31','AVENUE','EDMOND ROSTAND','','','32.50A','SARLAT-LA-CANEDA','9',0,'ETI','32.50A','','COLOPLAST MANUFACTURING FRANCE SAS',338864770,33886477000049,9,24200,'31','EDMOND ROSTAND','AVENUE','SARLAT-LA-CANEDA','3250A','','Société par actions simplifiée'),(41103,41207703400020,412077034,31240,'1','12','RUE','DE LA SAUSSE','','PARC D\'ACTIVITE LA SAUSSE','46.69B','SAINT-JEAN','8',0,'PME','46.69B','','SOME INDUSTRIES',412077034,41207703400020,8,31240,'12','DE LA SAUSSE','RUE','SAINT-JEAN','4669B','','Société par actions simplifiée'),(41104,31059106000069,310591060,63200,'1','12','RUE','BLAISE PASCAL','','','43.21A','MOZAC','1',0,'PME','43.21A','','SOCIETE D\'APPLICATIONS ELECTRIQUES DU CENTRE',310591060,31059106000069,1,63200,'12','BLAISE PASCAL','RUE','MOZAC','4321A','','Société par actions simplifiée'),(41105,57675058200024,576750582,44530,'0','12','','SOURCE ELEONORE LA PRISE','','','11.07A','GUENROUET','',0,'ETI','11.07A','','CRISTAL ROC',576750582,57675058200032,0,61420,'','LE CLOS DES SOURCES','','LA FERRIERE-BOCHARD','1107A','','Société par actions simplifiée'),(41106,97622003800062,976220038,3270,'1','12','AVENUE','DES SOURCES','','BATIMENT SY1','11.07A','SAINT-YORRE','70',0,'ETI','11.07A','','SOCIETE REGINA',976220038,97622003800062,70,3270,'12','DES SOURCES','AVENUE','SAINT-YORRE','1107A','','Société à responsabilité limitée (SARL)'),(41107,57725011100025,577250111,72000,'1','12','PLACE','DE L\'EPERON','','16-17','68.32A','LE MANS','16',0,'ETI','68.32A','','CITYA IMMOBILIER LE SYNDIC',577250111,57725011100025,16,72000,'12','DE L\'EPERON','PLACE','LE MANS','6832A','','Société à responsabilité limitée (SARL)'),(41108,42824028700287,428240287,31830,'0','31','RUE','DU DOCTEUR CHARCOT','','ZAC DE LA MENUDE','52.10B','PLAISANCE-DU-TOUCH','1',0,'GE','52.10B','','CARREFOUR SUPPLY CHAIN',428240287,42824028700287,1,31830,'31','DU DOCTEUR CHARCOT','RUE','PLAISANCE-DU-TOUCH','5210B','','Société par actions simplifiée'),(41109,41112708700012,411127087,38400,'1','41','AVENUE','GABRIEL PERI','','','86.10Z','SAINT-MARTIN-D\'HERES','83',0,'GE','86.10Z','','CLINIQUE BELLEDONNE',411127087,41112708700012,83,38400,'41','GABRIEL PERI','AVENUE','SAINT-MARTIN-D\'HERES','8610Z','','Société par actions simplifiée'),(41110,87960530100024,879605301,25000,'1','31','RUE','AUGUSTE RODIN','','','86.10Z','BESANCON','4',0,'GE','86.10Z','','POLYCLINIQUE DE FRANCHE COMTE',879605301,87960530100024,4,25000,'31','AUGUSTE RODIN','RUE','BESANCON','8610Z','','Société par actions simplifiée'),(41111,31945006000037,319450060,25000,'1','32','CHEMIN','DES TILLEROYES','','','86.10Z','BESANCON','40',0,'GE','86.10Z','','CLINIQUE SAINT VINCENT',319450060,31945006000037,40,25000,'32','DES TILLEROYES','CHEMIN','BESANCON','8610Z','','Société par actions simplifiée'),(41112,5680065900155,56800659,13015,'1','22','AV','IBRAHIM ALI','','','43.21A','MARSEILLE 15EME','87',0,'GE','43.21A','','SNEF',56800659,5680065900155,87,13015,'22','IBRAHIM ALI','AV','MARSEILLE 15EME','4321A','','Société anonyme à conseil d\'administration'),(41113,33940393300833,339403933,45770,'0','12','RUE','DE LA TUILERIE','','','47.54Z','SARAN','108',0,'GE','47.54Z','','DARTY GRAND OUEST',339403933,33940393300833,108,45770,'12','DE LA TUILERIE','RUE','SARAN','4754Z','','Société en nom collectif'),(41114,38980638100015,389806381,15000,'1','32','AVENUE','CHARLES DE GAULLE','','','86.10Z','AURILLAC','83',0,'GE','86.10Z','','SOCIETE DE GESTION ET D\'EXPLOITATION DU CENTRE MEDICO CHIRURGICAL DE TRONQUIERES',389806381,38980638100015,83,15000,'32','CHARLES DE GAULLE','AVENUE','AURILLAC','8610Z','','Société par actions simplifiée'),(41115,59732023300047,597320233,41260,'1','32','RUE','ROBERT DEBRE','','','86.10Z','LA CHAUSSEE-SAINT-VICTOR','1',0,'ETI','86.10Z','','POLYCLINIQUE DE BLOIS',597320233,59732023300047,1,41260,'32','ROBERT DEBRE','RUE','LA CHAUSSEE-SAINT-VICTOR','8610Z','','Société par actions simplifiée'),(41116,77988331300024,779883313,38290,'0','21','CHEMIN','DU COUVENT','','','85.31Z','LA VERPILLIERE','',0,'ETI','85.31Z','','ASSOCIATION FAMILIALE SAINTE-MARIE LYON',779883313,77988331300016,4,69005,'32','SAINT BARTHELEMY','MONTEE','LYON','8531Z','','Association loi 1901 ou assimilé'),(41117,5680065900981,56800659,67720,'0','12','RUE','GUTENBERG','','ZA DU RIED','43.21A','HOERDT','8',0,'GE','43.21A','','SNEF',56800659,5680065900981,8,67720,'12','GUTENBERG','RUE','HOERDT','4321A','','Société anonyme à conseil d\'administration'),(41118,5680065900858,56800659,59640,'0','22','RUE','DU LUXEMBOURG','','ZAC DU PONT LOBY','43.21A','DUNKERQUE','',0,'GE','43.21A','','SNEF',56800659,5680065900858,0,59640,'22','DU LUXEMBOURG','RUE','DUNKERQUE','4321A','','Société anonyme à conseil d\'administration'),(41119,30581269500057,305812695,62122,'1','21','RUE','JULES FERRY','','ZI','43.21A','LAPUGNOY','',0,'PME','43.21A','','GRANDS TRAVAUX INDUSTRIELS',305812695,30581269500057,0,62122,'21','JULES FERRY','RUE','LAPUGNOY','4321A','','Société par actions simplifiée'),(41120,84460672300147,844606723,45800,'0','','RUE','ISAAC NEWTON','','','43.21A','SAINT-JEAN-DE-BRAYE','7',0,'GE','43.21A','','SPIE INDUSTRIE',844606723,84460672300147,7,45800,'','ISAAC NEWTON','RUE','SAINT-JEAN-DE-BRAYE','4321A','','Société par actions simplifiée'),(41121,84921140400017,849211404,33600,'1','','AVENUE','DE CANTERANNE','','20-24','68.10Z','PESSAC','20',0,'ETI','68.10Z','','EMERGENCE',849211404,84921140400017,20,33600,'','DE CANTERANNE','AVENUE','PESSAC','6810Z','','Société en nom collectif'),(41122,31439769600217,314397696,38430,'0','22','','LE POMMARIN','','','22.19Z','MOIRANS','',0,'GE','22.19Z','','HUTCHINSON SNC',314397696,31439769600019,2,75008,'','BALZAC','RUE','PARIS','2219Z','','Société en nom collectif'),(41123,20005029200016,200050292,73000,'1','41','PLACE','LUCIEN BISET','','','86.10Z','CHAMBERY','',0,'GE','86.10Z','','CENTRE HOSPITALIER METROPOLE SAVOIE',200050292,20005029200016,0,73000,'41','LUCIEN BISET','PLACE','CHAMBERY','8610Z','','Etablissement public administratif'),(41124,75155059100026,751550591,29860,'1','','','LE RADEN','','','35.30Z','PLOUVIEN','',0,'ETI','35.30Z','','ABERS BIO ENERGIES',751550591,75155059100026,0,29860,'','LE RADEN','','PLOUVIEN','3530Z','','Société par actions simplifiée'),(41125,88139668300016,881396683,1600,'0','03','','CLOS DU CHATEAU','','','43.22B','PARCIEUX','19',0,'PME','43.22B','','R&D ENERGIE',881396683,88139668300024,4,69800,'','AIME COTTON','RUE','SAINT-PRIEST','4322B','','Société par actions simplifiée'),(41126,50021218800022,500212188,69740,'1','32','RUE','JEAN ROSTAND','','ZI','29.32Z','GENAS','10',0,'ETI','29.32Z','','CLAYENS NP',500212188,50021218800022,10,69740,'32','JEAN ROSTAND','RUE','GENAS','2932Z','','Société par actions simplifiée'),(41127,81095684700018,810956847,88140,'0','','RUE','DIVISION LECLERC','','','43.21A','CONTREXEVILLE','617',0,'PME','43.21A','','ES ELEQ',810956847,81095684700026,51,51300,'12','DE SAINT-DIZIER','FAUBOURG','VITRY-LE-FRANCOIS','4321A','','Société par actions simplifiée'),(41128,40267144000012,402671440,51300,'1','21','CHE','DE LA FONTAINE LUDOT','','','43.21A','VITRY-LE-FRANCOIS','',0,'GE','43.21A','','MANGIN EGLY ENTREPRISES',402671440,40267144000012,0,51300,'21','DE LA FONTAINE LUDOT','CHE','VITRY-LE-FRANCOIS','4321A','','Société par actions simplifiée'),(41129,88053835000021,880538350,26000,'1','12','RUE','ROBERT SCHUMANN','','','43.99C','VALENCE','5',0,'PME','43.99C','','MASTER SOLUTIONS',880538350,88053835000021,5,26000,'12','ROBERT SCHUMANN','RUE','VALENCE','4399C','','Société par actions simplifiée'),(41130,5450129100030,54501291,38000,'1','21','RUE','GUYNEMER','','','43.22A','GRENOBLE','20',0,'PME','43.22A','','CISEPZ',54501291,5450129100030,20,38000,'21','GUYNEMER','RUE','GRENOBLE','4322A','','Société à responsabilité limitée (SARL)'),(41131,45210785700024,452107857,38000,'1','11','','PRV LOUIS NEEL','','BATIMENT DE HAUTE TECHNOLOGIE','42.99Z','GRENOBLE','7',0,'PME','42.99Z','','MINATEC ENTREPRISES',452107857,45210785700024,7,38000,'11','PRV LOUIS NEEL','','GRENOBLE','4299Z','','Société anonyme à conseil d\'administration'),(41132,85580182500768,855801825,56850,'0','12','RUE','LEONARD DE VINCI','','ZA KERGOUARAN','33.12Z','CAUDAN','279',0,'ETI','33.12Z','','MATAL',855801825,85580182500768,279,56850,'12','LEONARD DE VINCI','RUE','CAUDAN','3312Z','','Société par actions simplifiée'),(41133,95450235700054,954502357,69680,'1','12','AVENUE','LOUIS BLERIOT','','EUREXPO','68.20B','CHASSIEU','',0,'ETI','68.20B','','SOC EXPLOIT PARC EXPOSITIONS DE LYON',954502357,95450235700054,0,69680,'12','LOUIS BLERIOT','AVENUE','CHASSIEU','6820B','','Société anonyme à directoire'),(41134,95750393100546,957503931,57000,'0','22','RUE','WINSTON CHURCHILL','','','47.71Z','METZ','4',0,'GE','47.71Z','','MAGASINS GALERIES LAFAYETTE',957503931,95750393100546,4,57000,'22','WINSTON CHURCHILL','RUE','METZ','4771Z','','Société par actions simplifiée'),(41135,37875278600046,378752786,69200,'1','12','AVENUE','DU 11 NOVEMBRE 1918','','','33.12Z','VENISSIEUX','10',0,'PME','33.12Z','','ENTREPRISE GENERALE DE MAINTENANCE',378752786,37875278600046,10,69200,'12','DU 11 NOVEMBRE 1918','AVENUE','VENISSIEUX','3312Z','','Société par actions simplifiée'),(41136,83426861700018,834268617,56600,'1','12','RUE','ANTOINE LAVOISIER','','','26.51B','LANESTER','275',0,'PME','26.51B','','SIREN TEST',834268617,83426861700018,275,56600,'12','ANTOINE LAVOISIER','RUE','LANESTER','2651B','','Société à responsabilité limitée (SARL)'),(41137,8698007500021,86980075,45160,'1','22','RUE','JACQUES MONOD','','QUARTIER DU LARRY','86.10Z','OLIVET','83',0,'GE','86.10Z','','CLINIQUE DE L\'ARCHETTE',86980075,8698007500021,83,45160,'22','JACQUES MONOD','RUE','OLIVET','8610Z','','Société anonyme à conseil d\'administration'),(41138,65372046600024,653720466,18230,'1','32','ROUTE','DE VOUZERON','','','86.10Z','SAINT-DOULCHARD','210',0,'GE','86.10Z','','HOPITAL PRIVE GUILLAUME DE VARYE',653720466,65372046600024,210,18230,'32','DE VOUZERON','ROUTE','SAINT-DOULCHARD','8610Z','','Société par actions simplifiée'),(41139,38774449300025,387744493,84000,'1','32','RUE','SAINTE GENEVIEVE','','ZI COURTINE','10.85Z','AVIGNON','802',0,'GE','10.85Z','','AGIS',387744493,38774449300025,802,84000,'32','SAINTE GENEVIEVE','RUE','AVIGNON','1085Z','','Société par actions simplifiée'),(41140,74552107000060,745521070,73240,'1','22','ALL','PARC D\'ACTIVITE VAL GUIERS','','ZI VAL GUIERS','25.94Z','AVRESSIEUX','235',0,'ETI','25.94Z','','AGRATI VAL GUIERS',745521070,74552107000060,235,73240,'22','PARC D\'ACTIVITE VAL GUIERS','ALL','AVRESSIEUX','2594Z','','Société à responsabilité limitée (SARL)'),(41141,82295472300026,822954723,73000,'1','21','SQUARE','LOUIS SEVE','','84-86','96.03Z','CHAMBERY','84',0,'PME','96.03Z','','POMPES FUNEBRES DE CHAMBERY ET DES COMMUNES ASSOCIEES (PFCCA)',822954723,82295472300026,84,73000,'21','LOUIS SEVE','SQUARE','CHAMBERY','9603Z','','Société anonyme à conseil d\'administration'),(41142,45340640700024,453406407,94310,'1','','CHEMIN','DES CHAUDRONNIERS','','\"LE TROU A GLAISE\"','68.20B','ORLY','13',0,'PME','68.20B','','SCI MIRABEAU 47',453406407,45340640700024,13,94310,'','DES CHAUDRONNIERS','CHEMIN','ORLY','6820B','','Société civile'),(41143,48886236800088,488862368,44800,'0','11','RUE','VASCO DE GAMA','','BAT H 2EME ETAGE','71.12B','ST-HERBLAIN','4',0,'ETI','71.12B','','GSE',488862368,48886236800039,310,84000,'22','DE LA CHARTREUSE','ALLEE','AVIGNON','7112B','','Société par actions simplifiée'),(41144,79475688200021,794756882,45770,'1','','AVENUE','JACQUELINE AURIOL','','','86.10Z','SARAN','555',0,'ETI','86.10Z','','GCS HOPITAL PRIVE ORLEANS NORD',794756882,79475688200021,555,45770,'','JACQUELINE AURIOL','AVENUE','SARAN','8610Z','','Autre personne morale de droit privé'),(41145,89333139700016,893331397,70000,'1','','RUE','ANDRE MAGINOT','','','68.10Z','VESOUL','4',0,'PME','68.10Z','','AMLAU',893331397,89333139700016,4,70000,'','ANDRE MAGINOT','RUE','VESOUL','6810Z','','Société à responsabilité limitée (SARL)'),(41146,42824028700410,428240287,71000,'0','32','','VERRE','','ZAC DE SENNECE LES MACON','52.10B','MACON','',0,'GE','52.10B','','CARREFOUR SUPPLY CHAIN',428240287,42824028700410,0,71000,'32','VERRE','','MACON','5210B','','Société par actions simplifiée'),(41147,79457623100110,794576231,51500,'1','12','RUE','DE LA CROIX CHAUDRON','','LE SEXTANT','43.21A','SAINT-LEONARD','2',0,'PME','43.21A','','MK ENERGIES',794576231,79457623100110,2,51500,'12','DE LA CROIX CHAUDRON','RUE','SAINT-LEONARD','4321A','','Société par actions simplifiée'),(41148,40846821300231,408468213,1440,'0','','RUE','GEORGES LECLANCHE','','','35.30Z','VIRIAT','113',0,'GE','35.30Z','','E 2 S',408468213,40846821300223,15,69100,'','ALBERT EINSTEIN','AVENUE','VILLEURBANNE','4322B','','Société par actions simplifiée'),(41149,31650123800026,316501238,38400,'1','21','RUE','DE LA PISCINE','','DOMAINE UNIVERSITAIRE','72.19Z','SAINT-MARTIN-D\'HERES','300',0,'PME','72.19Z','','INSTITUT RADIO ASTRONOMIE MILLIMETRIQUE',316501238,31650123800026,300,38400,'21','DE LA PISCINE','RUE','SAINT-MARTIN-D\'HERES','7219Z','','Société civile'),(41150,81027992700026,810279927,66000,'1','03','RUE','JEAN-BAPTISTE BIOT','','POLYGONE NORD','33.20B','PERPIGNAN','268',0,'PME','33.20B','','C2R',810279927,81027992700026,268,66000,'03','JEAN-BAPTISTE BIOT','RUE','PERPIGNAN','3320B','','Société par actions simplifiée'),(41151,83424193700020,834241937,40600,'1','','RUE','DE LA FERRONNERIE','','ZONE INDUSTRIELLE','43.21A','BISCARROSSE','249',0,'GE','43.21A','','EIFFAGE ENERGIE SYSTEMES - COGENERATION',834241937,83424193700020,249,40600,'','DE LA FERRONNERIE','RUE','BISCARROSSE','4321A','','Société par actions simplifiée'),(41152,48228369400024,482283694,33290,'1','22','RUE','GEORGES GUYNEMER','','','46.34Z','BLANQUEFORT','24',0,'GE','46.34Z','','CASTEL FRERES',482283694,48228369400024,24,33290,'22','GEORGES GUYNEMER','RUE','BLANQUEFORT','4634Z','','Société par actions simplifiée'),(41153,95323959700016,953239597,31100,'1','','ROUTE','D\'ESPAGNE','','','46.90Z','TOULOUSE','281',0,'','46.90Z','','HONG HAO',953239597,95323959700016,281,31100,'','D\'ESPAGNE','ROUTE','TOULOUSE','4690Z','','Société par actions simplifiée'),(41154,41337377000051,413373770,31100,'1','','CHEMIN','DU CHAPITRE','','','46.69B','TOULOUSE','7',0,'PME','46.69B','','MARIN',413373770,41337377000051,7,31100,'','DU CHAPITRE','CHEMIN','TOULOUSE','4669B','','Société par actions simplifiée'),(41155,30664622500046,306646225,3200,'1','12','RUE','GEORGES CLEMENCEAU','','','68.31Z','VICHY','31',0,'ETI','68.31Z','','AGENCE LAGRUE - SOGITRA -',306646225,30664622500046,31,3200,'12','GEORGES CLEMENCEAU','RUE','VICHY','6831Z','','Société par actions simplifiée'),(41156,38151481900014,381514819,19220,'1','12','ROUTE','DE CHAUSSENAC','','','10.51C','RILHAC-XAINTRIE','12',0,'PME','10.51C','','LAITERIE FROMAGERIE DUROUX',381514819,38151481900014,12,19220,'12','DE CHAUSSENAC','ROUTE','RILHAC-XAINTRIE','1051C','','Société par actions simplifiée'),(41157,84002016800026,840020168,78420,'0','03','RUE','DES ENTREPRENEURS','','','43.21A','CARRIERES-SUR-SEINE','11',0,'PME','43.21A','','LUXEO',840020168,84002016800042,2,51100,'01','DU COMMERCE','RUE','REIMS','4321A','','Société par actions simplifiée'),(41158,89109068000036,891090680,63480,'0','41','','LA PATERIE','','','21.10Z','VERTOLAYE','4',0,'ETI','21.10Z','','EUROAPI FRANCE',891090680,89109068000044,15,75012,'31','TRAVERSIERE','RUE','PARIS','2110Z','','Société par actions simplifiée'),(41159,91259513900011,912595139,69003,'1','11','RUE','DES CUIRASSIERS','','','46.19B','LYON','9',0,'PME','46.19B','','STX COMMODITIES SAS',912595139,91259513900011,9,69003,'11','DES CUIRASSIERS','RUE','LYON','4619B','','Société par actions simplifiée'),(41160,35149458800038,351494588,69360,'1','03','RUE','JULES FERRY','','Z.I DU BAS PONTET','43.29A','SAINT-SYMPHORIEN-D\'OZON','19',0,'PME','43.29A','','PEINTISOL RHONE ALPES',351494588,35149458800038,19,69360,'03','JULES FERRY','RUE','SAINT-SYMPHORIEN-D\'OZON','4329A','','Société à responsabilité limitée (SARL)'),(41161,42824028700170,428240287,13300,'0','41','AVENUE','GABRIEL VOISIN','','ROUTE D\'ARLES QUARTIER DE','52.10B','SALON-DE-PROVENCE','',0,'GE','52.10B','','CARREFOUR SUPPLY CHAIN',428240287,42824028700170,0,13300,'41','GABRIEL VOISIN','AVENUE','SALON-DE-PROVENCE','5210B','','Société par actions simplifiée'),(41162,37943738700010,379437387,58800,'1','12','ROUTE','DE MARCILLY','','ZONE INDUSTRIELLE DE L\'ORME','46.61Z','CORBIGNY','24',0,'PME','46.61Z','','ETS. BUCHEZ',379437387,37943738700010,24,58800,'12','DE MARCILLY','ROUTE','CORBIGNY','4661Z','','Société par actions simplifiée'),(41163,44715019400010,447150194,59940,'1','12','RUE','DE MERVILLE','','','10.41A','ESTAIRES','',0,'PME','10.41A','','FONDOIR BUCHEZ',447150194,44715019400010,0,59940,'12','DE MERVILLE','RUE','ESTAIRES','1041A','','Société à responsabilité limitée (SARL)'),(41164,50299277900012,502992779,3500,'1','12','RUE','DES BOUILLOTS','','','38.21Z','BAYET','12',0,'GE','38.21Z','','LUCANE',502992779,50299277900012,12,3500,'12','DES BOUILLOTS','RUE','BAYET','3821Z','','Société par actions simplifiée'),(41165,43385455100010,433854551,58600,'1','12','ROUTE','DE VAUZELLES','','','38.21Z','FOURCHAMBAULT','38',0,'GE','38.21Z','','SOCIETE NIVERNAISE DE VALORISATION SONIRVAL',433854551,43385455100010,38,58600,'12','DE VAUZELLES','ROUTE','FOURCHAMBAULT','3821Z','','Société en nom collectif'),(41166,45750860400024,457508604,77370,'1','21','RUE','DU PIEGE','','','10.81Z','NANGIS','2',0,'ETI','10.81Z','','LESAFFRE FRERES',457508604,45750860400024,2,77370,'21','DU PIEGE','RUE','NANGIS','1081Z','','Société par actions simplifiée'),(41167,41112020700013,411120207,26570,'1','02','ROUTE','DES THERMES','','','96.04Z','MONTBRUN-LES-BAINS','315',0,'ETI','96.04Z','','LE DOMAINE THERMAL',411120207,41112020700013,315,26570,'02','DES THERMES','ROUTE','MONTBRUN-LES-BAINS','9604Z','','Société par actions simplifiée'),(41168,81234979300016,812349793,63000,'1','22','BOULEVARD','TRUDAINE','','','85.42Z','CLERMONT-FERRAND','4',0,'PME','85.42Z','','GROUPE ESC CLERMONT - AUVERGNE',812349793,81234979300016,4,63000,'22','TRUDAINE','BOULEVARD','CLERMONT-FERRAND','8542Z','','Association loi 1901 ou assimilé'),(41169,50340488100032,503404881,63870,'1','11','CHE','DU COULEYRAS','','','91.03Z','ORCINES','1',0,'PME','91.03Z','','TC DOME',503404881,50340488100032,1,63870,'11','DU COULEYRAS','CHE','ORCINES','9103Z','','Société par actions simplifiée'),(41170,40901372900010,409013729,23110,'1','11','RUE','DES THERMES','','','96.04Z','EVAUX-LES-BAINS','',0,'PME','96.04Z','','ETABLISSEMENT THERMAL EVAUX LES BAINS',409013729,40901372900010,0,23110,'11','DES THERMES','RUE','EVAUX-LES-BAINS','9604Z','','Société anonyme à conseil d\'administration'),(41171,84164569000873,841645690,56800,'0','','PL','SAINT MARC','','ZI LA PETITE GARE','46.23Z','PLOERMEL','',0,'GE','46.23Z','','COOPERATIVE EUREDEN',841645690,84164569000873,0,56800,'','SAINT MARC','PL','PLOERMEL','4623Z','','Société coopérative agricole'),(41172,37959159700024,379591597,40120,'0','41','AVENUE','DU MARSAN','','','10.20Z','SARBAZAN','1280',0,'ETI','10.20Z','','AQUALANDE',379591597,37959159700016,505,40120,'22','DE LA GRANDE-LANDE','RUE','ROQUEFORT','1020Z','','Société par actions simplifiée'),(41173,82386232100010,823862321,43370,'1','12','','ZA LES FANGEAS','','','43.22B','SOLIGNAC-SUR-LOIRE','',0,'PME','43.22B','','CF2C CHAPUIS',823862321,82386232100010,0,43370,'12','ZA LES FANGEAS','','SOLIGNAC-SUR-LOIRE','4322B','','Société par actions simplifiée'),(41174,78425716400037,784257164,75005,'0','42','RUE','D\'ULM','','','86.10Z','PARIS','26',0,'ETI','86.10Z','','INSTITUT CURIE',784257164,78425716400011,26,75005,'22','D\'ULM','RUE','PARIS','8610Z','','Fondation'),(41175,78425716400086,784257164,92210,'0','41','RUE','DAILLY','','CENTRE RENE HUGUENIN','86.10Z','SAINT-CLOUD','35',0,'ETI','86.10Z','','INSTITUT CURIE',784257164,78425716400011,26,75005,'22','D\'ULM','RUE','PARIS','8610Z','','Fondation'),(41176,61203907300343,612039073,45300,'0','','RUE','DU GEN PATTON','','ROUTE D\'ETAMPES','46.49Z','LE MALESHERBOIS','49',0,'GE','46.49Z','','INTERFORUM',612039073,61203907300343,49,45300,'','DU GEN PATTON','RUE','LE MALESHERBOIS','4649Z','','Société par actions simplifiée'),(41177,61203907300350,612039073,45300,'0','11','RUE','DE L’EUROPE','','ZI DE SERMAISES','46.49Z','SERMAISES','2',0,'GE','46.49Z','','INTERFORUM',612039073,61203907300400,92,75013,'32','DE FRANCE','AVENUE','PARIS','4649Z','','Société par actions simplifiée'),(41178,88757724500020,887577245,64700,'0','','RUE','DE L\'EGLISE','','APPARTEMENT 507','71.12B','HENDAYE','25',0,'PME','71.12B','','PERFINERGIE',887577245,88757724500046,41,64700,'','DE SANTIAGO','RUE','HENDAYE','7112B','','Société à responsabilité limitée (SARL)'),(41179,43943656900164,439436569,64600,'0','11','AVENUE','DE L\' ADOUR','','','20.14Z','ANGLET','12',0,'GE','20.14Z','','ADISSEO FRANCE S.A.S.',439436569,43943656900149,10,92160,'31','DU GENERAL DE GAULLE','PLACE','ANTONY','2014Z','','Société par actions simplifiée'),(41180,81981758600020,819817586,51260,'0','03','','VOIES COMMUNALE N0 2','','','10.91Z','ALLEMANCHE-LAUNAY-ET-SOYER','',0,'GE','10.91Z','','TEREOS NUTRITION ANIMALE',819817586,81981758600087,0,77230,'','DE SENLIS','RUE','MOUSSY-LE-VIEUX','1091Z','','Autre personne morale de droit privé'),(41181,81981758600053,819817586,51230,'0','12','CHE','DEPARTEMENTALE N0 5','','','10.91Z','PLEURS','',0,'GE','10.91Z','','TEREOS NUTRITION ANIMALE',819817586,81981758600087,0,77230,'','DE SENLIS','RUE','MOUSSY-LE-VIEUX','1091Z','','Autre personne morale de droit privé'),(41182,81981758600038,819817586,51320,'0','11','CHE','DE MONTEPREUX','','','10.91Z','MONTEPREUX','',0,'GE','10.91Z','','TEREOS NUTRITION ANIMALE',819817586,81981758600087,0,77230,'','DE SENLIS','RUE','MOUSSY-LE-VIEUX','1091Z','','Autre personne morale de droit privé'),(41183,33514631200459,335146312,95800,'1','32','BOULEVARD','D\'OSNY','','','33.12Z','CERGY','7',0,'ETI','33.12Z','','ABB FRANCE',335146312,33514631200459,7,95800,'32','D\'OSNY','BOULEVARD','CERGY','3312Z','','Société par actions simplifiée'),(41184,48271849100012,482718491,0,'1','','','PARCINDUSTRIEL DES HAUTS S','','','71.12B','','',0,'PME','71.12B','','ARMSTRONG INTERNATIONAL SA',482718491,48271849100012,0,0,'','PARCINDUSTRIEL DES HAUTS S','','','7112B','','Personne morale de droit étranger, immatriculée au RCS (registre du commerce et des sociétés)'),(41185,32384064500028,323840645,69210,'1','41','IMPASSE','DU DOMAINE ROZIER','','LES ONCINS','72.19Z','SAINT-GERMAIN-NUELLES','329',0,'ETI','72.19Z','','CHARLES RIVER LABORATORIES FRANCE SAFETY ASSESSMENT',323840645,32384064500028,329,69210,'41','DU DOMAINE ROZIER','IMPASSE','SAINT-GERMAIN-NUELLES','7219Z','','Société par actions simplifiée'),(41186,80869020000023,808690200,30000,'1','32','RUE','JEAN BOUIN','','','86.10Z','NIMES','3',0,'GE','86.10Z','','NOUVELLES CLINIQUES NIMOISES',808690200,80869020000023,3,30000,'32','JEAN BOUIN','RUE','NIMES','8610Z','','Société par actions simplifiée'),(41187,50170617000039,501706170,92700,'0','','RUE','DU DEBARCADERE','','','35.14Z','COLOMBES','9',0,'GE','35.14Z','','GAZELENERGIE SOLUTIONS',501706170,50170617000047,2,92400,'21','BERTHELOT','RUE','COURBEVOIE','3513Z','','Société par actions simplifiée'),(41188,34305362500012,343053625,63500,'1','12','ROUTE','DE PERRIER','','','47.52B','ISSOIRE','913',0,'PME','47.52B','','BRICO ISSOIRE',343053625,34305362500012,913,63500,'12','DE PERRIER','ROUTE','ISSOIRE','4752B','','Société par actions simplifiée'),(41189,19380034900014,193800349,38100,'1','31','RUE','LOUISE MICHEL','','','85.31Z','GRENOBLE','30',0,'PME','85.31Z','','LYCEE DES METIERS LOUISE MICHEL',193800349,19380034900014,30,38100,'31','LOUISE MICHEL','RUE','GRENOBLE','8531Z','','Etablissement public administratif'),(41190,26590683400014,265906834,59240,'1','51','AVENUE','LOUIS HERBEAUX','','','86.10Z','DUNKERQUE','130',0,'ETI','86.10Z','','CENTRE HOSPITALIER DE DUNKERQUE',265906834,26590683400014,130,59240,'51','LOUIS HERBEAUX','AVENUE','DUNKERQUE','8610Z','','Etablissement public administratif'),(41191,40419130600012,404191306,65000,'1','31','CHEMIN','DE L’ORMEAU','','','86.10Z','TARBES','12',0,'GE','86.10Z','','POLYCLINIQUE DE L\'ORMEAU',404191306,40419130600012,12,65000,'31','DE L’ORMEAU','CHEMIN','TARBES','8610Z','','Société par actions simplifiée'),(41192,70368034800058,703680348,38370,'1','22','RUE','DE CHAMPAGNOLE','','','43.21A','LES ROCHES-DE-CONDRIEU','6',0,'PME','43.21A','','COTE SAS',703680348,70368034800058,6,38370,'22','DE CHAMPAGNOLE','RUE','LES ROCHES-DE-CONDRIEU','4321A','','Société par actions simplifiée'),(41193,37899289500656,378992895,91250,'0','21','','ZAC DE PARISUD V','','BATIMENT F','52.10B','TIGERY','',0,'GE','52.10B','','GXO LOGISTICS FRANCE',378992895,37899289500656,0,91250,'21','ZAC DE PARISUD V','','TIGERY','5210B','','Société par actions simplifiée'),(41194,37899289501423,378992895,77380,'0','00','BOULEVARD','DE L\'EUROPE','','','52.10B','COMBS-LA-VILLE','40',0,'GE','52.10B','','GXO LOGISTICS FRANCE',378992895,37899289501423,40,77380,'00','DE L\'EUROPE','BOULEVARD','COMBS-LA-VILLE','5210B','','Société par actions simplifiée'),(41195,37899289501506,378992895,91240,'0','31','AVENUE','CONDORCET','','19-33 PLATEFORME LOGISTIQUE TECHNIPARC','52.10B','SAINT-MICHEL-SUR-ORGE','19',0,'GE','52.10B','','GXO LOGISTICS FRANCE',378992895,37899289501506,19,91240,'31','CONDORCET','AVENUE','SAINT-MICHEL-SUR-ORGE','5210B','','Société par actions simplifiée'),(41196,52913118700088,529131187,77380,'0','31','BOULEVARD','DE L\'EUROPE','','','52.10B','COMBS-LA-VILLE','50',0,'GE','52.10B','','GXO LOGISTICS SPORT FRANCE',529131187,52913118700062,0,31100,'','DU GENERAL EISENHOWER','ROND-POINT','TOULOUSE','5210B','','Société à responsabilité limitée (SARL)'),(41197,40846821300058,408468213,1000,'0','12','RUE','MARC SEGUIN','','','35.30Z','BOURG-EN-BRESSE','8',0,'GE','35.30Z','','E 2 S',408468213,40846821300223,15,69100,'','ALBERT EINSTEIN','AVENUE','VILLEURBANNE','4322B','','Société par actions simplifiée'),(41198,51875900600027,518759006,59820,'1','03','CHE','DEPARTEMENTAL 11','','PORT 8190','20.16Z','GRAVELINES','',0,'ETI','20.16Z','','FLOCRYL',518759006,51875900600027,0,59820,'03','DEPARTEMENTAL 11','CHE','GRAVELINES','2016Z','','Société par actions simplifiée'),(41199,31245483800292,312454838,62460,'0','41','RUE','DU DOCTEUR CHARLES LEGAY','','POLYCLINIQUE DE LA CLARENCE','86.10Z','DIVION','',0,'ETI','86.10Z','','ASSOC HOSPITALIERE NORD ARTOIS CLINIQUE',312454838,31245483800292,0,62460,'41','DU DOCTEUR CHARLES LEGAY','RUE','DIVION','8610Z','','Association loi 1901 ou assimilé'),(41200,49125129400014,491251294,38780,'1','','','LIEUDIT GRAND CRAY','','','28.99B','ESTRABLIN','',0,'PME','28.99B','','GONZALES SEVMHY',491251294,49125129400014,0,38780,'','LIEUDIT GRAND CRAY','','ESTRABLIN','2899B','','Société par actions simplifiée'),(41201,31245483800383,312454838,62800,'1','22','AVENUE','DE L’ENTRE 2 MONTS','','POLYCLINIQUE RIAUMONT SIEGE SOCIAL','86.10Z','LIEVIN','',0,'ETI','86.10Z','','ASSOC HOSPITALIERE NORD ARTOIS CLINIQUE',312454838,31245483800383,0,62800,'22','DE L’ENTRE 2 MONTS','AVENUE','LIEVIN','8610Z','','Association loi 1901 ou assimilé'),(41202,24380107300053,243801073,38690,'1','22','RUE','AUGUSTIN BLANCHET','','PARC D\'ACTIVITES BIEVRE DAUPHINE','84.11Z','COLOMBE','1352',0,'PME','84.11Z','','COMMUNAUTE DE COMMUNES DE BIEVRE EST',243801073,24380107300053,1352,38690,'22','AUGUSTIN BLANCHET','RUE','COLOMBE','8411Z','','Etablissement public administratif'),(41203,41381243900029,413812439,26000,'1','11','AVENUE','VICTOR HUGO','','','68.31Z','VALENCE','73',0,'PME','68.31Z','','CUER IMMOBILIER',413812439,41381243900029,73,26000,'11','VICTOR HUGO','AVENUE','VALENCE','6831Z','','Société à responsabilité limitée (SARL)'),(41204,75920110600011,759201106,1100,'1','22','RUE','DE LAC','','','31.09B','ARBENT','20',0,'ETI','31.09B','','GROSFILLEX SAS',759201106,75920110600011,20,1100,'22','DE LAC','RUE','ARBENT','3109B','','Société par actions simplifiée'),(41205,32339929500050,323399295,16800,'1','32','CHEMIN','DE FREGENEUIL','','','86.10Z','SOYAUX','2',0,'GE','86.10Z','','CENTRE CLINICAL',323399295,32339929500050,2,16800,'32','DE FREGENEUIL','CHEMIN','SOYAUX','8610Z','','Société par actions simplifiée'),(41206,83377317900027,833773179,69400,'1','03','RUE','DE L’ANCIENNE DISTILLERIE','','ZAC DES GRILLONS','43.22B','GLEIZE','217',0,'PME','43.22B','','HVAC SYSTEMS',833773179,83377317900027,217,69400,'03','DE L’ANCIENNE DISTILLERIE','RUE','GLEIZE','4322B','','Société à responsabilité limitée (SARL)'),(41207,78183171400014,781831714,33000,'1','42','COURS','DE L\'ARGONNE','','180 R DE SAINT GENES','86.10Z','BORDEAUX','229',0,'ETI','86.10Z','','INSTITUT BERGONIE',781831714,78183171400014,229,33000,'42','DE L\'ARGONNE','COURS','BORDEAUX','8610Z','','Association loi 1901 ou assimilé'),(41208,33582068400025,335820684,7100,'1','32','RUE','DE LA LOMBARDIERE','','ZONE INDUSTRIELLE LA LOMBARDIERE','21.20Z','ANNONAY','27',0,'GE','21.20Z','','EXCELVISION',335820684,33582068400025,27,7100,'32','DE LA LOMBARDIERE','RUE','ANNONAY','2120Z','','Société par actions simplifiée'),(41209,33817454300029,338174543,38780,'1','11','','REMOULON','','ZA','33.20C','PONT-EVEQUE','194',0,'PME','33.20C','','C E I D',338174543,33817454300029,194,38780,'11','REMOULON','','PONT-EVEQUE','3320C','','Société par actions simplifiée'),(41210,41119543100043,411195431,69150,'1','12','RUE','WILSON','','BAT C PARC WILSON','43.22B','DECINES-CHARPIEU','31',0,'ETI','43.22B','','ACTION FROID ET CLIMATISATION A F C',411195431,41119543100043,31,69150,'12','WILSON','RUE','DECINES-CHARPIEU','4322B','','Société par actions simplifiée'),(41211,43718049000058,437180490,26000,'1','12','COURS','JACQUES OFFENBACH','','','43.22B','VALENCE','21',0,'PME','43.22B','','BUSSEUIL S.A.',437180490,43718049000058,21,26000,'12','JACQUES OFFENBACH','COURS','VALENCE','4322B','','Société par actions simplifiée'),(41212,39204995300038,392049953,26000,'1','11','COURS','JACQUES OFFENBACH','','','43.22B','VALENCE','21',0,'PME','43.22B','','ALTECI ENERGIE',392049953,39204995300038,21,26000,'11','JACQUES OFFENBACH','COURS','VALENCE','4322B','','Société par actions simplifiée'),(41213,39795703600015,397957036,73100,'1','','ROUTE','DE PUGNY','','','68.32A','AIX-LES-BAINS','56',0,'ETI','68.32A','','AIXAM IMMOBILIER',397957036,39795703600015,56,73100,'','DE PUGNY','ROUTE','AIX-LES-BAINS','6832A','','Société par actions simplifiée'),(41214,81738987700124,817389877,69680,'0','12','RUE','JACQUARD','','PARC JACQUARD II','71.12B','CHASSIEU','12',0,'ETI','71.12B','','BABCOCK WANSON',817389877,81738987700025,7,47600,'22','ALFRED PARENT','BOULEVARD','NERAC','3312Z','','Société par actions simplifiée'),(41215,56362061600059,563620616,38420,'0','12','RUE','DES SPORTS','','','24.31Z','DOMENE','3',0,'ETI','24.31Z','','ACIERIES DE BONPERTUIS',563620616,56362061600018,0,38140,'21','BONPERTUIS','','APPRIEU','2410Z','','Société par actions simplifiée'),(41216,83211046400035,832110464,69009,'1','11','AVENUE','SIDOINE APOLLINAIRE','','','41.10C','LYON','51',0,'PME','41.10C','','CARRE D\'OR',832110464,83211046400035,51,69009,'11','SIDOINE APOLLINAIRE','AVENUE','LYON','4110C','','Société par actions simplifiée'),(41217,35146649500170,351466495,92230,'0','22','ROUTE','PRINCIPALE DU PORT','','','10.61A','GENNEVILLIERS','44',0,'GE','10.61A','','GRANDS MOULINS DE PARIS',351466495,35146649500063,99,94200,'32','MIRABEAU','RUE','IVRY-SUR-SEINE','1061A','','Société anonyme à conseil d\'administration'),(41218,38529030900454,385290309,49000,'1','41','AVENUE','DU GRESILLE','','','84.13Z','ANGERS','20',0,'ETI','84.13Z','','AGENCE DE L ENVIRONNEMENT ET DE LA MAITRISE DE L ENERGIE',385290309,38529030900454,20,49000,'41','DU GRESILLE','AVENUE','ANGERS','8413Z','','Etablissement public ou régie à caractère industriel ou commercial'),(41219,55208131766522,552081317,75008,'1','','AVENUE','DE WAGRAM','','22-30','35.11Z','PARIS','22',0,'GE','35.11Z','','ELECTRICITE DE FRANCE',552081317,55208131766522,22,75008,'','DE WAGRAM','AVENUE','PARIS','3511Z','','Société anonyme à conseil d\'administration'),(41220,50294147900011,502941479,33000,'1','22','PLACE','RAVESIES','','','35.23Z','BORDEAUX','6',0,'ETI','35.23Z','','GAZ DE BORDEAUX',502941479,50294147900011,6,33000,'22','RAVESIES','PLACE','BORDEAUX','3523Z','','Société par actions simplifiée'),(41221,81881573000036,818815730,92400,'0','00','BOULEVARD','DE LA MISSION MARCHAND','','84-88','74.90B','COURBEVOIE','84',0,'PME','74.90B','','GREEN PRIME',818815730,81881573000051,38,78600,'','JEAN MERMOZ','RUE','MAISONS-LAFFITTE','7490B','','Société par actions simplifiée'),(41222,78005930900028,780059309,74970,'0','','RUE','DE LA PRECISION','','LD LES PRES DE LALAIS','25.50B','MARIGNIER','241',0,'PME','25.50B','','LEMAN INDUSTRIE SA',780059309,78005930900051,856,74970,'22','DE L\'INDUSTRIE','AVENUE','MARIGNIER','2550B','','Société par actions simplifiée'),(41223,41852406200027,418524062,64100,'1','11','RUE','SAINT-FREDERIC','','Z A A SAINT FREDERIC','33.20D','BAYONNE','',0,'PME','33.20D','','BELLOC ET COMPAGNIE',418524062,41852406200027,0,64100,'11','SAINT-FREDERIC','RUE','BAYONNE','3320D','','Société à responsabilité limitée (SARL)'),(41224,32668525200248,326685252,44119,'0','12','AV','DESCARTES','','','46.69B','TREILLIERES','3',0,'ETI','46.69B','','AIRFLUX',326685252,32668525200248,3,44119,'12','DESCARTES','AV','TREILLIERES','4669B','','Société par actions simplifiée'),(41225,55204695502759,552046955,69005,'0','32','AVENUE','BARTHELEMY BUYER','','','35.30Z','LYON','127',0,'GE','35.30Z','','ENGIE ENERGIE SERVICES',552046955,55204695502759,127,69005,'32','BARTHELEMY BUYER','AVENUE','LYON','3530Z','','Société anonyme à conseil d\'administration'),(41226,42074322100046,420743221,24570,'0','32','AVENUE','GEORGES HAUPINOT','','','17.12Z','LE LARDIN-SAINT-LAZARE','23',0,'ETI','17.12Z','','CONDAT',420743221,42074322100053,0,92350,'','DE LA BOURSIDIERE','RUE','LE PLESSIS-ROBINSON','1712Z','','Société par actions simplifiée'),(41227,21920026800015,219200268,92400,'1','51','PLACE','DE L\'HOTEL DE VILLE','','','84.11Z','COURBEVOIE','2',0,'ETI','84.11Z','','COMMUNE DE COURBEVOIE',219200268,21920026800015,2,92400,'51','DE L\'HOTEL DE VILLE','PLACE','COURBEVOIE','8411Z','','Collectivité territoriale'),(41228,47759108500014,477591085,63000,'1','','BOULEVARD','GUSTAVE FLAUBERT','','PATINOIRE CLERMONT-COMMUN','93.12Z','CLERMONT-FERRAND','157',0,'','93.12Z','','COM DEPART SPORTS GLACE PUY DE DOME',477591085,47759108500014,157,63000,'','GUSTAVE FLAUBERT','BOULEVARD','CLERMONT-FERRAND','9312Z','','Association loi 1901 ou assimilé'),(41229,33461296700011,334612967,40200,'1','32','RUE','DE LA PAPETERIE','','','17.12Z','MIMIZAN','68',0,'ETI','17.12Z','','GASCOGNE PAPIER',334612967,33461296700011,68,40200,'32','DE LA PAPETERIE','RUE','MIMIZAN','1712Z','','Société par actions simplifiée'),(41230,45079265000035,450792650,63820,'1','12','','LA MONTAGNE','','','11.07A','LAQUEUILLE','',0,'GE','11.07A','','AQUAMARK',450792650,45079265000035,0,63820,'12','LA MONTAGNE','','LAQUEUILLE','1107A','','Société par actions simplifiée'),(41231,44011617600023,440116176,59139,'1','12','RUE','RENE CAUCHE','','','71.12B','NOYELLES-LES-SECLIN','',0,'PME','71.12B','','FRANCE EVAPORATION',440116176,44011617600023,0,59139,'12','RENE CAUCHE','RUE','NOYELLES-LES-SECLIN','7112B','','Société par actions simplifiée'),(41232,53411590200015,534115902,75015,'1','','RUE','OLIVIER DE SERRES','','','94.99Z','PARIS','68',0,'','94.99Z','','ENERGIE D\'ICI',534115902,53411590200015,68,75015,'','OLIVIER DE SERRES','RUE','PARIS','9499Z','','Association loi 1901 ou assimilé'),(41233,45131468600036,451314686,59283,'1','11','RUE','VOLTAIRE','','','43.22B','RAIMBEAUCOURT','341',0,'PME','43.22B','','ETS JOHANN FLON',451314686,45131468600036,341,59283,'11','VOLTAIRE','RUE','RAIMBEAUCOURT','4322B','','Société par actions simplifiée'),(41234,41809803400022,418098034,54136,'1','03','RUE','CHARLES BOURSEUL','','','33.12Z','BOUXIERES-AUX-DAMES','12',0,'PME','33.12Z','','TECHNIQUES MAINTENANCE SERVICES',418098034,41809803400022,12,54136,'03','CHARLES BOURSEUL','RUE','BOUXIERES-AUX-DAMES','3312Z','','Société par actions simplifiée'),(41235,56850399900035,568503999,67100,'1','32','RUE','SCHERTZ','','BP13','78.30Z','STRASBOURG','6',0,'ETI','78.30Z','','ADIENT STRASBOURG',568503999,56850399900035,6,67100,'32','SCHERTZ','RUE','STRASBOURG','7830Z','','Société à responsabilité limitée (SARL)'),(41236,84960680100017,849606801,0,'1','','','KRESTASTRASSE 1','','','43.99D','','',0,'PME','43.99D','','K INDUSTRIES GMBH',849606801,84960680100017,0,0,'','KRESTASTRASSE 1','','','4399D','','Personne morale de droit étranger, non immatriculée au RCS'),(41237,32270750600026,322707506,67590,'1','22','RUE','DE LA GARE','','','17.12Z','SCHWEIGHOUSE-SUR-MODER','5',0,'PME','17.12Z','','CENPA',322707506,32270750600026,5,67590,'22','DE LA GARE','RUE','SCHWEIGHOUSE-SUR-MODER','1712Z','','Société par actions simplifiée'),(41238,35274228200101,352742282,75009,'1','','BOULEVARD','DES ITALIENS','','','46.33Z','PARIS','34',0,'ETI','46.33Z','','SOCIETE LAITIERE DISCHAMP',352742282,35274228200101,34,75009,'','DES ITALIENS','BOULEVARD','PARIS','4633Z','','Société par actions simplifiée'),(41239,78011283500068,780112835,60340,'1','12','CHEMIN','DE HALAGE','','','08.11Z','VILLERS-SOUS-SAINT-LEU','',0,'ETI','08.11Z','','IMERYS MINERAUX FRANCE SA',780112835,78011283500068,0,60340,'12','DE HALAGE','CHEMIN','VILLERS-SOUS-SAINT-LEU','0811Z','','Société par actions simplifiée'),(41240,49938854400037,499388544,75017,'0','32','BOULEVARD','BESSIERES','','67 A 69','70.21Z','PARIS','67',0,'GE','70.21Z','','ECONOMIE D\'ENERGIE',499388544,49938854400052,6,93400,'','FRUCTIDOR','RUE','SAINT-OUEN-SUR-SEINE','7490B','','Société par actions simplifiée'),(41241,49801422400014,498014224,23420,'1','21','RUE','DE SAGNE JURADE','','','10.89Z','MERINCHAL','13',0,'ETI','10.89Z','','VITANUTRITION',498014224,49801422400014,13,23420,'21','DE SAGNE JURADE','RUE','MERINCHAL','1089Z','','Société par actions simplifiée'),(41242,75379466800016,753794668,48500,'0','11','','LONGVIALA','','','10.51C','LA TIEULE','',0,'PME','10.51C','','FERME DU CAUSSE',753794668,75379466800032,0,12560,'','FARNAJOUS','','CAMPAGNAC','1051C','','Société par actions simplifiée'),(41243,34847524500018,348475245,20240,'1','12','','GARE','','','10.51C','GHISONACCIA','',0,'PME','10.51C','','FROMAGERIE OTTAVI',348475245,34847524500018,0,20240,'12','GARE','','GHISONACCIA','1051C','','Société par actions simplifiée'),(41244,78959214400016,789592144,69800,'1','02','RUE','MAURICE AUDIBERT','','PARC D\'ACTIVITE \"LA BANDONNIERE\"','70.10Z','SAINT-PRIEST','7',0,'ETI','70.10Z','','GROUPE MONDIAL FRIGO',789592144,78959214400016,7,69800,'02','MAURICE AUDIBERT','RUE','SAINT-PRIEST','7010Z','','Société par actions simplifiée'),(41245,40416491500096,404164915,13290,'0','21','AVENUE','ARCHIMEDE','','LES PLEIADES III - BAT. C','71.12B','AIX-EN-PROVENCE','320',0,'PME','71.12B','','EXYTE FRANCE',404164915,40416491500112,350,13290,'','JEAN-RENE GUILLIBERT GAUTIER DE LA LAUZIERE','AVENUE','AIX-EN-PROVENCE','7112B','','Société par actions simplifiée'),(41246,32552045000249,325520450,22200,'0','22','ZI','DE BELLEVUE','','','10.51C','SAINT-AGATHON','',0,'GE','10.51C','','ENTREMONT ALLIANCE',325520450,32552045000249,0,22200,'22','DE BELLEVUE','ZI','SAINT-AGATHON','1051C','','Société par actions simplifiée'),(41247,21690034000011,216900340,69300,'1','41','PL','DOCTEUR FREDERIC DUGOUJON','','','84.11Z','CALUIRE ET CUIRE','',0,'ETI','84.11Z','','COMMUNE DE CALUIRE ET CUIRE',216900340,21690034000011,0,69300,'41','DOCTEUR FREDERIC DUGOUJON','PL','CALUIRE ET CUIRE','8411Z','','Collectivité territoriale'),(41248,83863240400011,838632404,38200,'1','','AVENUE','JEAN DE LA FONTAINE','','','70.22Z','VIENNE','31',0,'PME','70.22Z','','',838632404,83863240400011,31,38200,'','JEAN DE LA FONTAINE','AVENUE','VIENNE','7022Z','','Entrepreneur individuel'),(41249,37897020600025,378970206,2000,'1','32','RUE','JEAN BODIN','','','46.31Z','LAON','1',0,'ETI','46.31Z','','FRUITS ROUGES & CO',378970206,37897020600025,1,2000,'32','JEAN BODIN','RUE','LAON','4631Z','','Société par actions simplifiée'),(41250,44883456400016,448834564,12300,'1','12','','QUARTIER DE L\'ETOILE','','','10.85Z','ALMONT-LES-JUNIES','',0,'ETI','10.85Z','','COEUR D\'AVEYRON',448834564,44883456400016,0,12300,'12','QUARTIER DE L\'ETOILE','','ALMONT-LES-JUNIES','1085Z','','Société par actions simplifiée'),(41251,88087826900013,880878269,0,'1','','','165 LAKEVIEW DRIVE','','','20.11Z','','',0,'PME','20.11Z','','INGERSOLL RAND INDUSTRIAL IRELAND LIMITED',880878269,88087826900013,0,0,'','165 LAKEVIEW DRIVE','','','2011Z','','Personne morale de droit étranger, non immatriculée au RCS'),(41252,30580099701000,305800997,34000,'1','22','AVENUE','ALBERT EINSTEIN','','PARC DU MILLENAIRE','46.71Z','MONTPELLIER','1300',0,'ETI','46.71Z','','DYNEFF S.A.S.',305800997,30580099701000,1300,34000,'22','ALBERT EINSTEIN','AVENUE','MONTPELLIER','4671Z','','Société par actions simplifiée'),(41253,77626328700026,776263287,7370,'0','','RUE','DU CHAMP DE L\'HOMME','','','47.25Z','SARRAS','6',0,'PME','47.25Z','','CAVE DE ST DESIRAT',776263287,77626328700018,0,7340,'12','QUARTIER TINE RODET NUMERO 8','','SAINT-DESIRAT','1102B','','Société coopérative agricole'),(41254,40161438300016,401614383,26270,'1','12','CHE','DE CHABANNE','','','25.73A','LORIOL-SUR-DROME','840',0,'PME','25.73A','','CORIMA TECHNOLOGIES',401614383,40161438300016,840,26270,'12','DE CHABANNE','CHE','LORIOL-SUR-DROME','2573A','','Société par actions simplifiée'),(41255,36960001000036,369600010,76700,'1','22','ROUTE','DE LA PLAINE','','PORT 4999','52.10B','GONFREVILLE-L\'ORCHER','',0,'ETI','52.10B','','CHANE TERMINAL LE HAVRE',369600010,36960001000036,0,76700,'22','DE LA PLAINE','ROUTE','GONFREVILLE-L\'ORCHER','5210B','','Société par actions simplifiée'),(41256,79761551500013,797615515,61100,'1','01','','LE PONT','','','33.20A','MONTILLY SUR NOIREAU','',0,'PME','33.20A','','ACT-AGENCEMENT CONCEPT TUYAUTERIE',797615515,79761551500013,0,61100,'01','LE PONT','','MONTILLY SUR NOIREAU','3320A','','Société à responsabilité limitée (SARL)'),(41257,91095431200013,910954312,22420,'1','','PONT','NEUF','','','71.20B','LE VIEUX-MARCHE','2',0,'PME','71.20B','','01 DIAGNOSTIC ENERGIE',910954312,91095431200013,2,22420,'','NEUF','PONT','LE VIEUX-MARCHE','7120B','','Société par actions simplifiée'),(41258,87891686500024,878916865,73300,'0','12','','IMM LE GALAXIE','','LE CORBIER','56.10A','VILLAREMBERT','',0,'PME','56.10A','','CAPGAB',878916865,87891686500016,31,73200,'','DE BISANNE','ALLEE','GILLY-SUR-ISERE','5610A','','Société à responsabilité limitée (SARL)'),(41259,38130763600419,381307636,69007,'1','22','RUE','ALEXANDER FLEMING','','URBAN GARDEN','71.12B','LYON','6',0,'GE','71.12B','','ERAS',381307636,38130763600419,6,69007,'22','ALEXANDER FLEMING','RUE','LYON','7112B','','Société par actions simplifiée'),(41260,49522919700019,495229197,14000,'0','12','ROUTE','DE TROUVILLE','','','43.21A','CAEN','13',0,'PME','43.21A','','AIR AUTOMATISME INFORMATIQUE RADIOTELECOMMUNICATION',495229197,49522919700027,3,14540,'','DE STRASBOURG','RUE','SOLIERS','4321A','','Société par actions simplifiée'),(41261,45820104300056,458201043,33160,'1','03','AVENUE','CASSIOPEE','','ZA GALAXIE 3','25.11Z','SAINT-MEDARD-EN-JALLES','2',0,'PME','25.11Z','','ETABLISSEMENTS GERMAIN',458201043,45820104300056,2,33160,'03','CASSIOPEE','AVENUE','SAINT-MEDARD-EN-JALLES','2511Z','','Société par actions simplifiée'),(41262,42042078800010,420420788,7130,'1','','AVENUE','VICTOR TASSINI','','','94.99Z','SAINT-PERAY','18',0,'','94.99Z','','ASSOCIATION CEVENOLE',420420788,42042078800010,18,7130,'','VICTOR TASSINI','AVENUE','SAINT-PERAY','9499Z','','Association loi 1901 ou assimilé'),(41263,87957197400028,879571974,69100,'1','11','ALLEE','DU MENS','','','43.29A','VILLEURBANNE','45',0,'PME','43.29A','','GROUPE SOLUTIONS ECON\'HOME',879571974,87957197400028,45,69100,'11','DU MENS','ALLEE','VILLEURBANNE','4329A','','Société par actions simplifiée'),(41264,88765520700025,887655207,69002,'0','11','PLACE','AMEDEE BONNET','','','35.14Z','LYON','9',0,'ETI','35.14Z','','AXPO SOLUTIONS AG',887655207,88765520700017,0,0,'','PARKSTRASSE 23','','','3514Z','','Personne morale de droit étranger, immatriculée au RCS (registre du commerce et des sociétés)'),(41265,54378044900194,543780449,84250,'0','21','ROUTE','D’ORANGE','','RTE D\'ORANGE','10.61A','LE THOR','',0,'GE','10.61A','','MOULINS SOUFFLET SA',543780449,54378044900194,0,84250,'21','D’ORANGE','ROUTE','LE THOR','1061A','','Société anonyme à conseil d\'administration'),(41266,43308514900261,433085149,92140,'1','02','AVENUE','REAUMUR','','','10.72Z','CLAMART','6',0,'GE','10.72Z','','MONDELEZ FRANCE BISCUITS PRODUCTION SAS',433085149,43308514900261,6,92140,'02','REAUMUR','AVENUE','CLAMART','1072Z','','Société par actions simplifiée'),(41267,56203662400483,562036624,76170,'0','','RTE','DE PORT JEROME','','','33.20A','LILLEBONNE','173',0,'ETI','33.20A','','PONTICELLI FRERES',562036624,56203662400483,173,76170,'','DE PORT JEROME','RTE','LILLEBONNE','3320A','','Société par actions simplifiée'),(41268,49295421900035,492954219,77185,'0','','BOULEVARD','COURCERIN','','','68.20B','LOGNES','35',0,'PME','68.20B','','FONCIERE MOZART',492954219,49295421900043,30,75002,'','SAINT-AUGUSTIN','RUE','PARIS','6420Z','','Société par actions simplifiée'),(41269,75361648100028,753616481,30100,'1','22','AVENUE','CARNOT','','','86.10Z','ALES','45',0,'GE','86.10Z','','NOUVELLE CLINIQUE BONNEFON',753616481,75361648100028,45,30100,'22','CARNOT','AVENUE','ALES','8610Z','','Société par actions simplifiée');

--
-- Table structure for table `vtiger_smsnotifier`
--

CREATE TABLE `vtiger_smsnotifier` (
  `smsnotifierid` int(19) NOT NULL,
  `message` text,
  `status` varchar(100) DEFAULT NULL,
  PRIMARY KEY (`smsnotifierid`),
  CONSTRAINT `fk_crmid_vtiger_smsnotifier` FOREIGN KEY (`smsnotifierid`) REFERENCES `vtiger_crmentity` (`crmid`) ON DELETE CASCADE
) ENGINE=InnoDB DEFAULT CHARSET=utf8;

--
-- Dumping data for table `vtiger_smsnotifier`
--


--
-- Table structure for table `vtiger_smsnotifier_status`
--

CREATE TABLE `vtiger_smsnotifier_status` (
  `smsnotifierid` int(19) DEFAULT NULL,
  `tonumber` varchar(20) DEFAULT NULL,
  `status` varchar(10) DEFAULT NULL,
  `smsmessageid` varchar(50) DEFAULT NULL,
  `needlookup` int(1) DEFAULT '1',
  `statusid` int(11) NOT NULL AUTO_INCREMENT,
  `statusmessage` varchar(100) DEFAULT NULL,
  PRIMARY KEY (`statusid`)
) ENGINE=InnoDB DEFAULT CHARSET=utf8;

--
-- Dumping data for table `vtiger_smsnotifier_status`
--


--
-- Table structure for table `vtiger_smsnotifiercf`
--

CREATE TABLE `vtiger_smsnotifiercf` (
  `smsnotifierid` int(19) NOT NULL,
  PRIMARY KEY (`smsnotifierid`),
  CONSTRAINT `fk_smsnotifierid_vtiger_smsnotifiercf` FOREIGN KEY (`smsnotifierid`) REFERENCES `vtiger_smsnotifier` (`smsnotifierid`) ON DELETE CASCADE
) ENGINE=InnoDB DEFAULT CHARSET=utf8;

--
-- Dumping data for table `vtiger_smsnotifiercf`
--


--
-- Table structure for table `vtiger_sobillads`
--

CREATE TABLE `vtiger_sobillads` (
  `sobilladdressid` int(19) NOT NULL DEFAULT '0',
  `bill_city` varchar(30) DEFAULT NULL,
  `bill_code` varchar(30) DEFAULT NULL,
  `bill_country` varchar(30) DEFAULT NULL,
  `bill_state` varchar(30) DEFAULT NULL,
  `bill_street` varchar(250) DEFAULT NULL,
  `bill_pobox` varchar(30) DEFAULT NULL,
  PRIMARY KEY (`sobilladdressid`),
  CONSTRAINT `fk_1_vtiger_sobillads` FOREIGN KEY (`sobilladdressid`) REFERENCES `vtiger_salesorder` (`salesorderid`) ON DELETE CASCADE
) ENGINE=InnoDB DEFAULT CHARSET=utf8;

--
-- Dumping data for table `vtiger_sobillads`
--


--
-- Table structure for table `vtiger_soshipads`
--

CREATE TABLE `vtiger_soshipads` (
  `soshipaddressid` int(19) NOT NULL DEFAULT '0',
  `ship_city` varchar(30) DEFAULT NULL,
  `ship_code` varchar(30) DEFAULT NULL,
  `ship_country` varchar(30) DEFAULT NULL,
  `ship_state` varchar(30) DEFAULT NULL,
  `ship_street` varchar(250) DEFAULT NULL,
  `ship_pobox` varchar(30) DEFAULT NULL,
  PRIMARY KEY (`soshipaddressid`),
  CONSTRAINT `fk_1_vtiger_soshipads` FOREIGN KEY (`soshipaddressid`) REFERENCES `vtiger_salesorder` (`salesorderid`) ON DELETE CASCADE
) ENGINE=InnoDB DEFAULT CHARSET=utf8;

--
-- Dumping data for table `vtiger_soshipads`
--


--
-- Table structure for table `vtiger_sostatus`
--

CREATE TABLE `vtiger_sostatus` (
  `sostatusid` int(19) NOT NULL AUTO_INCREMENT,
  `sostatus` varchar(200) NOT NULL,
  `presence` int(1) NOT NULL DEFAULT '1',
  `picklist_valueid` int(19) NOT NULL DEFAULT '0',
  `sortorderid` int(11) DEFAULT NULL,
  `color` varchar(10) DEFAULT NULL,
  PRIMARY KEY (`sostatusid`),
  UNIQUE KEY `sostatus_sostatus_idx` (`sostatus`)
) ENGINE=InnoDB AUTO_INCREMENT=5 DEFAULT CHARSET=utf8;

--
-- Dumping data for table `vtiger_sostatus`
--

INSERT INTO `vtiger_sostatus` VALUES (1,'Created',0,166,0,NULL),(2,'Approved',0,167,1,NULL),(3,'Delivered',0,168,2,NULL),(4,'Cancelled',0,169,3,NULL);

--
-- Table structure for table `vtiger_sostatus_seq`
--

CREATE TABLE `vtiger_sostatus_seq` (
  `id` int(11) NOT NULL
) ENGINE=InnoDB DEFAULT CHARSET=utf8;

--
-- Dumping data for table `vtiger_sostatus_seq`
--

INSERT INTO `vtiger_sostatus_seq` VALUES (4);

--
-- Table structure for table `vtiger_sostatushistory`
--

CREATE TABLE `vtiger_sostatushistory` (
  `historyid` int(19) NOT NULL AUTO_INCREMENT,
  `salesorderid` int(19) NOT NULL,
  `accountname` varchar(100) DEFAULT NULL,
  `total` decimal(10,0) DEFAULT NULL,
  `sostatus` varchar(200) DEFAULT NULL,
  `lastmodified` datetime DEFAULT NULL,
  PRIMARY KEY (`historyid`),
  KEY `sostatushistory_salesorderid_idx` (`salesorderid`),
  CONSTRAINT `fk_1_vtiger_sostatushistory` FOREIGN KEY (`salesorderid`) REFERENCES `vtiger_salesorder` (`salesorderid`) ON DELETE CASCADE
) ENGINE=InnoDB DEFAULT CHARSET=utf8;

--
-- Dumping data for table `vtiger_sostatushistory`
--


--
-- Table structure for table `vtiger_sqltimelog`
--

CREATE TABLE `vtiger_sqltimelog` (
  `id` int(11) DEFAULT NULL,
  `type` varchar(10) DEFAULT NULL,
  `data` text,
  `started` decimal(20,6) DEFAULT NULL,
  `ended` decimal(20,6) DEFAULT NULL,
  `loggedon` datetime DEFAULT NULL
) ENGINE=InnoDB DEFAULT CHARSET=utf8;

--
-- Dumping data for table `vtiger_sqltimelog`
--


--
-- Table structure for table `vtiger_start_hour`
--

CREATE TABLE `vtiger_start_hour` (
  `start_hourid` int(11) NOT NULL AUTO_INCREMENT,
  `start_hour` varchar(200) NOT NULL,
  `sortorderid` int(11) DEFAULT NULL,
  `presence` int(11) NOT NULL DEFAULT '1',
  PRIMARY KEY (`start_hourid`)
) ENGINE=InnoDB AUTO_INCREMENT=25 DEFAULT CHARSET=utf8;

--
-- Dumping data for table `vtiger_start_hour`
--

INSERT INTO `vtiger_start_hour` VALUES (1,'00:00',0,1),(2,'01:00',1,1),(3,'02:00',2,1),(4,'03:00',3,1),(5,'04:00',4,1),(6,'05:00',5,1),(7,'06:00',6,1),(8,'07:00',7,1),(9,'08:00',8,1),(10,'09:00',9,1),(11,'10:00',10,1),(12,'11:00',11,1),(13,'12:00',12,1),(14,'13:00',13,1),(15,'14:00',14,1),(16,'15:00',15,1),(17,'16:00',16,1),(18,'17:00',17,1),(19,'18:00',18,1),(20,'19:00',19,1),(21,'20:00',20,1),(22,'21:00',21,1),(23,'22:00',22,1),(24,'23:00',23,1);

--
-- Table structure for table `vtiger_start_hour_seq`
--

CREATE TABLE `vtiger_start_hour_seq` (
  `id` int(11) NOT NULL
) ENGINE=InnoDB DEFAULT CHARSET=utf8;

--
-- Dumping data for table `vtiger_start_hour_seq`
--

INSERT INTO `vtiger_start_hour_seq` VALUES (24);

--
-- Table structure for table `vtiger_status`
--

CREATE TABLE `vtiger_status` (
  `statusid` int(19) NOT NULL AUTO_INCREMENT,
  `status` varchar(200) NOT NULL,
  `presence` int(1) NOT NULL DEFAULT '1',
  `picklist_valueid` int(19) NOT NULL DEFAULT '0',
  PRIMARY KEY (`statusid`)
) ENGINE=InnoDB AUTO_INCREMENT=3 DEFAULT CHARSET=utf8;

--
-- Dumping data for table `vtiger_status`
--

INSERT INTO `vtiger_status` VALUES (1,'Active',0,1),(2,'Inactive',1,1);

--
-- Table structure for table `vtiger_status_seq`
--

CREATE TABLE `vtiger_status_seq` (
  `id` int(11) NOT NULL
) ENGINE=InnoDB DEFAULT CHARSET=utf8;

--
-- Dumping data for table `vtiger_status_seq`
--

INSERT INTO `vtiger_status_seq` VALUES (2);

--
-- Table structure for table `vtiger_tab`
--

CREATE TABLE `vtiger_tab` (
  `tabid` int(19) NOT NULL DEFAULT '0',
  `name` varchar(25) NOT NULL,
  `presence` int(19) NOT NULL DEFAULT '1',
  `tabsequence` int(10) DEFAULT NULL,
  `tablabel` varchar(100) DEFAULT NULL,
  `modifiedby` int(19) DEFAULT NULL,
  `modifiedtime` int(19) DEFAULT NULL,
  `customized` int(19) DEFAULT NULL,
  `ownedby` int(19) DEFAULT NULL,
  `isentitytype` int(11) NOT NULL DEFAULT '1',
  `trial` int(1) NOT NULL DEFAULT '0',
  `version` varchar(10) DEFAULT NULL,
  `parent` varchar(30) DEFAULT NULL,
  `source` varchar(255) DEFAULT 'custom',
  `issyncable` tinyint(1) DEFAULT '0',
  `allowduplicates` tinyint(1) DEFAULT '1',
  `sync_action_for_duplicates` int(1) DEFAULT '1',
  PRIMARY KEY (`tabid`),
  UNIQUE KEY `tab_name_idx` (`name`),
  KEY `tab_modifiedby_idx` (`modifiedby`),
  KEY `tab_tabid_idx` (`tabid`)
) ENGINE=InnoDB DEFAULT CHARSET=utf8;

--
-- Dumping data for table `vtiger_tab`
--

INSERT INTO `vtiger_tab` VALUES (1,'Dashboard',0,12,'Dashboards',NULL,NULL,0,1,0,0,NULL,'Analytics',NULL,1,1,1),(2,'Potentials',1,7,'Potentials',NULL,NULL,0,0,1,0,NULL,'Sales',NULL,1,1,1),(3,'Home',0,1,'Home',NULL,NULL,0,1,0,0,NULL,NULL,NULL,1,1,1),(4,'Contacts',1,6,'Contacts',NULL,NULL,0,0,1,0,NULL,'Sales',NULL,1,1,1),(6,'Accounts',0,5,'Accounts',NULL,NULL,0,0,1,0,NULL,'Sales',NULL,1,0,1),(7,'Leads',1,4,'Leads',NULL,NULL,0,0,1,0,NULL,'Sales',NULL,1,1,1),(8,'Documents',0,9,'Documents',NULL,NULL,0,0,1,0,NULL,'Tools',NULL,1,1,1),(9,'Calendar',1,3,'Calendar',NULL,NULL,0,0,1,0,NULL,'Tools',NULL,1,1,1),(10,'Emails',1,10,'Emails',NULL,NULL,0,0,1,0,NULL,'Tools',NULL,1,1,1),(13,'HelpDesk',0,11,'HelpDesk',NULL,NULL,0,0,1,0,NULL,'Support',NULL,1,1,1),(14,'Products',1,8,'Products',NULL,NULL,0,0,1,0,NULL,'Inventory',NULL,1,1,1),(15,'Faq',1,-1,'Faq',NULL,NULL,0,1,1,0,NULL,'Support',NULL,1,1,1),(16,'Events',2,-1,'Events',NULL,NULL,0,0,1,0,NULL,NULL,NULL,1,1,1),(18,'Vendors',1,-1,'Vendors',NULL,NULL,0,0,1,0,NULL,'Inventory',NULL,1,1,1),(19,'PriceBooks',1,-1,'PriceBooks',NULL,NULL,0,1,1,0,NULL,'Inventory',NULL,1,1,1),(20,'Quotes',1,-1,'Quotes',NULL,NULL,0,0,1,0,NULL,'Sales',NULL,1,1,1),(21,'PurchaseOrder',1,-1,'PurchaseOrder',NULL,NULL,0,0,1,0,NULL,'Inventory',NULL,1,1,1),(22,'SalesOrder',1,-1,'SalesOrder',NULL,NULL,0,0,1,0,NULL,'Sales',NULL,1,1,1),(23,'Invoice',1,-1,'Invoice',NULL,NULL,0,0,1,0,NULL,'Sales',NULL,1,1,1),(24,'Rss',1,-1,'Rss',NULL,NULL,0,1,0,0,NULL,'Tools',NULL,1,1,1),(25,'Reports',1,-1,'Reports',NULL,NULL,0,1,0,0,NULL,'Analytics',NULL,1,1,1),(26,'Campaigns',1,-1,'Campaigns',NULL,NULL,0,0,1,0,NULL,'Marketing',NULL,1,1,1),(27,'Portal',1,-1,'Portal',NULL,NULL,0,1,0,0,NULL,'Tools',NULL,1,1,1),(28,'Webmails',1,-1,'Webmails',NULL,NULL,0,1,1,0,NULL,NULL,NULL,1,1,1),(29,'Users',0,-1,'Users',NULL,NULL,0,1,0,0,NULL,NULL,NULL,1,1,1),(30,'ServiceContracts',1,-1,'Service Contracts',NULL,NULL,0,0,1,0,'2.4','Support',NULL,1,1,1),(31,'MailManager',1,-1,'MailManager',NULL,NULL,1,0,0,0,'1.9','Tools',NULL,1,1,1),(32,'Mobile',0,-1,'Mobile',NULL,NULL,1,0,0,0,'2.0','',NULL,1,1,1),(33,'PBXManager',1,-1,'PBXManager',NULL,NULL,1,0,1,0,'2.2','Tools',NULL,1,1,1),(34,'Services',1,-1,'Services',NULL,NULL,0,0,1,0,'2.6','Inventory',NULL,1,1,1),(35,'Import',0,-1,'Import',NULL,NULL,1,0,0,0,'1.7','',NULL,1,1,1),(36,'WSAPP',0,-1,'WSAPP',NULL,NULL,1,0,0,0,'3.4.4','',NULL,1,1,1),(37,'ModTracker',0,-1,'ModTracker',NULL,NULL,0,0,0,0,'1.2','',NULL,1,1,1),(38,'Google',1,-1,'Google',NULL,NULL,0,0,0,0,'1.5','',NULL,1,1,1),(39,'SMSNotifier',1,-1,'SMSNotifier',NULL,NULL,0,0,1,0,'2.1','Sales',NULL,1,1,1),(40,'RecycleBin',0,-1,'Recycle Bin',NULL,NULL,0,0,0,0,'1.5','Tools',NULL,1,1,1),(41,'Webforms',1,-1,'Webforms',NULL,NULL,0,0,0,0,'1.6','',NULL,1,1,1),(42,'Assets',1,-1,'Assets',NULL,NULL,0,0,1,0,'2.0','Inventory',NULL,1,1,1),(43,'ModComments',0,-1,'Comments',NULL,NULL,0,0,1,0,'2.1','',NULL,1,1,1),(44,'ProjectMilestone',1,-1,'ProjectMilestone',NULL,NULL,0,0,1,0,'3.0','Support',NULL,1,1,1),(45,'ProjectTask',1,-1,'ProjectTask',NULL,NULL,0,0,1,0,'3.1','Support',NULL,1,1,1),(46,'Project',1,-1,'Project',NULL,NULL,0,0,1,0,'3.3','Support',NULL,1,1,1),(47,'EmailTemplates',0,-1,'Email Templates',NULL,NULL,1,0,0,0,'1.0','Tools',NULL,1,1,1),(48,'CustomerPortal',1,-1,'CustomerPortal',NULL,NULL,0,0,0,0,'1.4','',NULL,1,1,1),(49,'ExtensionStore',0,-1,'Extension Store',NULL,NULL,1,0,0,0,'1.2',NULL,NULL,1,1,1),(50,'VTEStore',0,-1,'Extension Pack',NULL,NULL,1,0,0,0,'1.0.06','','custom',0,1,1),(53,'Dtailsfacture',1,-1,'Dtailsfacture',NULL,NULL,1,0,1,0,'0','MARKETING','custom',0,1,1),(54,'Factures',1,-1,'Factures',NULL,NULL,1,0,1,0,'0','MARKETING','custom',0,1,1),(55,'ControlLayoutFields',1,-1,'Conditional Layouts',NULL,NULL,1,0,0,0,'1.0.0','','custom',0,1,1),(56,'ModuleLinkCreator',0,-1,'Custom Module Builder',NULL,NULL,1,0,0,0,'0.1','','custom',0,1,1),(57,'FactureAnnuelle',0,-1,'FactureAnnuelle',NULL,NULL,1,0,1,0,'0','MARKETING','custom',0,1,1),(60,'VTERollup',0,-1,'Rollup/Calculate Fields',NULL,NULL,1,0,0,0,'1.0.0','','custom',0,1,1),(61,'VTELabelEditor',0,-1,'Label Editor',NULL,NULL,1,0,0,0,'1.0.0','','custom',0,1,1),(63,'FactureAnnuelleGaz',0,-1,'FactureAnnuelleGaz',NULL,NULL,1,0,1,0,'0','MARKETING','custom',0,1,1),(65,'ElecFourniture',0,-1,'ElecFourniture',NULL,NULL,1,0,1,0,'0','MARKETING','custom',0,1,1),(66,'ElecAcheminement',0,-1,'ElecAcheminement',NULL,NULL,1,0,1,0,'0','MARKETING','custom',0,1,1),(67,'ElecFourniAchemi',0,-1,'ElecFourniAchemi',NULL,NULL,1,0,1,0,'0','MARKETING','custom',0,1,1),(68,'GazFourniture',0,-1,'GazFourniture',NULL,NULL,1,0,1,0,'0','MARKETING','custom',0,1,1),(69,'SIRET',0,-1,'SIRET',NULL,NULL,1,0,1,0,'0','SALES','custom',0,1,1),(70,'CodeNAF',0,-1,'CodeNAF',NULL,NULL,1,0,1,0,'0','SALES','custom',0,1,1),(71,'VReports',0,-1,'Reports And Dashboards',NULL,NULL,1,0,0,0,'7.0.0','Tools','custom',0,1,1),(72,'VTEAdvanceMenu',0,-1,'Advanced Menu Manager',NULL,NULL,1,0,0,0,'1.0','','custom',0,1,1),(73,'Formesjuridiques',0,-1,'Formesjuridiques',NULL,NULL,1,0,1,0,'0','SALES','custom',0,1,1);

--
-- Table structure for table `vtiger_tab_info`
--

CREATE TABLE `vtiger_tab_info` (
  `tabid` int(19) DEFAULT NULL,
  `prefname` varchar(256) DEFAULT NULL,
  `prefvalue` varchar(256) DEFAULT NULL,
  KEY `fk_1_vtiger_tab_info` (`tabid`),
  CONSTRAINT `fk_1_vtiger_tab_info` FOREIGN KEY (`tabid`) REFERENCES `vtiger_tab` (`tabid`) ON DELETE CASCADE ON UPDATE CASCADE
) ENGINE=InnoDB DEFAULT CHARSET=utf8;

--
-- Dumping data for table `vtiger_tab_info`
--

INSERT INTO `vtiger_tab_info` VALUES (30,'vtiger_min_version','6.0.0rc'),(31,'vtiger_min_version','6.0.0RC'),(32,'vtiger_min_version','6.0.0rc'),(33,'vtiger_min_version','6.0.0'),(33,'vtiger_max_version','7.*'),(34,'vtiger_min_version','6.0.0rc'),(34,'vtiger_max_version','7.*'),(35,'vtiger_min_version','6.0.0rc'),(35,'vtiger_max_version','7.*'),(36,'vtiger_min_version','6.0.0rc'),(37,'vtiger_min_version','6.0.0rc'),(38,'vtiger_min_version','6.0.0rc'),(38,'vtiger_max_version','7.*'),(39,'vtiger_min_version','6.0.0'),(39,'vtiger_max_version','7.*'),(40,'vtiger_min_version','6.0.0rc'),(40,'vtiger_max_version','7.*'),(41,'vtiger_min_version','6.0.0rc'),(41,'vtiger_max_version','7.*'),(42,'vtiger_min_version','6.0.0rc'),(42,'vtiger_max_version','7.*'),(43,'vtiger_min_version','6.0.0rc'),(43,'vtiger_max_version','7.*'),(44,'vtiger_min_version','6.0.0rc'),(44,'vtiger_max_version','7.*'),(45,'vtiger_min_version','6.0.0rc'),(46,'vtiger_min_version','6.0.0rc'),(47,'vtiger_min_version','6.0.0rc'),(47,'vtiger_max_version','7.*'),(48,'vtiger_min_version','6.0.0rc'),(48,'vtiger_max_version','7.*'),(49,'vtiger_min_version','6.0.0'),(49,'vtiger_max_version','6.*'),(50,'vtiger_min_version','6.0.0'),(50,'vtiger_max_version','7.*'),(55,'vtiger_min_version','6.0.0'),(55,'vtiger_max_version','6.*'),(56,'vtiger_min_version','7.0.0'),(56,'vtiger_max_version','7.*'),(60,'vtiger_min_version','7.0.0'),(60,'vtiger_max_version','7.*'),(61,'vtiger_min_version','7.0.0'),(61,'vtiger_max_version','7.*'),(71,'vtiger_min_version','7.*'),(71,'vtiger_max_version','7.*'),(72,'vtiger_min_version','7.0.0rc'),(72,'vtiger_max_version','7.*');

--
-- Table structure for table `vtiger_taskpriority`
--

CREATE TABLE `vtiger_taskpriority` (
  `taskpriorityid` int(19) NOT NULL AUTO_INCREMENT,
  `taskpriority` varchar(200) DEFAULT NULL,
  `presence` int(1) NOT NULL DEFAULT '1',
  `picklist_valueid` int(19) NOT NULL DEFAULT '0',
  `sortorderid` int(11) DEFAULT NULL,
  `color` varchar(10) DEFAULT NULL,
  PRIMARY KEY (`taskpriorityid`)
) ENGINE=InnoDB AUTO_INCREMENT=4 DEFAULT CHARSET=utf8;

--
-- Dumping data for table `vtiger_taskpriority`
--

INSERT INTO `vtiger_taskpriority` VALUES (1,'High',1,170,0,NULL),(2,'Medium',1,171,1,NULL),(3,'Low',1,172,2,NULL);

--
-- Table structure for table `vtiger_taskpriority_seq`
--

CREATE TABLE `vtiger_taskpriority_seq` (
  `id` int(11) NOT NULL
) ENGINE=InnoDB DEFAULT CHARSET=utf8;

--
-- Dumping data for table `vtiger_taskpriority_seq`
--

INSERT INTO `vtiger_taskpriority_seq` VALUES (3);

--
-- Table structure for table `vtiger_taskstatus`
--

CREATE TABLE `vtiger_taskstatus` (
  `taskstatusid` int(19) NOT NULL AUTO_INCREMENT,
  `taskstatus` varchar(200) DEFAULT NULL,
  `presence` int(1) NOT NULL DEFAULT '1',
  `picklist_valueid` int(19) NOT NULL DEFAULT '0',
  `sortorderid` int(11) DEFAULT NULL,
  `color` varchar(10) DEFAULT NULL,
  PRIMARY KEY (`taskstatusid`)
) ENGINE=InnoDB AUTO_INCREMENT=7 DEFAULT CHARSET=utf8;

--
-- Dumping data for table `vtiger_taskstatus`
--

INSERT INTO `vtiger_taskstatus` VALUES (1,'Not Started',0,173,0,NULL),(2,'In Progress',0,174,1,NULL),(3,'Completed',0,175,2,NULL),(4,'Pending Input',0,176,3,NULL),(5,'Deferred',0,177,4,NULL),(6,'Planned',0,178,5,NULL);

--
-- Table structure for table `vtiger_taskstatus_seq`
--

CREATE TABLE `vtiger_taskstatus_seq` (
  `id` int(11) NOT NULL
) ENGINE=InnoDB DEFAULT CHARSET=utf8;

--
-- Dumping data for table `vtiger_taskstatus_seq`
--

INSERT INTO `vtiger_taskstatus_seq` VALUES (6);

--
-- Table structure for table `vtiger_taxclass`
--

CREATE TABLE `vtiger_taxclass` (
  `taxclassid` int(19) NOT NULL AUTO_INCREMENT,
  `taxclass` varchar(200) NOT NULL,
  `sortorderid` int(19) NOT NULL DEFAULT '0',
  `presence` int(1) NOT NULL DEFAULT '1',
  PRIMARY KEY (`taxclassid`),
  UNIQUE KEY `taxclass_carrier_idx` (`taxclass`)
) ENGINE=InnoDB AUTO_INCREMENT=3 DEFAULT CHARSET=utf8;

--
-- Dumping data for table `vtiger_taxclass`
--

INSERT INTO `vtiger_taxclass` VALUES (1,'SalesTax',0,1),(2,'Vat',1,1);

--
-- Table structure for table `vtiger_taxclass_seq`
--

CREATE TABLE `vtiger_taxclass_seq` (
  `id` int(11) NOT NULL
) ENGINE=InnoDB DEFAULT CHARSET=utf8;

--
-- Dumping data for table `vtiger_taxclass_seq`
--

INSERT INTO `vtiger_taxclass_seq` VALUES (2);

--
-- Table structure for table `vtiger_taxregions`
--

CREATE TABLE `vtiger_taxregions` (
  `regionid` int(10) NOT NULL AUTO_INCREMENT,
  `name` varchar(100) NOT NULL,
  PRIMARY KEY (`regionid`)
) ENGINE=InnoDB DEFAULT CHARSET=utf8;

--
-- Dumping data for table `vtiger_taxregions`
--


--
-- Table structure for table `vtiger_ticketcategories`
--

CREATE TABLE `vtiger_ticketcategories` (
  `ticketcategories_id` int(19) NOT NULL AUTO_INCREMENT,
  `ticketcategories` varchar(200) DEFAULT NULL,
  `presence` int(1) NOT NULL DEFAULT '0',
  `picklist_valueid` int(19) NOT NULL DEFAULT '0',
  `sortorderid` int(11) DEFAULT NULL,
  `color` varchar(10) DEFAULT NULL,
  PRIMARY KEY (`ticketcategories_id`)
) ENGINE=InnoDB AUTO_INCREMENT=4 DEFAULT CHARSET=utf8;

--
-- Dumping data for table `vtiger_ticketcategories`
--

INSERT INTO `vtiger_ticketcategories` VALUES (1,'Big Problem',1,179,0,NULL),(2,'Small Problem',1,180,1,NULL),(3,'Other Problem',1,181,2,NULL);

--
-- Table structure for table `vtiger_ticketcategories_seq`
--

CREATE TABLE `vtiger_ticketcategories_seq` (
  `id` int(11) NOT NULL
) ENGINE=InnoDB DEFAULT CHARSET=utf8;

--
-- Dumping data for table `vtiger_ticketcategories_seq`
--

INSERT INTO `vtiger_ticketcategories_seq` VALUES (3);

--
-- Table structure for table `vtiger_ticketcf`
--

CREATE TABLE `vtiger_ticketcf` (
  `ticketid` int(19) NOT NULL DEFAULT '0',
  `from_portal` varchar(3) DEFAULT NULL,
  PRIMARY KEY (`ticketid`),
  CONSTRAINT `fk_1_vtiger_ticketcf` FOREIGN KEY (`ticketid`) REFERENCES `vtiger_troubletickets` (`ticketid`) ON DELETE CASCADE
) ENGINE=InnoDB DEFAULT CHARSET=utf8;

--
-- Dumping data for table `vtiger_ticketcf`
--

INSERT INTO `vtiger_ticketcf` VALUES (18985,'0');

--
-- Table structure for table `vtiger_ticketcomments`
--

CREATE TABLE `vtiger_ticketcomments` (
  `commentid` int(19) NOT NULL AUTO_INCREMENT,
  `ticketid` int(19) DEFAULT NULL,
  `comments` text,
  `ownerid` int(19) NOT NULL DEFAULT '0',
  `ownertype` varchar(10) DEFAULT NULL,
  `createdtime` datetime NOT NULL,
  PRIMARY KEY (`commentid`),
  KEY `ticketcomments_ticketid_idx` (`ticketid`),
  CONSTRAINT `fk_1_vtiger_ticketcomments` FOREIGN KEY (`ticketid`) REFERENCES `vtiger_troubletickets` (`ticketid`) ON DELETE CASCADE
) ENGINE=InnoDB DEFAULT CHARSET=utf8;

--
-- Dumping data for table `vtiger_ticketcomments`
--


--
-- Table structure for table `vtiger_ticketpriorities`
--

CREATE TABLE `vtiger_ticketpriorities` (
  `ticketpriorities_id` int(19) NOT NULL AUTO_INCREMENT,
  `ticketpriorities` varchar(200) DEFAULT NULL,
  `presence` int(1) NOT NULL DEFAULT '0',
  `picklist_valueid` int(19) NOT NULL DEFAULT '0',
  `sortorderid` int(11) DEFAULT NULL,
  `color` varchar(10) DEFAULT NULL,
  PRIMARY KEY (`ticketpriorities_id`)
) ENGINE=InnoDB AUTO_INCREMENT=5 DEFAULT CHARSET=utf8;

--
-- Dumping data for table `vtiger_ticketpriorities`
--

INSERT INTO `vtiger_ticketpriorities` VALUES (1,'Low',1,182,0,NULL),(2,'Normal',1,183,1,NULL),(3,'High',1,184,2,NULL),(4,'Urgent',1,185,3,NULL);

--
-- Table structure for table `vtiger_ticketpriorities_seq`
--

CREATE TABLE `vtiger_ticketpriorities_seq` (
  `id` int(11) NOT NULL
) ENGINE=InnoDB DEFAULT CHARSET=utf8;

--
-- Dumping data for table `vtiger_ticketpriorities_seq`
--

INSERT INTO `vtiger_ticketpriorities_seq` VALUES (4);

--
-- Table structure for table `vtiger_ticketseverities`
--

CREATE TABLE `vtiger_ticketseverities` (
  `ticketseverities_id` int(19) NOT NULL AUTO_INCREMENT,
  `ticketseverities` varchar(200) DEFAULT NULL,
  `presence` int(1) NOT NULL DEFAULT '0',
  `picklist_valueid` int(19) NOT NULL DEFAULT '0',
  `sortorderid` int(11) DEFAULT NULL,
  `color` varchar(10) DEFAULT NULL,
  PRIMARY KEY (`ticketseverities_id`)
) ENGINE=InnoDB AUTO_INCREMENT=5 DEFAULT CHARSET=utf8;

--
-- Dumping data for table `vtiger_ticketseverities`
--

INSERT INTO `vtiger_ticketseverities` VALUES (1,'Minor',1,186,0,NULL),(2,'Major',1,187,1,NULL),(3,'Feature',1,188,2,NULL),(4,'Critical',1,189,3,NULL);

--
-- Table structure for table `vtiger_ticketseverities_seq`
--

CREATE TABLE `vtiger_ticketseverities_seq` (
  `id` int(11) NOT NULL
) ENGINE=InnoDB DEFAULT CHARSET=utf8;

--
-- Dumping data for table `vtiger_ticketseverities_seq`
--

INSERT INTO `vtiger_ticketseverities_seq` VALUES (4);

--
-- Table structure for table `vtiger_ticketstatus`
--

CREATE TABLE `vtiger_ticketstatus` (
  `ticketstatus_id` int(19) NOT NULL AUTO_INCREMENT,
  `ticketstatus` varchar(200) DEFAULT NULL,
  `presence` int(1) NOT NULL DEFAULT '0',
  `picklist_valueid` int(19) NOT NULL DEFAULT '0',
  `sortorderid` int(11) DEFAULT NULL,
  `color` varchar(10) DEFAULT NULL,
  PRIMARY KEY (`ticketstatus_id`)
) ENGINE=InnoDB AUTO_INCREMENT=5 DEFAULT CHARSET=utf8;

--
-- Dumping data for table `vtiger_ticketstatus`
--

INSERT INTO `vtiger_ticketstatus` VALUES (1,'Open',0,190,0,NULL),(2,'In Progress',0,191,1,NULL),(3,'Wait For Response',0,192,2,NULL),(4,'Closed',0,193,3,NULL);

--
-- Table structure for table `vtiger_ticketstatus_seq`
--

CREATE TABLE `vtiger_ticketstatus_seq` (
  `id` int(11) NOT NULL
) ENGINE=InnoDB DEFAULT CHARSET=utf8;

--
-- Dumping data for table `vtiger_ticketstatus_seq`
--

INSERT INTO `vtiger_ticketstatus_seq` VALUES (4);

--
-- Table structure for table `vtiger_time_zone`
--

CREATE TABLE `vtiger_time_zone` (
  `time_zoneid` int(19) NOT NULL AUTO_INCREMENT,
  `time_zone` varchar(200) NOT NULL,
  `sortorderid` int(19) NOT NULL DEFAULT '0',
  `presence` int(1) NOT NULL DEFAULT '1',
  PRIMARY KEY (`time_zoneid`)
) ENGINE=InnoDB AUTO_INCREMENT=98 DEFAULT CHARSET=utf8;

--
-- Dumping data for table `vtiger_time_zone`
--

INSERT INTO `vtiger_time_zone` VALUES (1,'Pacific/Midway',1,1),(2,'Pacific/Samoa',0,1),(3,'Pacific/Honolulu',2,1),(4,'America/Anchorage',3,1),(5,'America/Los_Angeles',5,1),(6,'America/Tijuana',4,1),(7,'America/Denver',6,1),(8,'America/Chihuahua',8,1),(9,'America/Mazatlan',7,1),(10,'America/Phoenix',9,1),(11,'America/Regina',10,1),(12,'America/Tegucigalpa',14,1),(13,'America/Chicago',13,1),(14,'America/Mexico_City',12,1),(15,'America/Monterrey',11,1),(16,'America/New_York',18,1),(17,'America/Bogota',19,1),(18,'America/Lima',16,1),(19,'America/Rio_Branco',15,1),(20,'America/Indiana/Indianapolis',17,1),(21,'America/Caracas',20,1),(22,'America/Halifax',25,1),(23,'America/Manaus',22,1),(24,'America/Santiago',21,1),(25,'America/La_Paz',23,1),(26,'America/Cuiaba',24,1),(27,'America/Asuncion',26,1),(28,'America/St_Johns',27,1),(29,'America/Argentina/Buenos_Aires',30,1),(30,'America/Sao_Paulo',31,1),(31,'America/Godthab',29,1),(32,'America/Montevideo',28,1),(33,'Atlantic/South_Georgia',32,1),(34,'Atlantic/Azores',34,1),(35,'Atlantic/Cape_Verde',33,1),(36,'Europe/London',37,1),(37,'UTC',36,1),(38,'Africa/Monrovia',38,1),(39,'Africa/Casablanca',35,1),(40,'Europe/Belgrade',40,1),(41,'Europe/Sarajevo',42,1),(42,'Europe/Brussels',41,1),(43,'Africa/Algiers',43,1),(44,'Europe/Amsterdam',39,1),(45,'Europe/Minsk',52,1),(46,'Africa/Cairo',47,1),(47,'Europe/Helsinki',49,1),(48,'Europe/Athens',45,1),(49,'Europe/Istanbul',50,1),(50,'Asia/Jerusalem',51,1),(51,'Asia/Amman',44,1),(52,'Asia/Beirut',46,1),(53,'Africa/Windhoek',53,1),(54,'Africa/Harare',48,1),(55,'Asia/Kuwait',55,1),(56,'Asia/Baghdad',54,1),(57,'Africa/Nairobi',57,1),(58,'Asia/Tehran',58,1),(59,'Asia/Tbilisi',61,1),(60,'Europe/Moscow',56,1),(61,'Asia/Muscat',59,1),(62,'Asia/Baku',60,1),(63,'Asia/Yerevan',62,1),(64,'Asia/Karachi',63,1),(65,'Asia/Tashkent',64,1),(66,'Asia/Kolkata',65,1),(67,'Asia/Colombo',66,1),(68,'Asia/Katmandu',67,1),(69,'Asia/Dhaka',69,1),(70,'Asia/Almaty',68,1),(71,'Asia/Yekaterinburg',70,1),(72,'Asia/Rangoon',71,1),(73,'Asia/Novosibirsk',73,1),(74,'Asia/Bangkok',72,1),(75,'Asia/Brunei',74,1),(76,'Asia/Krasnoyarsk',75,1),(77,'Asia/Ulaanbaatar',79,1),(78,'Asia/Kuala_Lumpur',76,1),(79,'Asia/Taipei',78,1),(80,'Australia/Perth',77,1),(81,'Asia/Irkutsk',80,1),(82,'Asia/Seoul',81,1),(83,'Asia/Tokyo',82,1),(84,'Australia/Darwin',84,1),(85,'Australia/Adelaide',83,1),(86,'Australia/Canberra',86,1),(87,'Australia/Brisbane',85,1),(88,'Australia/Hobart',88,1),(89,'Asia/Vladivostok',89,1),(90,'Pacific/Guam',87,1),(91,'Asia/Yakutsk',90,1),(92,'Pacific/Fiji',93,1),(93,'Asia/Kamchatka',94,1),(94,'Pacific/Auckland',92,1),(95,'Asia/Magadan',95,1),(96,'Pacific/Tongatapu',96,1),(97,'Etc/GMT-11',91,1);

--
-- Table structure for table `vtiger_time_zone_seq`
--

CREATE TABLE `vtiger_time_zone_seq` (
  `id` int(11) NOT NULL
) ENGINE=InnoDB DEFAULT CHARSET=utf8;

--
-- Dumping data for table `vtiger_time_zone_seq`
--

INSERT INTO `vtiger_time_zone_seq` VALUES (96);

--
-- Table structure for table `vtiger_tmp_read_group_rel_sharing_per`
--

CREATE TABLE `vtiger_tmp_read_group_rel_sharing_per` (
  `userid` int(11) NOT NULL,
  `tabid` int(11) NOT NULL,
  `relatedtabid` int(11) NOT NULL,
  `sharedgroupid` int(11) NOT NULL,
  PRIMARY KEY (`userid`,`tabid`,`relatedtabid`,`sharedgroupid`),
  KEY `tmp_read_group_rel_sharing_per_userid_sharedgroupid_tabid` (`userid`,`sharedgroupid`,`tabid`),
  CONSTRAINT `fk_4_vtiger_tmp_read_group_rel_sharing_per` FOREIGN KEY (`userid`) REFERENCES `vtiger_users` (`id`) ON DELETE CASCADE
) ENGINE=InnoDB DEFAULT CHARSET=utf8;

--
-- Dumping data for table `vtiger_tmp_read_group_rel_sharing_per`
--


--
-- Table structure for table `vtiger_tmp_read_group_sharing_per`
--

CREATE TABLE `vtiger_tmp_read_group_sharing_per` (
  `userid` int(11) NOT NULL,
  `tabid` int(11) NOT NULL,
  `sharedgroupid` int(11) NOT NULL,
  PRIMARY KEY (`userid`,`tabid`,`sharedgroupid`),
  KEY `tmp_read_group_sharing_per_userid_sharedgroupid_idx` (`userid`,`sharedgroupid`),
  CONSTRAINT `fk_3_vtiger_tmp_read_group_sharing_per` FOREIGN KEY (`userid`) REFERENCES `vtiger_users` (`id`) ON DELETE CASCADE
) ENGINE=InnoDB DEFAULT CHARSET=utf8;

--
-- Dumping data for table `vtiger_tmp_read_group_sharing_per`
--


--
-- Table structure for table `vtiger_tmp_read_user_rel_sharing_per`
--

CREATE TABLE `vtiger_tmp_read_user_rel_sharing_per` (
  `userid` int(11) NOT NULL,
  `tabid` int(11) NOT NULL,
  `relatedtabid` int(11) NOT NULL,
  `shareduserid` int(11) NOT NULL,
  PRIMARY KEY (`userid`,`tabid`,`relatedtabid`,`shareduserid`),
  KEY `tmp_read_user_rel_sharing_per_userid_shared_reltabid_idx` (`userid`,`shareduserid`,`relatedtabid`),
  CONSTRAINT `fk_4_vtiger_tmp_read_user_rel_sharing_per` FOREIGN KEY (`userid`) REFERENCES `vtiger_users` (`id`) ON DELETE CASCADE
) ENGINE=InnoDB DEFAULT CHARSET=utf8;

--
-- Dumping data for table `vtiger_tmp_read_user_rel_sharing_per`
--


--
-- Table structure for table `vtiger_tmp_read_user_sharing_per`
--

CREATE TABLE `vtiger_tmp_read_user_sharing_per` (
  `userid` int(11) NOT NULL,
  `tabid` int(11) NOT NULL,
  `shareduserid` int(11) NOT NULL,
  PRIMARY KEY (`userid`,`tabid`,`shareduserid`),
  KEY `tmp_read_user_sharing_per_userid_shareduserid_idx` (`userid`,`shareduserid`),
  CONSTRAINT `fk_3_vtiger_tmp_read_user_sharing_per` FOREIGN KEY (`userid`) REFERENCES `vtiger_users` (`id`) ON DELETE CASCADE
) ENGINE=InnoDB DEFAULT CHARSET=utf8;

--
-- Dumping data for table `vtiger_tmp_read_user_sharing_per`
--


--
-- Table structure for table `vtiger_tmp_write_group_rel_sharing_per`
--

CREATE TABLE `vtiger_tmp_write_group_rel_sharing_per` (
  `userid` int(11) NOT NULL,
  `tabid` int(11) NOT NULL,
  `relatedtabid` int(11) NOT NULL,
  `sharedgroupid` int(11) NOT NULL,
  PRIMARY KEY (`userid`,`tabid`,`relatedtabid`,`sharedgroupid`),
  KEY `tmp_write_group_rel_sharing_per_userid_sharedgroupid_tabid_idx` (`userid`,`sharedgroupid`,`tabid`),
  CONSTRAINT `fk_4_vtiger_tmp_write_group_rel_sharing_per` FOREIGN KEY (`userid`) REFERENCES `vtiger_users` (`id`) ON DELETE CASCADE
) ENGINE=InnoDB DEFAULT CHARSET=utf8;

--
-- Dumping data for table `vtiger_tmp_write_group_rel_sharing_per`
--


--
-- Table structure for table `vtiger_tmp_write_group_sharing_per`
--

CREATE TABLE `vtiger_tmp_write_group_sharing_per` (
  `userid` int(11) NOT NULL,
  `tabid` int(11) NOT NULL,
  `sharedgroupid` int(11) NOT NULL,
  PRIMARY KEY (`userid`,`tabid`,`sharedgroupid`),
  KEY `tmp_write_group_sharing_per_UK1` (`userid`,`sharedgroupid`),
  CONSTRAINT `fk_3_vtiger_tmp_write_group_sharing_per` FOREIGN KEY (`userid`) REFERENCES `vtiger_users` (`id`) ON DELETE CASCADE
) ENGINE=InnoDB DEFAULT CHARSET=utf8;

--
-- Dumping data for table `vtiger_tmp_write_group_sharing_per`
--


--
-- Table structure for table `vtiger_tmp_write_user_rel_sharing_per`
--

CREATE TABLE `vtiger_tmp_write_user_rel_sharing_per` (
  `userid` int(11) NOT NULL,
  `tabid` int(11) NOT NULL,
  `relatedtabid` int(11) NOT NULL,
  `shareduserid` int(11) NOT NULL,
  PRIMARY KEY (`userid`,`tabid`,`relatedtabid`,`shareduserid`),
  KEY `tmp_write_user_rel_sharing_per_userid_sharduserid_tabid_idx` (`userid`,`shareduserid`,`tabid`),
  CONSTRAINT `fk_4_vtiger_tmp_write_user_rel_sharing_per` FOREIGN KEY (`userid`) REFERENCES `vtiger_users` (`id`) ON DELETE CASCADE
) ENGINE=InnoDB DEFAULT CHARSET=utf8;

--
-- Dumping data for table `vtiger_tmp_write_user_rel_sharing_per`
--


--
-- Table structure for table `vtiger_tmp_write_user_sharing_per`
--

CREATE TABLE `vtiger_tmp_write_user_sharing_per` (
  `userid` int(11) NOT NULL,
  `tabid` int(11) NOT NULL,
  `shareduserid` int(11) NOT NULL,
  PRIMARY KEY (`userid`,`tabid`,`shareduserid`),
  KEY `tmp_write_user_sharing_per_userid_shareduserid_idx` (`userid`,`shareduserid`),
  CONSTRAINT `fk_3_vtiger_tmp_write_user_sharing_per` FOREIGN KEY (`userid`) REFERENCES `vtiger_users` (`id`) ON DELETE CASCADE
) ENGINE=InnoDB DEFAULT CHARSET=utf8;

--
-- Dumping data for table `vtiger_tmp_write_user_sharing_per`
--


--
-- Table structure for table `vtiger_tracker`
--

CREATE TABLE `vtiger_tracker` (
  `id` int(11) NOT NULL AUTO_INCREMENT,
  `user_id` varchar(36) DEFAULT NULL,
  `module_name` varchar(25) DEFAULT NULL,
  `item_id` varchar(36) DEFAULT NULL,
  `item_summary` varchar(255) DEFAULT NULL,
  PRIMARY KEY (`id`)
) ENGINE=InnoDB DEFAULT CHARSET=utf8;

--
-- Dumping data for table `vtiger_tracker`
--


--
-- Table structure for table `vtiger_tracking_unit`
--

CREATE TABLE `vtiger_tracking_unit` (
  `tracking_unitid` int(11) NOT NULL AUTO_INCREMENT,
  `tracking_unit` varchar(200) NOT NULL,
  `presence` int(1) NOT NULL DEFAULT '1',
  `picklist_valueid` int(11) NOT NULL DEFAULT '0',
  `sortorderid` int(11) DEFAULT '0',
  `color` varchar(10) DEFAULT NULL,
  PRIMARY KEY (`tracking_unitid`)
) ENGINE=InnoDB AUTO_INCREMENT=5 DEFAULT CHARSET=utf8;

--
-- Dumping data for table `vtiger_tracking_unit`
--

INSERT INTO `vtiger_tracking_unit` VALUES (2,'Hours',1,211,2,NULL),(3,'Days',1,212,3,NULL),(4,'Incidents',1,213,4,NULL);

--
-- Table structure for table `vtiger_tracking_unit_seq`
--

CREATE TABLE `vtiger_tracking_unit_seq` (
  `id` int(11) NOT NULL
) ENGINE=InnoDB DEFAULT CHARSET=utf8;

--
-- Dumping data for table `vtiger_tracking_unit_seq`
--

INSERT INTO `vtiger_tracking_unit_seq` VALUES (4);

--
-- Table structure for table `vtiger_troubletickets`
--

CREATE TABLE `vtiger_troubletickets` (
  `ticketid` int(19) NOT NULL,
  `ticket_no` varchar(100) NOT NULL,
  `groupname` varchar(100) DEFAULT NULL,
  `parent_id` varchar(100) DEFAULT NULL,
  `product_id` varchar(100) DEFAULT NULL,
  `priority` varchar(200) DEFAULT NULL,
  `severity` varchar(200) DEFAULT NULL,
  `status` varchar(200) DEFAULT NULL,
  `category` varchar(200) DEFAULT NULL,
  `title` varchar(255) NOT NULL,
  `solution` text,
  `update_log` text,
  `version_id` int(11) DEFAULT NULL,
  `hours` decimal(25,8) DEFAULT NULL,
  `days` decimal(25,8) DEFAULT NULL,
  `contact_id` int(19) DEFAULT NULL,
  `tags` varchar(1) DEFAULT NULL,
  PRIMARY KEY (`ticketid`),
  KEY `troubletickets_ticketid_idx` (`ticketid`),
  KEY `troubletickets_status_idx` (`status`),
  CONSTRAINT `fk_1_vtiger_troubletickets` FOREIGN KEY (`ticketid`) REFERENCES `vtiger_crmentity` (`crmid`) ON DELETE CASCADE
) ENGINE=InnoDB DEFAULT CHARSET=utf8;

--
-- Dumping data for table `vtiger_troubletickets`
--

INSERT INTO `vtiger_troubletickets` VALUES (18985,'TT1',NULL,'0','0','Low','','Open','','aaaa','',NULL,NULL,0.00000000,0.00000000,0,'');

--
-- Table structure for table `vtiger_usageunit`
--

CREATE TABLE `vtiger_usageunit` (
  `usageunitid` int(19) NOT NULL AUTO_INCREMENT,
  `usageunit` varchar(200) NOT NULL,
  `presence` int(1) NOT NULL DEFAULT '1',
  `picklist_valueid` int(19) NOT NULL DEFAULT '0',
  `sortorderid` int(11) DEFAULT NULL,
  `color` varchar(10) DEFAULT NULL,
  PRIMARY KEY (`usageunitid`),
  UNIQUE KEY `usageunit_usageunit_idx` (`usageunit`)
) ENGINE=InnoDB AUTO_INCREMENT=17 DEFAULT CHARSET=utf8;

--
-- Dumping data for table `vtiger_usageunit`
--

INSERT INTO `vtiger_usageunit` VALUES (1,'Box',1,194,0,NULL),(2,'Carton',1,195,1,NULL),(3,'Dozen',1,196,2,NULL),(4,'Each',1,197,3,NULL),(5,'Hours',1,198,4,NULL),(6,'Impressions',1,199,5,NULL),(7,'Lb',1,200,6,NULL),(8,'M',1,201,7,NULL),(9,'Pack',1,202,8,NULL),(10,'Pages',1,203,9,NULL),(11,'Pieces',1,204,10,NULL),(12,'Quantity',1,205,11,NULL),(13,'Reams',1,206,12,NULL),(14,'Sheet',1,207,13,NULL),(15,'Spiral Binder',1,208,14,NULL),(16,'Sq Ft',1,209,15,NULL);

--
-- Table structure for table `vtiger_usageunit_seq`
--

CREATE TABLE `vtiger_usageunit_seq` (
  `id` int(11) NOT NULL
) ENGINE=InnoDB DEFAULT CHARSET=utf8;

--
-- Dumping data for table `vtiger_usageunit_seq`
--

INSERT INTO `vtiger_usageunit_seq` VALUES (16);

--
-- Table structure for table `vtiger_user2mergefields`
--

CREATE TABLE `vtiger_user2mergefields` (
  `userid` int(11) DEFAULT NULL,
  `tabid` int(19) DEFAULT NULL,
  `fieldid` int(19) DEFAULT NULL,
  `visible` int(2) DEFAULT NULL,
  KEY `userid_tabid_idx` (`userid`,`tabid`)
) ENGINE=InnoDB DEFAULT CHARSET=utf8;

--
-- Dumping data for table `vtiger_user2mergefields`
--


--
-- Table structure for table `vtiger_user2role`
--

CREATE TABLE `vtiger_user2role` (
  `userid` int(11) NOT NULL,
  `roleid` varchar(255) NOT NULL,
  PRIMARY KEY (`userid`),
  KEY `user2role_roleid_idx` (`roleid`),
  CONSTRAINT `fk_2_vtiger_user2role` FOREIGN KEY (`userid`) REFERENCES `vtiger_users` (`id`) ON DELETE CASCADE
) ENGINE=InnoDB DEFAULT CHARSET=utf8;

--
-- Dumping data for table `vtiger_user2role`
--

INSERT INTO `vtiger_user2role` VALUES (1,'H2'),(7,'H2'),(5,'H5'),(6,'H5'),(8,'H5'),(9,'H5'),(10,'H5'),(11,'H5');

--
-- Table structure for table `vtiger_user_module_preferences`
--

CREATE TABLE `vtiger_user_module_preferences` (
  `userid` int(19) NOT NULL,
  `tabid` int(19) NOT NULL,
  `default_cvid` int(19) NOT NULL,
  PRIMARY KEY (`userid`,`tabid`),
  KEY `fk_2_vtiger_user_module_preferences` (`tabid`),
  CONSTRAINT `fk_2_vtiger_user_module_preferences` FOREIGN KEY (`tabid`) REFERENCES `vtiger_tab` (`tabid`) ON DELETE CASCADE ON UPDATE CASCADE
) ENGINE=InnoDB DEFAULT CHARSET=utf8;

--
-- Dumping data for table `vtiger_user_module_preferences`
--

INSERT INTO `vtiger_user_module_preferences` VALUES (1,8,56),(5,6,97),(5,8,56),(5,57,78),(5,65,86),(5,67,90),(7,65,79),(7,66,91),(7,67,92),(7,68,100),(8,8,98),(8,57,75),(8,63,101),(8,65,103),(8,66,95),(8,68,88);

--
-- Table structure for table `vtiger_users2group`
--

CREATE TABLE `vtiger_users2group` (
  `groupid` int(19) NOT NULL,
  `userid` int(19) NOT NULL,
  PRIMARY KEY (`groupid`,`userid`),
  KEY `users2group_groupname_uerid_idx` (`groupid`,`userid`),
  KEY `fk_2_vtiger_users2group` (`userid`),
  CONSTRAINT `fk_2_vtiger_users2group` FOREIGN KEY (`userid`) REFERENCES `vtiger_users` (`id`) ON DELETE CASCADE
) ENGINE=InnoDB DEFAULT CHARSET=utf8;

--
-- Dumping data for table `vtiger_users2group`
--

INSERT INTO `vtiger_users2group` VALUES (3,1);

--
-- Table structure for table `vtiger_users_last_import`
--

CREATE TABLE `vtiger_users_last_import` (
  `id` int(36) NOT NULL AUTO_INCREMENT,
  `assigned_user_id` varchar(36) DEFAULT NULL,
  `bean_type` varchar(36) DEFAULT NULL,
  `bean_id` varchar(36) DEFAULT NULL,
  `deleted` int(1) NOT NULL DEFAULT '0',
  PRIMARY KEY (`id`),
  KEY `idx_user_id` (`assigned_user_id`)
) ENGINE=InnoDB DEFAULT CHARSET=utf8;

--
-- Dumping data for table `vtiger_users_last_import`
--


--
-- Table structure for table `vtiger_users_seq`
--

CREATE TABLE `vtiger_users_seq` (
  `id` int(11) NOT NULL
) ENGINE=InnoDB DEFAULT CHARSET=utf8;

--
-- Dumping data for table `vtiger_users_seq`
--

INSERT INTO `vtiger_users_seq` VALUES (11);

--
-- Table structure for table `vtiger_vendor`
--

CREATE TABLE `vtiger_vendor` (
  `vendorid` int(19) NOT NULL DEFAULT '0',
  `vendor_no` varchar(100) NOT NULL,
  `vendorname` varchar(100) DEFAULT NULL,
  `phone` varchar(100) DEFAULT NULL,
  `email` varchar(100) DEFAULT NULL,
  `website` varchar(100) DEFAULT NULL,
  `glacct` varchar(200) DEFAULT NULL,
  `category` varchar(50) DEFAULT NULL,
  `street` text,
  `city` varchar(30) DEFAULT NULL,
  `state` varchar(30) DEFAULT NULL,
  `pobox` varchar(30) DEFAULT NULL,
  `postalcode` varchar(100) DEFAULT NULL,
  `country` varchar(100) DEFAULT NULL,
  `description` text,
  `tags` varchar(1) DEFAULT NULL,
  PRIMARY KEY (`vendorid`),
  CONSTRAINT `fk_1_vtiger_vendor` FOREIGN KEY (`vendorid`) REFERENCES `vtiger_crmentity` (`crmid`) ON DELETE CASCADE
) ENGINE=InnoDB DEFAULT CHARSET=utf8;

--
-- Dumping data for table `vtiger_vendor`
--


--
-- Table structure for table `vtiger_vendorcf`
--

CREATE TABLE `vtiger_vendorcf` (
  `vendorid` int(19) NOT NULL DEFAULT '0',
  PRIMARY KEY (`vendorid`),
  CONSTRAINT `fk_1_vtiger_vendorcf` FOREIGN KEY (`vendorid`) REFERENCES `vtiger_vendor` (`vendorid`) ON DELETE CASCADE
) ENGINE=InnoDB DEFAULT CHARSET=utf8;

--
-- Dumping data for table `vtiger_vendorcf`
--


--
-- Table structure for table `vtiger_vendorcontactrel`
--

CREATE TABLE `vtiger_vendorcontactrel` (
  `vendorid` int(19) NOT NULL DEFAULT '0',
  `contactid` int(19) NOT NULL DEFAULT '0',
  PRIMARY KEY (`vendorid`,`contactid`),
  KEY `vendorcontactrel_vendorid_idx` (`vendorid`),
  KEY `vendorcontactrel_contact_idx` (`contactid`),
  CONSTRAINT `fk_2_vtiger_vendorcontactrel` FOREIGN KEY (`vendorid`) REFERENCES `vtiger_vendor` (`vendorid`) ON DELETE CASCADE
) ENGINE=InnoDB DEFAULT CHARSET=utf8;

--
-- Dumping data for table `vtiger_vendorcontactrel`
--


--
-- Table structure for table `vtiger_version`
--

CREATE TABLE `vtiger_version` (
  `id` int(11) NOT NULL AUTO_INCREMENT,
  `old_version` varchar(30) DEFAULT NULL,
  `current_version` varchar(30) DEFAULT NULL,
  PRIMARY KEY (`id`)
) ENGINE=InnoDB AUTO_INCREMENT=2 DEFAULT CHARSET=utf8;

--
-- Dumping data for table `vtiger_version`
--

INSERT INTO `vtiger_version` VALUES (1,'7.3.0','7.3.0');

--
-- Table structure for table `vtiger_version_seq`
--

CREATE TABLE `vtiger_version_seq` (
  `id` int(11) NOT NULL
) ENGINE=InnoDB DEFAULT CHARSET=utf8;

--
-- Dumping data for table `vtiger_version_seq`
--

INSERT INTO `vtiger_version_seq` VALUES (1);

--
-- Table structure for table `vtiger_visibility`
--

CREATE TABLE `vtiger_visibility` (
  `visibilityid` int(19) NOT NULL AUTO_INCREMENT,
  `visibility` varchar(200) NOT NULL,
  `sortorderid` int(19) NOT NULL DEFAULT '0',
  `presence` int(1) NOT NULL DEFAULT '1',
  `color` varchar(10) DEFAULT NULL,
  PRIMARY KEY (`visibilityid`),
  UNIQUE KEY `visibility_visibility_idx` (`visibility`)
) ENGINE=InnoDB AUTO_INCREMENT=3 DEFAULT CHARSET=utf8;

--
-- Dumping data for table `vtiger_visibility`
--

INSERT INTO `vtiger_visibility` VALUES (1,'Private',0,1,NULL),(2,'Public',1,1,NULL);

--
-- Table structure for table `vtiger_visibility_seq`
--

CREATE TABLE `vtiger_visibility_seq` (
  `id` int(11) NOT NULL
) ENGINE=InnoDB DEFAULT CHARSET=utf8;

--
-- Dumping data for table `vtiger_visibility_seq`
--

INSERT INTO `vtiger_visibility_seq` VALUES (2);

--
-- Table structure for table `vtiger_vreport`
--

CREATE TABLE `vtiger_vreport` (
  `reportid` int(19) NOT NULL,
  `folderid` int(19) NOT NULL,
  `reportname` text,
  `description` text,
  `reporttype` varchar(50) DEFAULT '',
  `queryid` int(19) NOT NULL DEFAULT '0',
  `state` varchar(50) DEFAULT 'SAVED',
  `customizable` int(1) DEFAULT '1',
  `category` int(11) DEFAULT '1',
  `owner` int(11) DEFAULT '1',
  `sharingtype` varchar(200) DEFAULT 'Private',
  `position` text,
  `modifiedtime` datetime DEFAULT NULL,
  PRIMARY KEY (`reportid`),
  KEY `report_queryid_idx` (`queryid`),
  KEY `report_folderid_idx` (`folderid`),
  CONSTRAINT `fk_2_vtiger_vreport` FOREIGN KEY (`queryid`) REFERENCES `vtiger_selectquery` (`queryid`) ON DELETE CASCADE
) ENGINE=InnoDB DEFAULT CHARSET=utf8;

--
-- Dumping data for table `vtiger_vreport`
--

INSERT INTO `vtiger_vreport` VALUES (26,13,'EF sans document','','tabular',26,'CUSTOM',1,1,7,'Public',NULL,'2023-11-28 10:57:19'),(27,13,'EA sans document','','tabular',27,'CUSTOM',1,1,7,'Public',NULL,'2024-04-17 09:20:52'),(28,13,'EFA sans document','','tabular',28,'CUSTOM',1,1,7,'Public',NULL,'2023-11-28 10:58:19'),(29,13,'GF sans document','','tabular',29,'CUSTOM',1,1,7,'Public',NULL,'2023-11-28 10:58:37'),(30,13,'Elec_Annuelle nb Facture','','tabular',30,'CUSTOM',1,1,7,'Public',NULL,'2024-04-17 09:24:43'),(31,13,'Erreur SIRET','','tabular',31,'CUSTOM',1,1,7,'Public',NULL,'2023-12-11 14:26:03'),(32,13,'Chorus EF à importer','','tabular',32,'CUSTOM',1,1,7,'Public',NULL,'2023-11-28 16:53:06'),(33,13,'Chorus EA à importer','','tabular',33,'CUSTOM',1,1,7,'Public',NULL,'2023-11-28 17:10:46'),(34,13,'Chorus EFA à importer','','tabular',34,'CUSTOM',1,1,7,'Public',NULL,'2023-11-28 17:10:31'),(35,13,'Chorus GF à importer','','tabular',35,'CUSTOM',1,1,7,'Public',NULL,'2023-11-28 17:11:00'),(36,13,'EF à MAJ','','tabular',36,'CUSTOM',1,1,7,'Public',NULL,'2023-12-14 15:31:03'),(37,13,'EA à MAJ','','tabular',37,'CUSTOM',1,1,7,'Public',NULL,'2023-12-14 15:30:05'),(38,13,'EFA à MAJ','','tabular',38,'CUSTOM',1,1,7,'Public',NULL,'2024-01-08 14:22:16'),(39,13,'GF à MAJ','','tabular',39,'CUSTOM',1,1,7,'Public',NULL,'2023-12-14 15:32:44'),(40,13,'Elec_Annuelle à MAJ','','tabular',40,'CUSTOM',1,1,7,'Public',NULL,'2023-12-04 16:23:30'),(41,13,'Gaz_Annuelle à MAJ','','tabular',41,'CUSTOM',1,1,7,'Public',NULL,'2023-11-29 13:23:41'),(42,13,'Factures_Fourniture','','tabular',42,'CUSTOM',1,1,5,'Private',NULL,'2023-11-30 10:03:14'),(43,13,'EF Erreur Conso','','tabular',43,'CUSTOM',1,1,7,'Public',NULL,'2024-03-13 16:59:43'),(44,13,'EA Erreur Conso','','tabular',44,'CUSTOM',1,1,7,'Public',NULL,'2024-03-13 17:16:59'),(45,13,'EFA Erreur Conso','','tabular',45,'CUSTOM',1,1,7,'Public',NULL,'2024-03-13 17:01:46');

--
-- Table structure for table `vtiger_vreport_relcriteria`
--

CREATE TABLE `vtiger_vreport_relcriteria` (
  `queryid` int(19) NOT NULL,
  `columnindex` int(11) NOT NULL,
  `columnname` varchar(250) DEFAULT '',
  `comparator` varchar(20) DEFAULT NULL,
  `value` varchar(512) DEFAULT NULL,
  `groupid` int(11) DEFAULT '1',
  `column_condition` varchar(256) DEFAULT 'and',
  `groupparentid` int(11) NOT NULL,
  PRIMARY KEY (`queryid`,`columnindex`,`groupparentid`),
  KEY `vreport_relcriteria_queryid_idx` (`queryid`),
  CONSTRAINT `fk_1_vtiger_vreport_relcriteria` FOREIGN KEY (`queryid`) REFERENCES `vtiger_selectquery` (`queryid`) ON DELETE CASCADE
) ENGINE=InnoDB DEFAULT CHARSET=utf8;

--
-- Dumping data for table `vtiger_vreport_relcriteria`
--

INSERT INTO `vtiger_vreport_relcriteria` VALUES (26,0,'vtiger_notes:title:Documents_Title:notes_title:V','y','',1,'',1),(27,0,'vtiger_notes:title:Documents_Title:notes_title:V','y','',1,'',1),(28,0,'vtiger_notes:title:Documents_Title:notes_title:V','y','',1,'',1),(29,0,'vtiger_notes:title:Documents_Title:notes_title:V','y','',1,'',1),(30,0,'vtiger_factureannuellecf:cf_1255:FactureAnnuelle_Nb_facture_FA:cf_1255:I','e','12',1,'',2),(30,0,'vtiger_factureannuellecf:cf_1157:FactureAnnuelle_Nb_factures_fournitures:cf_1157:I','l','12',1,'and',3),(30,0,'vtiger_factureannuellecf:cf_1159:FactureAnnuelle_Nb_factures_acheminements:cf_1159:I','l','12',1,'and',4),(30,0,'vtiger_factureannuellecf:cf_1255:FactureAnnuelle_Nb_facture_FA:cf_1255:I','l','12',1,'and',5),(30,0,'vtiger_factureannuellecf:cf_1870:FactureAnnuelle_Controle_OK_ESHP:cf_1870:C','e','0',1,'and',6),(30,0,'vtiger_factureannuellecf:cf_1157:FactureAnnuelle_Nb_factures_fournitures:cf_1157:I','e','0',1,'and',7),(30,1,'vtiger_factureannuellecf:cf_1157:FactureAnnuelle_Nb_factures_fournitures:cf_1157:I','n','0',2,'or',2),(30,1,'vtiger_factureannuellecf:cf_1157:FactureAnnuelle_Nb_factures_fournitures:cf_1157:I','g','0',1,'',3),(30,1,'vtiger_factureannuellecf:cf_1159:FactureAnnuelle_Nb_factures_acheminements:cf_1159:I','g','0',1,'',4),(30,1,'vtiger_factureannuellecf:cf_1255:FactureAnnuelle_Nb_facture_FA:cf_1255:I','g','0',1,'',5),(30,1,'vtiger_factureannuellecf:cf_1018:FactureAnnuelle_Année:cf_1018:I','n','2024',1,'',6),(30,1,'vtiger_factureannuellecf:cf_1159:FactureAnnuelle_Nb_factures_acheminements:cf_1159:I','e','0',1,'and',7),(30,2,'vtiger_factureannuellecf:cf_1159:FactureAnnuelle_Nb_factures_acheminements:cf_1159:I','n','0',2,'',2),(30,2,'vtiger_factureannuellecf:cf_1255:FactureAnnuelle_Nb_facture_FA:cf_1255:I','e','0',1,'',7),(31,0,'vtiger_accountscf:cf_1281:Accounts_Nom_compte:cf_1281:V','y','',2,'or',1),(31,1,'vtiger_accountscf:cf_1754:Accounts_Statut:cf_1754:V','e','Introuvable',2,'',1),(32,0,'vtiger_elecfourniturecf:cf_1476:ElecFourniture_Nom_facture:cf_1476:V','y','',1,'',1),(33,0,'vtiger_elecacheminementcf:cf_1528:ElecAcheminement_Nom_facture:cf_1528:V','y','',1,'',1),(34,0,'vtiger_elecfourniachemicf:cf_1618:ElecFourniAchemi_Nom_facture:cf_1618:V','y','',1,'',1),(35,0,'vtiger_gazfourniturecf:cf_1657:GazFourniture_Nom_facture:cf_1657:V','y','',1,'',1),(36,0,'vtiger_elecfourniturecf:cf_1506:ElecFourniture_Prix_unitaire_HT:cf_1506:N','e','0',1,'and',1),(36,0,'vtiger_factureannuellecf:cf_1424:FactureAnnuelle_Nom_compte:cf_1424:V','y','',1,'and',2),(36,0,'vtiger_elecfourniture:cf_accounts_id:ElecFourniture_SIRET_client:cf_accounts_id:V','ny','',1,'and',3),(36,1,'vtiger_elecfourniturecf:cf_1510:ElecFourniture_Total_Electricité:cf_1510:NN','n','0',1,'and',1),(36,1,'vtiger_elecfourniture:cf_accounts_id:ElecFourniture_SIRET_client:cf_accounts_id:V','ny','',1,'',2),(36,1,'vtiger_elecfourniturecf:cf_1508:ElecFourniture_Nom_compte:cf_1508:V','y','',1,'',3),(36,2,'vtiger_elecfourniturecf:cf_1500:ElecFourniture_Consommation_MWh:cf_1500:NN','n','0',1,'',1),(37,0,'vtiger_elecacheminementcf:cf_1554:ElecAcheminement_Prix_unitaire_HT:cf_1554:N','e','0',1,'and',1),(37,0,'vtiger_factureannuellecf:cf_1424:FactureAnnuelle_Nom_compte:cf_1424:V','y','',1,'and',2),(37,0,'vtiger_elecacheminement:cf_accounts_id:ElecAcheminement_SIRET_client:cf_accounts_id:V','ny','',1,'and',3),(37,1,'vtiger_elecacheminementcf:cf_1550:ElecAcheminement_Montant_facture_HT:cf_1550:NN','n','0',1,'and',1),(37,1,'vtiger_elecacheminement:cf_accounts_id:ElecAcheminement_SIRET_client:cf_accounts_id:V','ny','',1,'',2),(37,1,'vtiger_elecacheminementcf:cf_1558:ElecAcheminement_Nom_compte:cf_1558:V','y','',1,'',3),(37,2,'vtiger_elecacheminementcf:cf_1548:ElecAcheminement_Consommation_MWh:cf_1548:NN','n','0',1,'',1),(38,0,'vtiger_elecfourniachemicf:cf_1616:ElecFourniAchemi_Prix_unitaire_HT:cf_1616:N','e','0',1,'and',1),(38,0,'vtiger_factureannuellecf:cf_1424:FactureAnnuelle_Nom_compte:cf_1424:V','y','',1,'and',2),(38,0,'vtiger_elecfourniachemi:cf_accounts_id:ElecFourniAchemi_SIRET_client:cf_accounts_id:V','ny','',1,'and',3),(38,1,'vtiger_elecfourniachemicf:cf_1612:ElecFourniAchemi_Montant_facture_HT:cf_1612:NN','n','0',1,'and',1),(38,1,'vtiger_elecfourniachemi:cf_accounts_id:ElecFourniAchemi_SIRET_client:cf_accounts_id:V','ny','',1,'',2),(38,1,'vtiger_elecfourniachemicf:cf_1588:ElecFourniAchemi_Nom_compte:cf_1588:V','y','',1,'',3),(38,2,'vtiger_elecfourniachemicf:cf_1610:ElecFourniAchemi_Consommation_MWh:cf_1610:NN','n','0',1,'',1),(39,0,'vtiger_gazfourniturecf:cf_1680:GazFourniture_Consommation_MWh:cf_1680:NN','n','0',1,'and',1),(39,0,'vtiger_factureannuellegazcf:cf_1390:FactureAnnuelleGaz_Nom_compte:cf_1390:V','y','',1,'and',2),(39,0,'vtiger_gazfourniture:cf_accounts_id:GazFourniture_SIRET_client:cf_accounts_id:V','ny','',1,'and',3),(39,0,'vtiger_gazfourniturecf:cf_1680:GazFourniture_Consommation_MWh:cf_1680:NN','n','0',1,'and',4),(39,1,'vtiger_gazfourniturecf:cf_1694:GazFourniture_Prix_unitaire_Fourniture:cf_1694:N','e','0',1,'and',1),(39,1,'vtiger_gazfourniture:cf_accounts_id:GazFourniture_SIRET_client:cf_accounts_id:V','ny','',1,'',2),(39,1,'vtiger_gazfourniturecf:cf_1670:GazFourniture_Nom_compte:cf_1670:V','y','',1,'',3),(39,1,'vtiger_gazfourniturecf:cf_1700:GazFourniture_Total_Acheminement:cf_1700:NN','n','0',1,'and',4),(39,2,'vtiger_gazfourniturecf:cf_1716:GazFourniture_Total_fourniture:cf_1716:NN','n','0',1,'',1),(39,2,'vtiger_gazfourniturecf:cf_1696:GazFourniture_Prix_unitaire_Acheminement:cf_1696:N','e','0',1,'',4),(40,0,'vtiger_factureannuellecf:cf_1030:FactureAnnuelle_Consommation_annuelle_MWh:cf_1030:NN','n','0',1,'and',1),(40,0,'vtiger_factureannuellecf:cf_1030:FactureAnnuelle_Consommation_annuelle_MWh:cf_1030:NN','n','0',1,'and',2),(40,0,'vtiger_factureannuellecf:cf_1030:FactureAnnuelle_Consommation_annuelle_MWh:cf_1030:NN','e','0',1,'',3),(40,1,'vtiger_factureannuellecf:cf_1253:FactureAnnuelle_Total_Electricité:cf_1253:NN','n','0',1,'and',1),(40,1,'vtiger_factureannuellecf:cf_1267:FactureAnnuelle_Montant_facture_HT:cf_1267:NN','n','0',1,'and',2),(40,2,'vtiger_factureannuellecf:cf_1036:FactureAnnuelle_Prix_unitaire_Fourniture:cf_1036:N','e','0',1,'',1),(40,2,'vtiger_factureannuellecf:cf_1038:FactureAnnuelle_Prix_unitaire_Acheminement:cf_1038:N','e','0',1,'',2),(41,0,'vtiger_factureannuellegazcf:cf_1406:FactureAnnuelleGaz_Prix_unitaire_Fourniture:cf_1406:N','e','0',1,'and',1),(41,0,'vtiger_factureannuellegazcf:cf_1408:FactureAnnuelleGaz_Prix_unitaire_Acheminement:cf_1408:N','e','0',1,'and',2),(41,0,'vtiger_factureannuellegazcf:cf_1396:FactureAnnuelleGaz_Consommation_annuelle_MWh:cf_1396:NN','e','0',1,'',3),(41,1,'vtiger_factureannuellegazcf:cf_1396:FactureAnnuelleGaz_Consommation_annuelle_MWh:cf_1396:NN','n','0',1,'and',1),(41,1,'vtiger_factureannuellegazcf:cf_1396:FactureAnnuelleGaz_Consommation_annuelle_MWh:cf_1396:NN','n','0',1,'and',2),(41,2,'vtiger_factureannuellegazcf:cf_1410:FactureAnnuelleGaz_Total_fourniture:cf_1410:NN','n','0',1,'',1),(41,2,'vtiger_factureannuellegazcf:cf_1412:FactureAnnuelleGaz_Total_Acheminement:cf_1412:NN','n','0',1,'',2),(43,0,'vtiger_elecfourniturecf:cf_1500:ElecFourniture_Consommation_MWh:cf_1500:NN','l','10',1,'',1),(44,0,'vtiger_elecacheminementcf:cf_1548:ElecAcheminement_Consommation_MWh:cf_1548:NN','l','10',1,'and',1),(44,1,'vtiger_elecacheminementcf:cf_1548:ElecAcheminement_Consommation_MWh:cf_1548:NN','n','0',1,'',1),(45,0,'vtiger_elecfourniachemicf:cf_1610:ElecFourniAchemi_Consommation_MWh:cf_1610:NN','l','0',1,'',1);

--
-- Table structure for table `vtiger_vreport_relcriteria_grouping`
--

CREATE TABLE `vtiger_vreport_relcriteria_grouping` (
  `groupid` int(11) NOT NULL,
  `queryid` int(19) NOT NULL,
  `groupparentid` int(11) NOT NULL,
  `group_condition` varchar(256) DEFAULT NULL,
  `condition_expression` text,
  PRIMARY KEY (`groupid`,`queryid`,`groupparentid`)
) ENGINE=InnoDB DEFAULT CHARSET=utf8;

--
-- Dumping data for table `vtiger_vreport_relcriteria_grouping`
--

INSERT INTO `vtiger_vreport_relcriteria_grouping` VALUES (1,26,1,'and',' 0 '),(1,27,1,'and',' 0 '),(1,28,1,'and',' 0 '),(1,29,1,'and',' 0 '),(1,30,2,'and',' 0 '),(1,30,3,'and',' 0 and 1 '),(1,30,4,'and',' 0 and 1 '),(1,30,5,'and',' 0 and 1 '),(1,30,6,'and',' 0 and 1 '),(1,30,7,'and',' 0 and 1 and 2 '),(1,32,1,'and',' 0 '),(1,33,1,'and',' 0 '),(1,34,1,'and',' 0 '),(1,35,1,'and',' 0 '),(1,36,1,'and',' 0 and 1 and 2 '),(1,36,2,'and',' 0 and 1 '),(1,36,3,'and',' 0 and 1 '),(1,37,1,'and',' 0 and 1 and 2 '),(1,37,2,'and',' 0 and 1 '),(1,37,3,'and',' 0 and 1 '),(1,38,1,'and',' 0 and 1 and 2 '),(1,38,2,'and',' 0 and 1 '),(1,38,3,'and',' 0 and 1 '),(1,39,1,'and',' 0 and 1 and 2 '),(1,39,2,'and',' 0 and 1 '),(1,39,3,'and',' 0 and 1 '),(1,39,4,'and',' 0 and 1 and 2 '),(1,40,1,'and',' 0 and 1 and 2 '),(1,40,2,'and',' 0 and 1 and 2 '),(1,40,3,'and',' 0 '),(1,41,1,'and',' 0 and 1 and 2 '),(1,41,2,'and',' 0 and 1 and 2 '),(1,41,3,'and',' 0 '),(1,43,1,'and',' 0 '),(1,44,1,'and',' 0 and 1 '),(1,45,1,'and',' 0 '),(2,30,2,NULL,' 1 or 2 '),(2,31,1,NULL,' 0 or 1 ');

--
-- Table structure for table `vtiger_vreport_relcriteria_grouping_parent`
--

CREATE TABLE `vtiger_vreport_relcriteria_grouping_parent` (
  `groupparentid` int(11) NOT NULL,
  `queryid` int(19) NOT NULL,
  `group_parent_condition` varchar(100) DEFAULT NULL,
  PRIMARY KEY (`groupparentid`,`queryid`)
) ENGINE=InnoDB DEFAULT CHARSET=utf8;

--
-- Dumping data for table `vtiger_vreport_relcriteria_grouping_parent`
--

INSERT INTO `vtiger_vreport_relcriteria_grouping_parent` VALUES (1,26,''),(1,27,''),(1,28,''),(1,29,''),(1,30,'or'),(1,31,''),(1,32,''),(1,33,''),(1,34,''),(1,35,''),(1,36,'or'),(1,37,'or'),(1,38,'or'),(1,39,'or'),(1,40,'or'),(1,41,'or'),(1,42,''),(1,43,''),(1,44,''),(1,45,''),(2,30,'or'),(2,36,'or'),(2,37,'or'),(2,38,'or'),(2,39,'or'),(2,40,'or'),(2,41,'or'),(3,30,'or'),(3,36,''),(3,37,''),(3,38,''),(3,39,'or'),(3,40,''),(3,41,''),(4,30,'or'),(4,39,''),(5,30,'and'),(6,30,'or'),(7,30,'');

--
-- Table structure for table `vtiger_vreport_shareall`
--

CREATE TABLE `vtiger_vreport_shareall` (
  `reportid` int(19) NOT NULL,
  `is_shareall` varchar(100) DEFAULT NULL,
  PRIMARY KEY (`reportid`)
) ENGINE=InnoDB DEFAULT CHARSET=utf8;

--
-- Dumping data for table `vtiger_vreport_shareall`
--

INSERT INTO `vtiger_vreport_shareall` VALUES (26,'1'),(27,'1'),(28,'1'),(29,'1'),(30,'1'),(31,'1'),(32,'1'),(33,'1'),(34,'1'),(35,'1'),(36,'1'),(37,'1'),(38,'1'),(39,'1'),(40,'1'),(41,'1'),(43,'1'),(44,'1'),(45,'1');

--
-- Table structure for table `vtiger_vreport_sharegroups`
--

CREATE TABLE `vtiger_vreport_sharegroups` (
  `reportid` int(25) NOT NULL,
  `groupid` int(25) NOT NULL,
  KEY `vtiger_vreport_sharegroups_ibfk_1` (`reportid`),
  KEY `vtiger_groups_groupid_ibfk_1` (`groupid`),
  CONSTRAINT `vtiger_groups_groupid_ibfk_2` FOREIGN KEY (`groupid`) REFERENCES `vtiger_groups` (`groupid`) ON DELETE CASCADE,
  CONSTRAINT `vtiger_vreport_reportid_ibfk_2` FOREIGN KEY (`reportid`) REFERENCES `vtiger_vreport` (`reportid`) ON DELETE CASCADE
) ENGINE=InnoDB DEFAULT CHARSET=utf8;

--
-- Dumping data for table `vtiger_vreport_sharegroups`
--


--
-- Table structure for table `vtiger_vreport_sharerole`
--

CREATE TABLE `vtiger_vreport_sharerole` (
  `reportid` int(25) NOT NULL,
  `roleid` varchar(255) NOT NULL,
  KEY `vtiger_vreport_sharerole_ibfk_1` (`reportid`),
  KEY `vtiger_role_roleid_ibfk_1` (`roleid`),
  CONSTRAINT `vtiger_role_roleid_ibfk_2` FOREIGN KEY (`roleid`) REFERENCES `vtiger_role` (`roleid`) ON DELETE CASCADE,
  CONSTRAINT `vtiger_vreport_reportid_ibfk_3` FOREIGN KEY (`reportid`) REFERENCES `vtiger_vreport` (`reportid`) ON DELETE CASCADE
) ENGINE=InnoDB DEFAULT CHARSET=utf8;

--
-- Dumping data for table `vtiger_vreport_sharerole`
--


--
-- Table structure for table `vtiger_vreport_sharers`
--

CREATE TABLE `vtiger_vreport_sharers` (
  `reportid` int(25) NOT NULL,
  `rsid` varchar(255) NOT NULL,
  KEY `vtiger_vreport_sharers_ibfk_1` (`reportid`),
  KEY `vtiger_rolesd_rsid_ibfk_1` (`rsid`),
  CONSTRAINT `vtiger_rolesd_rsid_ibfk_2` FOREIGN KEY (`rsid`) REFERENCES `vtiger_role` (`roleid`) ON DELETE CASCADE,
  CONSTRAINT `vtiger_vreport_reportid_ibfk_4` FOREIGN KEY (`reportid`) REFERENCES `vtiger_vreport` (`reportid`) ON DELETE CASCADE
) ENGINE=InnoDB DEFAULT CHARSET=utf8;

--
-- Dumping data for table `vtiger_vreport_sharers`
--


--
-- Table structure for table `vtiger_vreport_shareusers`
--

CREATE TABLE `vtiger_vreport_shareusers` (
  `reportid` int(25) NOT NULL,
  `userid` int(25) NOT NULL,
  KEY `vtiger_vreport_shareusers_ibfk_1` (`reportid`),
  KEY `vtiger_users_userid_ibfk_1` (`userid`),
  CONSTRAINT `vtiger_users_userid_ibfk_2` FOREIGN KEY (`userid`) REFERENCES `vtiger_users` (`id`) ON DELETE CASCADE,
  CONSTRAINT `vtiger_vreports_reportid_ibfk_5` FOREIGN KEY (`reportid`) REFERENCES `vtiger_vreport` (`reportid`) ON DELETE CASCADE
) ENGINE=InnoDB DEFAULT CHARSET=utf8;

--
-- Dumping data for table `vtiger_vreport_shareusers`
--

INSERT INTO `vtiger_vreport_shareusers` VALUES (42,5);

--
-- Table structure for table `vtiger_vreportdashboard_boards`
--

CREATE TABLE `vtiger_vreportdashboard_boards` (
  `id` int(19) NOT NULL AUTO_INCREMENT,
  `boardname` varchar(50) DEFAULT NULL,
  `shared_to` text,
  `userid` int(11) DEFAULT NULL,
  PRIMARY KEY (`id`),
  UNIQUE KEY `boardname` (`boardname`) USING BTREE
) ENGINE=InnoDB AUTO_INCREMENT=2 DEFAULT CHARSET=utf8;

--
-- Dumping data for table `vtiger_vreportdashboard_boards`
--

INSERT INTO `vtiger_vreportdashboard_boards` VALUES (1,'Default',NULL,0);

--
-- Table structure for table `vtiger_vreportdashboard_tabs`
--

CREATE TABLE `vtiger_vreportdashboard_tabs` (
  `id` int(19) NOT NULL AUTO_INCREMENT,
  `tabname` varchar(50) DEFAULT NULL,
  `isdefault` int(1) DEFAULT '0',
  `sequence` int(5) DEFAULT '2',
  `appname` varchar(20) DEFAULT NULL,
  `modulename` varchar(50) DEFAULT NULL,
  `userid` int(11) DEFAULT NULL,
  `dynamic_filter_createdby` int(11) DEFAULT NULL,
  `boardid` int(11) DEFAULT NULL,
  `dynamic_filter_account` int(11) DEFAULT NULL,
  `dynamic_filter_assignedto` int(11) DEFAULT NULL,
  `dynamic_filter_date` varchar(100) DEFAULT NULL,
  `dynamic_filter_type_date` varchar(100) DEFAULT NULL,
  PRIMARY KEY (`id`),
  KEY `vtiger_vreportdashboard_tabs_ibfk_1` (`userid`) USING BTREE,
  KEY `vtiger_vreportdashboard_tabs_ibfk_2` (`boardid`),
  CONSTRAINT `vtiger_vreportdashboard_tabs_ibfk_2` FOREIGN KEY (`boardid`) REFERENCES `vtiger_vreportdashboard_boards` (`id`) ON DELETE CASCADE
) ENGINE=InnoDB AUTO_INCREMENT=7 DEFAULT CHARSET=utf8;

--
-- Dumping data for table `vtiger_vreportdashboard_tabs`
--

INSERT INTO `vtiger_vreportdashboard_tabs` VALUES (1,'Default',1,1,NULL,NULL,0,NULL,1,NULL,NULL,NULL,NULL),(3,'Chorus To Import',0,2,NULL,NULL,7,NULL,1,NULL,NULL,NULL,NULL),(5,'Factures à MAJ',0,3,NULL,NULL,7,NULL,1,NULL,NULL,NULL,NULL),(6,'Factures sans Document',0,4,NULL,NULL,7,NULL,1,NULL,NULL,NULL,NULL);

--
-- Table structure for table `vtiger_vreportdatefilter`
--

CREATE TABLE `vtiger_vreportdatefilter` (
  `datefilterid` int(19) NOT NULL,
  `datecolumnname` varchar(250) DEFAULT '',
  `datefilter` varchar(250) DEFAULT '',
  `startdate` date DEFAULT NULL,
  `enddate` date DEFAULT NULL,
  PRIMARY KEY (`datefilterid`),
  KEY `reportdatefilter_datefilterid_idx` (`datefilterid`),
  CONSTRAINT `fk_1_vtiger_vreportdatefilter` FOREIGN KEY (`datefilterid`) REFERENCES `vtiger_vreport` (`reportid`) ON DELETE CASCADE
) ENGINE=InnoDB DEFAULT CHARSET=utf8;

--
-- Dumping data for table `vtiger_vreportdatefilter`
--


--
-- Table structure for table `vtiger_vreportfilters`
--

CREATE TABLE `vtiger_vreportfilters` (
  `filterid` int(19) NOT NULL,
  `name` varchar(200) NOT NULL
) ENGINE=InnoDB DEFAULT CHARSET=utf8;

--
-- Dumping data for table `vtiger_vreportfilters`
--


--
-- Table structure for table `vtiger_vreportfolder`
--

CREATE TABLE `vtiger_vreportfolder` (
  `folderid` int(19) NOT NULL AUTO_INCREMENT,
  `foldername` text NOT NULL,
  `description` text,
  `state` varchar(50) DEFAULT 'SAVED',
  PRIMARY KEY (`folderid`)
) ENGINE=InnoDB AUTO_INCREMENT=14 DEFAULT CHARSET=utf8;

--
-- Dumping data for table `vtiger_vreportfolder`
--

INSERT INTO `vtiger_vreportfolder` VALUES (13,'Default','','CUSTOMIZED');

--
-- Table structure for table `vtiger_vreportgroupbycolumn`
--

CREATE TABLE `vtiger_vreportgroupbycolumn` (
  `reportid` int(19) DEFAULT NULL,
  `sortid` int(19) DEFAULT NULL,
  `sortcolname` varchar(250) DEFAULT NULL,
  `dategroupbycriteria` varchar(250) DEFAULT NULL,
  KEY `fk_1_vtiger_vreportgroupbycolumn` (`reportid`),
  CONSTRAINT `fk_1_vtiger_vreportgroupbycolumn` FOREIGN KEY (`reportid`) REFERENCES `vtiger_vreport` (`reportid`) ON DELETE CASCADE
) ENGINE=InnoDB DEFAULT CHARSET=utf8;

--
-- Dumping data for table `vtiger_vreportgroupbycolumn`
--


--
-- Table structure for table `vtiger_vreportmodules`
--

CREATE TABLE `vtiger_vreportmodules` (
  `reportmodulesid` int(19) NOT NULL,
  `primarymodule` varchar(100) DEFAULT NULL,
  `secondarymodules` varchar(250) DEFAULT '',
  PRIMARY KEY (`reportmodulesid`),
  CONSTRAINT `fk_1_vtiger_vreportmodules` FOREIGN KEY (`reportmodulesid`) REFERENCES `vtiger_vreport` (`reportid`) ON DELETE CASCADE
) ENGINE=InnoDB DEFAULT CHARSET=utf8;

--
-- Dumping data for table `vtiger_vreportmodules`
--

INSERT INTO `vtiger_vreportmodules` VALUES (26,'ElecFourniture','Documents'),(27,'ElecAcheminement','Documents'),(28,'ElecFourniAchemi','Documents'),(29,'GazFourniture','Documents'),(30,'FactureAnnuelle',NULL),(31,'Accounts',NULL),(32,'ElecFourniture','Documents'),(33,'ElecAcheminement','Documents'),(34,'ElecFourniAchemi','Documents'),(35,'GazFourniture','Documents'),(36,'ElecFourniture','FactureAnnuelle'),(37,'ElecAcheminement','FactureAnnuelle'),(38,'ElecFourniAchemi','FactureAnnuelle'),(39,'GazFourniture','FactureAnnuelleGaz'),(40,'FactureAnnuelle',NULL),(41,'FactureAnnuelleGaz',NULL),(42,'FactureAnnuelle','ElecFourniture'),(43,'ElecFourniture',NULL),(44,'ElecAcheminement',NULL),(45,'ElecFourniAchemi',NULL);

--
-- Table structure for table `vtiger_vreports_css_defaults`
--

CREATE TABLE `vtiger_vreports_css_defaults` (
  `widgetId` int(11) NOT NULL,
  `type` varchar(50) DEFAULT NULL,
  `description` text
) ENGINE=InnoDB DEFAULT CHARSET=utf8;

--
-- Dumping data for table `vtiger_vreports_css_defaults`
--

INSERT INTO `vtiger_vreports_css_defaults` VALUES (0,'minilisttable_table','white-space : nowrap;'),(0,'minilisttable_tr','padding:5px;');

--
-- Table structure for table `vtiger_vreportsharing`
--

CREATE TABLE `vtiger_vreportsharing` (
  `reportid` int(19) NOT NULL,
  `shareid` int(19) NOT NULL,
  `setype` varchar(200) NOT NULL
) ENGINE=InnoDB DEFAULT CHARSET=utf8;

--
-- Dumping data for table `vtiger_vreportsharing`
--


--
-- Table structure for table `vtiger_vreportshistory`
--

CREATE TABLE `vtiger_vreportshistory` (
  `id` int(11) NOT NULL AUTO_INCREMENT,
  `reportid` int(11) DEFAULT NULL,
  `reportname` varchar(250) DEFAULT NULL,
  `date_sent` datetime DEFAULT NULL,
  `from_email` varchar(250) DEFAULT NULL,
  `to_email` text,
  `cc_email` varchar(250) DEFAULT NULL,
  `bcc_email` varchar(250) DEFAULT NULL,
  `email_subject` varchar(250) DEFAULT NULL,
  `email_body` text,
  `result` varchar(10) DEFAULT NULL,
  PRIMARY KEY (`id`)
) ENGINE=InnoDB DEFAULT CHARSET=utf8;

--
-- Dumping data for table `vtiger_vreportshistory`
--


--
-- Table structure for table `vtiger_vreportsortcol`
--

CREATE TABLE `vtiger_vreportsortcol` (
  `sortcolid` int(19) NOT NULL,
  `reportid` int(19) NOT NULL,
  `columnname` varchar(250) DEFAULT '',
  `sortorder` varchar(250) DEFAULT 'Asc',
  PRIMARY KEY (`sortcolid`,`reportid`),
  KEY `fk_1_vtiger_vreportsortcol` (`reportid`),
  CONSTRAINT `fk_1_vtiger_vreportsortcol` FOREIGN KEY (`reportid`) REFERENCES `vtiger_vreport` (`reportid`) ON DELETE CASCADE
) ENGINE=InnoDB DEFAULT CHARSET=utf8;

--
-- Dumping data for table `vtiger_vreportsortcol`
--

INSERT INTO `vtiger_vreportsortcol` VALUES (0,26,'none',''),(0,27,'none',''),(0,28,'none',''),(0,29,'none',''),(0,30,'none',''),(0,31,'none',''),(0,32,'none',''),(0,33,'none',''),(0,34,'none',''),(0,35,'none',''),(0,36,'none',''),(0,37,'none',''),(0,38,'none',''),(0,39,'none',''),(0,40,'none',''),(0,41,'none',''),(0,42,'none',''),(0,43,'none',''),(0,44,'none',''),(0,45,'none',''),(1,26,'none',''),(1,27,'none',''),(1,28,'none',''),(1,29,'none',''),(1,30,'none',''),(1,31,'none',''),(1,32,'none',''),(1,33,'none',''),(1,34,'none',''),(1,35,'none',''),(1,36,'none',''),(1,37,'none',''),(1,38,'none',''),(1,39,'none',''),(1,40,'none',''),(1,41,'none',''),(1,42,'none',''),(1,43,'none',''),(1,44,'none',''),(1,45,'none',''),(2,26,'none',''),(2,27,'none',''),(2,28,'none',''),(2,29,'none',''),(2,30,'none',''),(2,31,'none',''),(2,32,'none',''),(2,33,'none',''),(2,34,'none',''),(2,35,'none',''),(2,36,'none',''),(2,37,'none',''),(2,38,'none',''),(2,39,'none',''),(2,40,'none',''),(2,41,'none',''),(2,42,'none',''),(2,43,'none',''),(2,44,'none',''),(2,45,'none','');

--
-- Table structure for table `vtiger_vreportsummary`
--

CREATE TABLE `vtiger_vreportsummary` (
  `reportsummaryid` int(19) NOT NULL,
  `summarytype` int(19) NOT NULL,
  `columnname` varchar(250) NOT NULL DEFAULT '',
  `column_rename_status` varchar(10) DEFAULT NULL,
  `column_rename` varchar(250) DEFAULT NULL,
  PRIMARY KEY (`reportsummaryid`,`summarytype`,`columnname`),
  KEY `reportsummary_reportsummaryid_idx` (`reportsummaryid`),
  CONSTRAINT `fk_1_vtiger_vreportsummary` FOREIGN KEY (`reportsummaryid`) REFERENCES `vtiger_vreport` (`reportid`) ON DELETE CASCADE
) ENGINE=InnoDB DEFAULT CHARSET=utf8;

--
-- Dumping data for table `vtiger_vreportsummary`
--


--
-- Table structure for table `vtiger_vreporttype`
--

CREATE TABLE `vtiger_vreporttype` (
  `reportid` int(10) NOT NULL,
  `data` text,
  `rename_field` text,
  `rename_field_chart` text,
  `sort_by` varchar(500) DEFAULT NULL,
  `limit` int(11) DEFAULT NULL,
  `order_by` varchar(10) DEFAULT NULL,
  PRIMARY KEY (`reportid`),
  CONSTRAINT `fk_1_vtiger_vreporttype` FOREIGN KEY (`reportid`) REFERENCES `vtiger_vreport` (`reportid`) ON DELETE CASCADE
) ENGINE=InnoDB DEFAULT CHARSET=utf8;

--
-- Dumping data for table `vtiger_vreporttype`
--

INSERT INTO `vtiger_vreporttype` VALUES (26,NULL,NULL,NULL,'null',NULL,NULL),(27,NULL,NULL,NULL,'null',NULL,NULL),(28,NULL,NULL,NULL,'null',NULL,NULL),(29,NULL,NULL,NULL,'null',NULL,NULL),(30,NULL,NULL,NULL,'null',NULL,NULL),(31,NULL,NULL,NULL,'null',NULL,NULL),(32,NULL,NULL,NULL,'null',NULL,NULL),(33,NULL,NULL,NULL,'null',NULL,NULL),(34,NULL,NULL,NULL,'null',NULL,NULL),(35,NULL,NULL,NULL,'null',NULL,NULL),(36,NULL,NULL,NULL,'null',NULL,NULL),(37,NULL,NULL,NULL,'null',NULL,NULL),(38,NULL,NULL,NULL,'null',NULL,NULL),(39,NULL,NULL,NULL,'null',NULL,NULL),(40,NULL,NULL,NULL,'null',NULL,NULL),(41,NULL,NULL,NULL,'null',NULL,NULL),(42,NULL,NULL,NULL,'null',NULL,NULL),(43,NULL,NULL,NULL,'null',NULL,NULL),(44,NULL,NULL,NULL,'null',NULL,NULL),(45,NULL,NULL,NULL,'null',NULL,NULL);

--
-- Table structure for table `vtiger_webform_file_fields`
--

CREATE TABLE `vtiger_webform_file_fields` (
  `id` int(19) NOT NULL AUTO_INCREMENT,
  `webformid` int(19) NOT NULL,
  `fieldname` varchar(100) NOT NULL,
  `fieldlabel` varchar(100) NOT NULL,
  `required` int(1) NOT NULL DEFAULT '0',
  PRIMARY KEY (`id`),
  KEY `fk_vtiger_webforms` (`webformid`),
  CONSTRAINT `fk_vtiger_webforms` FOREIGN KEY (`webformid`) REFERENCES `vtiger_webforms` (`id`) ON DELETE CASCADE
) ENGINE=InnoDB DEFAULT CHARSET=utf8;

--
-- Dumping data for table `vtiger_webform_file_fields`
--


--
-- Table structure for table `vtiger_webforms`
--

CREATE TABLE `vtiger_webforms` (
  `id` int(19) NOT NULL AUTO_INCREMENT,
  `name` varchar(100) NOT NULL,
  `publicid` varchar(100) NOT NULL,
  `enabled` int(1) NOT NULL DEFAULT '1',
  `targetmodule` varchar(50) NOT NULL,
  `description` text,
  `ownerid` int(19) NOT NULL,
  `returnurl` varchar(250) DEFAULT NULL,
  `captcha` int(1) NOT NULL DEFAULT '0',
  `roundrobin` int(1) NOT NULL DEFAULT '0',
  `roundrobin_userid` varchar(256) DEFAULT NULL,
  `roundrobin_logic` int(11) NOT NULL DEFAULT '0',
  PRIMARY KEY (`id`),
  UNIQUE KEY `webformname` (`name`),
  UNIQUE KEY `publicid` (`id`),
  KEY `webforms_webforms_id_idx` (`id`)
) ENGINE=InnoDB DEFAULT CHARSET=utf8;

--
-- Dumping data for table `vtiger_webforms`
--


--
-- Table structure for table `vtiger_webforms_field`
--

CREATE TABLE `vtiger_webforms_field` (
  `id` int(19) NOT NULL AUTO_INCREMENT,
  `webformid` int(19) NOT NULL,
  `fieldname` varchar(50) NOT NULL,
  `neutralizedfield` varchar(50) NOT NULL,
  `defaultvalue` text,
  `required` int(10) NOT NULL DEFAULT '0',
  `sequence` int(10) DEFAULT NULL,
  `hidden` int(10) DEFAULT NULL,
  PRIMARY KEY (`id`),
  KEY `webforms_webforms_field_idx` (`id`),
  KEY `fk_1_vtiger_webforms_field` (`webformid`),
  KEY `fk_2_vtiger_webforms_field` (`fieldname`),
  CONSTRAINT `fk_1_vtiger_webforms_field` FOREIGN KEY (`webformid`) REFERENCES `vtiger_webforms` (`id`) ON DELETE CASCADE,
  CONSTRAINT `fk_3_vtiger_webforms_field` FOREIGN KEY (`fieldname`) REFERENCES `vtiger_field` (`fieldname`) ON DELETE CASCADE
) ENGINE=InnoDB DEFAULT CHARSET=utf8;

--
-- Dumping data for table `vtiger_webforms_field`
--


--
-- Table structure for table `vtiger_wordtemplates`
--

CREATE TABLE `vtiger_wordtemplates` (
  `templateid` int(19) NOT NULL,
  `filename` varchar(100) NOT NULL,
  `module` varchar(30) NOT NULL,
  `date_entered` timestamp NOT NULL DEFAULT CURRENT_TIMESTAMP ON UPDATE CURRENT_TIMESTAMP,
  `parent_type` varchar(50) NOT NULL,
  `data` longblob,
  `description` text,
  `filesize` varchar(50) NOT NULL,
  `filetype` varchar(20) NOT NULL,
  `deleted` int(1) NOT NULL DEFAULT '0',
  PRIMARY KEY (`templateid`)
) ENGINE=InnoDB DEFAULT CHARSET=utf8;

--
-- Dumping data for table `vtiger_wordtemplates`
--


--
-- Table structure for table `vtiger_ws_entity`
--

CREATE TABLE `vtiger_ws_entity` (
  `id` int(11) NOT NULL AUTO_INCREMENT,
  `name` varchar(25) NOT NULL,
  `handler_path` varchar(255) NOT NULL,
  `handler_class` varchar(64) NOT NULL,
  `ismodule` int(3) NOT NULL,
  PRIMARY KEY (`id`)
) ENGINE=InnoDB AUTO_INCREMENT=62 DEFAULT CHARSET=utf8;

--
-- Dumping data for table `vtiger_ws_entity`
--

INSERT INTO `vtiger_ws_entity` VALUES (1,'Campaigns','include/Webservices/VtigerModuleOperation.php','VtigerModuleOperation',1),(2,'Invoice','include/Webservices/LineItem/VtigerInventoryOperation.php','VtigerInventoryOperation',1),(3,'SalesOrder','include/Webservices/LineItem/VtigerInventoryOperation.php','VtigerInventoryOperation',1),(4,'PurchaseOrder','include/Webservices/LineItem/VtigerInventoryOperation.php','VtigerInventoryOperation',1),(5,'Quotes','include/Webservices/LineItem/VtigerInventoryOperation.php','VtigerInventoryOperation',1),(6,'Faq','include/Webservices/VtigerModuleOperation.php','VtigerModuleOperation',1),(7,'Vendors','include/Webservices/VtigerModuleOperation.php','VtigerModuleOperation',1),(8,'PriceBooks','include/Webservices/VtigerModuleOperation.php','VtigerModuleOperation',1),(9,'Calendar','include/Webservices/VtigerModuleOperation.php','VtigerModuleOperation',1),(10,'Leads','include/Webservices/VtigerModuleOperation.php','VtigerModuleOperation',1),(11,'Accounts','include/Webservices/VtigerModuleOperation.php','VtigerModuleOperation',1),(12,'Contacts','include/Webservices/VtigerModuleOperation.php','VtigerModuleOperation',1),(13,'Potentials','include/Webservices/VtigerModuleOperation.php','VtigerModuleOperation',1),(14,'Products','include/Webservices/VtigerProductOperation.php','VtigerProductOperation',1),(15,'Documents','include/Webservices/VtigerModuleOperation.php','VtigerModuleOperation',1),(16,'Emails','include/Webservices/VtigerModuleOperation.php','VtigerModuleOperation',1),(17,'HelpDesk','include/Webservices/VtigerModuleOperation.php','VtigerModuleOperation',1),(18,'Events','include/Webservices/VtigerModuleOperation.php','VtigerModuleOperation',1),(19,'Users','include/Webservices/VtigerModuleOperation.php','VtigerModuleOperation',1),(20,'Groups','include/Webservices/VtigerActorOperation.php','VtigerActorOperation',0),(21,'Currency','include/Webservices/VtigerActorOperation.php','VtigerActorOperation',0),(22,'DocumentFolders','include/Webservices/VtigerActorOperation.php','VtigerActorOperation',0),(23,'CompanyDetails','include/Webservices/VtigerCompanyDetails.php','VtigerCompanyDetails',0),(24,'ServiceContracts','include/Webservices/VtigerModuleOperation.php','VtigerModuleOperation',1),(25,'PBXManager','include/Webservices/VtigerModuleOperation.php','VtigerModuleOperation',1),(26,'Services','include/Webservices/VtigerProductOperation.php','VtigerProductOperation',1),(27,'SMSNotifier','include/Webservices/VtigerModuleOperation.php','VtigerModuleOperation',1),(28,'Assets','include/Webservices/VtigerModuleOperation.php','VtigerModuleOperation',1),(29,'ModComments','include/Webservices/VtigerModuleOperation.php','VtigerModuleOperation',1),(30,'ProjectMilestone','include/Webservices/VtigerModuleOperation.php','VtigerModuleOperation',1),(31,'ProjectTask','include/Webservices/VtigerModuleOperation.php','VtigerModuleOperation',1),(32,'Project','include/Webservices/VtigerModuleOperation.php','VtigerModuleOperation',1),(33,'LineItem','include/Webservices/LineItem/VtigerLineItemOperation.php','VtigerLineItemOperation',0),(34,'Tax','include/Webservices/LineItem/VtigerTaxOperation.php','VtigerTaxOperation',0),(35,'ProductTaxes','include/Webservices/LineItem/VtigerProductTaxesOperation.php','VtigerProductTaxesOperation',0),(38,'Dtailsfacture','include/Webservices/VtigerModuleOperation.php','VtigerModuleOperation',1),(39,'Factures','include/Webservices/VtigerModuleOperation.php','VtigerModuleOperation',1),(44,'ModuleLinkCreator','include/Webservices/VtigerModuleOperation.php','VtigerModuleOperation',1),(45,'FactureAnnuelle','include/Webservices/VtigerModuleOperation.php','VtigerModuleOperation',1),(49,'VTELabelEditor','include/Webservices/VtigerModuleOperation.php','VtigerModuleOperation',1),(52,'FactureAnnuelleGaz','include/Webservices/VtigerModuleOperation.php','VtigerModuleOperation',1),(54,'ElecFourniture','include/Webservices/VtigerModuleOperation.php','VtigerModuleOperation',1),(55,'ElecAcheminement','include/Webservices/VtigerModuleOperation.php','VtigerModuleOperation',1),(56,'ElecFourniAchemi','include/Webservices/VtigerModuleOperation.php','VtigerModuleOperation',1),(57,'GazFourniture','include/Webservices/VtigerModuleOperation.php','VtigerModuleOperation',1),(58,'SIRET','include/Webservices/VtigerModuleOperation.php','VtigerModuleOperation',1),(59,'CodeNAF','include/Webservices/VtigerModuleOperation.php','VtigerModuleOperation',1),(60,'VReports','include/Webservices/VtigerModuleOperation.php','VtigerModuleOperation',1),(61,'Formesjuridiques','include/Webservices/VtigerModuleOperation.php','VtigerModuleOperation',1);

--
-- Table structure for table `vtiger_ws_entity_fieldtype`
--

CREATE TABLE `vtiger_ws_entity_fieldtype` (
  `fieldtypeid` int(19) NOT NULL AUTO_INCREMENT,
  `table_name` varchar(50) NOT NULL,
  `field_name` varchar(50) NOT NULL,
  `fieldtype` varchar(200) NOT NULL,
  PRIMARY KEY (`fieldtypeid`),
  UNIQUE KEY `vtiger_idx_1_tablename_fieldname` (`table_name`,`field_name`)
) ENGINE=InnoDB AUTO_INCREMENT=11 DEFAULT CHARSET=utf8;

--
-- Dumping data for table `vtiger_ws_entity_fieldtype`
--

INSERT INTO `vtiger_ws_entity_fieldtype` VALUES (1,'vtiger_attachmentsfolder','createdby','reference'),(2,'vtiger_organizationdetails','logoname','file'),(3,'vtiger_organizationdetails','phone','phone'),(4,'vtiger_organizationdetails','fax','phone'),(5,'vtiger_organizationdetails','website','url'),(6,'vtiger_inventoryproductrel','productid','reference'),(7,'vtiger_inventoryproductrel','id','reference'),(8,'vtiger_inventoryproductrel','incrementondel','autogenerated'),(9,'vtiger_producttaxrel','productid','reference'),(10,'vtiger_producttaxrel','taxid','reference');

--
-- Table structure for table `vtiger_ws_entity_fieldtype_seq`
--

CREATE TABLE `vtiger_ws_entity_fieldtype_seq` (
  `id` int(11) NOT NULL
) ENGINE=InnoDB DEFAULT CHARSET=utf8;

--
-- Dumping data for table `vtiger_ws_entity_fieldtype_seq`
--

INSERT INTO `vtiger_ws_entity_fieldtype_seq` VALUES (10);

--
-- Table structure for table `vtiger_ws_entity_name`
--

CREATE TABLE `vtiger_ws_entity_name` (
  `entity_id` int(11) NOT NULL,
  `name_fields` varchar(50) NOT NULL,
  `index_field` varchar(50) NOT NULL,
  `table_name` varchar(50) NOT NULL,
  PRIMARY KEY (`entity_id`)
) ENGINE=InnoDB DEFAULT CHARSET=utf8;

--
-- Dumping data for table `vtiger_ws_entity_name`
--

INSERT INTO `vtiger_ws_entity_name` VALUES (20,'groupname','groupid','vtiger_groups'),(21,'currency_name','id','vtiger_currency_info'),(22,'foldername','folderid','vtiger_attachmentsfolder'),(23,'organizationname','groupid','vtiger_organizationdetails'),(34,'taxlabel','taxid','vtiger_inventorytaxinfo');

--
-- Table structure for table `vtiger_ws_entity_referencetype`
--

CREATE TABLE `vtiger_ws_entity_referencetype` (
  `fieldtypeid` int(19) NOT NULL,
  `type` varchar(25) NOT NULL,
  PRIMARY KEY (`fieldtypeid`,`type`),
  CONSTRAINT `vtiger_fk_1_actors_referencetype` FOREIGN KEY (`fieldtypeid`) REFERENCES `vtiger_ws_entity_fieldtype` (`fieldtypeid`) ON DELETE CASCADE
) ENGINE=InnoDB DEFAULT CHARSET=utf8;

--
-- Dumping data for table `vtiger_ws_entity_referencetype`
--

INSERT INTO `vtiger_ws_entity_referencetype` VALUES (5,'Users'),(6,'Products'),(7,'Invoice'),(7,'PurchaseOrder'),(7,'Quotes'),(7,'SalesOrder'),(9,'Products'),(10,'Tax');

--
-- Table structure for table `vtiger_ws_entity_seq`
--

CREATE TABLE `vtiger_ws_entity_seq` (
  `id` int(11) NOT NULL
) ENGINE=InnoDB DEFAULT CHARSET=utf8;

--
-- Dumping data for table `vtiger_ws_entity_seq`
--

INSERT INTO `vtiger_ws_entity_seq` VALUES (61);

--
-- Table structure for table `vtiger_ws_entity_tables`
--

CREATE TABLE `vtiger_ws_entity_tables` (
  `webservice_entity_id` int(11) NOT NULL,
  `table_name` varchar(50) NOT NULL,
  PRIMARY KEY (`webservice_entity_id`,`table_name`),
  CONSTRAINT `fk_1_vtiger_ws_actor_tables` FOREIGN KEY (`webservice_entity_id`) REFERENCES `vtiger_ws_entity` (`id`) ON DELETE CASCADE
) ENGINE=InnoDB DEFAULT CHARSET=utf8;

--
-- Dumping data for table `vtiger_ws_entity_tables`
--

INSERT INTO `vtiger_ws_entity_tables` VALUES (20,'vtiger_groups'),(21,'vtiger_currency_info'),(22,'vtiger_attachmentsfolder'),(23,'vtiger_organizationdetails'),(33,'vtiger_inventoryproductrel'),(34,'vtiger_inventorytaxinfo'),(35,'vtiger_producttaxrel');

--
-- Table structure for table `vtiger_ws_fieldinfo`
--

CREATE TABLE `vtiger_ws_fieldinfo` (
  `id` varchar(64) NOT NULL,
  `property_name` varchar(32) DEFAULT NULL,
  `property_value` varchar(64) DEFAULT NULL,
  PRIMARY KEY (`id`)
) ENGINE=InnoDB DEFAULT CHARSET=utf8;

--
-- Dumping data for table `vtiger_ws_fieldinfo`
--

INSERT INTO `vtiger_ws_fieldinfo` VALUES ('vtiger_organizationdetails.organization_id','upload.path','1');

--
-- Table structure for table `vtiger_ws_fieldtype`
--

CREATE TABLE `vtiger_ws_fieldtype` (
  `fieldtypeid` int(19) NOT NULL AUTO_INCREMENT,
  `uitype` varchar(30) NOT NULL,
  `fieldtype` varchar(200) NOT NULL,
  PRIMARY KEY (`fieldtypeid`),
  UNIQUE KEY `uitype_idx` (`uitype`)
) ENGINE=InnoDB AUTO_INCREMENT=42 DEFAULT CHARSET=utf8;

--
-- Dumping data for table `vtiger_ws_fieldtype`
--

INSERT INTO `vtiger_ws_fieldtype` VALUES (1,'15','picklist'),(2,'16','picklist'),(3,'19','text'),(4,'20','text'),(5,'21','text'),(6,'24','text'),(7,'3','autogenerated'),(8,'11','phone'),(9,'33','multipicklist'),(10,'17','url'),(11,'85','skype'),(12,'56','boolean'),(13,'156','boolean'),(14,'53','owner'),(15,'61','file'),(16,'28','file'),(17,'13','email'),(18,'71','currency'),(19,'72','currency'),(20,'50','reference'),(21,'51','reference'),(22,'57','reference'),(23,'58','reference'),(24,'73','reference'),(25,'75','reference'),(26,'76','reference'),(27,'78','reference'),(28,'80','reference'),(29,'81','reference'),(30,'101','reference'),(31,'52','reference'),(32,'357','reference'),(33,'59','reference'),(34,'66','reference'),(35,'77','reference'),(36,'68','reference'),(37,'117','reference'),(38,'26','reference'),(39,'10','reference'),(40,'98','reference'),(41,'69','image');

--
-- Table structure for table `vtiger_ws_operation`
--

CREATE TABLE `vtiger_ws_operation` (
  `operationid` int(11) NOT NULL AUTO_INCREMENT,
  `name` varchar(128) NOT NULL,
  `handler_path` varchar(255) NOT NULL,
  `handler_method` varchar(64) NOT NULL,
  `type` varchar(8) NOT NULL,
  `prelogin` int(3) NOT NULL,
  PRIMARY KEY (`operationid`)
) ENGINE=InnoDB AUTO_INCREMENT=39 DEFAULT CHARSET=utf8;

--
-- Dumping data for table `vtiger_ws_operation`
--

INSERT INTO `vtiger_ws_operation` VALUES (1,'login','include/Webservices/Login.php','vtws_login','POST',1),(2,'retrieve','include/Webservices/Retrieve.php','vtws_retrieve','GET',0),(3,'create','include/Webservices/Create.php','vtws_create','POST',0),(4,'update','include/Webservices/Update.php','vtws_update','POST',0),(5,'delete','include/Webservices/Delete.php','vtws_delete','POST',0),(6,'sync','include/Webservices/GetUpdates.php','vtws_sync','GET',0),(7,'query','include/Webservices/Query.php','vtws_query','GET',0),(8,'logout','include/Webservices/Logout.php','vtws_logout','POST',0),(9,'listtypes','include/Webservices/ModuleTypes.php','vtws_listtypes','GET',0),(10,'getchallenge','include/Webservices/AuthToken.php','vtws_getchallenge','GET',1),(11,'describe','include/Webservices/DescribeObject.php','vtws_describe','GET',0),(12,'extendsession','include/Webservices/ExtendSession.php','vtws_extendSession','POST',1),(13,'convertlead','include/Webservices/ConvertLead.php','vtws_convertlead','POST',0),(14,'revise','include/Webservices/Revise.php','vtws_revise','POST',0),(15,'changePassword','include/Webservices/ChangePassword.php','vtws_changePassword','POST',0),(16,'deleteUser','include/Webservices/DeleteUser.php','vtws_deleteUser','POST',0),(17,'mobile.fetchallalerts','modules/Mobile/api/wsapi.php','mobile_ws_fetchAllAlerts','POST',0),(18,'mobile.alertdetailswithmessage','modules/Mobile/api/wsapi.php','mobile_ws_alertDetailsWithMessage','POST',0),(19,'mobile.fetchmodulefilters','modules/Mobile/api/wsapi.php','mobile_ws_fetchModuleFilters','POST',0),(20,'mobile.fetchrecord','modules/Mobile/api/wsapi.php','mobile_ws_fetchRecord','POST',0),(21,'mobile.fetchrecordwithgrouping','modules/Mobile/api/wsapi.php','mobile_ws_fetchRecordWithGrouping','POST',0),(22,'mobile.filterdetailswithcount','modules/Mobile/api/wsapi.php','mobile_ws_filterDetailsWithCount','POST',0),(23,'mobile.listmodulerecords','modules/Mobile/api/wsapi.php','mobile_ws_listModuleRecords','POST',0),(24,'mobile.saverecord','modules/Mobile/api/wsapi.php','mobile_ws_saveRecord','POST',0),(25,'mobile.syncModuleRecords','modules/Mobile/api/wsapi.php','mobile_ws_syncModuleRecords','POST',0),(26,'mobile.query','modules/Mobile/api/wsapi.php','mobile_ws_query','POST',0),(27,'mobile.querywithgrouping','modules/Mobile/api/wsapi.php','mobile_ws_queryWithGrouping','POST',0),(28,'wsapp_register','modules/WSAPP/api/ws/Register.php','wsapp_register','POST',0),(29,'wsapp_deregister','modules/WSAPP/api/ws/DeRegister.php','wsapp_deregister','POST',0),(30,'wsapp_get','modules/WSAPP/api/ws/Get.php','wsapp_get','POST',0),(31,'wsapp_put','modules/WSAPP/api/ws/Put.php','wsapp_put','POST',0),(32,'wsapp_map','modules/WSAPP/api/ws/Map.php','wsapp_map','POST',0),(33,'retrieve_inventory','include/Webservices/LineItem/RetrieveInventory.php','vtws_retrieve_inventory','GET',0),(34,'relatedtypes','include/Webservices/RelatedTypes.php','vtws_relatedtypes','GET',0),(35,'retrieve_related','include/Webservices/RetrieveRelated.php','vtws_retrieve_related','GET',0),(36,'query_related','include/Webservices/QueryRelated.php','vtws_query_related','GET',0),(37,'add_related','include/Webservices/AddRelated.php','vtws_add_related','POST',0),(38,'files_retrieve','include/Webservices/FileRetrieve.php','vtws_file_retrieve','GET',0);

--
-- Table structure for table `vtiger_ws_operation_parameters`
--

CREATE TABLE `vtiger_ws_operation_parameters` (
  `operationid` int(11) NOT NULL AUTO_INCREMENT,
  `name` varchar(128) NOT NULL,
  `type` varchar(64) NOT NULL,
  `sequence` int(11) NOT NULL,
  PRIMARY KEY (`operationid`,`name`)
) ENGINE=InnoDB AUTO_INCREMENT=39 DEFAULT CHARSET=utf8;

--
-- Dumping data for table `vtiger_ws_operation_parameters`
--

INSERT INTO `vtiger_ws_operation_parameters` VALUES (1,'accessKey','String',2),(1,'username','String',1),(2,'id','String',1),(3,'element','encoded',2),(3,'elementType','String',1),(4,'element','encoded',1),(5,'id','String',1),(6,'elementType','String',2),(6,'modifiedTime','DateTime',1),(7,'query','String',1),(8,'sessionName','String',1),(9,'fieldTypeList','encoded',1),(10,'username','String',1),(11,'elementType','String',1),(13,'accountName','String',3),(13,'assignedTo','String',2),(13,'avoidPotential','Boolean',4),(13,'leadId','String',1),(13,'potential','Encoded',5),(14,'element','Encoded',1),(15,'confirmPassword','String',4),(15,'id','String',1),(15,'newPassword','String',3),(15,'oldPassword','String',2),(16,'id','String',1),(16,'newOwnerId','String',2),(18,'alertid','string',1),(19,'module','string',1),(20,'record','string',1),(21,'record','string',1),(22,'filterid','string',1),(23,'elements','encoded',1),(24,'module','string',1),(24,'record','string',2),(24,'values','encoded',3),(25,'module','string',1),(25,'page','string',3),(25,'syncToken','string',2),(26,'module','string',1),(26,'page','string',3),(26,'query','string',2),(27,'module','string',1),(27,'page','string',3),(27,'query','string',2),(28,'synctype','string',2),(28,'type','string',1),(29,'key','string',2),(29,'type','string',1),(30,'key','string',1),(30,'module','string',2),(30,'token','string',3),(31,'element','encoded',2),(31,'key','string',1),(32,'element','encoded',2),(32,'key','string',1),(33,'id','String',1),(34,'elementType','string',1),(35,'id','string',1),(35,'relatedLabel','string',3),(35,'relatedType','string',2),(36,'id','string',2),(36,'query','string',1),(36,'relatedLabel','string',3),(37,'relatedRecordId','string',2),(37,'relationIdLabel','string',3),(37,'sourceRecordId','string',1),(38,'id','string',1);

--
-- Table structure for table `vtiger_ws_operation_seq`
--

CREATE TABLE `vtiger_ws_operation_seq` (
  `id` int(11) NOT NULL
) ENGINE=InnoDB DEFAULT CHARSET=utf8;

--
-- Dumping data for table `vtiger_ws_operation_seq`
--

INSERT INTO `vtiger_ws_operation_seq` VALUES (38);

--
-- Table structure for table `vtiger_ws_referencetype`
--

CREATE TABLE `vtiger_ws_referencetype` (
  `fieldtypeid` int(19) NOT NULL,
  `type` varchar(25) NOT NULL,
  PRIMARY KEY (`fieldtypeid`,`type`),
  CONSTRAINT `fk_1_vtiger_referencetype` FOREIGN KEY (`fieldtypeid`) REFERENCES `vtiger_ws_fieldtype` (`fieldtypeid`) ON DELETE CASCADE
) ENGINE=InnoDB DEFAULT CHARSET=utf8;

--
-- Dumping data for table `vtiger_ws_referencetype`
--

INSERT INTO `vtiger_ws_referencetype` VALUES (20,'Accounts'),(21,'Accounts'),(22,'Contacts'),(23,'Campaigns'),(24,'Accounts'),(25,'Vendors'),(26,'Potentials'),(27,'Quotes'),(28,'SalesOrder'),(29,'Vendors'),(30,'Users'),(31,'Users'),(32,'Accounts'),(32,'Contacts'),(32,'Leads'),(32,'Users'),(32,'Vendors'),(33,'Products'),(34,'Accounts'),(34,'Campaigns'),(34,'CodeNAF'),(34,'Dtailsfacture'),(34,'ElecAcheminement'),(34,'ElecFourniAchemi'),(34,'ElecFourniture'),(34,'Facture'),(34,'FactureAcheminement'),(34,'FactureAnnuelle'),(34,'FactureAnnuelleGaz'),(34,'FactureFourniAchemi'),(34,'FactureFourniture'),(34,'FactureFournitureGaz'),(34,'Factures'),(34,'Formesjuridiques'),(34,'GazFourniture'),(34,'HelpDesk'),(34,'Invoice'),(34,'Leads'),(34,'Potentials'),(34,'PurchaseOrder'),(34,'Quotes'),(34,'SalesOrder'),(34,'SIRET'),(35,'Users'),(36,'Accounts'),(36,'Contacts'),(37,'Currency'),(38,'DocumentFolders');

--
-- Table structure for table `vtiger_wsapp_handlerdetails`
--

CREATE TABLE `vtiger_wsapp_handlerdetails` (
  `type` varchar(200) NOT NULL,
  `handlerclass` varchar(100) DEFAULT NULL,
  `handlerpath` varchar(300) DEFAULT NULL
) ENGINE=InnoDB DEFAULT CHARSET=utf8;

--
-- Dumping data for table `vtiger_wsapp_handlerdetails`
--

INSERT INTO `vtiger_wsapp_handlerdetails` VALUES ('Outlook','OutlookHandler','modules/WSAPP/Handlers/OutlookHandler.php'),('vtigerCRM','vtigerCRMHandler','modules/WSAPP/Handlers/vtigerCRMHandler.php'),('vtigerSyncLib','WSAPP_VtigerSyncEventHandler','modules/WSAPP/synclib/handlers/VtigerSyncEventHandler.php'),('Google_vtigerHandler','Google_Vtiger_Handler','modules/Google/handlers/Vtiger.php'),('Google_vtigerSyncHandler','Google_VtigerSync_Handler','modules/Google/handlers/VtigerSync.php');

--
-- Table structure for table `vtiger_wsapp_logs_basic`
--

CREATE TABLE `vtiger_wsapp_logs_basic` (
  `id` int(25) NOT NULL AUTO_INCREMENT,
  `extensiontabid` int(19) DEFAULT NULL,
  `module` varchar(50) NOT NULL,
  `sync_datetime` datetime NOT NULL,
  `app_create_count` int(11) DEFAULT NULL,
  `app_update_count` int(11) DEFAULT NULL,
  `app_delete_count` int(11) DEFAULT NULL,
  `app_skip_count` int(11) DEFAULT NULL,
  `vt_create_count` int(11) DEFAULT NULL,
  `vt_update_count` int(11) DEFAULT NULL,
  `vt_delete_count` int(11) DEFAULT NULL,
  `vt_skip_count` int(11) DEFAULT NULL,
  `userid` int(11) DEFAULT NULL,
  PRIMARY KEY (`id`)
) ENGINE=InnoDB DEFAULT CHARSET=utf8;

--
-- Dumping data for table `vtiger_wsapp_logs_basic`
--


--
-- Table structure for table `vtiger_wsapp_logs_details`
--

CREATE TABLE `vtiger_wsapp_logs_details` (
  `id` int(25) NOT NULL,
  `app_create_ids` mediumtext,
  `app_update_ids` mediumtext,
  `app_delete_ids` mediumtext,
  `app_skip_info` mediumtext,
  `vt_create_ids` mediumtext,
  `vt_update_ids` mediumtext,
  `vt_delete_ids` mediumtext,
  `vt_skip_info` mediumtext,
  KEY `vtiger_wsapp_logs_basic_ibfk_1` (`id`),
  CONSTRAINT `vtiger_wsapp_logs_basic_ibfk_1` FOREIGN KEY (`id`) REFERENCES `vtiger_wsapp_logs_basic` (`id`) ON DELETE CASCADE
) ENGINE=InnoDB DEFAULT CHARSET=utf8;

--
-- Dumping data for table `vtiger_wsapp_logs_details`
--


--
-- Table structure for table `vtiger_wsapp_queuerecords`
--

CREATE TABLE `vtiger_wsapp_queuerecords` (
  `syncserverid` int(19) DEFAULT NULL,
  `details` varchar(300) DEFAULT NULL,
  `flag` varchar(100) DEFAULT NULL,
  `appid` int(19) DEFAULT NULL
) ENGINE=InnoDB DEFAULT CHARSET=utf8;

--
-- Dumping data for table `vtiger_wsapp_queuerecords`
--


--
-- Table structure for table `vtiger_wsapp_recordmapping`
--

CREATE TABLE `vtiger_wsapp_recordmapping` (
  `id` int(19) NOT NULL AUTO_INCREMENT,
  `serverid` varchar(10) DEFAULT NULL,
  `clientid` varchar(255) DEFAULT NULL,
  `clientmodifiedtime` datetime DEFAULT NULL,
  `appid` int(11) DEFAULT NULL,
  `servermodifiedtime` datetime DEFAULT NULL,
  `serverappid` int(11) DEFAULT NULL,
  PRIMARY KEY (`id`)
) ENGINE=InnoDB DEFAULT CHARSET=utf8;

--
-- Dumping data for table `vtiger_wsapp_recordmapping`
--


--
-- Table structure for table `vtiger_wsapp_sync_state`
--

CREATE TABLE `vtiger_wsapp_sync_state` (
  `id` int(19) NOT NULL AUTO_INCREMENT,
  `name` varchar(200) DEFAULT NULL,
  `stateencodedvalues` varchar(300) NOT NULL,
  `userid` int(19) DEFAULT NULL,
  PRIMARY KEY (`id`)
) ENGINE=InnoDB DEFAULT CHARSET=utf8;

--
-- Dumping data for table `vtiger_wsapp_sync_state`
--



