-- Table structure for table `vtiger_facturefourniture`
--

CREATE TABLE `vtiger_facturefourniture` (
  `facturefournitureid` int(19) NOT NULL,
  `name` varchar(255) DEFAULT NULL,
  `facturefournitureno` varchar(100) DEFAULT NULL,
  `tags` varchar(1) DEFAULT NULL,
  `cf_factureannuelle_id` int(19) DEFAULT NULL,
  `cf_accounts_id` int(19) DEFAULT NULL,
  PRIMARY KEY (`facturefournitureid`),
  KEY `cf_factureannuelle_id_index` (`cf_factureannuelle_id`) USING BTREE,
  KEY `cf_accounts_id_index` (`cf_accounts_id`) USING BTREE
) ENGINE=InnoDB DEFAULT CHARSET=utf8;

--
-- Dumping data for table `vtiger_facturefourniture`
--

INSERT INTO `vtiger_facturefourniture` VALUES (12154,'Test','FA1','',12153,NULL),(12155,'Test 2','FA2','',12153,NULL),(12157,'NOM FACTURE','FA3','',12156,NULL),(12159,'3. Factures EDF 2022 - BORAX_Partie1.pdf','FA4','',12158,NULL),(12161,'3. Factures EDF 2022 - BORAX_Partie10.pdf','FA5','',12160,NULL),(12162,'3. Factures EDF 2022 - BORAX_Partie11.pdf','FA6','',12160,NULL),(12163,'3. Factures EDF 2022 - BORAX_Partie2.pdf','FA7','',12160,NULL),(12164,'3. Factures EDF 2022 - BORAX_Partie3.pdf','FA8','',12160,NULL),(12165,'3. Factures EDF 2022 - BORAX_Partie4.pdf','FA9','',12160,NULL),(12166,'3. Factures EDF 2022 - BORAX_Partie5.pdf','FA10','',12160,NULL),(12167,'3. Factures EDF 2022 - BORAX_Partie6.pdf','FA11','',12160,NULL),(12168,'3. Factures EDF 2022 - BORAX_Partie7.pdf','FA12','',12160,NULL),(12169,'3. Factures EDF 2022 - BORAX_Partie8.pdf','FA13','',12160,NULL),(12170,'3. Factures EDF 2022 - BORAX_Partie9.pdf','FA14','',12160,NULL),(12171,'????','FA15','',0,NULL),(12172,'????','FA16','',0,NULL),(12173,'????','FA17','',0,NULL),(12174,'????','FA18','',0,NULL),(12175,'????','FA19','',0,NULL),(12176,'????','FA20','',0,NULL),(12177,'????','FA21','',0,NULL),(12178,'????','FA22','',0,NULL),(12179,'????','FA23','',0,NULL),(12180,'????','FA24','',0,NULL),(12181,'????','FA25','',0,NULL),(12182,'????','FA26','',0,NULL),(12183,'????','FA27','',0,NULL),(12184,'????','FA28','',0,NULL),(12185,'????','FA29','',0,NULL),(12186,'????','FA30','',0,NULL),(12187,'????','FA31','',0,NULL),(12188,'????','FA32','',0,NULL),(12189,'????','FA33','',0,NULL),(12190,'????','FA34','',0,NULL),(12191,'????','FA35','',0,NULL),(12192,'????','FA36','',0,NULL),(12193,'????','FA37','',0,NULL),(12194,'????','FA38','',0,NULL),(12195,'????','FA39','',0,NULL),(12196,'????','FA40','',0,NULL),(12197,'????','FA41','',0,NULL),(12198,'????','FA42','',0,NULL),(12199,'????','FA43','',0,NULL),(12200,'????','FA44','',0,NULL),(12201,'????','FA45','',0,NULL),(12202,'????','FA46','',0,NULL),(12203,'????','FA47','',0,NULL),(12204,'????','FA48','',0,NULL),(12205,'????','FA49','',0,NULL),(12206,'????','FA50','',0,NULL),(12207,'????','FA51','',0,NULL),(12208,'????','FA52','',0,NULL),(12209,'????','FA53','',0,NULL),(12210,'????','FA54','',0,NULL),(12211,'????','FA55','',0,NULL),(12212,'????','FA56','',0,NULL),(12213,'????','FA57','',0,NULL),(12214,'????','FA58','',0,NULL),(12215,'????','FA59','',0,NULL),(12216,'????','FA60','',0,NULL),(12217,'????','FA61','',0,NULL),(12218,'????','FA62','',0,NULL),(12219,'????','FA63','',0,NULL),(12220,'????','FA64','',0,NULL),(12221,'????','FA65','',0,NULL),(12222,'????','FA66','',0,NULL),(12223,'????','FA67','',0,NULL),(12224,'????','FA68','',0,NULL),(12225,'????','FA69','',0,NULL),(12226,'????','FA70','',0,NULL),(12227,'????','FA71','',0,NULL),(12228,'????','FA72','',0,NULL),(12229,'????','FA73','',0,NULL),(12230,'????','FA74','',0,NULL),(12231,'????','FA75','',0,NULL),(12232,'????','FA76','',0,NULL),(12233,'????','FA77','',0,NULL),(12234,'????','FA78','',0,NULL),(12235,'????','FA79','',0,NULL),(12236,'????','FA80','',0,NULL),(12237,'????','FA81','',0,NULL),(12238,'????','FA82','',0,NULL),(12239,'????','FA83','',0,NULL),(12240,'????','FA84','',0,NULL),(12241,'????','FA85','',0,NULL),(12242,'????','FA86','',0,NULL),(12243,'????','FA87','',0,NULL),(12244,'????','FA88','',0,NULL),(12245,'????','FA89','',0,NULL),(12246,'????','FA90','',0,NULL),(12247,'????','FA91','',0,NULL),(12248,'????','FA92','',0,NULL),(12249,'????','FA93','',0,NULL),(12250,'????','FA94','',0,NULL),(12251,'????','FA95','',0,NULL),(12252,'????','FA96','',0,NULL),(12253,'????','FA97','',0,NULL),(12254,'????','FA98','',0,NULL),(12255,'????','FA99','',0,NULL),(12256,'????','FA100','',0,NULL),(12257,'????','FA101','',0,NULL),(12258,'????','FA102','',0,NULL),(12259,'????','FA103','',0,NULL),(12261,'NOM FACTURE','FA104','',12260,NULL),(12263,'edf 2022_Partie1.pdf','FA105','',12262,NULL),(12265,'edf 2022_Partie2.pdf','FA106','',12264,NULL),(12266,'edf 2022_Partie3.pdf','FA107','',12264,NULL),(12267,'edf 2022_Partie4.pdf','FA108','',12264,NULL),(12268,'edf 2022_Partie5.pdf','FA109','',12264,NULL),(12269,'edf 2022_Partie6.pdf','FA110','',12264,NULL),(12270,'edf 2022_Partie7.pdf','FA111','',12264,NULL),(12272,'GAZELENERGIE 2021-01 2372 - REGUL GO.pdf','FA112','',12271,NULL),(12273,'GAZELENERGIE 2021-02 2373 - REGUL GO.pdf','FA113','',12271,NULL),(12274,'GAZELENERGIE 2021-03 2374 - REGUL GO.pdf','FA114','',12271,NULL),(12275,'GAZELENERGIE 2021-04 3079.pdf','FA115','',12271,NULL),(12276,'GAZELENERGIE 2021-05 4197.pdf','FA116','',12271,NULL),(12277,'GAZELENERGIE 2021-06 4978.pdf','FA117','',12271,NULL),(12278,'GAZELENERGIE 2021-07 7782.pdf','FA118','',12271,NULL),(12279,'GAZELENERGIE 2021-08 7784.pdf','FA119','',12271,NULL),(12280,'GAZELENERGIE 2021-09 7786.pdf','FA120','',12271,NULL),(12281,'GAZELENERGIE 2021-10 8008.pdf','FA121','',12271,NULL),(12282,'GAZELENERGIE 2021-11 9245.pdf','FA122','',12271,NULL),(12284,'GAZELENERGIE 2021-12 9697.pdf','FA123','',12283,NULL),(12286,'????','FA124','',12285,NULL),(12287,'????','FA125','',12285,NULL),(12288,'????','FA126','',12285,NULL),(12289,'????','FA127','',12285,NULL),(12290,'????','FA128','',12285,NULL),(12291,'????','FA129','',12285,NULL),(12292,'????','FA130','',12285,NULL),(12293,'????','FA131','',12285,NULL),(12294,'????','FA132','',12285,NULL),(12295,'????','FA133','',12285,NULL),(12296,'????','FA134','',12285,NULL),(12297,'????','FA135','',12285,NULL),(12298,'????','FA136','',12285,NULL),(12299,'????','FA137','',12285,NULL),(12300,'????','FA138','',12285,NULL),(12301,'????','FA139','',12285,NULL),(12302,'????','FA140','',12285,NULL),(12303,'????','FA141','',12285,NULL),(12304,'????','FA142','',12285,NULL),(12305,'????','FA143','',12285,NULL),(12306,'????','FA144','',12285,NULL),(12307,'????','FA145','',12285,NULL),(12308,'????','FA146','',12285,NULL),(12309,'????','FA147','',12285,NULL),(12310,'????','FA148','',12285,NULL),(12311,'????','FA149','',12285,NULL),(12312,'????','FA150','',12285,NULL),(12313,'????','FA151','',12285,NULL),(12314,'????','FA152','',12285,NULL),(12315,'????','FA153','',12285,NULL),(12316,'????','FA154','',12285,NULL),(12317,'????','FA155','',12285,NULL),(12318,'????','FA156','',12285,NULL),(12319,'????','FA157','',12285,NULL),(12320,'????','FA158','',12285,NULL),(12321,'????','FA159','',12285,NULL),(12322,'????','FA160','',12285,NULL),(12323,'????','FA161','',12285,NULL),(12324,'????','FA162','',12285,NULL),(12325,'????','FA163','',12285,NULL),(12326,'????','FA164','',12285,NULL),(12327,'????','FA165','',12285,NULL),(12328,'????','FA166','',12285,NULL),(12329,'????','FA167','',12285,NULL),(12330,'????','FA168','',12285,NULL),(12331,'????','FA169','',12285,NULL),(12332,'????','FA170','',12285,NULL),(12333,'????','FA171','',12285,NULL),(12334,'????','FA172','',12285,NULL),(12335,'????','FA173','',12285,NULL),(12336,'????','FA174','',12285,NULL),(12337,'????','FA175','',12285,NULL),(12338,'????','FA176','',12285,NULL),(12339,'????','FA177','',12285,NULL),(12340,'????','FA178','',12285,NULL),(12341,'????','FA179','',12285,NULL),(12342,'????','FA180','',12285,NULL),(12343,'????','FA181','',12285,NULL),(12344,'????','FA182','',12285,NULL),(12345,'????','FA183','',12285,NULL),(12346,'????','FA184','',12285,NULL),(12347,'????','FA185','',12285,NULL),(12348,'????','FA186','',12285,NULL),(12349,'????','FA187','',12285,NULL),(12350,'????','FA188','',12285,NULL),(12351,'????','FA189','',12285,NULL),(12352,'????','FA190','',12285,NULL),(12353,'????','FA191','',12285,NULL),(12354,'????','FA192','',12285,NULL),(12355,'????','FA193','',12285,NULL),(12356,'????','FA194','',12285,NULL),(12357,'????','FA195','',12285,NULL),(12358,'????','FA196','',12285,NULL),(12359,'????','FA197','',12285,NULL),(12360,'????','FA198','',12285,NULL),(12361,'????','FA199','',12285,NULL),(12362,'????','FA200','',12285,NULL),(12363,'????','FA201','',12285,NULL),(12364,'????','FA202','',12285,NULL),(12365,'????','FA203','',12285,NULL),(12366,'????','FA204','',12285,NULL),(12367,'????','FA205','',12285,NULL),(12368,'????','FA206','',12285,NULL),(12369,'????','FA207','',12285,NULL),(12370,'????','FA208','',12285,NULL),(12371,'????','FA209','',12285,NULL),(12372,'????','FA210','',12285,NULL),(12373,'????','FA211','',12285,NULL),(12374,'????','FA212','',12285,NULL),(12375,'????','FA213','',12285,NULL),(12376,'????','FA214','',12285,NULL),(12377,'????','FA215','',12285,NULL),(12378,'????','FA216','',12285,NULL),(12379,'????','FA217','',12285,NULL),(12380,'????','FA218','',12285,NULL),(12381,'????','FA219','',12285,NULL),(12382,'????','FA220','',12285,NULL),(12383,'????','FA221','',12285,NULL),(12384,'????','FA222','',12285,NULL),(12385,'????','FA223','',12285,NULL),(12386,'????','FA224','',12285,NULL),(12387,'????','FA225','',12285,NULL),(12388,'????','FA226','',12285,NULL),(12389,'????','FA227','',12285,NULL),(12390,'????','FA228','',12285,NULL),(12391,'????','FA229','',12285,NULL),(12392,'????','FA230','',12285,NULL),(12393,'????','FA231','',12285,NULL),(12394,'????','FA232','',12285,NULL),(12395,'????','FA233','',12285,NULL),(12398,'3. Factures EDF 2022 - BORAX_Partie12.pdf','FA234','',0,12397),(12399,'3. Factures EDF 2022 - BORAX_Partie1.pdf','FA235','',12411,12397),(12400,'3. Factures EDF 2022 - BORAX_Partie2.pdf','FA236','',12411,12397),(12401,'3. Factures EDF 2022 - BORAX_Partie3.pdf','FA237','',12411,12397),(12402,'3. Factures EDF 2022 - BORAX_Partie4.pdf','FA238','',12411,12397),(12403,'3. Factures EDF 2022 - BORAX_Partie5.pdf','FA239','',12411,12397),(12404,'3. Factures EDF 2022 - BORAX_Partie6.pdf','FA240','',12411,12397),(12405,'3. Factures EDF 2022 - BORAX_Partie7.pdf','FA241','',12411,12397),(12406,'3. Factures EDF 2022 - BORAX_Partie8.pdf','FA242','',12411,12397),(12407,'3. Factures EDF 2022 - BORAX_Partie9.pdf','FA243','',12411,12397),(12408,'3. Factures EDF 2022 - BORAX_Partie10.pdf','FA244','',12411,12397),(12409,'3. Factures EDF 2022 - BORAX_Partie11.pdf','FA245','',12411,12397),(12410,'3. Factures EDF 2022 - BORAX_Partie12.pdf','FA246','',12411,12397),(14190,'PMC ISOCHEM - aout 2022 - FR100174811 - orig.pdf','FA247','',14188,14189),(14192,'PMC ISOCHEM - aout 2022 - FR100175500 - orig.pdf','FA248','',14191,14189),(14194,'PMC ISOCHEM - aout 2022 - FR100175982 - orig.pdf','FA249','',14193,14189),(14195,'PMC ISOCHEM - avril 2022 - FR100164564 - orig.pdf','FA250','',14191,14189),(14196,'PMC ISOCHEM - avril 2022 - FR100164785 - orig.pdf','FA251','',14188,14189),(14197,'PMC ISOCHEM - avril 2022 - FR100164863 - orig.pdf','FA252','',14193,14189),(14198,'PMC ISOCHEM - decembre 2022 - FR100187724 - orig.pdf','FA253','',14193,14189),(14199,'PMC ISOCHEM - decembre 2022 - FR100187725 - orig.pdf','FA254','',14191,14189),(14200,'PMC ISOCHEM - decembre 2022 - FR100187726 - orig.pdf','FA255','',14188,14189),(14201,'PMC ISOCHEM - fevrier 2022 - FR100158258 - orig.pdf','FA256','',14193,14189),(14202,'PMC ISOCHEM - fevrier 2022 - FR100158325 - orig.pdf','FA257','',14191,14189),(14203,'PMC ISOCHEM - fevrier 2022 - FR100158868 - orig.pdf','FA258','',14188,14189),(14204,'PMC ISOCHEM - janvier 2022 - FR100156114 - orig.pdf','FA259','',14193,14189),(14205,'PMC ISOCHEM - janvier 2022 - FR100156230 - orig.pdf','FA260','',14191,14189),(14206,'PMC ISOCHEM - janvier 2022 - FR100156845 - orig.pdf','FA261','',14188,14189),(14207,'PMC ISOCHEM - juillet 2022 - FR100172228 - orig.pdf','FA262','',14193,14189),(14208,'PMC ISOCHEM - juillet 2022 - FR100172229 - orig.pdf','FA263','',14191,14189),(14209,'PMC ISOCHEM - juillet 2022 - FR100172230 - orig.pdf','FA264','',14188,14189),(14210,'PMC ISOCHEM - juin 2022 - FR100169600 - orig.pdf','FA265','',14193,14189),(14211,'PMC ISOCHEM - juin 2022 - FR100169694 - orig.pdf','FA266','',14191,14189),(14212,'PMC ISOCHEM - juin 2022 - FR100170267 - orig.pdf','FA267','',14188,14189),(14213,'PMC ISOCHEM - mai 2022 - FR100166847 - orig.pdf','FA268','',14188,14189),(14214,'PMC ISOCHEM - mai 2022 - FR100166879 - orig.pdf','FA269','',14191,14189),(14215,'PMC ISOCHEM - mai 2022 - FR100167179 - orig.pdf','FA270','',14193,14189),(14216,'PMC ISOCHEM - mars 2022 - FR100161344 - orig.pdf','FA271','',14193,14189),(14217,'PMC ISOCHEM - mars 2022 - FR100161957 - orig.pdf','FA272','',14191,14189),(14218,'PMC ISOCHEM - mars 2022 - FR100163074 - orig.pdf','FA273','',14188,14189),(14219,'PMC ISOCHEM - novembre 2022 - FR100182577 - orig.pdf','FA274','',14191,14189),(14220,'PMC ISOCHEM - novembre 2022 - FR100182620 - orig.pdf','FA275','',14188,14189),(14221,'PMC ISOCHEM - novembre 2022 - FR100182871 - orig.pdf','FA276','',14193,14189),(14222,'PMC ISOCHEM - octobre 2022 - FR100179675 - orig.pdf','FA277','',14188,14189),(14223,'PMC ISOCHEM - octobre 2022 - FR100180096 - orig.pdf','FA278','',14191,14189),(14224,'PMC ISOCHEM - octobre 2022 - FR100180311 - orig.pdf','FA279','',14193,14189),(14225,'PMC ISOCHEM - septembre 2022 - FR100176485 - orig.pdf','FA280','',14191,14189),(14226,'PMC ISOCHEM - septembre 2022 - FR100177673 - orig.pdf','FA281','',14188,14189),(14227,'PMC ISOCHEM - septembre 2022 - FR100177838 - orig.pdf','FA282','',14193,14189),(14396,'01 Facture EDF Janvier 2022.pdf','FA283','',14394,14395),(14399,'02 Facture EDF Fevrier 2022.pdf','FA284','',14397,14398),(14400,'03 Facture EDF Mars 2022.pdf','FA285','',14397,14398),(14401,'04 Facture EDF Avril 2022.pdf','FA286','',14397,14398),(14402,'05 Facture EDF Mai 2022.pdf','FA287','',14397,14398),(14405,'06 Facture EDF Juin 2022.pdf','FA288','',14403,14404),(14406,'07 Facture EDF Juillet 2022.pdf','FA289','',14397,14398),(14407,'08 Facture EDF Aout 2022.pdf','FA290','',14397,14398),(14408,'09 Facture EDF Septembre  2022.pdf','FA291','',14397,14398),(14409,'10 Facture EDF Octobre  2022.pdf','FA292','',14397,14398),(14410,'11Facture EDF Novembre  2022.pdf','FA293','',14397,14398),(14411,'12Facture EDF Decembre  2022.pdf','FA294','',14397,14398),(14412,'????','FA295','',0,0),(14413,'????','FA296','',0,0),(14414,'????','FA297','',0,0),(14415,'????','FA298','',0,0),(14416,'????','FA299','',0,0),(14417,'????','FA300','',0,0),(14418,'????','FA301','',0,0),(14419,'????','FA302','',0,0),(14420,'????','FA303','',0,0),(14421,'????','FA304','',0,0),(14422,'????','FA305','',0,0),(14423,'????','FA306','',0,0),(14424,'????','FA307','',0,0),(14425,'????','FA308','',0,0),(14426,'????','FA309','',0,0),(14427,'????','FA310','',0,0),(14428,'????','FA311','',0,0),(14429,'????','FA312','',0,0),(14430,'????','FA313','',0,0),(14431,'????','FA314','',0,0),(14432,'????','FA315','',0,0),(14433,'????','FA316','',0,0),(14434,'????','FA317','',0,0),(14435,'????','FA318','',0,0),(14621,'Facture EDF SET 01.2022 n10143905751.pdf','FA319','',14635,14634),(14622,'Facture EDF SET 02.2022 n10145183800.pdf','FA320','',14635,14634),(14623,'Facture EDF SET 03.2022 n10147263838.pdf','FA321','',14635,14634),(14624,'Facture EDF SET 04.2022 n10148972153.pdf','FA322','',14635,14634),(14625,'Facture EDF SET 05.2022 n10150966836.pdf','FA323','',14635,14634),(14626,'Facture EDF SET 06.2022 n10152629850.pdf','FA324','',14635,14634),(14627,'Facture EDF SET 07.2022 n10154523058.pdf','FA325','',14635,14634),(14628,'Facture EDF SET 08.2022 n10156247770.pdf','FA326','',14635,14634),(14629,'Facture EDF SET 09.2022 n10158323520.pdf','FA327','',14635,14634),(14630,'Facture EDF SET 10.2022 n10160155200.pdf','FA328','',14635,14634),(14631,'Facture EDF SET 11.2022 n10162162900.pdf','FA329','',14635,14634),(14632,'Facture EDF SET 12.2022 n10165022245.pdf','FA330','',14635,14634),(14688,'3. Factures ENGIE 2022_Partie4.pdf','FA331','',14687,0),(14689,'3. Factures ENGIE 2022_Partie8.pdf','FA332','',14687,0),(14690,'3. Factures ENGIE 2022_Partie11.pdf','FA333','',14687,0),(14691,'3. Factures ENGIE 2022_Partie5.pdf','FA334','',14687,0),(14692,'3. Factures ENGIE 2022_Partie9.pdf','FA335','',14687,0),(14693,'3. Factures ENGIE 2022_Partie2.pdf','FA336','',14687,0),(14694,'3. Factures ENGIE 2022_Partie6.pdf','FA337','',14687,0),(14695,'3. Factures ENGIE 2022_Partie3.pdf','FA338','',14687,0),(14696,'3. Factures ENGIE 2022_Partie7.pdf','FA339','',14687,0),(14697,'3. Factures ENGIE 2022_Partie10.pdf','FA340','',14687,0),(14698,'3. Factures ENGIE 2022_Partie1.pdf','FA341','',14687,0),(14782,'Facture EDF SET 01.2022 n10143905751.pdf','FA342','',14780,14781),(14783,'Facture EDF SET 02.2022 n10145183800.pdf','FA343','',14780,14781),(14784,'Facture EDF SET 03.2022 n10147263838.pdf','FA344','',14780,14781),(14785,'Facture EDF SET 04.2022 n10148972153.pdf','FA345','',14780,14781),(14786,'Facture EDF SET 05.2022 n10150966836.pdf','FA346','',14780,14781),(14787,'Facture EDF SET 06.2022 n10152629850.pdf','FA347','',14780,14781),(14788,'Facture EDF SET 07.2022 n10154523058.pdf','FA348','',14780,14781),(14789,'Facture EDF SET 08.2022 n10156247770.pdf','FA349','',14780,14781),(14790,'Facture EDF SET 09.2022 n10158323520.pdf','FA350','',14780,14781),(14791,'Facture EDF SET 10.2022 n10160155200.pdf','FA351','',14780,14781),(14792,'Facture EDF SET 11.2022 n10162162900.pdf','FA352','',14780,14781),(14793,'Facture EDF SET 12.2022 n10165022245.pdf','FA353','',14780,14781),(15395,'3. Factures ENGIE 2022_Partie4.pdf','FA354','',15393,15394),(15396,'3. Factures ENGIE 2022_Partie8.pdf','FA355','',15393,15394),(15397,'3. Factures ENGIE 2022_Partie11.pdf','FA356','',15393,15394),(15398,'3. Factures ENGIE 2022_Partie5.pdf','FA357','',15393,15394),(15399,'3. Factures ENGIE 2022_Partie9.pdf','FA358','',15393,15394),(15400,'3. Factures ENGIE 2022_Partie2.pdf','FA359','',15393,15394),(15401,'3. Factures ENGIE 2022_Partie6.pdf','FA360','',15393,15394),(15402,'3. Factures ENGIE 2022_Partie3.pdf','FA361','',15393,15394),(15403,'3. Factures ENGIE 2022_Partie7.pdf','FA362','',15393,15394),(15404,'3. Factures ENGIE 2022_Partie10.pdf','FA363','',15393,15394),(15405,'3. Factures ENGIE 2022_Partie1.pdf','FA364','',15393,15394),(15512,'3. Factures ENGIE 2022_Partie4.pdf','FA365','',15510,15511),(15513,'3. Factures ENGIE 2022_Partie8.pdf','FA366','',15510,15511),(15514,'3. Factures ENGIE 2022_Partie11.pdf','FA367','',15510,15511),(15515,'3. Factures ENGIE 2022_Partie5.pdf','FA368','',15510,15511),(15516,'3. Factures ENGIE 2022_Partie9.pdf','FA369','',15510,15511),(15517,'3. Factures ENGIE 2022_Partie2.pdf','FA370','',15510,15511),(15518,'3. Factures ENGIE 2022_Partie6.pdf','FA371','',15510,15511),(15519,'3. Factures ENGIE 2022_Partie3.pdf','FA372','',15510,15511),(15520,'3. Factures ENGIE 2022_Partie7.pdf','FA373','',15510,15511),(15521,'3. Factures ENGIE 2022_Partie10.pdf','FA374','',15510,15511),(15522,'3. Factures ENGIE 2022_Partie1.pdf','FA375','',15510,15511),(15528,'Facture EDF SET 01.2022 n10143905751.pdf','FA376','',15563,15386),(15529,'Facture EDF SET 02.2022 n10145183800.pdf','FA377','',15563,15386),(15530,'Facture EDF SET 03.2022 n10147263838.pdf','FA378','',15563,15386),(15531,'Facture EDF SET 04.2022 n10148972153.pdf','FA379','',15563,15386),(15532,'Facture EDF SET 05.2022 n10150966836.pdf','FA380','',15563,15386),(15533,'Facture EDF SET 06.2022 n10152629850.pdf','FA381','',15563,15386),(15534,'Facture EDF SET 07.2022 n10154523058.pdf','FA382','',15563,15386),(15535,'Facture EDF SET 08.2022 n10156247770.pdf','FA383','',15563,15386),(15536,'Facture EDF SET 09.2022 n10158323520.pdf','FA384','',15563,15386),(15537,'Facture EDF SET 10.2022 n10160155200.pdf','FA385','',15563,15386),(15538,'Facture EDF SET 11.2022 n10162162900.pdf','FA386','',15563,15386),(15539,'Facture EDF SET 12.2022 n10165022245.pdf','FA387','',15563,15386),(16374,'3. Factures ENGIE 2022_Partie9.pdf','FA388','',16373,15511),(16375,'3. Factures ENGIE 2022_Partie2.pdf','FA389','',16373,15511),(16376,'3. Factures ENGIE 2022_Partie6.pdf','FA390','',16373,15511),(16377,'3. Factures ENGIE 2022_Partie3.pdf','FA391','',16373,15511),(16378,'3. Factures ENGIE 2022_Partie7.pdf','FA392','',16373,15511),(16380,'3. Factures ENGIE 2022_Partie10.pdf','FA393','',16379,15511),(16381,'3. Factures ENGIE 2022_Partie4.pdf','FA394','',16373,15511),(16382,'3. Factures ENGIE 2022_Partie8.pdf','FA395','',16373,15511),(16383,'3. Factures ENGIE 2022_Partie11.pdf','FA396','',16373,15511),(16384,'3. Factures ENGIE 2022_Partie5.pdf','FA397','',16373,15511),(16385,'3. Factures ENGIE 2022_Partie1.pdf','FA398','',16373,15511),(16387,'Facture EDF OCE Tricastin 07.2022 n10154523124.pdf','FA399','',16386,16063),(16388,'Facture EDF OCE Tricastin 11.2022 n10162163055.pdf','FA400','',16386,16063),(16389,'Facture EDF OCE Tricastin 04.2022 n10148972216.pdf','FA401','',16386,16063),(16390,'Facture EDF OCE Tricastin 08.2022 n10156248215.pdf','FA402','',16386,16063),(16391,'Facture EDF OCE Tricastin 01.2022 n10143905730.pdf','FA403','',16386,16063),(16392,'Facture EDF OCE Tricastin 12.2022 n10165022267.pdf','FA404','',16386,16063),(16393,'Facture EDF OCE Tricastin 05.2022 n10150744880.pdf','FA405','',16386,16063),(16394,'Facture EDF OCE Tricastin 09.2022 n10158323771.pdf','FA406','',16386,16063),(16395,'Facture EDF OCE Tricastin 02.2022 n10145184250.pdf','FA407','',16386,16063),(16396,'Facture EDF OCE Tricastin 06.2022 n10152629851.pdf','FA408','',16386,16063),(16397,'Facture EDF OCE Tricastin 10.2022 n10160155434.pdf','FA409','',16386,16063),(16398,'Facture EDF OCE Tricastin 03.2022 n10147263966.pdf','FA410','',16386,16063),(16400,'07 Facture EDF Juillet 2022.pdf','FA411','',16399,15238),(16401,'11Facture EDF Novembre  2022.pdf','FA412','',16399,15238),(16402,'04 Facture EDF Avril 2022.pdf','FA413','',16399,15238),(16403,'08 Facture EDF Aout 2022.pdf','FA414','',16399,15238),(16404,'01 Facture EDF Janvier 2022.pdf','FA415','',16399,15238),(16405,'05 Facture EDF Mai 2022.pdf','FA416','',16399,15238),(16406,'09 Facture EDF Septembre  2022.pdf','FA417','',16399,15238),(16407,'02 Facture EDF Fevrier 2022.pdf','FA418','',16399,15238),(16408,'12Facture EDF Decembre  2022.pdf','FA419','',16399,15238),(16409,'06 Facture EDF Juin 2022.pdf','FA420','',16399,15238),(16410,'10 Facture EDF Octobre  2022.pdf','FA421','',16399,15238),(16411,'03 Facture EDF Mars 2022.pdf','FA422','',16399,15238),(16413,'ALK ABELLO - janvier 2022 - FR100156042 - orig.pdf','FA423','',16412,16105),(16414,'ALK - decembre 2022 - FR100184935 - orig.pdf','FA424','',16412,16105),(16415,'ALK ABELLO - mars 2022 - FR100162221 - orig.pdf','FA425','',16412,16105),(16416,'ALK ABELLO - aout 2022 - FR100175528 - orig.pdf','FA426','',16412,16105),(16417,'ALK ABELLO - juillet 2022 - FR100171881 - orig.pdf','FA427','',16412,16105),(16418,'ALK - novembre 2022 - FR100182589 - orig.pdf','FA428','',16412,16105),(16419,'ALK ABELLO - avril 2022 - FR100165620 - orig.pdf','FA429','',16412,16105),(16420,'ALK ABELLO - juin 2022 - FR100169924 - orig.pdf','FA430','',16412,16105),(16421,'ALK - octobre 2022 - FR100180523 - orig.pdf','FA431','',16412,16105),(16422,'ALK ABELLO - fevrier 2022 - FR100159345 - orig.pdf','FA432','',16412,16105),(16423,'ALK ABELLO - mai 2022 - FR100167376 - orig.pdf','FA433','',16412,16105),(16424,'ALK - septembre 2022 - FR100176234 - orig.pdf','FA434','',16412,16105),(16426,'ALK ABELLO - mars 2022 - FR100161342 - orig.pdf','FA435','',16425,16104),(16427,'ALK ABELLO - avril 2022 - FR100164838 - orig.pdf','FA436','',16425,16104),(16428,'ALK - octobre 2022 - FR100180572 - orig.pdf','FA437','',16425,16104),(16429,'ALK ABELLO - fevrier 2022 - FR100158392 - orig.pdf','FA438','',16425,16104),(16430,'ALK ABELLO - mai 2022 - FR100168016 - orig.pdf','FA439','',16425,16104),(16431,'ALK - septembre 2022 - FR100176830 - orig.pdf','FA440','',16425,16104),(16432,'ALK ABELLO - janvier 2022 - FR100157380 - orig.pdf','FA441','',16425,16104),(16433,'ALK - decembre 2022.pdf','FA442','',16425,16104),(16434,'ALK - novembre 2022 - FR100182956 - orig.pdf','FA443','',16425,16104),(16436,'PMC ISOCHEM - septembre 2022 - FR100177673 - orig.pdf','FA444','',16435,16092),(16438,'PMC ISOCHEM - novembre 2022 - FR100182577 - orig.pdf','FA445','',16437,16093),(16439,'PMC ISOCHEM - octobre 2022 - FR100180096 - orig.pdf','FA446','',16437,16093),(16441,'PMC ISOCHEM - septembre 2022 - FR100177838 - orig.pdf','FA447','',16440,15467),(16442,'PMC ISOCHEM - novembre 2022 - FR100182620 - orig.pdf','FA448','',16435,16092),(16443,'PMC ISOCHEM - octobre 2022 - FR100180311 - orig.pdf','FA449','',16440,15467),(16444,'PMC ISOCHEM - novembre 2022 - FR100182871 - orig.pdf','FA450','',16440,15467),(16445,'PMC ISOCHEM - septembre 2022 - FR100176485 - orig.pdf','FA451','',16437,16093),(16446,'PMC ISOCHEM - octobre 2022 - FR100179675 - orig.pdf','FA452','',16435,16092),(16447,'PMC ISOCHEM - mai 2022 - FR100166847 - orig.pdf','FA453','',16435,16092),(16448,'PMC ISOCHEM - juillet 2022 - FR100172230 - orig.pdf','FA454','',16435,16092),(16449,'PMC ISOCHEM - juin 2022 - FR100169600 - orig.pdf','FA455','',16440,15467),(16450,'PMC ISOCHEM - mai 2022 - FR100166879 - orig.pdf','FA456','',16437,16093),(16451,'PMC ISOCHEM - juillet 2022 - FR100172228 - orig.pdf','FA457','',16440,15467),(16452,'PMC ISOCHEM - juin 2022 - FR100169694 - orig.pdf','FA458','',16437,16093),(16453,'PMC ISOCHEM - mai 2022 - FR100167179 - orig.pdf','FA459','',16440,15467),(16454,'PMC ISOCHEM - juillet 2022 - FR100172229 - orig.pdf','FA460','',16437,16093),(16455,'PMC ISOCHEM - fevrier 2022 - FR100158325 - orig.pdf','FA461','',16437,16093),(16456,'PMC ISOCHEM - avril 2022 - FR100164564 - orig.pdf','FA462','',16437,16093),(16457,'PMC ISOCHEM - aout 2022 - FR100174811 - orig.pdf','FA463','',16435,16092),(16458,'PMC ISOCHEM - fevrier 2022 - FR100158868 - orig.pdf','FA464','',16435,16092),(16459,'PMC ISOCHEM - avril 2022 - FR100164785 - orig.pdf','FA465','',16435,16092),(16460,'PMC ISOCHEM - avril 2022 - FR100164863 - orig.pdf','FA466','',16440,15467),(16461,'PMC ISOCHEM - fevrier 2022 - FR100158258 - orig.pdf','FA467','',16440,15467),(16462,'PMC ISOCHEM - aout 2022 - FR100175982 - orig.pdf','FA468','',16440,15467),(16834,'3. Factures elec 2022 - VATTENFALL ROUSSELOT_Partie1.pdf','FA469','',16833,15633),(16835,'3. Factures elec 2022 - VATTENFALL ROUSSELOT_Partie10.pdf','FA470','',16833,15633),(16836,'3. Factures elec 2022 - VATTENFALL ROUSSELOT_Partie11.pdf','FA471','',16833,15633),(16837,'3. Factures elec 2022 - VATTENFALL ROUSSELOT_Partie12.pdf','FA472','',16833,15633),(16838,'3. Factures elec 2022 - VATTENFALL ROUSSELOT_Partie2.pdf','FA473','',16833,15633),(16839,'3. Factures elec 2022 - VATTENFALL ROUSSELOT_Partie3.pdf','FA474','',16833,15633),(16840,'3. Factures elec 2022 - VATTENFALL ROUSSELOT_Partie4.pdf','FA475','',16833,15633),(16841,'3. Factures elec 2022 - VATTENFALL ROUSSELOT_Partie5.pdf','FA476','',16833,15633),(16842,'3. Factures elec 2022 - VATTENFALL ROUSSELOT_Partie6.pdf','FA477','',16833,15633),(16843,'3. Factures elec 2022 - VATTENFALL ROUSSELOT_Partie7.pdf','FA478','',16833,15633),(16844,'3. Factures elec 2022 - VATTENFALL ROUSSELOT_Partie8.pdf','FA479','',16833,15633),(16845,'3. Factures elec 2022 - VATTENFALL ROUSSELOT_Partie9.pdf','FA480','',16833,15633);

--
-- Table structure for table `vtiger_facturefourniturecf`
--

CREATE TABLE `vtiger_facturefourniturecf` (
  `facturefournitureid` int(19) NOT NULL,
  `cf_1042` varchar(255) DEFAULT '',
  `cf_1044` varchar(255) DEFAULT '',
  `cf_1048` varchar(255) DEFAULT '',
  `cf_1050` varchar(255) DEFAULT '',
  `cf_1052` varchar(255) DEFAULT '',
  `cf_1056` varchar(255) DEFAULT '',
  `cf_1058` int(4) DEFAULT NULL,
  `cf_1060` varchar(2) DEFAULT '',
  `cf_1062` decimal(65,5) DEFAULT NULL,
  `cf_1068` decimal(64,5) DEFAULT NULL,
  `cf_1074` decimal(65,5) DEFAULT NULL,
  `cf_1076` decimal(65,5) DEFAULT NULL,
  `cf_1078` decimal(65,5) DEFAULT NULL,
  `cf_1080` decimal(65,5) DEFAULT NULL,
  `cf_1082` decimal(65,5) DEFAULT NULL,
  `cf_1084` decimal(65,5) DEFAULT NULL,
  `cf_1086` decimal(65,5) DEFAULT NULL,
  `cf_1088` decimal(65,5) DEFAULT NULL,
  `cf_1090` decimal(65,5) DEFAULT NULL,
  `cf_1092` decimal(5,2) DEFAULT NULL,
  `cf_1094` decimal(65,5) DEFAULT NULL,
  `cf_1152` varchar(255) DEFAULT '',
  `cf_1187` varchar(255) DEFAULT '',
  `cf_1269` decimal(65,5) DEFAULT NULL,
  `cf_1271` decimal(65,5) DEFAULT NULL,
  `cf_1426` varchar(255) DEFAULT '',
  PRIMARY KEY (`facturefournitureid`)
) ENGINE=InnoDB DEFAULT CHARSET=utf8;

--
-- Dumping data for table `vtiger_facturefourniturecf`
--

INSERT INTO `vtiger_facturefourniturecf` VALUES (12154,'56569889542354','54 Issy les moulineaux 18300 Bled','FR656598','','','',2023,'01',650.00000,0.00000,0.00000,0.00000,0.00000,0.00000,0.00000,0.00000,0.00000,0.00000,NULL,NULL,NULL,'','',NULL,NULL,''),(12155,'','','','','','',0,'',350.00000,0.00000,0.00000,0.00000,0.00000,0.00000,0.00000,0.00000,0.00000,0.00000,NULL,NULL,NULL,'','',NULL,NULL,''),(12157,'point de livraison','adresse lieu consommation','','numéro facture','numero contrat','periodeconsommation',0,'mo',0.00000,0.00000,0.00000,0.00000,0.00000,0.00000,0.00000,0.00000,0.00000,0.00000,NULL,NULL,NULL,'','',NULL,NULL,''),(12159,'30000150122354','ROUTE DE BOURBOURG 59 59210 COUDEKERQUE BRANCHE','','10145560067','1-72ZNDZM','01/01/202209/03/2022',2022,'1',317.00000,0.00000,0.00000,0.00000,0.00000,0.00000,0.00000,0.00000,0.00000,0.00000,NULL,NULL,NULL,'','',NULL,NULL,''),(12161,'30000150122354','ROUTE DE BOURBOURG 59 59210 COUDEKERQUE BRANCHE','','10162110972','2010005143742','01/11/202230/11/2022',2022,'11',202.00000,0.00000,0.00000,0.00000,0.00000,0.00000,0.00000,0.00000,0.00000,0.00000,NULL,NULL,NULL,'','',NULL,NULL,''),(12162,'30000150122354','ROUTE DE BOURBOURG 59210 COUDEKERQUE BRANCHE','','10164124352','2010005143742','01/12/202231/12/2022',2022,'12',148.00000,0.00000,0.00000,0.00000,0.00000,0.00000,0.00000,0.00000,0.00000,0.00000,NULL,NULL,NULL,'','',NULL,NULL,''),(12163,'30000150122354','ROUTE DE BOURBOURG 59 59210 COUDEKERQUE BRANCHE','','10147049554','2010005143742','01/01/202231/01/2022',2022,'1',370.00000,0.00000,0.00000,0.00000,0.00000,0.00000,0.00000,0.00000,0.00000,0.00000,NULL,NULL,NULL,'','',NULL,NULL,''),(12164,'30000150122354','ROUTE DE BOURBOURG 59 59210 COUDEKERQUE BRANCHE','','10148801656','2010005143742','01/04/202230/04/2022',2022,'4',216.00000,0.00000,0.00000,0.00000,0.00000,0.00000,0.00000,0.00000,0.00000,0.00000,NULL,NULL,NULL,'','',NULL,NULL,''),(12165,'30000150122354','ROUTE DE BOURBOURG 59 59210 COUDEKERQUE BRANCHE','','10150686937','2010005143742','01/05/202231/05/2022',2022,'5',174.00000,0.00000,0.00000,0.00000,0.00000,0.00000,0.00000,0.00000,0.00000,0.00000,NULL,NULL,NULL,'','',NULL,NULL,''),(12166,'30000150122354','ROUTE DE BOURBOURG 59 59210 COUDEKERQUE BRANCHE','','10152405800','2010005143742','01/06/202230/06/2022',2022,'6',168.00000,0.00000,0.00000,0.00000,0.00000,0.00000,0.00000,0.00000,0.00000,0.00000,NULL,NULL,NULL,'','',NULL,NULL,''),(12167,'30000150122354','ROUTE DE BOURBOURG 59 59210 COUDEKERQUE BRANCHE','','10154452569','2010005143742','01/07/202231/07/2022',2022,'7',93.00000,0.00000,0.00000,0.00000,0.00000,0.00000,0.00000,0.00000,0.00000,0.00000,NULL,NULL,NULL,'','',NULL,NULL,''),(12168,'30000150122354','ROUTE DE BOURBOURG 59 59210 COUDEKERQUE BRANCHE','','10156196494','2010005143742','01/08/202231/08/2022',2022,'8',117.00000,0.00000,0.00000,0.00000,0.00000,0.00000,0.00000,0.00000,0.00000,0.00000,NULL,NULL,NULL,'','',NULL,NULL,''),(12169,'30000150122354','ROUTE DE BOURBOURG 59 59210 COUDEKERQUE BRANCHE','','10158136032','2010005143742','01/09/202230/09/2022',2022,'9',260.00000,0.00000,0.00000,0.00000,0.00000,0.00000,0.00000,0.00000,0.00000,0.00000,NULL,NULL,NULL,'','',NULL,NULL,''),(12170,'30000150122354','ROUTE DE BOURBOURG 59 59210 COUDEKERQUE BRANCHE','','10160014802','2010005143742','01/10/202231/10/2022',2022,'10',141.00000,0.00000,0.00000,0.00000,0.00000,0.00000,0.00000,0.00000,0.00000,0.00000,NULL,NULL,NULL,'','',NULL,NULL,''),(12171,'#N/A','#N/A','','#N/A','#N/A','#N/A',0,'#N',0.00000,0.00000,0.00000,0.00000,0.00000,0.00000,0.00000,0.00000,0.00000,0.00000,NULL,NULL,NULL,'','',NULL,NULL,''),(12172,'#N/A','#N/A','','#N/A','#N/A','#N/A',0,'#N',0.00000,0.00000,0.00000,0.00000,0.00000,0.00000,0.00000,0.00000,0.00000,0.00000,NULL,NULL,NULL,'','',NULL,NULL,''),(12173,'#N/A','#N/A','','#N/A','#N/A','#N/A',0,'#N',0.00000,0.00000,0.00000,0.00000,0.00000,0.00000,0.00000,0.00000,0.00000,0.00000,NULL,NULL,NULL,'','',NULL,NULL,''),(12174,'#N/A','#N/A','','#N/A','#N/A','#N/A',0,'#N',0.00000,0.00000,0.00000,0.00000,0.00000,0.00000,0.00000,0.00000,0.00000,0.00000,NULL,NULL,NULL,'','',NULL,NULL,''),(12175,'#N/A','#N/A','','#N/A','#N/A','#N/A',0,'#N',0.00000,0.00000,0.00000,0.00000,0.00000,0.00000,0.00000,0.00000,0.00000,0.00000,NULL,NULL,NULL,'','',NULL,NULL,''),(12176,'#N/A','#N/A','','#N/A','#N/A','#N/A',0,'#N',0.00000,0.00000,0.00000,0.00000,0.00000,0.00000,0.00000,0.00000,0.00000,0.00000,NULL,NULL,NULL,'','',NULL,NULL,''),(12177,'#N/A','#N/A','','#N/A','#N/A','#N/A',0,'#N',0.00000,0.00000,0.00000,0.00000,0.00000,0.00000,0.00000,0.00000,0.00000,0.00000,NULL,NULL,NULL,'','',NULL,NULL,''),(12178,'#N/A','#N/A','','#N/A','#N/A','#N/A',0,'#N',0.00000,0.00000,0.00000,0.00000,0.00000,0.00000,0.00000,0.00000,0.00000,0.00000,NULL,NULL,NULL,'','',NULL,NULL,''),(12179,'#N/A','#N/A','','#N/A','#N/A','#N/A',0,'#N',0.00000,0.00000,0.00000,0.00000,0.00000,0.00000,0.00000,0.00000,0.00000,0.00000,NULL,NULL,NULL,'','',NULL,NULL,''),(12180,'#N/A','#N/A','','#N/A','#N/A','#N/A',0,'#N',0.00000,0.00000,0.00000,0.00000,0.00000,0.00000,0.00000,0.00000,0.00000,0.00000,NULL,NULL,NULL,'','',NULL,NULL,''),(12181,'#N/A','#N/A','','#N/A','#N/A','#N/A',0,'#N',0.00000,0.00000,0.00000,0.00000,0.00000,0.00000,0.00000,0.00000,0.00000,0.00000,NULL,NULL,NULL,'','',NULL,NULL,''),(12182,'#N/A','#N/A','','#N/A','#N/A','#N/A',0,'#N',0.00000,0.00000,0.00000,0.00000,0.00000,0.00000,0.00000,0.00000,0.00000,0.00000,NULL,NULL,NULL,'','',NULL,NULL,''),(12183,'#N/A','#N/A','','#N/A','#N/A','#N/A',0,'#N',0.00000,0.00000,0.00000,0.00000,0.00000,0.00000,0.00000,0.00000,0.00000,0.00000,NULL,NULL,NULL,'','',NULL,NULL,''),(12184,'#N/A','#N/A','','#N/A','#N/A','#N/A',0,'#N',0.00000,0.00000,0.00000,0.00000,0.00000,0.00000,0.00000,0.00000,0.00000,0.00000,NULL,NULL,NULL,'','',NULL,NULL,''),(12185,'#N/A','#N/A','','#N/A','#N/A','#N/A',0,'#N',0.00000,0.00000,0.00000,0.00000,0.00000,0.00000,0.00000,0.00000,0.00000,0.00000,NULL,NULL,NULL,'','',NULL,NULL,''),(12186,'#N/A','#N/A','','#N/A','#N/A','#N/A',0,'#N',0.00000,0.00000,0.00000,0.00000,0.00000,0.00000,0.00000,0.00000,0.00000,0.00000,NULL,NULL,NULL,'','',NULL,NULL,''),(12187,'#N/A','#N/A','','#N/A','#N/A','#N/A',0,'#N',0.00000,0.00000,0.00000,0.00000,0.00000,0.00000,0.00000,0.00000,0.00000,0.00000,NULL,NULL,NULL,'','',NULL,NULL,''),(12188,'#N/A','#N/A','','#N/A','#N/A','#N/A',0,'#N',0.00000,0.00000,0.00000,0.00000,0.00000,0.00000,0.00000,0.00000,0.00000,0.00000,NULL,NULL,NULL,'','',NULL,NULL,''),(12189,'#N/A','#N/A','','#N/A','#N/A','#N/A',0,'#N',0.00000,0.00000,0.00000,0.00000,0.00000,0.00000,0.00000,0.00000,0.00000,0.00000,NULL,NULL,NULL,'','',NULL,NULL,''),(12190,'#N/A','#N/A','','#N/A','#N/A','#N/A',0,'#N',0.00000,0.00000,0.00000,0.00000,0.00000,0.00000,0.00000,0.00000,0.00000,0.00000,NULL,NULL,NULL,'','',NULL,NULL,''),(12191,'#N/A','#N/A','','#N/A','#N/A','#N/A',0,'#N',0.00000,0.00000,0.00000,0.00000,0.00000,0.00000,0.00000,0.00000,0.00000,0.00000,NULL,NULL,NULL,'','',NULL,NULL,''),(12192,'#N/A','#N/A','','#N/A','#N/A','#N/A',0,'#N',0.00000,0.00000,0.00000,0.00000,0.00000,0.00000,0.00000,0.00000,0.00000,0.00000,NULL,NULL,NULL,'','',NULL,NULL,''),(12193,'#N/A','#N/A','','#N/A','#N/A','#N/A',0,'#N',0.00000,0.00000,0.00000,0.00000,0.00000,0.00000,0.00000,0.00000,0.00000,0.00000,NULL,NULL,NULL,'','',NULL,NULL,''),(12194,'#N/A','#N/A','','#N/A','#N/A','#N/A',0,'#N',0.00000,0.00000,0.00000,0.00000,0.00000,0.00000,0.00000,0.00000,0.00000,0.00000,NULL,NULL,NULL,'','',NULL,NULL,''),(12195,'#N/A','#N/A','','#N/A','#N/A','#N/A',0,'#N',0.00000,0.00000,0.00000,0.00000,0.00000,0.00000,0.00000,0.00000,0.00000,0.00000,NULL,NULL,NULL,'','',NULL,NULL,''),(12196,'#N/A','#N/A','','#N/A','#N/A','#N/A',0,'#N',0.00000,0.00000,0.00000,0.00000,0.00000,0.00000,0.00000,0.00000,0.00000,0.00000,NULL,NULL,NULL,'','',NULL,NULL,''),(12197,'#N/A','#N/A','','#N/A','#N/A','#N/A',0,'#N',0.00000,0.00000,0.00000,0.00000,0.00000,0.00000,0.00000,0.00000,0.00000,0.00000,NULL,NULL,NULL,'','',NULL,NULL,''),(12198,'#N/A','#N/A','','#N/A','#N/A','#N/A',0,'#N',0.00000,0.00000,0.00000,0.00000,0.00000,0.00000,0.00000,0.00000,0.00000,0.00000,NULL,NULL,NULL,'','',NULL,NULL,''),(12199,'#N/A','#N/A','','#N/A','#N/A','#N/A',0,'#N',0.00000,0.00000,0.00000,0.00000,0.00000,0.00000,0.00000,0.00000,0.00000,0.00000,NULL,NULL,NULL,'','',NULL,NULL,''),(12200,'#N/A','#N/A','','#N/A','#N/A','#N/A',0,'#N',0.00000,0.00000,0.00000,0.00000,0.00000,0.00000,0.00000,0.00000,0.00000,0.00000,NULL,NULL,NULL,'','',NULL,NULL,''),(12201,'#N/A','#N/A','','#N/A','#N/A','#N/A',0,'#N',0.00000,0.00000,0.00000,0.00000,0.00000,0.00000,0.00000,0.00000,0.00000,0.00000,NULL,NULL,NULL,'','',NULL,NULL,''),(12202,'#N/A','#N/A','','#N/A','#N/A','#N/A',0,'#N',0.00000,0.00000,0.00000,0.00000,0.00000,0.00000,0.00000,0.00000,0.00000,0.00000,NULL,NULL,NULL,'','',NULL,NULL,''),(12203,'#N/A','#N/A','','#N/A','#N/A','#N/A',0,'#N',0.00000,0.00000,0.00000,0.00000,0.00000,0.00000,0.00000,0.00000,0.00000,0.00000,NULL,NULL,NULL,'','',NULL,NULL,''),(12204,'#N/A','#N/A','','#N/A','#N/A','#N/A',0,'#N',0.00000,0.00000,0.00000,0.00000,0.00000,0.00000,0.00000,0.00000,0.00000,0.00000,NULL,NULL,NULL,'','',NULL,NULL,''),(12205,'#N/A','#N/A','','#N/A','#N/A','#N/A',0,'#N',0.00000,0.00000,0.00000,0.00000,0.00000,0.00000,0.00000,0.00000,0.00000,0.00000,NULL,NULL,NULL,'','',NULL,NULL,''),(12206,'#N/A','#N/A','','#N/A','#N/A','#N/A',0,'#N',0.00000,0.00000,0.00000,0.00000,0.00000,0.00000,0.00000,0.00000,0.00000,0.00000,NULL,NULL,NULL,'','',NULL,NULL,''),(12207,'#N/A','#N/A','','#N/A','#N/A','#N/A',0,'#N',0.00000,0.00000,0.00000,0.00000,0.00000,0.00000,0.00000,0.00000,0.00000,0.00000,NULL,NULL,NULL,'','',NULL,NULL,''),(12208,'#N/A','#N/A','','#N/A','#N/A','#N/A',0,'#N',0.00000,0.00000,0.00000,0.00000,0.00000,0.00000,0.00000,0.00000,0.00000,0.00000,NULL,NULL,NULL,'','',NULL,NULL,''),(12209,'#N/A','#N/A','','#N/A','#N/A','#N/A',0,'#N',0.00000,0.00000,0.00000,0.00000,0.00000,0.00000,0.00000,0.00000,0.00000,0.00000,NULL,NULL,NULL,'','',NULL,NULL,''),(12210,'#N/A','#N/A','','#N/A','#N/A','#N/A',0,'#N',0.00000,0.00000,0.00000,0.00000,0.00000,0.00000,0.00000,0.00000,0.00000,0.00000,NULL,NULL,NULL,'','',NULL,NULL,''),(12211,'#N/A','#N/A','','#N/A','#N/A','#N/A',0,'#N',0.00000,0.00000,0.00000,0.00000,0.00000,0.00000,0.00000,0.00000,0.00000,0.00000,NULL,NULL,NULL,'','',NULL,NULL,''),(12212,'#N/A','#N/A','','#N/A','#N/A','#N/A',0,'#N',0.00000,0.00000,0.00000,0.00000,0.00000,0.00000,0.00000,0.00000,0.00000,0.00000,NULL,NULL,NULL,'','',NULL,NULL,''),(12213,'#N/A','#N/A','','#N/A','#N/A','#N/A',0,'#N',0.00000,0.00000,0.00000,0.00000,0.00000,0.00000,0.00000,0.00000,0.00000,0.00000,NULL,NULL,NULL,'','',NULL,NULL,''),(12214,'#N/A','#N/A','','#N/A','#N/A','#N/A',0,'#N',0.00000,0.00000,0.00000,0.00000,0.00000,0.00000,0.00000,0.00000,0.00000,0.00000,NULL,NULL,NULL,'','',NULL,NULL,''),(12215,'#N/A','#N/A','','#N/A','#N/A','#N/A',0,'#N',0.00000,0.00000,0.00000,0.00000,0.00000,0.00000,0.00000,0.00000,0.00000,0.00000,NULL,NULL,NULL,'','',NULL,NULL,''),(12216,'#N/A','#N/A','','#N/A','#N/A','#N/A',0,'#N',0.00000,0.00000,0.00000,0.00000,0.00000,0.00000,0.00000,0.00000,0.00000,0.00000,NULL,NULL,NULL,'','',NULL,NULL,''),(12217,'#N/A','#N/A','','#N/A','#N/A','#N/A',0,'#N',0.00000,0.00000,0.00000,0.00000,0.00000,0.00000,0.00000,0.00000,0.00000,0.00000,NULL,NULL,NULL,'','',NULL,NULL,''),(12218,'#N/A','#N/A','','#N/A','#N/A','#N/A',0,'#N',0.00000,0.00000,0.00000,0.00000,0.00000,0.00000,0.00000,0.00000,0.00000,0.00000,NULL,NULL,NULL,'','',NULL,NULL,''),(12219,'#N/A','#N/A','','#N/A','#N/A','#N/A',0,'#N',0.00000,0.00000,0.00000,0.00000,0.00000,0.00000,0.00000,0.00000,0.00000,0.00000,NULL,NULL,NULL,'','',NULL,NULL,''),(12220,'#N/A','#N/A','','#N/A','#N/A','#N/A',0,'#N',0.00000,0.00000,0.00000,0.00000,0.00000,0.00000,0.00000,0.00000,0.00000,0.00000,NULL,NULL,NULL,'','',NULL,NULL,''),(12221,'#N/A','#N/A','','#N/A','#N/A','#N/A',0,'#N',0.00000,0.00000,0.00000,0.00000,0.00000,0.00000,0.00000,0.00000,0.00000,0.00000,NULL,NULL,NULL,'','',NULL,NULL,''),(12222,'#N/A','#N/A','','#N/A','#N/A','#N/A',0,'#N',0.00000,0.00000,0.00000,0.00000,0.00000,0.00000,0.00000,0.00000,0.00000,0.00000,NULL,NULL,NULL,'','',NULL,NULL,''),(12223,'#N/A','#N/A','','#N/A','#N/A','#N/A',0,'#N',0.00000,0.00000,0.00000,0.00000,0.00000,0.00000,0.00000,0.00000,0.00000,0.00000,NULL,NULL,NULL,'','',NULL,NULL,''),(12224,'#N/A','#N/A','','#N/A','#N/A','#N/A',0,'#N',0.00000,0.00000,0.00000,0.00000,0.00000,0.00000,0.00000,0.00000,0.00000,0.00000,NULL,NULL,NULL,'','',NULL,NULL,''),(12225,'#N/A','#N/A','','#N/A','#N/A','#N/A',0,'#N',0.00000,0.00000,0.00000,0.00000,0.00000,0.00000,0.00000,0.00000,0.00000,0.00000,NULL,NULL,NULL,'','',NULL,NULL,''),(12226,'#N/A','#N/A','','#N/A','#N/A','#N/A',0,'#N',0.00000,0.00000,0.00000,0.00000,0.00000,0.00000,0.00000,0.00000,0.00000,0.00000,NULL,NULL,NULL,'','',NULL,NULL,''),(12227,'#N/A','#N/A','','#N/A','#N/A','#N/A',0,'#N',0.00000,0.00000,0.00000,0.00000,0.00000,0.00000,0.00000,0.00000,0.00000,0.00000,NULL,NULL,NULL,'','',NULL,NULL,''),(12228,'#N/A','#N/A','','#N/A','#N/A','#N/A',0,'#N',0.00000,0.00000,0.00000,0.00000,0.00000,0.00000,0.00000,0.00000,0.00000,0.00000,NULL,NULL,NULL,'','',NULL,NULL,''),(12229,'#N/A','#N/A','','#N/A','#N/A','#N/A',0,'#N',0.00000,0.00000,0.00000,0.00000,0.00000,0.00000,0.00000,0.00000,0.00000,0.00000,NULL,NULL,NULL,'','',NULL,NULL,''),(12230,'#N/A','#N/A','','#N/A','#N/A','#N/A',0,'#N',0.00000,0.00000,0.00000,0.00000,0.00000,0.00000,0.00000,0.00000,0.00000,0.00000,NULL,NULL,NULL,'','',NULL,NULL,''),(12231,'#N/A','#N/A','','#N/A','#N/A','#N/A',0,'#N',0.00000,0.00000,0.00000,0.00000,0.00000,0.00000,0.00000,0.00000,0.00000,0.00000,NULL,NULL,NULL,'','',NULL,NULL,''),(12232,'#N/A','#N/A','','#N/A','#N/A','#N/A',0,'#N',0.00000,0.00000,0.00000,0.00000,0.00000,0.00000,0.00000,0.00000,0.00000,0.00000,NULL,NULL,NULL,'','',NULL,NULL,''),(12233,'#N/A','#N/A','','#N/A','#N/A','#N/A',0,'#N',0.00000,0.00000,0.00000,0.00000,0.00000,0.00000,0.00000,0.00000,0.00000,0.00000,NULL,NULL,NULL,'','',NULL,NULL,''),(12234,'#N/A','#N/A','','#N/A','#N/A','#N/A',0,'#N',0.00000,0.00000,0.00000,0.00000,0.00000,0.00000,0.00000,0.00000,0.00000,0.00000,NULL,NULL,NULL,'','',NULL,NULL,''),(12235,'#N/A','#N/A','','#N/A','#N/A','#N/A',0,'#N',0.00000,0.00000,0.00000,0.00000,0.00000,0.00000,0.00000,0.00000,0.00000,0.00000,NULL,NULL,NULL,'','',NULL,NULL,''),(12236,'#N/A','#N/A','','#N/A','#N/A','#N/A',0,'#N',0.00000,0.00000,0.00000,0.00000,0.00000,0.00000,0.00000,0.00000,0.00000,0.00000,NULL,NULL,NULL,'','',NULL,NULL,''),(12237,'#N/A','#N/A','','#N/A','#N/A','#N/A',0,'#N',0.00000,0.00000,0.00000,0.00000,0.00000,0.00000,0.00000,0.00000,0.00000,0.00000,NULL,NULL,NULL,'','',NULL,NULL,''),(12238,'#N/A','#N/A','','#N/A','#N/A','#N/A',0,'#N',0.00000,0.00000,0.00000,0.00000,0.00000,0.00000,0.00000,0.00000,0.00000,0.00000,NULL,NULL,NULL,'','',NULL,NULL,''),(12239,'#N/A','#N/A','','#N/A','#N/A','#N/A',0,'#N',0.00000,0.00000,0.00000,0.00000,0.00000,0.00000,0.00000,0.00000,0.00000,0.00000,NULL,NULL,NULL,'','',NULL,NULL,''),(12240,'#N/A','#N/A','','#N/A','#N/A','#N/A',0,'#N',0.00000,0.00000,0.00000,0.00000,0.00000,0.00000,0.00000,0.00000,0.00000,0.00000,NULL,NULL,NULL,'','',NULL,NULL,''),(12241,'#N/A','#N/A','','#N/A','#N/A','#N/A',0,'#N',0.00000,0.00000,0.00000,0.00000,0.00000,0.00000,0.00000,0.00000,0.00000,0.00000,NULL,NULL,NULL,'','',NULL,NULL,''),(12242,'#N/A','#N/A','','#N/A','#N/A','#N/A',0,'#N',0.00000,0.00000,0.00000,0.00000,0.00000,0.00000,0.00000,0.00000,0.00000,0.00000,NULL,NULL,NULL,'','',NULL,NULL,''),(12243,'#N/A','#N/A','','#N/A','#N/A','#N/A',0,'#N',0.00000,0.00000,0.00000,0.00000,0.00000,0.00000,0.00000,0.00000,0.00000,0.00000,NULL,NULL,NULL,'','',NULL,NULL,''),(12244,'#N/A','#N/A','','#N/A','#N/A','#N/A',0,'#N',0.00000,0.00000,0.00000,0.00000,0.00000,0.00000,0.00000,0.00000,0.00000,0.00000,NULL,NULL,NULL,'','',NULL,NULL,''),(12245,'#N/A','#N/A','','#N/A','#N/A','#N/A',0,'#N',0.00000,0.00000,0.00000,0.00000,0.00000,0.00000,0.00000,0.00000,0.00000,0.00000,NULL,NULL,NULL,'','',NULL,NULL,''),(12246,'#N/A','#N/A','','#N/A','#N/A','#N/A',0,'#N',0.00000,0.00000,0.00000,0.00000,0.00000,0.00000,0.00000,0.00000,0.00000,0.00000,NULL,NULL,NULL,'','',NULL,NULL,''),(12247,'#N/A','#N/A','','#N/A','#N/A','#N/A',0,'#N',0.00000,0.00000,0.00000,0.00000,0.00000,0.00000,0.00000,0.00000,0.00000,0.00000,NULL,NULL,NULL,'','',NULL,NULL,''),(12248,'#N/A','#N/A','','#N/A','#N/A','#N/A',0,'#N',0.00000,0.00000,0.00000,0.00000,0.00000,0.00000,0.00000,0.00000,0.00000,0.00000,NULL,NULL,NULL,'','',NULL,NULL,''),(12249,'#N/A','#N/A','','#N/A','#N/A','#N/A',0,'#N',0.00000,0.00000,0.00000,0.00000,0.00000,0.00000,0.00000,0.00000,0.00000,0.00000,NULL,NULL,NULL,'','',NULL,NULL,''),(12250,'#N/A','#N/A','','#N/A','#N/A','#N/A',0,'#N',0.00000,0.00000,0.00000,0.00000,0.00000,0.00000,0.00000,0.00000,0.00000,0.00000,NULL,NULL,NULL,'','',NULL,NULL,''),(12251,'#N/A','#N/A','','#N/A','#N/A','#N/A',0,'#N',0.00000,0.00000,0.00000,0.00000,0.00000,0.00000,0.00000,0.00000,0.00000,0.00000,NULL,NULL,NULL,'','',NULL,NULL,''),(12252,'#N/A','#N/A','','#N/A','#N/A','#N/A',0,'#N',0.00000,0.00000,0.00000,0.00000,0.00000,0.00000,0.00000,0.00000,0.00000,0.00000,NULL,NULL,NULL,'','',NULL,NULL,''),(12253,'#N/A','#N/A','','#N/A','#N/A','#N/A',0,'#N',0.00000,0.00000,0.00000,0.00000,0.00000,0.00000,0.00000,0.00000,0.00000,0.00000,NULL,NULL,NULL,'','',NULL,NULL,''),(12254,'#N/A','#N/A','','#N/A','#N/A','#N/A',0,'#N',0.00000,0.00000,0.00000,0.00000,0.00000,0.00000,0.00000,0.00000,0.00000,0.00000,NULL,NULL,NULL,'','',NULL,NULL,''),(12255,'#N/A','#N/A','','#N/A','#N/A','#N/A',0,'#N',0.00000,0.00000,0.00000,0.00000,0.00000,0.00000,0.00000,0.00000,0.00000,0.00000,NULL,NULL,NULL,'','',NULL,NULL,''),(12256,'#N/A','#N/A','','#N/A','#N/A','#N/A',0,'#N',0.00000,0.00000,0.00000,0.00000,0.00000,0.00000,0.00000,0.00000,0.00000,0.00000,NULL,NULL,NULL,'','',NULL,NULL,''),(12257,'#N/A','#N/A','','#N/A','#N/A','#N/A',0,'#N',0.00000,0.00000,0.00000,0.00000,0.00000,0.00000,0.00000,0.00000,0.00000,0.00000,NULL,NULL,NULL,'','',NULL,NULL,''),(12258,'#N/A','#N/A','','#N/A','#N/A','#N/A',0,'#N',0.00000,0.00000,0.00000,0.00000,0.00000,0.00000,0.00000,0.00000,0.00000,0.00000,NULL,NULL,NULL,'','',NULL,NULL,''),(12259,'#N/A','#N/A','','#N/A','#N/A','#N/A',0,'#N',0.00000,0.00000,0.00000,0.00000,0.00000,0.00000,0.00000,0.00000,0.00000,0.00000,NULL,NULL,NULL,'','',NULL,NULL,''),(12261,'point de livraison','adresse lieu consommation','','numéro facture','numero contrat','periodeconsommation',0,'mo',0.00000,0.00000,0.00000,0.00000,0.00000,0.00000,0.00000,0.00000,0.00000,0.00000,NULL,NULL,NULL,'','',NULL,NULL,''),(12263,'3,0002E+13','ROUTE DE TAULIGNAN 84600 GRILLON','','10148674492','2,01001E+12','01/03/2022    31/03/2022',2022,'2',673.26000,0.00000,0.00000,0.00000,0.00000,0.00000,0.00000,0.00000,0.00000,0.00000,NULL,NULL,NULL,'','',NULL,NULL,''),(12265,'3,0002E+13','Z.I. BOIS DES LOTS 26130 ST PAUL TROIS CHATEAUX','','10148802651','2,01001E+12','01/04/2022    30/04/2022',2022,'2',37.19000,0.00000,0.00000,0.00000,0.00000,0.00000,0.00000,0.00000,0.00000,0.00000,NULL,NULL,NULL,'','',NULL,NULL,''),(12266,'3,0002E+13','Z.I. BOIS DES LOTS 26130 ST PAUL TROIS CHATEAUX','','10147049967','2,01001E+12','01/03/2022    31/03/2022',2022,'2',50.97000,0.00000,0.00000,0.00000,0.00000,0.00000,0.00000,0.00000,0.00000,0.00000,NULL,NULL,NULL,'','',NULL,NULL,''),(12267,'3,00019E+13','ZI VINDRY ST LOUP 69490 VINDRY SUR TURDINE','','10148674468','2,01001E+12','01/03/2022    31/03/2022',2022,'2',150.87000,0.00000,0.00000,0.00000,0.00000,0.00000,0.00000,0.00000,0.00000,0.00000,NULL,NULL,NULL,'','',NULL,NULL,''),(12268,'3,00019E+13','ZI VINDRY ST LOUP 69490 VINDRY SUR TURDINE','','10150609610','2,01001E+12','01/01/2022    31/01/2022',2022,'2',125.34000,0.00000,0.00000,0.00000,0.00000,0.00000,0.00000,0.00000,0.00000,0.00000,NULL,NULL,NULL,'','',NULL,NULL,''),(12269,'3,0002E+13','ROUTE DE TAULIGNAN 84600 GRILLON','','10150609624','2,01001E+12','01/02/2022    28/02/2022',2022,'2',630.98000,0.00000,0.00000,0.00000,0.00000,0.00000,0.00000,0.00000,0.00000,0.00000,NULL,NULL,NULL,'','',NULL,NULL,''),(12270,'3,0002E+13','Z.I. BOIS DES LOTS 26130 ST PAUL TROIS CHATEAUX','','10145130541','2,01001E+12','01/02/2022    28/02/2022',2022,'2',51.55000,0.00000,0.00000,0.00000,0.00000,0.00000,0.00000,0.00000,0.00000,0.00000,NULL,NULL,NULL,'','',NULL,NULL,''),(12272,'3,00019E+13','SOITEC BERNIN 1-2 CH DES FLANQUES 38190 BERNIN','','ES012372','10381','01/01/2021    01/02/2021',2021,'#V',4815.60000,12.44000,0.00000,0.00000,0.00000,0.00000,0.00000,0.00000,0.00000,0.00000,NULL,NULL,NULL,'','',NULL,NULL,''),(12273,'3,00019E+13','SOITEC BERNIN 1-2 CH DES FLANQUES 38190 BERNIN','','ES012373','10381','01/02/2021    01/03/2021',2021,'#V',4298.83000,0.00000,0.00000,0.00000,0.00000,0.00000,0.00000,0.00000,0.00000,0.00000,NULL,NULL,NULL,'','',NULL,NULL,''),(12274,'3,00019E+13','SOITEC BERNIN 1-2 CH DES FLANQUES 38190 BERNIN','','ES012374','10381','01/03/2021    01/04/2021',2021,'#V',4908.43000,0.00000,0.00000,0.00000,0.00000,0.00000,0.00000,0.00000,0.00000,0.00000,NULL,NULL,NULL,'','',NULL,NULL,''),(12275,'3,00019E+13','SOITEC BERNIN 1-2 CH DES FLANQUES 38190 BERNIN','','ES013079','10381','01/04/2021    01/05/2021',2021,'#V',4799.00000,0.00000,0.00000,0.00000,0.00000,0.00000,0.00000,0.00000,0.00000,0.00000,NULL,NULL,NULL,'','',NULL,NULL,''),(12276,'3,00019E+13','SOITEC BERNIN 1-2 CH DES FLANQUES 38190 BERNIN','','ES014197','10381','01/05/2021    01/06/2021',2021,'#V',4953.14000,0.00000,0.00000,0.00000,0.00000,0.00000,0.00000,0.00000,0.00000,0.00000,NULL,NULL,NULL,'','',NULL,NULL,''),(12277,'3,00019E+13','SOITEC BERNIN 1-2 CH DES FLANQUES 38190 BERNIN','','ES014978','10381','01/06/2021    01/07/2021',2021,'#V',5143.98000,0.00000,0.00000,0.00000,0.00000,0.00000,0.00000,0.00000,0.00000,0.00000,NULL,NULL,NULL,'','',NULL,NULL,''),(12278,'3,00019E+13','SOITEC BERNIN 1-2 CH DES FLANQUES 38190 BERNIN','','ES017782','10381','01/07/2021    01/08/2021',2021,'#V',5314.54000,0.00000,0.00000,0.00000,0.00000,0.00000,0.00000,0.00000,0.00000,0.00000,NULL,NULL,NULL,'','',NULL,NULL,''),(12279,'3,00019E+13','SOITEC BERNIN 1-2 CH DES FLANQUES 38190 BERNIN','','ES017784','10381','01/08/2021    01/09/2021',2021,'#V',5239.71000,0.00000,0.00000,0.00000,0.00000,0.00000,0.00000,0.00000,0.00000,0.00000,NULL,NULL,NULL,'','',NULL,NULL,''),(12280,'3,00019E+13','SOITEC BERNIN 1-2 CH DES FLANQUES 38190 BERNIN','','ES017786','10381','01/09/2021    01/10/2021',2021,'#V',5091.57000,0.00000,0.00000,0.00000,0.00000,0.00000,0.00000,0.00000,0.00000,0.00000,NULL,NULL,NULL,'','',NULL,NULL,''),(12281,'3,00019E+13','SOITEC BERNIN 1-2 CH DES FLANQUES 38190 BERNIN','','ES018008','10381','01/10/2021    01/11/2021',2021,'#V',4968.80000,0.00000,0.00000,0.00000,0.00000,0.00000,0.00000,0.00000,0.00000,0.00000,NULL,NULL,NULL,'','',NULL,NULL,''),(12282,'3,00019E+13','SOITEC BERNIN 1-2 CH DES FLANQUES 38190 BERNIN','','ES019245','10381','01/11/2021    01/12/2021',2021,'#V',4882.73000,0.00000,0.00000,0.00000,0.00000,0.00000,0.00000,0.00000,0.00000,0.00000,NULL,NULL,NULL,'','',NULL,NULL,''),(12284,'3,00019E+13','SOITEC BERNIN 1-2 CH DES FLANQUES 38190 BERNIN','','ES019697','0','01/12/2021    01/01/2022',2022,'#V',5063.28000,0.00000,0.00000,0.00000,0.00000,0.00000,0.00000,0.00000,0.00000,0.00000,NULL,NULL,NULL,'','',NULL,NULL,''),(12286,'','','','','','',0,'',0.00000,0.00000,0.00000,0.00000,0.00000,0.00000,0.00000,0.00000,0.00000,0.00000,NULL,NULL,NULL,'','',NULL,NULL,''),(12287,'','','','','','',0,'',0.00000,0.00000,0.00000,0.00000,0.00000,0.00000,0.00000,0.00000,0.00000,0.00000,NULL,NULL,NULL,'','',NULL,NULL,''),(12288,'','','','','','',0,'',0.00000,0.00000,0.00000,0.00000,0.00000,0.00000,0.00000,0.00000,0.00000,0.00000,NULL,NULL,NULL,'','',NULL,NULL,''),(12289,'','','','','','',0,'',0.00000,0.00000,0.00000,0.00000,0.00000,0.00000,0.00000,0.00000,0.00000,0.00000,NULL,NULL,NULL,'','',NULL,NULL,''),(12290,'','','','','','',0,'',0.00000,0.00000,0.00000,0.00000,0.00000,0.00000,0.00000,0.00000,0.00000,0.00000,NULL,NULL,NULL,'','',NULL,NULL,''),(12291,'','','','','','',0,'',0.00000,0.00000,0.00000,0.00000,0.00000,0.00000,0.00000,0.00000,0.00000,0.00000,NULL,NULL,NULL,'','',NULL,NULL,''),(12292,'','','','','','',0,'',0.00000,0.00000,0.00000,0.00000,0.00000,0.00000,0.00000,0.00000,0.00000,0.00000,NULL,NULL,NULL,'','',NULL,NULL,''),(12293,'','','','','','',0,'',0.00000,0.00000,0.00000,0.00000,0.00000,0.00000,0.00000,0.00000,0.00000,0.00000,NULL,NULL,NULL,'','',NULL,NULL,''),(12294,'','','','','','',0,'',0.00000,0.00000,0.00000,0.00000,0.00000,0.00000,0.00000,0.00000,0.00000,0.00000,NULL,NULL,NULL,'','',NULL,NULL,''),(12295,'','','','','','',0,'',0.00000,0.00000,0.00000,0.00000,0.00000,0.00000,0.00000,0.00000,0.00000,0.00000,NULL,NULL,NULL,'','',NULL,NULL,''),(12296,'','','','','','',0,'',0.00000,0.00000,0.00000,0.00000,0.00000,0.00000,0.00000,0.00000,0.00000,0.00000,NULL,NULL,NULL,'','',NULL,NULL,''),(12297,'','','','','','',0,'',0.00000,0.00000,0.00000,0.00000,0.00000,0.00000,0.00000,0.00000,0.00000,0.00000,NULL,NULL,NULL,'','',NULL,NULL,''),(12298,'','','','','','',0,'',0.00000,0.00000,0.00000,0.00000,0.00000,0.00000,0.00000,0.00000,0.00000,0.00000,NULL,NULL,NULL,'','',NULL,NULL,''),(12299,'','','','','','',0,'',0.00000,0.00000,0.00000,0.00000,0.00000,0.00000,0.00000,0.00000,0.00000,0.00000,NULL,NULL,NULL,'','',NULL,NULL,''),(12300,'','','','','','',0,'',0.00000,0.00000,0.00000,0.00000,0.00000,0.00000,0.00000,0.00000,0.00000,0.00000,NULL,NULL,NULL,'','',NULL,NULL,''),(12301,'','','','','','',0,'',0.00000,0.00000,0.00000,0.00000,0.00000,0.00000,0.00000,0.00000,0.00000,0.00000,NULL,NULL,NULL,'','',NULL,NULL,''),(12302,'','','','','','',0,'',0.00000,0.00000,0.00000,0.00000,0.00000,0.00000,0.00000,0.00000,0.00000,0.00000,NULL,NULL,NULL,'','',NULL,NULL,''),(12303,'','','','','','',0,'',0.00000,0.00000,0.00000,0.00000,0.00000,0.00000,0.00000,0.00000,0.00000,0.00000,NULL,NULL,NULL,'','',NULL,NULL,''),(12304,'','','','','','',0,'',0.00000,0.00000,0.00000,0.00000,0.00000,0.00000,0.00000,0.00000,0.00000,0.00000,NULL,NULL,NULL,'','',NULL,NULL,''),(12305,'','','','','','',0,'',0.00000,0.00000,0.00000,0.00000,0.00000,0.00000,0.00000,0.00000,0.00000,0.00000,NULL,NULL,NULL,'','',NULL,NULL,''),(12306,'','','','','','',0,'',0.00000,0.00000,0.00000,0.00000,0.00000,0.00000,0.00000,0.00000,0.00000,0.00000,NULL,NULL,NULL,'','',NULL,NULL,''),(12307,'','','','','','',0,'',0.00000,0.00000,0.00000,0.00000,0.00000,0.00000,0.00000,0.00000,0.00000,0.00000,NULL,NULL,NULL,'','',NULL,NULL,''),(12308,'','','','','','',0,'',0.00000,0.00000,0.00000,0.00000,0.00000,0.00000,0.00000,0.00000,0.00000,0.00000,NULL,NULL,NULL,'','',NULL,NULL,''),(12309,'','','','','','',0,'',0.00000,0.00000,0.00000,0.00000,0.00000,0.00000,0.00000,0.00000,0.00000,0.00000,NULL,NULL,NULL,'','',NULL,NULL,''),(12310,'','','','','','',0,'',0.00000,0.00000,0.00000,0.00000,0.00000,0.00000,0.00000,0.00000,0.00000,0.00000,NULL,NULL,NULL,'','',NULL,NULL,''),(12311,'','','','','','',0,'',0.00000,0.00000,0.00000,0.00000,0.00000,0.00000,0.00000,0.00000,0.00000,0.00000,NULL,NULL,NULL,'','',NULL,NULL,''),(12312,'','','','','','',0,'',0.00000,0.00000,0.00000,0.00000,0.00000,0.00000,0.00000,0.00000,0.00000,0.00000,NULL,NULL,NULL,'','',NULL,NULL,''),(12313,'','','','','','',0,'',0.00000,0.00000,0.00000,0.00000,0.00000,0.00000,0.00000,0.00000,0.00000,0.00000,NULL,NULL,NULL,'','',NULL,NULL,''),(12314,'','','','','','',0,'',0.00000,0.00000,0.00000,0.00000,0.00000,0.00000,0.00000,0.00000,0.00000,0.00000,NULL,NULL,NULL,'','',NULL,NULL,''),(12315,'','','','','','',0,'',0.00000,0.00000,0.00000,0.00000,0.00000,0.00000,0.00000,0.00000,0.00000,0.00000,NULL,NULL,NULL,'','',NULL,NULL,''),(12316,'','','','','','',0,'',0.00000,0.00000,0.00000,0.00000,0.00000,0.00000,0.00000,0.00000,0.00000,0.00000,NULL,NULL,NULL,'','',NULL,NULL,''),(12317,'','','','','','',0,'',0.00000,0.00000,0.00000,0.00000,0.00000,0.00000,0.00000,0.00000,0.00000,0.00000,NULL,NULL,NULL,'','',NULL,NULL,''),(12318,'','','','','','',0,'',0.00000,0.00000,0.00000,0.00000,0.00000,0.00000,0.00000,0.00000,0.00000,0.00000,NULL,NULL,NULL,'','',NULL,NULL,''),(12319,'','','','','','',0,'',0.00000,0.00000,0.00000,0.00000,0.00000,0.00000,0.00000,0.00000,0.00000,0.00000,NULL,NULL,NULL,'','',NULL,NULL,''),(12320,'','','','','','',0,'',0.00000,0.00000,0.00000,0.00000,0.00000,0.00000,0.00000,0.00000,0.00000,0.00000,NULL,NULL,NULL,'','',NULL,NULL,''),(12321,'','','','','','',0,'',0.00000,0.00000,0.00000,0.00000,0.00000,0.00000,0.00000,0.00000,0.00000,0.00000,NULL,NULL,NULL,'','',NULL,NULL,''),(12322,'','','','','','',0,'',0.00000,0.00000,0.00000,0.00000,0.00000,0.00000,0.00000,0.00000,0.00000,0.00000,NULL,NULL,NULL,'','',NULL,NULL,''),(12323,'','','','','','',0,'',0.00000,0.00000,0.00000,0.00000,0.00000,0.00000,0.00000,0.00000,0.00000,0.00000,NULL,NULL,NULL,'','',NULL,NULL,''),(12324,'','','','','','',0,'',0.00000,0.00000,0.00000,0.00000,0.00000,0.00000,0.00000,0.00000,0.00000,0.00000,NULL,NULL,NULL,'','',NULL,NULL,''),(12325,'','','','','','',0,'',0.00000,0.00000,0.00000,0.00000,0.00000,0.00000,0.00000,0.00000,0.00000,0.00000,NULL,NULL,NULL,'','',NULL,NULL,''),(12326,'','','','','','',0,'',0.00000,0.00000,0.00000,0.00000,0.00000,0.00000,0.00000,0.00000,0.00000,0.00000,NULL,NULL,NULL,'','',NULL,NULL,''),(12327,'','','','','','',0,'',0.00000,0.00000,0.00000,0.00000,0.00000,0.00000,0.00000,0.00000,0.00000,0.00000,NULL,NULL,NULL,'','',NULL,NULL,''),(12328,'','','','','','',0,'',0.00000,0.00000,0.00000,0.00000,0.00000,0.00000,0.00000,0.00000,0.00000,0.00000,NULL,NULL,NULL,'','',NULL,NULL,''),(12329,'','','','','','',0,'',0.00000,0.00000,0.00000,0.00000,0.00000,0.00000,0.00000,0.00000,0.00000,0.00000,NULL,NULL,NULL,'','',NULL,NULL,''),(12330,'','','','','','',0,'',0.00000,0.00000,0.00000,0.00000,0.00000,0.00000,0.00000,0.00000,0.00000,0.00000,NULL,NULL,NULL,'','',NULL,NULL,''),(12331,'','','','','','',0,'',0.00000,0.00000,0.00000,0.00000,0.00000,0.00000,0.00000,0.00000,0.00000,0.00000,NULL,NULL,NULL,'','',NULL,NULL,''),(12332,'','','','','','',0,'',0.00000,0.00000,0.00000,0.00000,0.00000,0.00000,0.00000,0.00000,0.00000,0.00000,NULL,NULL,NULL,'','',NULL,NULL,''),(12333,'','','','','','',0,'',0.00000,0.00000,0.00000,0.00000,0.00000,0.00000,0.00000,0.00000,0.00000,0.00000,NULL,NULL,NULL,'','',NULL,NULL,''),(12334,'','','','','','',0,'',0.00000,0.00000,0.00000,0.00000,0.00000,0.00000,0.00000,0.00000,0.00000,0.00000,NULL,NULL,NULL,'','',NULL,NULL,''),(12335,'','','','','','',0,'',0.00000,0.00000,0.00000,0.00000,0.00000,0.00000,0.00000,0.00000,0.00000,0.00000,NULL,NULL,NULL,'','',NULL,NULL,''),(12336,'','','','','','',0,'',0.00000,0.00000,0.00000,0.00000,0.00000,0.00000,0.00000,0.00000,0.00000,0.00000,NULL,NULL,NULL,'','',NULL,NULL,''),(12337,'','','','','','',0,'',0.00000,0.00000,0.00000,0.00000,0.00000,0.00000,0.00000,0.00000,0.00000,0.00000,NULL,NULL,NULL,'','',NULL,NULL,''),(12338,'','','','','','',0,'',0.00000,0.00000,0.00000,0.00000,0.00000,0.00000,0.00000,0.00000,0.00000,0.00000,NULL,NULL,NULL,'','',NULL,NULL,''),(12339,'','','','','','',0,'',0.00000,0.00000,0.00000,0.00000,0.00000,0.00000,0.00000,0.00000,0.00000,0.00000,NULL,NULL,NULL,'','',NULL,NULL,''),(12340,'','','','','','',0,'',0.00000,0.00000,0.00000,0.00000,0.00000,0.00000,0.00000,0.00000,0.00000,0.00000,NULL,NULL,NULL,'','',NULL,NULL,''),(12341,'','','','','','',0,'',0.00000,0.00000,0.00000,0.00000,0.00000,0.00000,0.00000,0.00000,0.00000,0.00000,NULL,NULL,NULL,'','',NULL,NULL,''),(12342,'','','','','','',0,'',0.00000,0.00000,0.00000,0.00000,0.00000,0.00000,0.00000,0.00000,0.00000,0.00000,NULL,NULL,NULL,'','',NULL,NULL,''),(12343,'','','','','','',0,'',0.00000,0.00000,0.00000,0.00000,0.00000,0.00000,0.00000,0.00000,0.00000,0.00000,NULL,NULL,NULL,'','',NULL,NULL,''),(12344,'','','','','','',0,'',0.00000,0.00000,0.00000,0.00000,0.00000,0.00000,0.00000,0.00000,0.00000,0.00000,NULL,NULL,NULL,'','',NULL,NULL,''),(12345,'','','','','','',0,'',0.00000,0.00000,0.00000,0.00000,0.00000,0.00000,0.00000,0.00000,0.00000,0.00000,NULL,NULL,NULL,'','',NULL,NULL,''),(12346,'','','','','','',0,'',0.00000,0.00000,0.00000,0.00000,0.00000,0.00000,0.00000,0.00000,0.00000,0.00000,NULL,NULL,NULL,'','',NULL,NULL,''),(12347,'','','','','','',0,'',0.00000,0.00000,0.00000,0.00000,0.00000,0.00000,0.00000,0.00000,0.00000,0.00000,NULL,NULL,NULL,'','',NULL,NULL,''),(12348,'','','','','','',0,'',0.00000,0.00000,0.00000,0.00000,0.00000,0.00000,0.00000,0.00000,0.00000,0.00000,NULL,NULL,NULL,'','',NULL,NULL,''),(12349,'','','','','','',0,'',0.00000,0.00000,0.00000,0.00000,0.00000,0.00000,0.00000,0.00000,0.00000,0.00000,NULL,NULL,NULL,'','',NULL,NULL,''),(12350,'','','','','','',0,'',0.00000,0.00000,0.00000,0.00000,0.00000,0.00000,0.00000,0.00000,0.00000,0.00000,NULL,NULL,NULL,'','',NULL,NULL,''),(12351,'','','','','','',0,'',0.00000,0.00000,0.00000,0.00000,0.00000,0.00000,0.00000,0.00000,0.00000,0.00000,NULL,NULL,NULL,'','',NULL,NULL,''),(12352,'','','','','','',0,'',0.00000,0.00000,0.00000,0.00000,0.00000,0.00000,0.00000,0.00000,0.00000,0.00000,NULL,NULL,NULL,'','',NULL,NULL,''),(12353,'','','','','','',0,'',0.00000,0.00000,0.00000,0.00000,0.00000,0.00000,0.00000,0.00000,0.00000,0.00000,NULL,NULL,NULL,'','',NULL,NULL,''),(12354,'','','','','','',0,'',0.00000,0.00000,0.00000,0.00000,0.00000,0.00000,0.00000,0.00000,0.00000,0.00000,NULL,NULL,NULL,'','',NULL,NULL,''),(12355,'','','','','','',0,'',0.00000,0.00000,0.00000,0.00000,0.00000,0.00000,0.00000,0.00000,0.00000,0.00000,NULL,NULL,NULL,'','',NULL,NULL,''),(12356,'','','','','','',0,'',0.00000,0.00000,0.00000,0.00000,0.00000,0.00000,0.00000,0.00000,0.00000,0.00000,NULL,NULL,NULL,'','',NULL,NULL,''),(12357,'','','','','','',0,'',0.00000,0.00000,0.00000,0.00000,0.00000,0.00000,0.00000,0.00000,0.00000,0.00000,NULL,NULL,NULL,'','',NULL,NULL,''),(12358,'','','','','','',0,'',0.00000,0.00000,0.00000,0.00000,0.00000,0.00000,0.00000,0.00000,0.00000,0.00000,NULL,NULL,NULL,'','',NULL,NULL,''),(12359,'','','','','','',0,'',0.00000,0.00000,0.00000,0.00000,0.00000,0.00000,0.00000,0.00000,0.00000,0.00000,NULL,NULL,NULL,'','',NULL,NULL,''),(12360,'','','','','','',0,'',0.00000,0.00000,0.00000,0.00000,0.00000,0.00000,0.00000,0.00000,0.00000,0.00000,NULL,NULL,NULL,'','',NULL,NULL,''),(12361,'','','','','','',0,'',0.00000,0.00000,0.00000,0.00000,0.00000,0.00000,0.00000,0.00000,0.00000,0.00000,NULL,NULL,NULL,'','',NULL,NULL,''),(12362,'','','','','','',0,'',0.00000,0.00000,0.00000,0.00000,0.00000,0.00000,0.00000,0.00000,0.00000,0.00000,NULL,NULL,NULL,'','',NULL,NULL,''),(12363,'','','','','','',0,'',0.00000,0.00000,0.00000,0.00000,0.00000,0.00000,0.00000,0.00000,0.00000,0.00000,NULL,NULL,NULL,'','',NULL,NULL,''),(12364,'','','','','','',0,'',0.00000,0.00000,0.00000,0.00000,0.00000,0.00000,0.00000,0.00000,0.00000,0.00000,NULL,NULL,NULL,'','',NULL,NULL,''),(12365,'','','','','','',0,'',0.00000,0.00000,0.00000,0.00000,0.00000,0.00000,0.00000,0.00000,0.00000,0.00000,NULL,NULL,NULL,'','',NULL,NULL,''),(12366,'','','','','','',0,'',0.00000,0.00000,0.00000,0.00000,0.00000,0.00000,0.00000,0.00000,0.00000,0.00000,NULL,NULL,NULL,'','',NULL,NULL,''),(12367,'','','','','','',0,'',0.00000,0.00000,0.00000,0.00000,0.00000,0.00000,0.00000,0.00000,0.00000,0.00000,NULL,NULL,NULL,'','',NULL,NULL,''),(12368,'','','','','','',0,'',0.00000,0.00000,0.00000,0.00000,0.00000,0.00000,0.00000,0.00000,0.00000,0.00000,NULL,NULL,NULL,'','',NULL,NULL,''),(12369,'','','','','','',0,'',0.00000,0.00000,0.00000,0.00000,0.00000,0.00000,0.00000,0.00000,0.00000,0.00000,NULL,NULL,NULL,'','',NULL,NULL,''),(12370,'','','','','','',0,'',0.00000,0.00000,0.00000,0.00000,0.00000,0.00000,0.00000,0.00000,0.00000,0.00000,NULL,NULL,NULL,'','',NULL,NULL,''),(12371,'','','','','','',0,'',0.00000,0.00000,0.00000,0.00000,0.00000,0.00000,0.00000,0.00000,0.00000,0.00000,NULL,NULL,NULL,'','',NULL,NULL,''),(12372,'','','','','','',0,'',0.00000,0.00000,0.00000,0.00000,0.00000,0.00000,0.00000,0.00000,0.00000,0.00000,NULL,NULL,NULL,'','',NULL,NULL,''),(12373,'','','','','','',0,'',0.00000,0.00000,0.00000,0.00000,0.00000,0.00000,0.00000,0.00000,0.00000,0.00000,NULL,NULL,NULL,'','',NULL,NULL,''),(12374,'','','','','','',0,'',0.00000,0.00000,0.00000,0.00000,0.00000,0.00000,0.00000,0.00000,0.00000,0.00000,NULL,NULL,NULL,'','',NULL,NULL,''),(12375,'','','','','','',0,'',0.00000,0.00000,0.00000,0.00000,0.00000,0.00000,0.00000,0.00000,0.00000,0.00000,NULL,NULL,NULL,'','',NULL,NULL,''),(12376,'','','','','','',0,'',0.00000,0.00000,0.00000,0.00000,0.00000,0.00000,0.00000,0.00000,0.00000,0.00000,NULL,NULL,NULL,'','',NULL,NULL,''),(12377,'','','','','','',0,'',0.00000,0.00000,0.00000,0.00000,0.00000,0.00000,0.00000,0.00000,0.00000,0.00000,NULL,NULL,NULL,'','',NULL,NULL,''),(12378,'','','','','','',0,'',0.00000,0.00000,0.00000,0.00000,0.00000,0.00000,0.00000,0.00000,0.00000,0.00000,NULL,NULL,NULL,'','',NULL,NULL,''),(12379,'','','','','','',0,'',0.00000,0.00000,0.00000,0.00000,0.00000,0.00000,0.00000,0.00000,0.00000,0.00000,NULL,NULL,NULL,'','',NULL,NULL,''),(12380,'','','','','','',0,'',0.00000,0.00000,0.00000,0.00000,0.00000,0.00000,0.00000,0.00000,0.00000,0.00000,NULL,NULL,NULL,'','',NULL,NULL,''),(12381,'','','','','','',0,'',0.00000,0.00000,0.00000,0.00000,0.00000,0.00000,0.00000,0.00000,0.00000,0.00000,NULL,NULL,NULL,'','',NULL,NULL,''),(12382,'','','','','','',0,'',0.00000,0.00000,0.00000,0.00000,0.00000,0.00000,0.00000,0.00000,0.00000,0.00000,NULL,NULL,NULL,'','',NULL,NULL,''),(12383,'','','','','','',0,'',0.00000,0.00000,0.00000,0.00000,0.00000,0.00000,0.00000,0.00000,0.00000,0.00000,NULL,NULL,NULL,'','',NULL,NULL,''),(12384,'','','','','','',0,'',0.00000,0.00000,0.00000,0.00000,0.00000,0.00000,0.00000,0.00000,0.00000,0.00000,NULL,NULL,NULL,'','',NULL,NULL,''),(12385,'','','','','','',0,'',0.00000,0.00000,0.00000,0.00000,0.00000,0.00000,0.00000,0.00000,0.00000,0.00000,NULL,NULL,NULL,'','',NULL,NULL,''),(12386,'','','','','','',0,'',0.00000,0.00000,0.00000,0.00000,0.00000,0.00000,0.00000,0.00000,0.00000,0.00000,NULL,NULL,NULL,'','',NULL,NULL,''),(12387,'','','','','','',0,'',0.00000,0.00000,0.00000,0.00000,0.00000,0.00000,0.00000,0.00000,0.00000,0.00000,NULL,NULL,NULL,'','',NULL,NULL,''),(12388,'','','','','','',0,'',0.00000,0.00000,0.00000,0.00000,0.00000,0.00000,0.00000,0.00000,0.00000,0.00000,NULL,NULL,NULL,'','',NULL,NULL,''),(12389,'','','','','','',0,'',0.00000,0.00000,0.00000,0.00000,0.00000,0.00000,0.00000,0.00000,0.00000,0.00000,NULL,NULL,NULL,'','',NULL,NULL,''),(12390,'','','','','','',0,'',0.00000,0.00000,0.00000,0.00000,0.00000,0.00000,0.00000,0.00000,0.00000,0.00000,NULL,NULL,NULL,'','',NULL,NULL,''),(12391,'','','','','','',0,'',0.00000,0.00000,0.00000,0.00000,0.00000,0.00000,0.00000,0.00000,0.00000,0.00000,NULL,NULL,NULL,'','',NULL,NULL,''),(12392,'','','','','','',0,'',0.00000,0.00000,0.00000,0.00000,0.00000,0.00000,0.00000,0.00000,0.00000,0.00000,NULL,NULL,NULL,'','',NULL,NULL,''),(12393,'','','','','','',0,'',0.00000,0.00000,0.00000,0.00000,0.00000,0.00000,0.00000,0.00000,0.00000,0.00000,NULL,NULL,NULL,'','',NULL,NULL,''),(12394,'','','','','','',0,'',0.00000,0.00000,0.00000,0.00000,0.00000,0.00000,0.00000,0.00000,0.00000,0.00000,NULL,NULL,NULL,'','',NULL,NULL,''),(12395,'','','','','','',0,'',0.00000,0.00000,0.00000,0.00000,0.00000,0.00000,0.00000,0.00000,0.00000,0.00000,NULL,NULL,NULL,'','',NULL,NULL,''),(12398,'30000154956464600','ROUTE DE BOURBOURG 59 59210 COUDEKERQUE BRANCHE','FR56563156','565641363','EG5564','01/12/202130/12/2021',2021,'12',395.47000,0.00000,23665.00000,0.00000,276.00000,0.00000,100.00000,0.00000,0.00000,565632.00000,0.00000,0.13,789524.00000,'EDF','',NULL,NULL,''),(12399,'30000154956464600','ROUTE DE BOURBOURG 59 59210 COUDEKERQUE BRANCHE','FR56563145','565641352','EG5564','01/01/202130/01/2021',2021,'1',345.46000,143.83000,23654.00000,0.00000,265.00000,0.00000,89.00000,0.00000,0.00000,565621.00000,20313.46000,0.41,789513.00000,'EDF','',NULL,NULL,''),(12400,'30000154956464600','ROUTE DE BOURBOURG 59 59210 COUDEKERQUE BRANCHE','FR56563146','565641353','EG5564','01/02/202130/02/2021',2021,'2',395.46000,125.64000,23655.00000,0.00000,266.00000,0.00000,90.00000,0.00000,0.00000,565622.00000,9937.31000,0.20,789514.00000,'EDF','',NULL,NULL,''),(12401,'30000154956464600','ROUTE DE BOURBOURG 59 59210 COUDEKERQUE BRANCHE','FR56563147','565641354','EG5564','01/03/202130/03/2021',2021,'3',455.46000,109.09000,23656.00000,0.00000,267.00000,0.00000,91.00000,0.00000,0.00000,565623.00000,9937.31000,0.20,789515.00000,'EDF','',NULL,NULL,''),(12402,'30000154956464600','ROUTE DE BOURBOURG 59 59210 COUDEKERQUE BRANCHE','FR56563148','565641355','EG5564','01/04/202130/04/2021',2021,'4',255.46000,194.50000,23657.00000,0.00000,268.00000,0.00000,92.00000,0.00000,0.00000,565624.00000,9937.31000,0.20,789516.00000,'EDF','',NULL,NULL,''),(12403,'30000154956464600','ROUTE DE BOURBOURG 59 59210 COUDEKERQUE BRANCHE','FR56563149','565641356','EG5564','01/05/202130/05/2021',2021,'5',985.46000,50.42000,23658.00000,0.00000,269.00000,0.00000,93.00000,0.00000,0.00000,565625.00000,9937.31000,0.20,789517.00000,'EDF','',NULL,NULL,''),(12404,'30000154956464600','ROUTE DE BOURBOURG 59 59210 COUDEKERQUE BRANCHE','FR56563150','565641357','EG5564','01/06/202130/06/2021',2021,'6',505.46000,98.30000,23659.00000,0.00000,270.00000,0.00000,94.00000,0.00000,0.00000,565626.00000,9937.31000,0.20,789518.00000,'EDF','',NULL,NULL,''),(12405,'30000154956464600','ROUTE DE BOURBOURG 59 59210 COUDEKERQUE BRANCHE','FR56563151','565641358','EG5564','01/07/202130/07/2021',2021,'7',10545.46000,4.71000,23660.00000,0.00000,271.00000,0.00000,95.00000,0.00000,0.00000,565627.00000,9937.31000,0.20,789519.00000,'EDF','',NULL,NULL,''),(12406,'30000154956464600','ROUTE DE BOURBOURG 59 59210 COUDEKERQUE BRANCHE','FR56563152','565641359','EG5564','01/08/202130/08/2021',2021,'8',655.46000,75.80000,23661.00000,0.00000,272.00000,0.00000,96.00000,0.00000,0.00000,565628.00000,9937.31000,0.20,789520.00000,'EDF','',NULL,NULL,''),(12407,'30000154956464600','ROUTE DE BOURBOURG 59 59210 COUDEKERQUE BRANCHE','FR56563153','565641360','EG5564','01/09/202130/09/2021',2021,'9',395.46000,125.64000,23662.00000,0.00000,273.00000,0.00000,97.00000,0.00000,0.00000,565629.00000,9937.31000,0.20,789521.00000,'EDF','',NULL,NULL,''),(12408,'30000154956464600','ROUTE DE BOURBOURG 59 59210 COUDEKERQUE BRANCHE','FR56563154','565641361','EG5564','01/10/202130/10/2021',2021,'10',255.47000,194.49000,23663.00000,0.00000,274.00000,0.00000,98.00000,0.00000,0.00000,565630.00000,9937.31000,0.20,789522.00000,'EDF','',NULL,NULL,''),(12409,'30000154956464600','ROUTE DE BOURBOURG 59 59210 COUDEKERQUE BRANCHE','FR56563155','565641362','EG5564','01/11/202130/11/2021',2021,'11',325.47000,152.66000,23664.00000,0.00000,275.00000,0.00000,99.00000,0.00000,0.00000,565631.00000,9937.31000,0.20,789523.00000,'EDF','',NULL,NULL,''),(12410,'30000154956464600','ROUTE DE BOURBOURG 59 59210 COUDEKERQUE BRANCHE','FR56563156','565641363','EG5564','01/12/202130/12/2021',2021,'12',395.47000,125.64000,23665.00000,0.00000,276.00000,0.00000,100.00000,0.00000,0.00000,565632.00000,9937.31000,0.20,789524.00000,'EDF','',NULL,NULL,''),(14190,'3,0001E+13','Site de Pithiviers 4 , rue Marc Sangnier 45300 Pithiviers FRANCE','FR71833736101','FR100174811','CARD n ° 1459801','01/08/2022-31/08/2022',2022,'8',355.00000,0.01000,177.00000,177.00000,0.00000,-27.00000,0.00000,0.00000,0.00000,31.00000,1.00000,0.33,31.00000,'','PMC ISOCHEM_30000950145154_2022_8_F',NULL,NULL,''),(14192,'3,00022E+13','Site de Vert le Petit 32 , rue Lavoisier 91710 Vert le Petit FRANCE','FR71833736101','FR100175500','CARD n ° 1472801','01/08/2022-31/08/2022',2022,'8',169.00000,0.00000,84.00000,84.00000,0.00000,-15.00000,0.00000,0.00000,0.00000,14.00000,-107.00000,20.00,14.00000,'','PMC ISOCHEM_30002220435426_2022_8_F',NULL,NULL,''),(14194,'3,00022E+13','Site de Gennevilliers 4 avenue Philippe Lebon ZI Val d\'Oise 92230 Gennevilliers FRANCE','FR71833736101','FR100175982','CARD n ° 1470801','01/08/2022-31/08/2022',2022,'8',164.00000,0.02000,82.00000,82.00000,0.00000,-11.00000,0.00000,0.00000,0.00000,15.00000,711.00000,20.00,15.00000,'','PMC ISOCHEM_30002150251954_2022_8_F',NULL,NULL,''),(14195,'3,00022E+13','Site de Vert le Petit 32 , rue Lavoisier 91710 Vert le Petit FRANCE','FR71833736101','FR100164564','CARD n ° 1472801','01/04/2022-30/04/2022',2022,'4',467.00000,0.00000,233.00000,233.00000,0.00000,-15.00000,0.00000,0.00000,0.00000,51.00000,7.00000,20.00,51.00000,'','PMC ISOCHEM_30002220435426_2022_4_F',NULL,NULL,''),(14196,'3,0001E+13','Site de Pithiviers 4 , rue Marc Sangnier 45300 Pithiviers FRANCE','FR71833736101','FR100164785','CARD n ° 1459801','01/04/2022-30/04/2022',2022,'4',768.00000,0.00000,384.00000,384.00000,0.00000,-27.00000,0.00000,0.00000,0.00000,83.00000,11.00000,20.00,83.00000,'','PMC ISOCHEM_30000950145154_2022_4_F',NULL,NULL,''),(14197,'3,00022E+13','Site de Gennevilliers 4 avenue Philippe Lebon ZI Val d\'Oise 92230 Gennevilliers FRANCE','FR71833736101','FR100164863','CARD n ° 1470801','01/04/2022-30/04/2022',2022,'4',338.00000,0.00000,169.00000,169.00000,0.00000,-11.00000,0.00000,0.00000,0.00000,37.00000,5.00000,20.00,37.00000,'','PMC ISOCHEM_30002150251954_2022_4_F',NULL,NULL,''),(14198,'3,00022E+13','Site de Gennevilliers 4 RUE PHILIPPE LEBON 92230 GENNEVILLIERS France','FR71833736101','FR100187724','CARD n ° 1470801','01/12/2022-31/12/2022',2022,'12',295.00000,0.00000,147.00000,147.00000,6.00000,-43.00000,0.00000,0.00000,0.00000,29.00000,-2.00000,20.00,6.00000,'','PMC ISOCHEM_30002150251954_2022_12_F',NULL,NULL,''),(14199,'3,00022E+13','Site de Vert le Petit 32 RUE LAVOISIER 91710 VERT - LE - PETIT France','FR71833736101','FR100187725','CARD n ° 1472801','01/12/2022-31/12/2022',2022,'12',422.00000,0.00000,211.00000,211.00000,8.00000,-11.00000,0.00000,0.00000,8.00000,42.00000,-2.00000,20.00,42.00000,'','PMC ISOCHEM_30002220435426_2022_12_F',NULL,NULL,''),(14200,'3,0001E+13','Site de Pithiviers 4 RUE MARC SANGNIER 45300 PITHIVIERS France','FR71833736101','FR100187726','CARD n ° 1459801','01/12/2022-31/12/2022',2022,'12',603.00000,0.00000,301.00000,-95.00000,12.00000,-6.00000,0.00000,0.00000,0.00000,58.00000,-4.00000,20.00,12.00000,'','PMC ISOCHEM_30000950145154_2022_12_F',NULL,NULL,''),(14201,'3,00022E+13','Site de Gennevilliers 4 avenue Philippe Lebon ZI Val d\'Oise 92230 Gennevilliers FRANCE','FR71833736101','FR100158258','CARD n ° 1470801','01/02/2022-28/02/2022',2022,'2',325.00000,0.00000,162.00000,162.00000,0.00000,-11.00000,0.00000,0.00000,0.00000,35.00000,4.00000,20.00,35.00000,'','PMC ISOCHEM_30002150251954_2022_2_F',NULL,NULL,''),(14202,'3,00022E+13','Site de Vert le Petit 32 , rue Lavoisier 91710 Vert le Petit FRANCE','FR71833736101','FR100158325','CARD n ° 1472801','01/02/2022-28/02/2022',2022,'2',446.00000,0.00000,223.00000,223.00000,0.00000,-15.00000,0.00000,0.00000,0.00000,48.00000,6.00000,20.00,48.00000,'','PMC ISOCHEM_30002220435426_2022_2_F',NULL,NULL,''),(14203,'3,0001E+13','Site de Pithiviers 4 , rue Marc Sangnier 45300 Pithiviers FRANCE','FR71833736101','FR100158868','CARD n ° 1459801','01/02/2022-28/02/2022',2022,'2',664.00000,0.00000,332.00000,332.00000,0.00000,-27.00000,0.00000,0.00000,0.00000,72.00000,9.00000,20.00,72.00000,'','PMC ISOCHEM_30000950145154_2022_2_F',NULL,NULL,''),(14204,'3,00022E+13','Site de Gennevilliers 4 avenue Philippe Lebon ZI Val d\'Oise 92230 Gennevilliers FRANCE','FR71833736101','FR100156114','CARD n ° 1470801','01/01/2022-31/01/2022',2022,'1',350.00000,0.00000,2.00000,2.00000,13.00000,-11.00000,0.00000,0.00000,13.00000,38.00000,8.00000,20.00,38.00000,'','PMC ISOCHEM_30002150251954_2022_1_F',NULL,NULL,''),(14205,'3,00022E+13','Site de Vert le Petit 32 , rue Lavoisier 91710 Vert le Petit FRANCE','FR71833736101','FR100156230','CARD n ° 1472801','01/01/2022-31/01/2022',2022,'1',447.00000,0.00000,3.00000,3.00000,17.00000,-15.00000,0.00000,0.00000,17.00000,49.00000,10.00000,20.00,49.00000,'','PMC ISOCHEM_30002220435426_2022_1_F',NULL,NULL,''),(14206,'3,0001E+13','Site de Pithiviers 4 , rue Marc Sangnier 45300 Pithiviers FRANCE','FR71833736101','FR100156845','CARD n ° 1459801','01/01/2022-31/01/2022',2022,'1',715.00000,0.00000,5.00000,5.00000,27.00000,-27.00000,0.00000,0.00000,27.00000,78.00000,16.00000,20.00,78.00000,'','PMC ISOCHEM_30000950145154_2022_1_F',NULL,NULL,''),(14207,'3,00022E+13','Site de Gennevilliers 4 avenue Philippe Lebon ZI Val d\'Oise 92230 Gennevilliers FRANCE','FR71833736101','FR100172228','CARD n ° 1470801','01/07/2022-31/07/2022',2022,'7',326.00000,0.00000,163.00000,163.00000,0.00000,-11.00000,0.00000,0.00000,0.00000,32.00000,4.00000,20.00,32.00000,'','PMC ISOCHEM_30002150251954_2022_7_F',NULL,NULL,''),(14208,'3,00022E+13','Site de Vert le Petit 32 , rue Lavoisier 91710 Vert le Petit FRANCE','FR71833736101','FR100172229','CARD n ° 1472801','01/07/2022-31/07/2022',2022,'7',419.00000,0.00000,209.00000,209.00000,0.00000,-15.00000,0.00000,0.00000,0.00000,41.00000,5.00000,20.00,41.00000,'','PMC ISOCHEM_30002220435426_2022_7_F',NULL,NULL,''),(14209,'3,0001E+13','Site de Pithiviers 4 , rue Marc Sangnier 45300 Pithiviers FRANCE','FR71833736101','FR100172230','CARD n ° 1459801','01/07/2022-31/07/2022',2022,'7',675.00000,0.00000,337.00000,337.00000,0.00000,-27.00000,0.00000,0.00000,0.00000,66.00000,7.00000,20.00,66.00000,'','PMC ISOCHEM_30000950145154_2022_7_F',NULL,NULL,''),(14210,'3,00022E+13','Site de Gennevilliers 4 avenue Philippe Lebon ZI Val d\'Oise 92230 Gennevilliers FRANCE','FR71833736101','FR100169600','CARD n ° 1470801','01/06/2022-30/06/2022',2022,'6',338.00000,0.00000,169.00000,169.00000,0.00000,-11.00000,0.00000,0.00000,0.00000,34.00000,4.00000,20.00,34.00000,'','PMC ISOCHEM_30002150251954_2022_6_F',NULL,NULL,''),(14211,'3,00022E+13','Site de Vert le Petit 32 , rue Lavoisier 91710 Vert le Petit FRANCE','FR71833736101','FR100169694','CARD n ° 1472801','01/06/2022-30/06/2022',2022,'6',452.00000,0.00000,226.00000,226.00000,0.00000,-15.00000,0.00000,0.00000,0.00000,45.00000,6.00000,20.00,45.00000,'','PMC ISOCHEM_30002220435426_2022_6_F',NULL,NULL,''),(14212,'3,0001E+13','Site de Pithiviers 4 , rue Marc Sangnier 45300 Pithiviers FRANCE','FR71833736101','FR100170267','CARD n ° 1459801','01/06/2022-30/06/2022',2022,'6',788.00000,0.00000,394.00000,394.00000,0.00000,-27.00000,0.00000,0.00000,0.00000,79.00000,10.00000,20.00,79.00000,'','PMC ISOCHEM_30000950145154_2022_6_F',NULL,NULL,''),(14213,'3,0001E+13','Site de Pithiviers 4 , rue Marc Sangnier 45300 Pithiviers FRANCE','FR71833736101','FR100166847','CARD n ° 1459801','01/05/2022-31/05/2022',2022,'5',858.00000,0.00000,429.00000,429.00000,0.00000,-27.00000,0.00000,0.00000,0.00000,86.00000,11.00000,20.00,86.00000,'','PMC ISOCHEM_30000950145154_2022_5_F',NULL,NULL,''),(14214,'3,00022E+13','Site de Vert le Petit 32 , rue Lavoisier 91710 Vert le Petit FRANCE','FR71833736101','FR100166879','CARD n ° 1472801','01/05/2022-31/05/2022',2022,'5',448.00000,0.00000,224.00000,224.00000,0.00000,-15.00000,0.00000,0.00000,0.00000,45.00000,6.00000,20.00,45.00000,'','PMC ISOCHEM_30002220435426_2022_5_F',NULL,NULL,''),(14215,'3,00022E+13','Site de Gennevilliers 4 avenue Philippe Lebon ZI Val d\'Oise 92230 Gennevilliers FRANCE','FR71833736101','FR100167179','CARD n ° 1470801','01/05/2022-31/05/2022',2022,'5',349.00000,0.00000,174.00000,174.00000,0.00000,-11.00000,0.00000,0.00000,0.00000,35.00000,4.00000,20.00,35.00000,'','PMC ISOCHEM_30002150251954_2022_5_F',NULL,NULL,''),(14216,'3,00022E+13','Site de Gennevilliers 4 avenue Philippe Lebon ZI Val d\'Oise 92230 Gennevilliers FRANCE','FR71833736101','FR100161344','CARD n ° 1470801','01/03/2022-31/03/2022',2022,'3',370.00000,0.00000,185.00000,-11.00000,2.00000,0.00000,0.00000,0.00000,2.00000,40.00000,6.00000,20.00,40.00000,'','PMC ISOCHEM_30002150251954_2022_3_F',NULL,NULL,''),(14217,'3,00022E+13','Site de Vert le Petit 32 , rue Lavoisier 91710 Vert le Petit FRANCE','FR71833736101','FR100161957','CARD n ° 1472801','01/03/2022-31/03/2022',2022,'3',446.00000,0.00000,223.00000,223.00000,3.00000,0.00000,0.00000,0.00000,3.00000,48.00000,7.00000,20.00,48.00000,'','PMC ISOCHEM_30002220435426_2022_3_F',NULL,NULL,''),(14218,'3,0001E+13','Site de Pithiviers 4 , rue Marc Sangnier 45300 Pithiviers FRANCE','FR71833736101','FR100163074','CARD n ° 1459801','01/03/2022-31/03/2022',2022,'3',766.00000,0.00000,383.00000,383.00000,6.00000,0.00000,0.00000,0.00000,0.00000,83.00000,12.00000,20.00,6.00000,'','PMC ISOCHEM_30000950145154_2022_3_F',NULL,NULL,''),(14219,'3,00022E+13','Site de Vert le Petit 32 RUE LAVOISIER 91710 VERT - LE - PETIT France','FR71833736101','FR100182577','CARD n ° 1472801','01/11/2022-30/11/2022',2022,'11',513.00000,0.00000,256.00000,256.00000,0.00000,-15.00000,0.00000,0.00000,0.00000,52.00000,7.00000,20.00,52.00000,'','PMC ISOCHEM_30002220435426_2022_11_F',NULL,NULL,''),(14220,'3,0001E+13','Site de Pithiviers 4 RUE MARC SANGNIER 45300 PITHIVIERS France','FR71833736101','FR100182620','CARD n ° 1459801','01/11/2022-30/11/2022',2022,'11',762.00000,0.00000,381.00000,381.00000,0.00000,-27.00000,0.00000,0.00000,0.00000,76.00000,9.00000,20.00,76.00000,'','PMC ISOCHEM_30000950145154_2022_11_F',NULL,NULL,''),(14221,'3,00022E+13','Site de Gennevilliers 4 RUE PHILIPPE LEBON 92230 GENNEVILLIERS France','FR71833736101','FR100182871','CARD n ° 1470801','01/11/2022-30/11/2022',2022,'11',350.00000,0.00000,175.00000,175.00000,0.00000,-11.00000,0.00000,0.00000,0.00000,35.00000,4.00000,20.00,35.00000,'','PMC ISOCHEM_30002150251954_2022_11_F',NULL,NULL,''),(14222,'3,0001E+13','Site de Pithiviers 4 , rue Marc Sangnier 45300 Pithiviers FRANCE','FR71833736101','FR100179675','CARD n ° 1459801','01/10/2022-31/10/2022',2022,'10',860.00000,0.00000,430.00000,430.00000,0.00000,-27.00000,0.00000,0.00000,0.00000,86.00000,11.00000,20.00,86.00000,'','PMC ISOCHEM_30000950145154_2022_10_F',NULL,NULL,''),(14223,'3,00022E+13','Site de Vert le Petit 32 , rue Lavoisier 91710 Vert le Petit FRANCE','FR71833736101','FR100180096','CARD n ° 1472801','01/10/2022-31/10/2022',2022,'10',488.00000,0.00000,244.00000,244.00000,0.00000,-15.00000,0.00000,0.00000,0.00000,49.00000,6.00000,20.00,49.00000,'','PMC ISOCHEM_30002220435426_2022_10_F',NULL,NULL,''),(14224,'3,00022E+13','Site de Gennevilliers 4 avenue Philippe Lebon ZI Val d\'Oise 92230 Gennevilliers FRANCE','FR71833736101','FR100180311','CARD n ° 1470801','01/10/2022-31/10/2022',2022,'10',343.00000,0.00000,171.00000,171.00000,0.00000,-11.00000,0.00000,0.00000,0.00000,34.00000,4.00000,20.00,34.00000,'','PMC ISOCHEM_30002150251954_2022_10_F',NULL,NULL,''),(14225,'3,00022E+13','Site de Vert le Petit 32 , rue Lavoisier 91710 Vert le Petit FRANCE','FR71833736101','FR100176485','CARD n ° 1472801','01/09/2022-30/09/2022',2022,'9',439.00000,0.00000,219.00000,219.00000,0.00000,-15.00000,0.00000,0.00000,0.00000,44.00000,5.00000,20.00,44.00000,'','PMC ISOCHEM_30002220435426_2022_9_F',NULL,NULL,''),(14226,'3,0001E+13','Site de Pithiviers 4 , rue Marc Sangnier 45300 Pithiviers FRANCE','FR71833736101','FR100177673','CARD n ° 1459801','01/09/2022-30/09/2022',2022,'9',749.00000,0.00000,374.00000,374.00000,0.00000,-27.00000,0.00000,0.00000,0.00000,74.00000,9.00000,20.00,74.00000,'','PMC ISOCHEM_30000950145154_2022_9_F',NULL,NULL,''),(14227,'3,00022E+13','Site de Gennevilliers 4 avenue Philippe Lebon ZI Val d\'Oise 92230 Gennevilliers FRANCE','FR71833736101','FR100177838','CARD n ° 1470801','01/09/2022-30/09/2022',2022,'9',321.00000,0.00000,160.00000,160.00000,0.00000,-11.00000,0.00000,0.00000,0.00000,32.00000,4.00000,20.00,32.00000,'','PMC ISOCHEM_30002150251954_2022_9_F',NULL,NULL,''),(14396,'RTE0000001336','','0','10143718866','1 - FGPF5FQ','44562',2022,'1',0.00000,0.00000,38.00000,38.00000,15.00000,0.00000,0.00000,0.00000,0.00000,1.00000,208.00000,20.00,988.00000,'EDF','SNC RENAULT FLINS_RTE0000001336_2022_1_F',NULL,NULL,''),(14399,'RTE0000001336','','0','10145363545','1 - FGPF5FQ','44593',2022,'2',0.00000,0.00000,3.00000,3.00000,14.00000,0.00000,0.00000,0.00000,0.00000,645.00000,129.00000,20.00,630.00000,'EDF','RENAULT FLINS_RTE0000001336_2022_2_F',NULL,NULL,''),(14400,'RTE0000001336','','0','10147347968','1 - FGPF5FQ','44621',2022,'3',8154.55000,0.00000,3.00000,3.00000,15.00000,0.00000,0.00000,0.00000,0.00000,1.00000,223.00000,20.00,1.00000,'EDF','RENAULT FLINS_RTE0000001336_2022_3_F',NULL,NULL,''),(14401,'RTE0000001336','','0','10148893880','1 - FGPF5FQ','44652',2022,'4',0.00000,0.00000,3.00000,3.00000,13.00000,0.00000,0.00000,0.00000,0.00000,634.00000,127.00000,20.00,621.00000,'EDF','RENAULT FLINS_RTE0000001336_2022_4_F',NULL,NULL,''),(14402,'RTE0000001336','','0','10150911090','1 - FGPF5FQ','44682',2022,'5',0.00000,0.00000,3.00000,3.00000,13.00000,0.00000,0.00000,0.00000,0.00000,634.00000,127.00000,20.00,621.00000,'EDF','RENAULT FLINS_RTE0000001336_2022_5_F',NULL,NULL,''),(14405,'RTE0000001336','','0','10152752941','1 - FGPF5FQ','44713',2022,'6',0.00000,0.00000,3.00000,3.00000,13.00000,0.00000,0.00000,0.00000,0.00000,-133.00000,-26.00000,20.00,-147.00000,'EDF','RENAULT FLINS -_RTE0000001336_2022_6_F',NULL,NULL,''),(14406,'RTE0000001336','','0','10154692509','1 - FGPF5FQ','44743',2022,'7',6883.03000,0.00000,3.00000,3.00000,13.00000,0.00000,0.00000,0.00000,0.00000,1.00000,202.00000,20.00,993.00000,'EDF','RENAULT FLINS_RTE0000001336_2022_7_F',NULL,NULL,''),(14407,'RTE0000001336','','0','10156280456','1 - FGPF5FQ','44774',2022,'8',4704.92000,-0.04000,2.00000,2.00000,9.00000,0.00000,0.00000,0.00000,0.00000,-181.00000,-35.00000,20.00,-190.00000,'EDF','RENAULT FLINS_RTE0000001336_2022_8_F',NULL,NULL,''),(14408,'RTE0000001336','','0','10158368650','1 - FGPF5FQ','44805',2022,'9',0.00000,0.00000,3.00000,3.00000,12.00000,0.00000,0.00000,0.00000,0.00000,1.00000,210.00000,20.00,1.00000,'EDF','RENAULT FLINS_RTE0000001336_2022_9_F',NULL,NULL,''),(14409,'RTE0000001336','','0','10160356501','1 - FGPF5FQ','44835',2022,'10',0.00000,0.00000,2.00000,2.00000,11.00000,0.00000,0.00000,0.00000,0.00000,358.00000,72.00000,20.00,347.00000,'EDF','RENAULT FLINS_RTE0000001336_2022_10_F',NULL,NULL,''),(14410,'RTE0000001336','','0','10162311819','1 - FGPF5FQ','44866',2022,'11',7022.00000,0.08000,3.00000,3.00000,13.00000,0.00000,0.00000,0.00000,0.00000,582.00000,117.00000,20.00,569.00000,'EDF','RENAULT FLINS_RTE0000001336_2022_11_F',NULL,NULL,''),(14411,'RTE0000001336','','0','10164517467','1 - FGPF5FQ','44896',2022,'12',0.00000,0.00000,3.00000,3.00000,73.00000,0.00000,0.00000,0.00000,0.00000,4.00000,847.00000,20.00,4.00000,'EDF','RENAULT FLINS_RTE0000001336_2022_12_F',NULL,NULL,''),(14412,'','','','','','',0,'',0.00000,0.00000,0.00000,0.00000,0.00000,0.00000,0.00000,0.00000,0.00000,0.00000,0.00000,0.00,0.00000,'','',NULL,NULL,''),(14413,'','','','','','',0,'',0.00000,0.00000,0.00000,0.00000,0.00000,0.00000,0.00000,0.00000,0.00000,0.00000,0.00000,0.00,0.00000,'','',NULL,NULL,''),(14414,'','','','','','',0,'',0.00000,0.00000,0.00000,0.00000,0.00000,0.00000,0.00000,0.00000,0.00000,0.00000,0.00000,0.00,0.00000,'','',NULL,NULL,''),(14415,'','','','','','',0,'',0.00000,0.00000,0.00000,0.00000,0.00000,0.00000,0.00000,0.00000,0.00000,0.00000,0.00000,0.00,0.00000,'','',NULL,NULL,''),(14416,'','','','','','',0,'',0.00000,0.00000,0.00000,0.00000,0.00000,0.00000,0.00000,0.00000,0.00000,0.00000,0.00000,0.00,0.00000,'','',NULL,NULL,''),(14417,'','','','','','',0,'',0.00000,0.00000,0.00000,0.00000,0.00000,0.00000,0.00000,0.00000,0.00000,0.00000,0.00000,0.00,0.00000,'','',NULL,NULL,''),(14418,'','','','','','',0,'',0.00000,0.00000,0.00000,0.00000,0.00000,0.00000,0.00000,0.00000,0.00000,0.00000,0.00000,0.00,0.00000,'','',NULL,NULL,''),(14419,'','','','','','',0,'',0.00000,0.00000,0.00000,0.00000,0.00000,0.00000,0.00000,0.00000,0.00000,0.00000,0.00000,0.00,0.00000,'','',NULL,NULL,''),(14420,'','','','','','',0,'',0.00000,0.00000,0.00000,0.00000,0.00000,0.00000,0.00000,0.00000,0.00000,0.00000,0.00000,0.00,0.00000,'','',NULL,NULL,''),(14421,'','','','','','',0,'',0.00000,0.00000,0.00000,0.00000,0.00000,0.00000,0.00000,0.00000,0.00000,0.00000,0.00000,0.00,0.00000,'','',NULL,NULL,''),(14422,'','','','','','',0,'',0.00000,0.00000,0.00000,0.00000,0.00000,0.00000,0.00000,0.00000,0.00000,0.00000,0.00000,0.00,0.00000,'','',NULL,NULL,''),(14423,'','','','','','',0,'',0.00000,0.00000,0.00000,0.00000,0.00000,0.00000,0.00000,0.00000,0.00000,0.00000,0.00000,0.00,0.00000,'','',NULL,NULL,''),(14424,'','','','','','',0,'',0.00000,0.00000,0.00000,0.00000,0.00000,0.00000,0.00000,0.00000,0.00000,0.00000,0.00000,0.00,0.00000,'','',NULL,NULL,''),(14425,'','','','','','',0,'',0.00000,0.00000,0.00000,0.00000,0.00000,0.00000,0.00000,0.00000,0.00000,0.00000,0.00000,0.00,0.00000,'','',NULL,NULL,''),(14426,'','','','','','',0,'',0.00000,0.00000,0.00000,0.00000,0.00000,0.00000,0.00000,0.00000,0.00000,0.00000,0.00000,0.00,0.00000,'','',NULL,NULL,''),(14427,'','','','','','',0,'',0.00000,0.00000,0.00000,0.00000,0.00000,0.00000,0.00000,0.00000,0.00000,0.00000,0.00000,0.00,0.00000,'','',NULL,NULL,''),(14428,'','','','','','',0,'',0.00000,0.00000,0.00000,0.00000,0.00000,0.00000,0.00000,0.00000,0.00000,0.00000,0.00000,0.00,0.00000,'','',NULL,NULL,''),(14429,'','','','','','',0,'',0.00000,0.00000,0.00000,0.00000,0.00000,0.00000,0.00000,0.00000,0.00000,0.00000,0.00000,0.00,0.00000,'','',NULL,NULL,''),(14430,'','','','','','',0,'',0.00000,0.00000,0.00000,0.00000,0.00000,0.00000,0.00000,0.00000,0.00000,0.00000,0.00000,0.00,0.00000,'','',NULL,NULL,''),(14431,'','','','','','',0,'',0.00000,0.00000,0.00000,0.00000,0.00000,0.00000,0.00000,0.00000,0.00000,0.00000,0.00000,0.00,0.00000,'','',NULL,NULL,''),(14432,'','','','','','',0,'',0.00000,0.00000,0.00000,0.00000,0.00000,0.00000,0.00000,0.00000,0.00000,0.00000,0.00000,0.00,0.00000,'','',NULL,NULL,''),(14433,'','','','','','',0,'',0.00000,0.00000,0.00000,0.00000,0.00000,0.00000,0.00000,0.00000,0.00000,0.00000,0.00000,0.00,0.00000,'','',NULL,NULL,''),(14434,'','','','','','',0,'',0.00000,0.00000,0.00000,0.00000,0.00000,0.00000,0.00000,0.00000,0.00000,0.00000,0.00000,0.00,0.00000,'','',NULL,NULL,''),(14435,'','','','','','',0,'',0.00000,0.00000,0.00000,0.00000,0.00000,0.00000,0.00000,0.00000,0.00000,0.00000,0.00000,0.00,0.00000,'','',NULL,NULL,''),(14621,'RTE0000516686','','0','10143905751','1 - E7D6Z7V','du 01/01/2022 au 31/01/2022',2022,'1',23832.00000,60.05000,11916.00000,11916.00000,212799.00000,0.00000,0.00000,0.00000,0.00000,1419251.00000,286.00000,20.00,1206452.00000,'','SET USINE GEORGE BESSE II_RTE0000516686_2022_1_F',1431167.00000,1717401.00000,''),(14622,'RTE0000516686','','0','10145183800','1 - E7D6Z7V','du 01/02/2022 au 28/02/2022',2022,'2',21565.00000,0.00000,10782.00000,10782.00000,201539.00000,0.00000,0.00000,0.00000,0.00000,1306878.00000,263.00000,20.00,1105338.00000,'','SET USINE GEORGE BESSE II_RTE0000516686_2022_2_F',1317661.00000,1581193.00000,''),(14623,'RTE0000516686','','0','10147263838','1 - E7D6Z7V','du 01/03/2022 au 31/03/2022',2022,'3',23540.00000,0.00000,11770.00000,11770.00000,227569.00000,0.00000,0.00000,0.00000,0.00000,1445612.00000,291.00000,20.00,1218043.00000,'','SET USINE GEORGE BESSE II_RTE0000516686_2022_3_F',1457382.00000,1748859.00000,''),(14624,'RTE0000516686','','0','10148972153','1 - E7D6Z7V','du 01/04/2022 au 30/04/2022',2022,'4',7974.00000,0.00000,11400.00000,11400.00000,0.00000,0.00000,0.00000,0.00000,0.00000,747337.00000,151.00000,20.00,747337.00000,'','SET USINE GEORGE BESSE II_RTE0000516686_2022_4_F',758738.00000,910485.00000,''),(14625,'RTE0000516686','','0','10150966683','1 - E7D6Z7V','du 01/05/2022 au 31/05/2022',2022,'5',23923.00000,0.00000,11961.00000,11961.00000,0.00000,0.00000,0.00000,0.00000,0.00000,787911.00000,159.00000,20.00,787911.00000,'','SET USINE GEORGE BESSE II_RTE0000516686_2022_5_F',799873.00000,959848.00000,''),(14626,'RTE0000516686','','0','10152629850','1 - E7D6Z7V','du 01/06/2022 au 30/06/2022',2022,'6',23846.00000,0.00000,11923.00000,11923.00000,0.00000,0.00000,0.00000,0.00000,0.00000,-2709555.00000,-539.00000,20.00,193274.00000,'','SET USINE GEORGE BESSE II_RTE0000516686_2022_6_F',-2697632.00000,-3237158.00000,''),(14627,'RTE0000516686','','0','10154523058','1 - E7D6Z7V','du 01/07/2022 au 31/07/2022',2022,'7',24693.00000,0.00000,12346.00000,12346.00000,0.00000,0.00000,0.00000,0.00000,0.00000,231446.00000,48.00000,20.00,231446.00000,'','SET USINE GEORGE BESSE II_RTE0000516686_2022_7_F',243793.00000,292551.00000,''),(14628,'RTE0000516686','','0','10156247770','1 - E7D6Z7V','du 01/08/2022 au 31/08/2022',2022,'8',24456.00000,0.00000,12228.00000,12228.00000,0.00000,0.00000,0.00000,0.00000,0.00000,245899.00000,51.00000,20.00,245899.00000,'','SET USINE GEORGE BESSE II_RTE0000516686_2022_8_F',258127.00000,309753.00000,''),(14629,'RTE0000516686','','0','10158323520','1 - E7D6Z7V','du 01/09/2022 au 30/09/2022',2022,'9',22662.00000,0.00000,11331.00000,11331.00000,0.00000,0.00000,0.00000,0.00000,0.00000,223301.00000,46.00000,20.00,223301.00000,'','SET USINE GEORGE BESSE II_RTE0000516686_2022_9_F',234632.00000,281558.00000,''),(14630,'RTE0000516686','','0','10160155200','1 - E7D6Z7V','du 01/10/2022 au 31/10/2022',2022,'10',23436.00000,0.00000,11718.00000,11718.00000,59054.00000,0.00000,0.00000,0.00000,0.00000,650863.00000,132.00000,20.00,591808.00000,'','SET USINE GEORGE BESSE II_RTE0000516686_2022_10_F',662581.00000,795097.00000,''),(14631,'RTE0000516686','','0','10162162900','1 - E7D6Z7V','du 01/11/2022 au 30/11/2022',2022,'11',22232.00000,0.00000,11116.00000,11116.00000,59871.00000,0.00000,0.00000,0.00000,0.00000,640467.00000,130.00000,20.00,580596.00000,'','SET USINE GEORGE BESSE II_RTE0000516686_2022_11_F',651584.00000,781901.00000,''),(14632,'RTE0000516686','','0','10165022245','1 - E7D6Z7V','du 01/12/2022 au 31/12/2022',2022,'12',22680.00000,0.00000,11340.00000,11340.00000,57370.00000,0.00000,0.00000,0.00000,0.00000,386548.00000,79.00000,20.00,584296.00000,'','SET USINE GEORGE BESSE II_RTE0000516686_2022_12_F',397888.00000,477466.00000,''),(14688,'50000103282956','','0','40015325632','300002602293','du 01/04/22 au 30/04/22',2022,'4',1152.00000,0.00000,0.00000,0.00000,0.00000,0.00000,0.00000,0.00000,0.00000,143471.00000,28694.00000,20.00,143471.00000,'ENGIE','LAMINOIR DES LANDES_50000103282956_2022_4_F',143471.00000,172166.00000,''),(14689,'50000103282956','','0','220007228851','300002602293','du 01/08/22 au 31/08/22',2022,'8',398.00000,0.00000,0.00000,0.00000,0.00000,0.00000,0.00000,0.00000,0.00000,29384.00000,5876.00000,20.00,-20251.00000,'ENGIE','LAMINOIR DES LANDES_50000103282956_2022_8_F',29384.00000,35260.00000,''),(14690,'50000103282956','','0','020038979059','300002602293','du 01/11/2022 au 30/11/2022',2022,'11',1344.00000,0.00000,179.00000,179.00000,0.00000,0.00000,0.00000,0.00000,0.00000,99109.00000,20037.00000,20.00,0.00000,'ENGIE','LAMINOIR DES LANDES_50000103282956_2022_11_F',99109.00000,119146.00000,''),(14691,'50000103282956','','0','40015442038','300002602293','du 01/05/22 au 31/05/22',2022,'5',1048.00000,0.00000,0.00000,0.00000,0.00000,0.00000,0.00000,0.00000,0.00000,77256.00000,15451.00000,20.00,-53244.00000,'ENGIE','LAMINOIR DES LANDES_50000103282956_2022_5_F',77256.00000,92708.00000,''),(14692,'50000103282956','','0','220007322654','300002602293','du 01/09/22 au 30/09/22',2022,'9',1010.00000,0.00000,0.00000,0.00000,0.00000,0.00000,0.00000,0.00000,0.00000,74488.00000,14897.00000,20.00,-51336.00000,'ENGIE','LAMINOIR DES LANDES_50000103282956_2022_9_F',74488.00000,89386.00000,''),(14693,'50000103282956','','0','120007860355','300002602293','du 01/02/22 au 28/02/22',2022,'2',1156.00000,0.00000,0.00000,0.00000,0.00000,0.00000,0.00000,0.00000,0.00000,144008.00000,28801.00000,20.00,144008.00000,'ENGIE','LAMINOIR DES LANDES_50000103282956_2022_2_F',144008.00000,172809.00000,''),(14694,'50000103282956','','0','220007057474','300002602293','du 01/06/22 au 30/06/22',2022,'6',1373.00000,0.00000,0.00000,0.00000,0.00000,0.00000,0.00000,0.00000,0.00000,101216.00000,20243.00000,20.00,-69756.00000,'ENGIE','LAMINOIR DES LANDES_50000103282956_2022_6_F',101216.00000,121459.00000,''),(14695,'50000103282956','','0','320006151359','300002602293','du 01/03/22 au 31/03/22',2022,'3',1319.00000,0.00000,0.00000,0.00000,0.00000,0.00000,0.00000,0.00000,0.00000,164323.00000,32864.00000,20.00,164323.00000,'ENGIE','LAMINOIR DES LANDES_50000103282956_2022_3_F',164323.00000,197188.00000,''),(14696,'50000103282956','','0','220007160285','300002602293','du 01/07/22 au 31/07/22',2022,'7',1358.00000,0.00000,0.00000,0.00000,0.00000,0.00000,0.00000,0.00000,0.00000,100123.00000,20024.00000,20.00,-69004.00000,'ENGIE','LAMINOIR DES LANDES_50000103282956_2022_7_F',100123.00000,120148.00000,''),(14697,'50000103282956','','0','220007407037','300002602293','01/10/2022 au 31/10/2022',2022,'10',1330.00000,0.00000,0.00000,0.00000,0.00000,0.00000,0.00000,0.00000,0.00000,98107.00000,19621.00000,20.00,0.00000,'ENGIE','LAMINOIR DES LANDES_50000103282956_2022_10_F',98107.00000,117728.00000,''),(14698,'50000103282956','','0','20037001052','300002602293','du 01/01/22 au 31/01/22',2022,'1',884.00000,0.00000,0.00000,0.00000,0.00000,0.00000,0.00000,0.00000,0.00000,110121.00000,22024.00000,20.00,110121.00000,'ENGIE','LAMINOIR DES LANDES_50000103282956_2022_1_F',110121.00000,132146.00000,''),(14782,'RTE0000516686','Usine GB2 / C1A CC 039 Comptabilité Fournisseurs TSA 10425 94157 RUNGIS Cedex','','10143905751','1 - E7D6Z7V','01/01/2022',2022,'1',23832.00000,60.05000,11916.00000,11916.00000,212799.00000,0.00000,0.00000,0.00000,0.00000,1419251.00000,286.00000,20.00,1206452.00000,'EDF','SET USINE GEORGE BESSE II_RTE0000516686_2022_1_F',1431167.00000,1717401.00000,''),(14783,'RTE0000516686','Usine GB2 / C1A CC 039 Comptabilité Fournisseurs TSA 10425 94157 RUNGIS Cedex','','10145183800','1 - E7D6Z7V','01/02/2022',2022,'2',21565.00000,0.00000,10782.00000,10782.00000,201539.00000,0.00000,0.00000,0.00000,0.00000,1306878.00000,263.00000,20.00,1105338.00000,'EDF','SET USINE GEORGE BESSE II_RTE0000516686_2022_2_F',1317661.00000,1581193.00000,''),(14784,'RTE0000516686','Usine GB2 / C1A CC 039 Comptabilité Fournisseurs TSA 10425 94157 RUNGIS Cedex','','10147263838','1 - E7D6Z7V','01/03/2022',2022,'3',23540.00000,0.00000,11770.00000,11770.00000,227569.00000,0.00000,0.00000,0.00000,0.00000,1445612.00000,291.00000,20.00,1218043.00000,'EDF','SET USINE GEORGE BESSE II_RTE0000516686_2022_3_F',1457382.00000,1748859.00000,''),(14785,'RTE0000516686','Usine GB2 / C1A CC 039 Comptabilité Fournisseurs TSA 10425 94157 RUNGIS Cedex','','10148972153','1 - E7D6Z7V','01/04/2022',2022,'4',7974.00000,0.00000,11400.00000,11400.00000,0.00000,0.00000,0.00000,0.00000,0.00000,747337.00000,151.00000,20.00,747337.00000,'EDF','SET USINE GEORGE BESSE II_RTE0000516686_2022_4_F',758738.00000,910485.00000,''),(14786,'RTE0000516686','Usine GB2 / C1A CC 039 Comptabilité Fournisseurs TSA 10425 94157 RUNGIS Cedex','','10150966683','1 - E7D6Z7V','01/05/2022',2022,'5',23923.00000,0.00000,11961.00000,11961.00000,0.00000,0.00000,0.00000,0.00000,0.00000,787911.00000,159.00000,20.00,787911.00000,'EDF','SET USINE GEORGE BESSE II_RTE0000516686_2022_5_F',799873.00000,959848.00000,''),(14787,'RTE0000516686','Usine GB2 / C1A CC 039 Comptabilité Fournisseurs TSA 10425 94157 RUNGIS Cedex','','10152629850','1 - E7D6Z7V','01/06/2022',2022,'6',23846.00000,0.00000,11923.00000,11923.00000,0.00000,0.00000,0.00000,0.00000,0.00000,-2709555.00000,-539.00000,20.00,193274.00000,'EDF','SET USINE GEORGE BESSE II_RTE0000516686_2022_6_F',-2697632.00000,-3237158.00000,''),(14788,'RTE0000516686','Usine GB2 / C1A CC 039 Comptabilité Fournisseurs TSA 10425 94157 RUNGIS Cedex','','10154523058','1 - E7D6Z7V','01/07/2022',2022,'7',24693.00000,0.00000,12346.00000,12346.00000,0.00000,0.00000,0.00000,0.00000,0.00000,231446.00000,48.00000,20.00,231446.00000,'EDF','SET USINE GEORGE BESSE II_RTE0000516686_2022_7_F',243793.00000,292551.00000,''),(14789,'RTE0000516686','Usine GB2 / C1A CC 039 Comptabilité Fournisseurs TSA 10425 94157 RUNGIS Cedex','','10156247770','1 - E7D6Z7V','01/08/2022',2022,'8',24456.00000,0.00000,12228.00000,12228.00000,0.00000,0.00000,0.00000,0.00000,0.00000,245899.00000,51.00000,20.00,245899.00000,'EDF','SET USINE GEORGE BESSE II_RTE0000516686_2022_8_F',258127.00000,309753.00000,''),(14790,'RTE0000516686','Usine GB2 / C1A CC 039 Comptabilité Fournisseurs TSA 10425 94157 RUNGIS Cedex','','10158323520','1 - E7D6Z7V','01/09/2022',2022,'9',22662.00000,0.00000,11331.00000,11331.00000,0.00000,0.00000,0.00000,0.00000,0.00000,223301.00000,46.00000,20.00,223301.00000,'EDF','SET USINE GEORGE BESSE II_RTE0000516686_2022_9_F',234632.00000,281558.00000,''),(14791,'RTE0000516686','Usine GB2 / C1A CC 039 Comptabilité Fournisseurs TSA 10425 94157 RUNGIS Cedex','','10160155200','1 - E7D6Z7V','01/10/2022',2022,'10',23436.00000,0.00000,11718.00000,11718.00000,59054.00000,0.00000,0.00000,0.00000,0.00000,650863.00000,132.00000,20.00,591808.00000,'EDF','SET USINE GEORGE BESSE II_RTE0000516686_2022_10_F',662581.00000,795097.00000,''),(14792,'RTE0000516686','Usine GB2 / C1A CC 039 Comptabilité Fournisseurs TSA 10425 94157 RUNGIS Cedex','','10162162900','1 - E7D6Z7V','01/11/2022',2022,'11',22232.00000,0.00000,11116.00000,11116.00000,59871.00000,0.00000,0.00000,0.00000,0.00000,640467.00000,130.00000,20.00,580596.00000,'EDF','SET USINE GEORGE BESSE II_RTE0000516686_2022_11_F',651584.00000,781901.00000,''),(14793,'RTE0000516686','Usine GB2 / C1A CC 039 Comptabilité Fournisseurs TSA 10425 94157 RUNGIS Cedex','','10165022245','1 - E7D6Z7V','01/12/2022',2022,'12',22680.00000,0.00000,11340.00000,11340.00000,57370.00000,0.00000,0.00000,0.00000,0.00000,386548.00000,79.00000,20.00,584296.00000,'EDF','SET USINE GEORGE BESSE II_RTE0000516686_2022_12_F',397888.00000,477466.00000,''),(15395,'50000103282956','','0','40015325632','300002602293','du 01/04/22 au 30/04/22',2022,'4',1152.00000,124.54000,0.00000,0.00000,0.00000,0.00000,0.00000,0.00000,0.00000,143471.00000,28694.00000,20.00,143471.00000,'ENGIE','LAMINOIR DES LANDES_50000103282956_2022_4_F',143471.00000,172166.00000,''),(15396,'50000103282956','','0','220007228851','300002602293','du 01/08/22 au 31/08/22',2022,'8',398.00000,73.83000,0.00000,0.00000,0.00000,0.00000,0.00000,0.00000,0.00000,29384.00000,5876.00000,20.00,-20251.00000,'ENGIE','LAMINOIR DES LANDES_50000103282956_2022_8_F',29384.00000,35260.00000,''),(15397,'50000103282956','','0','020038979059','300002602293','du 01/11/2022 au 30/11/2022',2022,'11',1344.00000,73.74000,179.00000,179.00000,0.00000,0.00000,0.00000,0.00000,0.00000,99109.00000,20037.00000,20.00,0.00000,'ENGIE','LAMINOIR DES LANDES_50000103282956_2022_11_F',99109.00000,119146.00000,''),(15398,'50000103282956','','0','40015442038','300002602293','du 01/05/22 au 31/05/22',2022,'5',1048.00000,73.72000,0.00000,0.00000,0.00000,0.00000,0.00000,0.00000,0.00000,77256.00000,15451.00000,20.00,-53244.00000,'ENGIE','LAMINOIR DES LANDES_50000103282956_2022_5_F',77256.00000,92708.00000,''),(15399,'50000103282956','','0','220007322654','300002602293','du 01/09/22 au 30/09/22',2022,'9',1010.00000,73.75000,0.00000,0.00000,0.00000,0.00000,0.00000,0.00000,0.00000,74488.00000,14897.00000,20.00,-51336.00000,'ENGIE','LAMINOIR DES LANDES_50000103282956_2022_9_F',74488.00000,89386.00000,''),(15400,'50000103282956','','0','120007860355','300002602293','du 01/02/22 au 28/02/22',2022,'2',1156.00000,124.57000,0.00000,0.00000,0.00000,0.00000,0.00000,0.00000,0.00000,144008.00000,28801.00000,20.00,144008.00000,'ENGIE','LAMINOIR DES LANDES_50000103282956_2022_2_F',144008.00000,172809.00000,''),(15401,'50000103282956','','0','220007057474','300002602293','du 01/06/22 au 30/06/22',2022,'6',1373.00000,73.72000,0.00000,0.00000,0.00000,0.00000,0.00000,0.00000,0.00000,101216.00000,20243.00000,20.00,-69756.00000,'ENGIE','LAMINOIR DES LANDES_50000103282956_2022_6_F',101216.00000,121459.00000,''),(15402,'50000103282956','','0','320006151359','300002602293','du 01/03/22 au 31/03/22',2022,'3',1319.00000,124.58000,0.00000,0.00000,0.00000,0.00000,0.00000,0.00000,0.00000,164323.00000,32864.00000,20.00,164323.00000,'ENGIE','LAMINOIR DES LANDES_50000103282956_2022_3_F',164323.00000,197188.00000,''),(15403,'50000103282956','','0','220007160285','300002602293','du 01/07/22 au 31/07/22',2022,'7',1358.00000,73.73000,0.00000,0.00000,0.00000,0.00000,0.00000,0.00000,0.00000,100123.00000,20024.00000,20.00,-69004.00000,'ENGIE','LAMINOIR DES LANDES_50000103282956_2022_7_F',100123.00000,120148.00000,''),(15404,'50000103282956','','0','220007407037','300002602293','01/10/2022 au 31/10/2022',2022,'10',1330.00000,73.76000,0.00000,0.00000,0.00000,0.00000,0.00000,0.00000,0.00000,98107.00000,19621.00000,20.00,0.00000,'ENGIE','LAMINOIR DES LANDES_50000103282956_2022_10_F',98107.00000,117728.00000,''),(15405,'50000103282956','','0','20037001052','300002602293','du 01/01/22 au 31/01/22',2022,'1',884.00000,124.57000,0.00000,0.00000,0.00000,0.00000,0.00000,0.00000,0.00000,110121.00000,22024.00000,20.00,110121.00000,'ENGIE','LAMINOIR DES LANDES_50000103282956_2022_1_F',110121.00000,132146.00000,''),(15512,'50000103282956','','0','40015325632','300002602293','du 01/04/22 au 30/04/22',2022,'4',1152.00000,124.54000,0.00000,0.00000,0.00000,0.00000,0.00000,0.00000,0.00000,143471.00000,28694.00000,20.00,143471.00000,'ENGIE','LAMINOIR DES LANDES_50000103282956_2022_4_F',143471.00000,172166.00000,''),(15513,'50000103282956','','0','220007228851','300002602293','du 01/08/22 au 31/08/22',2022,'8',398.00000,0.00000,0.00000,0.00000,0.00000,0.00000,0.00000,0.00000,0.00000,29384.00000,5876.00000,20.00,-20251.00000,'ENGIE','LAMINOIR DES LANDES_50000103282956_2022_8_F',29384.00000,35260.00000,''),(15514,'50000103282956','','0','020038979059','300002602293','du 01/11/2022 au 30/11/2022',2022,'11',1344.00000,0.00000,179.00000,179.00000,0.00000,0.00000,0.00000,0.00000,0.00000,99109.00000,20037.00000,20.00,0.00000,'ENGIE','LAMINOIR DES LANDES_50000103282956_2022_11_F',99109.00000,119146.00000,''),(15515,'50000103282956','','0','40015442038','300002602293','du 01/05/22 au 31/05/22',2022,'5',1048.00000,0.00000,0.00000,0.00000,0.00000,0.00000,0.00000,0.00000,0.00000,77256.00000,15451.00000,20.00,-53244.00000,'ENGIE','LAMINOIR DES LANDES_50000103282956_2022_5_F',77256.00000,92708.00000,''),(15516,'50000103282956','','0','220007322654','300002602293','du 01/09/22 au 30/09/22',2022,'9',1010.00000,0.00000,0.00000,0.00000,0.00000,0.00000,0.00000,0.00000,0.00000,74488.00000,14897.00000,20.00,-51336.00000,'ENGIE','LAMINOIR DES LANDES_50000103282956_2022_9_F',74488.00000,89386.00000,''),(15517,'50000103282956','','0','120007860355','300002602293','du 01/02/22 au 28/02/22',2022,'2',1156.00000,0.00000,0.00000,0.00000,0.00000,0.00000,0.00000,0.00000,0.00000,144008.00000,28801.00000,20.00,144008.00000,'ENGIE','LAMINOIR DES LANDES_50000103282956_2022_2_F',144008.00000,172809.00000,''),(15518,'50000103282956','','0','220007057474','300002602293','du 01/06/22 au 30/06/22',2022,'6',1373.00000,0.00000,0.00000,0.00000,0.00000,0.00000,0.00000,0.00000,0.00000,101216.00000,20243.00000,20.00,-69756.00000,'ENGIE','LAMINOIR DES LANDES_50000103282956_2022_6_F',101216.00000,121459.00000,''),(15519,'50000103282956','','0','320006151359','300002602293','du 01/03/22 au 31/03/22',2022,'3',1319.00000,0.00000,0.00000,0.00000,0.00000,0.00000,0.00000,0.00000,0.00000,164323.00000,32864.00000,20.00,164323.00000,'ENGIE','LAMINOIR DES LANDES_50000103282956_2022_3_F',164323.00000,197188.00000,''),(15520,'50000103282956','','0','220007160285','300002602293','du 01/07/22 au 31/07/22',2022,'7',1358.00000,0.00000,0.00000,0.00000,0.00000,0.00000,0.00000,0.00000,0.00000,100123.00000,20024.00000,20.00,-69004.00000,'ENGIE','LAMINOIR DES LANDES_50000103282956_2022_7_F',100123.00000,120148.00000,''),(15521,'50000103282956','','0','220007407037','300002602293','01/10/2022 au 31/10/2022',2022,'10',1330.00000,0.00000,0.00000,0.00000,0.00000,0.00000,0.00000,0.00000,0.00000,98107.00000,19621.00000,20.00,0.00000,'ENGIE','LAMINOIR DES LANDES_50000103282956_2022_10_F',98107.00000,117728.00000,''),(15522,'50000103282956','','0','20037001052','300002602293','du 01/01/22 au 31/01/22',2022,'1',884.00000,0.00000,0.00000,0.00000,0.00000,0.00000,0.00000,0.00000,0.00000,110121.00000,22024.00000,20.00,110121.00000,'ENGIE','LAMINOIR DES LANDES_50000103282956_2022_1_F',110121.00000,132146.00000,''),(15528,'RTE0000516686','','0','10143905751','1 - E7D6Z7V','du 01/01/2022 au 31/01/2022',2022,'1',23832.00000,60.05000,11916.00000,11916.00000,212799.00000,0.00000,0.00000,0.00000,0.00000,1419251.00000,286233.00000,20.00,1206452.00000,'EDF','SET_RTE0000516686_2022_1_F',1431167.00000,1717401.00000,'SOCIETE D\'ENRICHISSEMENT DU TRICASTIN'),(15529,'RTE0000516686','','0','10145183800','1 - E7D6Z7V','du 01/02/2022 au 28/02/2022',2022,'2',21565.00000,61.10000,10782.00000,10782.00000,201539.00000,0.00000,0.00000,0.00000,0.00000,1306878.00000,263532.00000,20.00,1105338.00000,'EDF','SET_RTE0000516686_2022_2_F',1317661.00000,1581193.00000,'SOCIETE D\'ENRICHISSEMENT DU TRICASTIN'),(15530,'RTE0000516686','','0','10147263838','1 - E7D6Z7V','du 01/03/2022 au 31/03/2022',2022,'3',23540.00000,61.91000,11770.00000,11770.00000,227569.00000,0.00000,0.00000,0.00000,0.00000,1445612.00000,291476.00000,20.00,1218043.00000,'EDF','SET_RTE0000516686_2022_3_F',1457382.00000,1748859.00000,'SOCIETE D\'ENRICHISSEMENT DU TRICASTIN'),(15531,'RTE0000516686','','0','10148972153','1 - E7D6Z7V','du 01/04/2022 au 30/04/2022',2022,'4',7974.00000,95.15000,11400.00000,11400.00000,0.00000,0.00000,0.00000,0.00000,0.00000,747337.00000,151747.00000,20.00,747337.00000,'EDF','SET_RTE0000516686_2022_4_F',758738.00000,910485.00000,'SOCIETE D\'ENRICHISSEMENT DU TRICASTIN'),(15532,'RTE0000516686','','0','10150966683','1 - E7D6Z7V','du 01/05/2022 au 31/05/2022',2022,'5',23923.00000,33.44000,11961.00000,11961.00000,0.00000,0.00000,0.00000,0.00000,0.00000,787911.00000,159974.00000,20.00,787911.00000,'EDF','SET_RTE0000516686_2022_5_F',799873.00000,959848.00000,'SOCIETE D\'ENRICHISSEMENT DU TRICASTIN'),(15533,'RTE0000516686','','0','10152629850','1 - E7D6Z7V','du 01/06/2022 au 30/06/2022',2022,'6',23846.00000,-113.13000,11923.00000,11923.00000,0.00000,0.00000,0.00000,0.00000,0.00000,-2709555.00000,-539526.00000,20.00,193274.00000,'EDF','SET_RTE0000516686_2022_6_F',-2697632.00000,-3237158.00000,'SOCIETE D\'ENRICHISSEMENT DU TRICASTIN'),(15534,'RTE0000516686','','0','10154523058','1 - E7D6Z7V','du 01/07/2022 au 31/07/2022',2022,'7',24693.00000,9.87000,12346.00000,12346.00000,0.00000,0.00000,0.00000,0.00000,0.00000,231446.00000,48758.00000,20.00,231446.00000,'EDF','SET_RTE0000516686_2022_7_F',243793.00000,292551.00000,'SOCIETE D\'ENRICHISSEMENT DU TRICASTIN'),(15535,'RTE0000516686','','0','10156247770','1 - E7D6Z7V','du 01/08/2022 au 31/08/2022',2022,'8',24456.00000,10.55000,12228.00000,12228.00000,0.00000,0.00000,0.00000,0.00000,0.00000,245899.00000,51625.00000,20.00,245899.00000,'EDF','SET_RTE0000516686_2022_8_F',258127.00000,309753.00000,'SOCIETE D\'ENRICHISSEMENT DU TRICASTIN'),(15536,'RTE0000516686','','0','10158323520','1 - E7D6Z7V','du 01/09/2022 au 30/09/2022',2022,'9',22662.00000,10.35000,11331.00000,11331.00000,0.00000,0.00000,0.00000,0.00000,0.00000,223301.00000,46926.00000,20.00,223301.00000,'EDF','SET_RTE0000516686_2022_9_F',234632.00000,281558.00000,'SOCIETE D\'ENRICHISSEMENT DU TRICASTIN'),(15537,'RTE0000516686','','0','10160155200','1 - E7D6Z7V','du 01/10/2022 au 31/10/2022',2022,'10',23436.00000,28.27000,11718.00000,11718.00000,59054.00000,0.00000,0.00000,0.00000,0.00000,650863.00000,132516.00000,20.00,591808.00000,'EDF','SET_RTE0000516686_2022_10_F',662581.00000,795097.00000,'SOCIETE D\'ENRICHISSEMENT DU TRICASTIN'),(15538,'RTE0000516686','','0','10162162900','1 - E7D6Z7V','du 01/11/2022 au 30/11/2022',2022,'11',22232.00000,29.31000,11116.00000,11116.00000,59871.00000,0.00000,0.00000,0.00000,0.00000,640467.00000,130316.00000,20.00,580596.00000,'EDF','SET_RTE0000516686_2022_11_F',651584.00000,781901.00000,'SOCIETE D\'ENRICHISSEMENT DU TRICASTIN'),(15539,'RTE0000516686','','0','10165022245','1 - E7D6Z7V','du 01/12/2022 au 31/12/2022',2022,'12',22680.00000,17.54000,11340.00000,11340.00000,57370.00000,0.00000,0.00000,0.00000,0.00000,386548.00000,79577.00000,20.00,584296.00000,'EDF','SET_RTE0000516686_2022_12_F',397888.00000,477466.00000,'SOCIETE D\'ENRICHISSEMENT DU TRICASTIN'),(16374,'50000103282956','ROUTE DE LA BARRE 40220 TARNOS','0','220007322654','300002602293','du 01/09/22 au 30/09/22',2022,'9',1010.00000,73.75000,0.00000,0.00000,0.00000,0.00000,0.00000,0.00000,0.00000,74488.00000,14897.00000,20.00,-51336.00000,'ENGIE','LAMINOIRS DES LANDES_50000103282956_2022_9_F',74488.00000,89386.00000,'LAMINOIRS DES LANDES'),(16375,'50000103282956','ROUTE DE LA BARRE 40220 TARNOS','0','120007860355','300002602293','du 01/02/22 au 28/02/22',2022,'2',1156.00000,124.57000,0.00000,0.00000,0.00000,0.00000,0.00000,0.00000,0.00000,144008.00000,28801.00000,20.00,144008.00000,'ENGIE','LAMINOIRS DES LANDES_50000103282956_2022_2_F',144008.00000,172809.00000,'LAMINOIRS DES LANDES'),(16376,'50000103282956','ROUTE DE LA BARRE 40220 TARNOS','0','220007057474','300002602293','du 01/06/22 au 30/06/22',2022,'6',1373.00000,73.72000,0.00000,0.00000,0.00000,0.00000,0.00000,0.00000,0.00000,101216.00000,20243.00000,20.00,-69756.00000,'ENGIE','LAMINOIRS DES LANDES_50000103282956_2022_6_F',101216.00000,121459.00000,'LAMINOIRS DES LANDES'),(16377,'50000103282956','ROUTE DE LA BARRE 40220 TARNOS','0','320006151359','300002602293','du 01/03/22 au 31/03/22',2022,'3',1319.00000,124.58000,0.00000,0.00000,0.00000,0.00000,0.00000,0.00000,0.00000,164323.00000,32864.00000,20.00,164323.00000,'ENGIE','LAMINOIRS DES LANDES_50000103282956_2022_3_F',164323.00000,197188.00000,'LAMINOIRS DES LANDES'),(16378,'50000103282956','ROUTE DE LA BARRE 40220 TARNOS','0','220007160285','300002602293','du 01/07/22 au 31/07/22',2022,'7',1358.00000,73.73000,0.00000,0.00000,0.00000,0.00000,0.00000,0.00000,0.00000,100123.00000,20024.00000,20.00,-69004.00000,'ENGIE','LAMINOIRS DES LANDES_50000103282956_2022_7_F',100123.00000,120148.00000,'LAMINOIRS DES LANDES'),(16380,'50000103282956','ROUTE DE LA BARRE 40220 TARNOS','0','220007407037','300002602293','du 20/06/2019 au 10/11/2022',2019,'6',1330.00000,73.76000,0.00000,0.00000,0.00000,0.00000,0.00000,0.00000,0.00000,98107.00000,19621.00000,20.00,0.00000,'ENGIE','LAMINOIRS DES LANDES_50000103282956_2019_6_F',98107.00000,117728.00000,'LAMINOIRS DES LANDES'),(16381,'50000103282956','ROUTE DE LA BARRE 40220 TARNOS','0','40015325632','300002602293','du 01/04/22 au 30/04/22',2022,'4',1152.00000,124.54000,0.00000,0.00000,0.00000,0.00000,0.00000,0.00000,0.00000,143471.00000,28694.00000,20.00,143471.00000,'ENGIE','LAMINOIRS DES LANDES_50000103282956_2022_4_F',143471.00000,172166.00000,'LAMINOIRS DES LANDES'),(16382,'50000103282956','ROUTE DE LA BARRE 40220 TARNOS','0','220007228851','300002602293','du 01/08/22 au 31/08/22',2022,'8',398.00000,73.83000,0.00000,0.00000,0.00000,0.00000,0.00000,0.00000,0.00000,29384.00000,5876.00000,20.00,-20251.00000,'ENGIE','LAMINOIRS DES LANDES_50000103282956_2022_8_F',29384.00000,35260.00000,'LAMINOIRS DES LANDES'),(16383,'50000103282956','ROUTE DE LA BARRE 40220 TARNOS','0','20038979059','300002602293','du 01/11/2022 au 30/11/2022',2022,'11',1344.00000,73.74000,179.00000,179.00000,0.00000,0.00000,0.00000,0.00000,0.00000,99109.00000,20037.00000,20.00,0.00000,'ENGIE','LAMINOIRS DES LANDES_50000103282956_2022_11_F',99109.00000,119146.00000,'LAMINOIRS DES LANDES'),(16384,'50000103282956','ROUTE DE LA BARRE 40220 TARNOS','0','40015442038','300002602293','du 01/05/22 au 31/05/22',2022,'5',1048.00000,73.72000,0.00000,0.00000,0.00000,0.00000,0.00000,0.00000,0.00000,77256.00000,15451.00000,20.00,-53244.00000,'ENGIE','LAMINOIRS DES LANDES_50000103282956_2022_5_F',77256.00000,92708.00000,'LAMINOIRS DES LANDES'),(16385,'50000103282956','ROUTE DE LA BARRE 40220 TARNOS','0','20037001052','300002602293','du 01/01/22 au 31/01/22',2022,'1',884.00000,124.57000,0.00000,0.00000,0.00000,0.00000,0.00000,0.00000,0.00000,110121.00000,22024.00000,20.00,110121.00000,'ENGIE','LAMINOIRS DES LANDES_50000103282956_2022_1_F',110121.00000,132146.00000,'LAMINOIRS DES LANDES'),(16387,'RTE0000008527','','0','10154523124','1 - E7D6Z7V','du 01/07/2022 au 31/07/2022',2022,'7',13763.00000,9.89000,5161.00000,5161.00000,0.00000,0.00000,0.00000,0.00000,0.00000,131017.00000,27235.00000,20.00,131017.00000,'EDF','ORANO CE TRICASTIN_RTE0000008527_2022_7_F',136178.00000,163414.00000,'ORANO CHIMIE-ENRICHISSEMENT'),(16388,'RTE0000008527','','0','10162163055','1 - E7D6Z7V','du 01/11/2022 au 30/11/2022',2022,'11',13534.00000,29.45000,5075.00000,5075.00000,37041.00000,0.00000,0.00000,0.00000,0.00000,393447.00000,79704.00000,20.00,356405.00000,'EDF','ORANO CE TRICASTIN_RTE0000008527_2022_11_F',398522.00000,478227.00000,'ORANO CHIMIE-ENRICHISSEMENT'),(16389,'RTE0000008527','','0','10148972216','1 - E7D6Z7V','du 01/04/2022 au 30/04/2022',2022,'4',11967.00000,33.19000,4487.00000,4487.00000,0.00000,0.00000,0.00000,0.00000,0.00000,392658.00000,79429.00000,20.00,392658.00000,'EDF','ORANO CE TRICASTIN_RTE0000008527_2022_4_F',397146.00000,476575.00000,'ORANO CHIMIE-ENRICHISSEMENT'),(16390,'RTE0000008527','','0','10156248215','1 - E7D6Z7V','du 01/08/2022 au 31/08/2022',2022,'8',13654.00000,10.42000,5120.00000,5120.00000,0.00000,0.00000,0.00000,0.00000,0.00000,137210.00000,28466.00000,20.00,137210.00000,'EDF','ORANO CE TRICASTIN_RTE0000008527_2022_8_F',142331.00000,170797.00000,'ORANO CHIMIE-ENRICHISSEMENT'),(16391,'RTE0000008527','','0','10143905730','1 - E7D6Z7V','du 01/01/2022 au 31/01/2022',2022,'1',12037.00000,65.65000,67708.00000,67708.00000,109753.00000,0.00000,0.00000,0.00000,0.00000,722553.00000,158052.00000,20.00,612799.00000,'EDF','ORANO CE TRICASTIN_RTE0000008527_2022_1_F',790261.00000,948313.00000,'ORANO CHIMIE-ENRICHISSEMENT'),(16392,'RTE0000008527','','0','10165022267','1 - E7D6Z7V','du 01/12/2022 au 31/12/2022',2022,'12',12992.00000,29.35000,4872.00000,4872.00000,23737.00000,0.00000,0.00000,0.00000,0.00000,376379.00000,76250.00000,20.00,338587.00000,'EDF','ORANO CE TRICASTIN_RTE0000008527_2022_12_F',381251.00000,457501.00000,'ORANO CHIMIE-ENRICHISSEMENT'),(16393,'RTE0000008527','','0','10150744880','1 - E7D6Z7V','du 01/05/2022 au 31/05/2022',2022,'5',11491.00000,33.48000,4309.00000,4309.00000,0.00000,0.00000,0.00000,0.00000,0.00000,380393.00000,76940.00000,20.00,380393.00000,'EDF','ORANO CE TRICASTIN_RTE0000008527_2022_5_F',384703.00000,461643.00000,'ORANO CHIMIE-ENRICHISSEMENT'),(16394,'RTE0000008527','','0','10158323771','1 - E7D6Z7V','du 01/09/2022 au 30/09/2022',2022,'9',11408.00000,10.41000,4278.00000,4278.00000,0.00000,0.00000,0.00000,0.00000,0.00000,114511.00000,23757.00000,20.00,114511.00000,'EDF','ORANO CE TRICASTIN_RTE0000008527_2022_9_F',118789.00000,142547.00000,'ORANO CHIMIE-ENRICHISSEMENT'),(16395,'RTE0000008527','','0','10145184250','1 - E7D6Z7V','du 01/02/2022 au 28/02/2022',2022,'2',13034.00000,61.64000,4888.00000,4888.00000,125258.00000,0.00000,0.00000,0.00000,0.00000,798572.00000,160692.00000,20.00,673313.00000,'EDF','ORANO CE TRICASTIN_RTE0000008527_2022_2_F',803460.00000,964152.00000,'ORANO CHIMIE-ENRICHISSEMENT'),(16396,'RTE0000008527','','0','10152629851','1 - E7D6Z7V','du 01/06/2022 au 30/06/2022',2022,'6',10605.00000,-140.43000,3977.00000,3977.00000,0.00000,0.00000,0.00000,0.00000,0.00000,-1493235.00000,-297851.00000,20.00,89405.00000,'EDF','ORANO CE TRICASTIN_RTE0000008527_2022_6_F',-1489258.00000,-1787110.00000,'ORANO CHIMIE-ENRICHISSEMENT'),(16397,'RTE0000008527','','0','10160155434','1 - E7D6Z7V','du 01/10/2022 au 31/10/2022',2022,'10',12840.00000,28.39000,4815.00000,4815.00000,32880.00000,0.00000,0.00000,0.00000,0.00000,359743.00000,72911.00000,20.00,326863.00000,'EDF','ORANO CE TRICASTIN_RTE0000008527_2022_10_F',364558.00000,437470.00000,'ORANO CHIMIE-ENRICHISSEMENT'),(16398,'RTE0000008527','','0','10147263966','1 - E7D6Z7V','du 01/03/2022 au 31/03/2022',2022,'3',14529.00000,62.21000,5448.00000,5448.00000,142909.00000,0.00000,0.00000,0.00000,0.00000,898411.00000,180772.00000,20.00,755501.00000,'EDF','ORANO CE TRICASTIN_RTE0000008527_2022_3_F',903860.00000,1084632.00000,'ORANO CHIMIE-ENRICHISSEMENT'),(16400,'RTE0000001336','','0','10154692509','1 - FGPF5FQ','du 01/07/2022 au 31/07/2022',2022,'7',6883.00000,146.78000,3372.00000,3372.00000,13421.00000,0.00000,0.00000,0.00000,0.00000,1006917.00000,202058.00000,20.00,993495.00000,'EDF','RENAULT FLINS_RTE0000001336_2022_7_F',1010290.00000,1212348.00000,'RENAULT FLINS'),(16401,'RTE0000001336','','0','10162311819','1 - FGPF5FQ','du 01/11/2022 au 30/11/2022',2022,'11',7022.00000,83.50000,3440.00000,3440.00000,13693.00000,0.00000,0.00000,0.00000,0.00000,582919.00000,117272.00000,20.00,569226.00000,'EDF','RENAULT FLINS_RTE0000001336_2022_11_F',586360.00000,703633.00000,'RENAULT FLINS'),(16402,'RTE0000001336','','0','10148893880','1 - FGPF5FQ','du 01/04/2022 au 30/04/2022',2022,'4',6935.00000,91.99000,3398.00000,3398.00000,13523.00000,0.00000,0.00000,0.00000,0.00000,634581.00000,127596.00000,20.00,244886.00000,'EDF','RENAULT FLINS_RTE0000001336_2022_4_F',637980.00000,765576.00000,'RENAULT FLINS'),(16403,'RTE0000001336','','0','10156280456','1 - FGPF5FQ','du 01/08/2022 au 31/08/2022',2022,'8',4704.00000,-38.12000,2305.00000,2305.00000,9174.00000,0.00000,0.00000,0.00000,0.00000,-181609.00000,-35860.00000,20.00,-190784.00000,'EDF','RENAULT FLINS_RTE0000001336_2022_8_F',-179304.00000,-215165.00000,'RENAULT FLINS'),(16404,'RTE0000001336','','0','10143718866','1 - FGPF5FQ','du 01/01/2022',2022,'1',7788.00000,133.76000,38162.00000,38162.00000,15186.00000,0.00000,0.00000,0.00000,0.00000,1003585.00000,208349.00000,20.00,588786.00000,'EDF','RENAULT FLINS_RTE0000001336_2022_1_F',1041747.00000,1250097.00000,'RENAULT FLINS'),(16405,'RTE0000001336','','0','10150911090','1 - FGPF5FQ','du 01/05/2022 au 31/05/2022',2022,'5',6728.00000,94.75000,3296.00000,3296.00000,13120.00000,0.00000,0.00000,0.00000,0.00000,634164.00000,127492.00000,20.00,290807.00000,'EDF','RENAULT FLINS_RTE0000001336_2022_5_F',637461.00000,764953.00000,'RENAULT FLINS'),(16406,'RTE0000001336','','0','10158368650','1 - FGPF5FQ','du 01/09/2022 au 30/09/2022',2022,'9',6662.00000,157.74000,3264.00000,3264.00000,12991.00000,0.00000,0.00000,0.00000,0.00000,1047619.00000,210176.00000,20.00,517580.00000,'EDF','RENAULT FLINS_RTE0000001336_2022_9_F',1050884.00000,1261060.00000,'RENAULT FLINS'),(16407,'RTE0000001336','','0','10145363545','1 - FGPF5FQ','du 01/02/2022 au 28/02/2022',2022,'2',7429.00000,87.34000,3640.00000,3640.00000,14486.00000,0.00000,0.00000,0.00000,0.00000,645192.00000,129766.00000,20.00,434082.00000,'EDF','RENAULT FLINS_RTE0000001336_2022_2_F',648832.00000,778599.00000,'RENAULT FLINS'),(16408,'RTE0000001336','','0','10164517467','1 - FGPF5FQ','du 01/12/2022 au 31/12/2022',2022,'12',7154.00000,592.16000,3505.00000,3505.00000,73326.00000,0.00000,0.00000,0.00000,0.00000,4232822.00000,847265.00000,20.00,329014.00000,'EDF','RENAULT FLINS_RTE0000001336_2022_12_F',4236327.00000,5083593.00000,'RENAULT FLINS'),(16409,'RTE0000001336','','0','10152752941','1 - FGPF5FQ','du 01/06/2022 au 30/06/2022',2022,'6',6838.00000,-19.05000,3398.00000,3398.00000,13523.00000,0.00000,0.00000,0.00000,0.00000,-133652.00000,-26050.00000,20.00,208371.00000,'EDF','RENAULT FLINS_RTE0000001336_2022_6_F',-130254.00000,-156305.00000,'RENAULT FLINS'),(16410,'RTE0000001336','','0','10160356501','1 - FGPF5FQ','du 01/10/2022 au 31/10/2022',2022,'10',5650.00000,63.88000,2768.00000,2768.00000,11017.00000,0.00000,0.00000,0.00000,0.00000,358156.00000,72185.00000,20.00,84976.00000,'EDF','RENAULT FLINS_RTE0000001336_2022_10_F',360925.00000,433110.00000,'RENAULT FLINS'),(16411,'RTE0000001336','','0','10147347968','1 - FGPF5FQ','du 01/03/2022 au 31/03/2022',2022,'3',8154.00000,136.92000,3995.00000,3995.00000,15901.00000,0.00000,0.00000,0.00000,0.00000,1112444.00000,223288.00000,20.00,1096542.00000,'EDF','RENAULT FLINS_RTE0000001336_2022_3_F',1116439.00000,1339727.00000,'RENAULT FLINS'),(16413,'30000420542199','','FR39847180064','FR100156042','CARD n ° 75820','01/01/2022 - 31/01/2022',2022,'1',106.00000,96.33000,797.00000,797.00000,3600.00000,0.00000,0.00000,0.00000,3600.00000,5739.00000,2042.00000,20.00,5739.00000,'ALPIQ','ALK ABELLO VARENNES EN ARGONNE_30000420542199_2022_1_F',10211.00000,12254.00000,'ALK'),(16414,'30000420542199','Site de VARENNES EN ARGONNE Zone d\'activités rue des Vignes des Cotes 55270 VARENNES - EN - ARGONNEFRANC','FR39847180064','FR100184935','CARD n ° 75820','01/12/2022 - 31/12/2022',2022,'12',104.00000,71.76000,52.00000,52.00000,1676.00000,0.00000,0.00000,0.00000,1676.00000,5660.00000,1492.00000,20.00,5660.00000,'ALPIQ','ALK ABELLO VARENNES EN ARGONNE_30000420542199_2022_12_F',7463.00000,8955.00000,'ALK'),(16415,'30000420542199','Site de VARENNES EN ARGONNE Zone d\'activités rue des Vignes des Cotes 55270 VARENNES - EN - ARGONNEFRANC','FR39847180064','FR100162221','CARD n ° 75820','01/03/2022 - 31/03/2022',2022,'3',93.00000,62.99000,46.00000,46.00000,758.00000,0.00000,0.00000,0.00000,758.00000,4987.00000,1171.00000,20.00,4987.00000,'ALPIQ','ALK ABELLO VARENNES EN ARGONNE_30000420542199_2022_3_F',5858.00000,7029.00000,'ALK'),(16416,'30000420542199','Site de VARENNES EN ARGONNE Zone d\'activités rue des Vignes des Cotes 55270 VARENNES - EN - ARGONNEFRANC','FR39847180064','FR100175528','CARD n ° 75820','01/08/2022 - 31/08/2022',2022,'8',68.00000,41.75000,34.00000,34.00000,0.00000,0.00000,0.00000,0.00000,47.00000,2757.00000,567.00000,20.00,2757.00000,'ALPIQ','ALK ABELLO VARENNES EN ARGONNE_30000420542199_2022_8_F',2839.00000,3407.00000,'ALK'),(16417,'30000420542199','Site de VARENNES EN ARGONNE Zone d\'activités rue des Vignes des Cotes 55270 VARENNES - EN - ARGONNEFRANC','FR39847180064','FR100171881','CARD n ° 75820','01/07/2022 - 31/07/2022',2022,'7',68.00000,42.00000,34.00000,34.00000,0.00000,0.00000,0.00000,0.00000,48.00000,2773.00000,571.00000,20.00,2773.00000,'ALPIQ','ALK ABELLO VARENNES EN ARGONNE_30000420542199_2022_7_F',2856.00000,3427.00000,'ALK'),(16418,'30000420542199','Site de VARENNES EN ARGONNE Zone d\'activités rue des Vignes des Cotes 55270 VARENNES - EN - ARGONNEFRANC','FR39847180064','FR100182589','CARD n ° 75820','01/11/2022 - 30/11/2022',2022,'11',83.00000,55.36000,41.00000,41.00000,0.00000,0.00000,0.00000,0.00000,58.00000,4495.00000,919.00000,20.00,4495.00000,'ALPIQ','ALK ABELLO VARENNES EN ARGONNE_30000420542199_2022_11_F',4595.00000,5514.00000,'ALK'),(16419,'30000420542199','Site de VARENNES EN ARGONNE Zone d\'activités rue des Vignes des Cotes 55270 VARENNES - EN - ARGONNEFRANC','FR39847180064','FR100165620','CARD n ° 75820','01/04/2022 - 30/04/2022',2022,'4',80.00000,41.30000,40.00000,40.00000,0.00000,0.00000,0.00000,0.00000,56.00000,3207.00000,660.00000,20.00,3207.00000,'ALPIQ','ALK ABELLO VARENNES EN ARGONNE_30000420542199_2022_4_F',3304.00000,3965.00000,'ALK'),(16420,'30000420542199','Site de VARENNES EN ARGONNE Zone d\'activités rue des Vignes des Cotes 55270 VARENNES - EN - ARGONNEFRANC','FR39847180064','FR100169924','CARD n ° 75820','01/06/2022 - 30/06/2022',2022,'6',65.00000,41.82000,32.00000,32.00000,0.00000,0.00000,0.00000,0.00000,45.00000,2640.00000,543.00000,20.00,2640.00000,'ALPIQ','ALK ABELLO VARENNES EN ARGONNE_30000420542199_2022_6_F',2718.00000,3262.00000,'ALK'),(16421,'30000420542199','Site de VARENNES EN ARGONNE Zone d\'activités rue des Vignes des Cotes 55270 VARENNES - EN - ARGONNEFRANC','FR39847180064','FR100180523','CARD n ° 75820','01/10/2022 - 31/10/2022',2022,'10',68.00000,41.50000,34.00000,34.00000,0.00000,0.00000,0.00000,0.00000,47.00000,2740.00000,564.00000,20.00,2740.00000,'ALPIQ','ALK ABELLO VARENNES EN ARGONNE_30000420542199_2022_10_F',2822.00000,3386.00000,'ALK'),(16422,'30000420542199','Site de VARENNES EN ARGONNE Zone d\'activités rue des Vignes des Cotes 55270 VARENNES - EN - ARGONNEFRANC','FR39847180064','FR100159345','CARD n ° 75820','01/02/2022 - 28/02/2022',2022,'2',92.00000,55.22000,46.00000,46.00000,0.00000,0.00000,0.00000,0.00000,64.00000,4969.00000,1016.00000,20.00,4969.00000,'ALPIQ','ALK ABELLO VARENNES EN ARGONNE_30000420542199_2022_2_F',5080.00000,6096.00000,'ALK'),(16423,'30000420542199','Site de VARENNES EN ARGONNE Zone d\'activités rue des Vignes des Cotes 55270 VARENNES - EN - ARGONNEFRANC','FR39847180064','FR100167376','CARD n ° 75820','01/05/2022 - 31/05/2022',2022,'5',69.00000,41.29000,34.00000,34.00000,0.00000,0.00000,0.00000,0.00000,48.00000,2766.00000,569.00000,20.00,2766.00000,'ALPIQ','ALK ABELLO VARENNES EN ARGONNE_30000420542199_2022_5_F',2849.00000,3418.00000,'ALK'),(16424,'30000420542199','Site de VARENNES EN ARGONNE Zone d\'activités rue des Vignes des Cotes 55270 VARENNES - EN - ARGONNEFRANC','FR39847180064','FR100176234','CARD n ° 75820','01/09/2022 - 30/09/2022',2022,'9',66.00000,41.94000,33.00000,33.00000,0.00000,0.00000,0.00000,0.00000,46.00000,2688.00000,553.00000,20.00,2688.00000,'ALPIQ','ALK ABELLO VARENNES EN ARGONNE_30000420542199_2022_9_F',2768.00000,3321.00000,'ALK'),(16426,'30000431032378','Site de VARENNES EN ARGONNE Zone d\'activités rue des Vignes des Cotes 55270 VARENNES - EN - ARGONNEFRANC','FR39847180064','FR100161342','CARD n ° 76225','01/03/2022 - 31/03/2022',2022,'3',349.00000,62.45000,174.00000,174.00000,2518.00000,0.00000,0.00000,0.00000,244.00000,18858.00000,4359.00000,20.00,18858.00000,'ALPIQ','ALK ABELLO VANDEUIL_30000431032378_2022_3_F',21796.00000,26155.00000,'ALK'),(16427,'30000431032378','Site de VANDEUIL 5 route de Breuil 51140 VANDEUILFRANCE','FR39847180064','FR100164838','CARD n ° 76225','01/04/2022 - 30/04/2022',2022,'4',331.00000,41.22000,165.00000,165.00000,0.00000,0.00000,0.00000,0.00000,231.00000,13247.00000,2729.00000,20.00,13247.00000,'ALPIQ','ALK ABELLO VANDEUIL_30000431032378_2022_4_F',13645.00000,16374.00000,'ALK'),(16428,'30000431032378','Site de VANDEUIL 5 route de Breuil 51140 VANDEUILFRANCE','FR39847180064','FR100180572','CARD n ° 76225','01/10/2022 - 31/10/2022',2022,'10',316.00000,41.34000,158.00000,158.00000,0.00000,0.00000,0.00000,0.00000,221.00000,12683.00000,2612.00000,20.00,12683.00000,'ALPIQ','ALK ABELLO VANDEUIL_30000431032378_2022_10_F',13063.00000,15676.00000,'ALK'),(16429,'30000431032378','Site de VANDEUIL 5 route de Breuil 51140 VANDEUILFRANCE','FR39847180064','FR100158392','CARD n ° 76225','01/02/2022 - 28/02/2022',2022,'2',320.00000,55.21000,160.00000,160.00000,0.00000,0.00000,0.00000,0.00000,224.00000,17282.00000,3533.00000,20.00,17282.00000,'ALPIQ','ALK ABELLO VANDEUIL_30000431032378_2022_2_F',17667.00000,21200.00000,'ALK'),(16430,'30000431032378','Site de VANDEUIL 5 route de Breuil 51140 VANDEUILFRANCE','FR39847180064','FR100168016','CARD n ° 76225','01/05/2022 - 31/05/2022',2022,'5',334.00000,41.40000,167.00000,167.00000,0.00000,0.00000,0.00000,0.00000,234.00000,13425.00000,2765.00000,20.00,13425.00000,'ALPIQ','ALK ABELLO VANDEUIL_30000431032378_2022_5_F',13826.00000,16592.00000,'ALK'),(16431,'30000431032378','Site de VANDEUIL 5 route de Breuil 51140 VANDEUILFRANCE','FR39847180064','FR100176830','CARD n ° 76225','01/09/2022 - 30/09/2022',2022,'9',303.00000,41.44000,151.00000,151.00000,0.00000,0.00000,0.00000,0.00000,212.00000,12190.00000,2511.00000,20.00,12190.00000,'ALPIQ','ALK ABELLO VANDEUIL_30000431032378_2022_9_F',12555.00000,15066.00000,'ALK'),(16432,'30000431032378','Site de VANDEUIL 5 route de Breuil 51140 VANDEUILFRANCE','FR39847180064','FR100157380','CARD n ° 76225','01/01/2022 - 31/01/2022',2022,'1',345.00000,94.28000,2594.00000,2594.00000,11022.00000,0.00000,0.00000,0.00000,242.00000,18667.00000,6505.00000,20.00,18667.00000,'ALPIQ','ALK ABELLO VANDEUIL_30000431032378_2022_1_F',32526.00000,39031.00000,'ALK'),(16433,'30000431032378','Site de VANDEUIL 5 route de Breuil 51140 VANDEUILFRANCE','FR39847180064','FR100186464','CARD n ° 76225','01/12/2022 - 31/12/2022',2022,'12',295.00000,68.86000,147.00000,147.00000,4009.00000,0.00000,0.00000,0.00000,206.00000,15951.00000,4062.00000,20.00,15951.00000,'ALPIQ','ALK ABELLO VANDEUIL_30000431032378_2022_12_F',20314.00000,24377.00000,'ALK'),(16434,'30000431032378','Site de VANDEUIL 5 route de Breuil 51140 VANDEUILFRANCE','FR39847180064','FR100182956','CARD n ° 76225','01/11/2022 - 30/11/2022',2022,'11',299.00000,55.36000,149.00000,149.00000,0.00000,0.00000,0.00000,0.00000,209.00000,16193.00000,3310.00000,20.00,16193.00000,'ALPIQ','ALK ABELLO VANDEUIL_30000431032378_2022_11_F',16552.00000,19863.00000,'ALK'),(16436,'30000950145154','Site de Pithiviers 4 , rue Marc Sangnier 45300 Pithiviers FRANCE','FR71833736101','FR100177673','CARD n ° 145980','01/09/2022 - 30/09/2022',2022,'9',749.00000,63.25000,374.00000,374.00000,0.00000,-27873.00000,0.00000,0.00000,0.00000,74873.00000,9475.00000,20.00,74873.00000,'ALPIQ','PMC ISOCHEM Pithiviers_30000950145154_2022_9_F',47375.00000,56850.00000,'PMC ISOCHEM'),(16438,'30002220435426','Site de Vert le Petit 32 RUE LAVOISIER 91710 VERT - LE - PETIT France','FR71833736101','FR100182577','CARD n ° 147280','01/11/2022 - 30/11/2022',2022,'11',513.00000,73.12000,256.00000,256.00000,0.00000,-15206.00000,0.00000,0.00000,0.00000,52459.00000,7501.00000,20.00,52459.00000,'ALPIQ','PMC ISOCHEM Vert Le Petit_30002220435426_2022_11_F',37509.00000,45011.00000,'PMC ISOCHEM'),(16439,'30002220435426','Site de Vert le Petit 32 RUE LAVOISIER 91710 VERT - LE - PETIT France','FR71833736101','FR100180096','CARD n ° 147280','01/10/2022 - 31/10/2022',2022,'10',488.00000,70.82000,244.00000,244.00000,0.00000,-15206.00000,0.00000,0.00000,0.00000,49521.00000,6911.00000,20.00,49521.00000,'ALPIQ','PMC ISOCHEM Vert Le Petit_30002220435426_2022_10_F',34559.00000,41470.00000,'PMC ISOCHEM'),(16441,'30002150251954','Site de Gennevilliers 4 avenue Philippe Lebon ZI Val d\'Oise 92230 Gennevilliers FRANCE','FR71833736101','FR100177838','CARD n ° 147080','01/09/2022 - 30/09/2022',2022,'9',321.00000,65.31000,160.00000,160.00000,0.00000,-11582.00000,0.00000,0.00000,0.00000,32387.00000,4193.00000,20.00,32387.00000,'ALPIQ','PMC ISOCHEM GENNEVILLIERS_30002150251954_2022_9_F',20965.00000,25158.00000,'PMC ISOCHEM'),(16442,'30000950145154','Site de Pithiviers 4 , rue Marc Sangnier 45300 Pithiviers FRANCE','FR71833736101','FR100182620','CARD n ° 145980','01/11/2022 - 30/11/2022',2022,'11',762.00000,63.99000,381.00000,381.00000,0.00000,-27873.00000,0.00000,0.00000,0.00000,76254.00000,9752.00000,20.00,76254.00000,'ALPIQ','PMC ISOCHEM Pithiviers_30000950145154_2022_11_F',48762.00000,58514.00000,'PMC ISOCHEM'),(16443,'30002150251954','Site de Gennevilliers 4 avenue Philippe Lebon ZI Val d\'Oise 92230 Gennevilliers FRANCE','FR71833736101','FR100180311','CARD n ° 147080','01/10/2022 - 31/10/2022',2022,'10',343.00000,67.82000,171.00000,171.00000,0.00000,-11582.00000,0.00000,0.00000,0.00000,34673.00000,4652.00000,20.00,34673.00000,'ALPIQ','PMC ISOCHEM GENNEVILLIERS_30002150251954_2022_10_F',23262.00000,27915.00000,'PMC ISOCHEM'),(16444,'30002150251954','Site de Gennevilliers 4 avenue Philippe Lebon ZI Val d\'Oise 92230 Gennevilliers FRANCE','FR71833736101','FR100182871','CARD n ° 147080','01/11/2022 - 30/11/2022',2022,'11',350.00000,68.87000,175.00000,175.00000,0.00000,-11582.00000,0.00000,0.00000,0.00000,35513.00000,4821.00000,20.00,35513.00000,'ALPIQ','PMC ISOCHEM GENNEVILLIERS_30002150251954_2022_11_F',24106.00000,28927.00000,'PMC ISOCHEM'),(16445,'30002220435426','Site de Vert le Petit 32 RUE LAVOISIER 91710 VERT - LE - PETIT France','FR71833736101','FR100176485','CARD n ° 147280','01/09/2022 - 30/09/2022',2022,'9',439.00000,66.96000,219.00000,219.00000,0.00000,-15206.00000,0.00000,0.00000,0.00000,44383.00000,5879.00000,20.00,44383.00000,'ALPIQ','PMC ISOCHEM Vert Le Petit_30002220435426_2022_9_F',29396.00000,35275.00000,'PMC ISOCHEM'),(16446,'30000950145154','Site de Pithiviers 4 , rue Marc Sangnier 45300 Pithiviers FRANCE','FR71833736101','FR100179675','CARD n ° 145980','01/10/2022 - 31/10/2022',2022,'10',860.00000,68.85000,430.00000,430.00000,0.00000,-27873.00000,0.00000,0.00000,0.00000,86653.00000,11842.00000,20.00,86653.00000,'ALPIQ','PMC ISOCHEM Pithiviers_30000950145154_2022_10_F',59210.00000,71052.00000,'PMC ISOCHEM'),(16447,'30000950145154','Site de Pithiviers 4 , rue Marc Sangnier 45300 Pithiviers FRANCE','FR71833736101','FR100166847','CARD n ° 145980','01/05/2022 - 31/05/2022',2022,'5',858.00000,68.77000,429.00000,429.00000,0.00000,-27873.00000,0.00000,0.00000,0.00000,86448.00000,11800.00000,20.00,86448.00000,'ALPIQ','PMC ISOCHEM Pithiviers_30000950145154_2022_5_F',59004.00000,70805.00000,'PMC ISOCHEM'),(16448,'30000950145154','Site de Pithiviers 4 , rue Marc Sangnier 45300 Pithiviers FRANCE','FR71833736101','FR100172230','CARD n ° 145980','01/07/2022 - 31/07/2022',2022,'7',675.00000,57.75000,337.00000,337.00000,0.00000,-27873.00000,0.00000,0.00000,0.00000,66514.00000,7795.00000,20.00,66514.00000,'ALPIQ','PMC ISOCHEM Pithiviers_30000950145154_2022_7_F',38979.00000,46774.00000,'PMC ISOCHEM'),(16449,'30002150251954','Site de Gennevilliers 4 avenue Philippe Lebon ZI Val d\'Oise 92230 Gennevilliers FRANCE','FR71833736101','FR100169600','CARD n ° 147080','01/06/2022 - 30/06/2022',2022,'6',338.00000,67.39000,169.00000,169.00000,0.00000,-11582.00000,0.00000,0.00000,0.00000,34192.00000,4555.00000,20.00,34192.00000,'ALPIQ','PMC ISOCHEM GENNEVILLIERS_30002150251954_2022_6_F',22778.00000,27334.00000,'PMC ISOCHEM'),(16450,'30002220435426','Site de Vert le Petit 32 RUE LAVOISIER 91710 VERT - LE - PETIT France','FR71833736101','FR100166879','CARD n ° 147280','01/05/2022 - 31/05/2022',2022,'5',448.00000,67.39000,224.00000,224.00000,0.00000,-15206.00000,0.00000,0.00000,0.00000,45175.00000,6038.00000,20.00,45175.00000,'ALPIQ','PMC ISOCHEM Vert Le Petit_30002220435426_2022_5_F',30192.00000,36230.00000,'PMC ISOCHEM'),(16451,'30002150251954','Site de Gennevilliers 4 avenue Philippe Lebon ZI Val d\'Oise 92230 Gennevilliers FRANCE','FR71833736101','FR100172228','CARD n ° 147080','01/07/2022 - 31/07/2022',2022,'7',326.00000,65.77000,163.00000,163.00000,0.00000,-11582.00000,0.00000,0.00000,0.00000,32859.00000,4288.00000,20.00,32859.00000,'ALPIQ','PMC ISOCHEM GENNEVILLIERS_30002150251954_2022_7_F',21440.00000,25728.00000,'PMC ISOCHEM'),(16452,'30002220435426','Site de Vert le Petit 32 RUE LAVOISIER 91710 VERT - LE - PETIT France','FR71833736101','FR100169694','CARD n ° 147280','01/06/2022 - 30/06/2022',2022,'6',452.00000,68.04000,226.00000,226.00000,0.00000,-15206.00000,0.00000,0.00000,0.00000,45735.00000,6150.00000,20.00,45735.00000,'ALPIQ','PMC ISOCHEM Vert Le Petit_30002220435426_2022_6_F',30754.00000,36905.00000,'PMC ISOCHEM'),(16453,'30002150251954','Site de Gennevilliers 4 avenue Philippe Lebon ZI Val d\'Oise 92230 Gennevilliers FRANCE','FR71833736101','FR100167179','CARD n ° 147080','01/05/2022 - 31/05/2022',2022,'5',349.00000,68.67000,174.00000,174.00000,0.00000,-11582.00000,0.00000,0.00000,0.00000,35373.00000,4793.00000,20.00,35373.00000,'ALPIQ','PMC ISOCHEM GENNEVILLIERS_30002150251954_2022_5_F',23965.00000,28758.00000,'PMC ISOCHEM'),(16454,'30002220435426','Site de Vert le Petit 32 RUE LAVOISIER 91710 VERT - LE - PETIT France','FR71833736101','FR100172229','CARD n ° 147280','01/07/2022 - 31/07/2022',2022,'7',419.00000,64.43000,209.00000,209.00000,0.00000,-15206.00000,0.00000,0.00000,0.00000,41992.00000,5399.00000,20.00,41992.00000,'ALPIQ','PMC ISOCHEM Vert Le Petit_30002220435426_2022_7_F',26995.00000,32394.00000,'PMC ISOCHEM'),(16455,'30002220435426','Site de Vert le Petit 32 RUE LAVOISIER 91710 VERT - LE - PETIT France','FR71833736101','FR100158325','CARD n ° 147280','01/02/2022 - 28/02/2022',2022,'2',446.00000,76.17000,223.00000,223.00000,0.00000,-15206.00000,0.00000,0.00000,0.00000,48958.00000,6794.00000,20.00,48958.00000,'ALPIQ','PMC ISOCHEM Vert Le Petit_30002220435426_2022_2_F',33974.00000,40769.00000,'PMC ISOCHEM'),(16456,'30002220435426','Site de Vert le Petit 32 RUE LAVOISIER 91710 VERT - LE - PETIT France','FR71833736101','FR100164564','CARD n ° 147280','01/04/2022 - 30/04/2022',2022,'4',467.00000,77.52000,233.00000,233.00000,0.00000,-15206.00000,0.00000,0.00000,0.00000,51175.00000,7240.00000,20.00,51175.00000,'ALPIQ','PMC ISOCHEM Vert Le Petit_30002220435426_2022_4_F',36201.00000,43442.00000,'PMC ISOCHEM'),(16457,'30000950145154','Site de Pithiviers 4 , rue Marc Sangnier 45300 Pithiviers FRANCE','FR71833736101','FR100174811','CARD n ° 145980','01/08/2022 - 31/08/2022',2022,'8',355.00000,11.23000,177.00000,177.00000,0.00000,-27873.00000,0.00000,0.00000,0.00000,31682.00000,797.00000,20.00,31682.00000,'ALPIQ','PMC ISOCHEM Pithiviers_30000950145154_2022_8_F',3986.00000,4783.00000,'PMC ISOCHEM'),(16458,'30000950145154','Site de Pithiviers 4 , rue Marc Sangnier 45300 Pithiviers FRANCE','FR71833736101','FR100158868','CARD n ° 145980','01/02/2022 - 28/02/2022',2022,'2',664.00000,67.83000,332.00000,332.00000,0.00000,-27873.00000,0.00000,0.00000,0.00000,72582.00000,9008.00000,20.00,72582.00000,'ALPIQ','PMC ISOCHEM Pithiviers_30000950145154_2022_2_F',45041.00000,54050.00000,'PMC ISOCHEM'),(16459,'30000950145154','Site de Pithiviers 4 , rue Marc Sangnier 45300 Pithiviers FRANCE','FR71833736101','FR100164785','CARD n ° 145980','01/04/2022 - 30/04/2022',2022,'4',768.00000,73.39000,384.00000,384.00000,0.00000,-27873.00000,0.00000,0.00000,0.00000,83852.00000,11272.00000,20.00,83852.00000,'ALPIQ','PMC ISOCHEM Pithiviers_30000950145154_2022_4_F',56363.00000,67636.00000,'PMC ISOCHEM'),(16460,'30002150251954','Site de Gennevilliers 4 avenue Philippe Lebon ZI Val d\'Oise 92230 Gennevilliers FRANCE','FR71833736101','FR100164863','CARD n ° 147080','01/04/2022 - 30/04/2022',2022,'4',338.00000,76.12000,169.00000,169.00000,0.00000,-11582.00000,0.00000,0.00000,0.00000,37140.00000,5145.00000,20.00,37140.00000,'ALPIQ','PMC ISOCHEM GENNEVILLIERS_30002150251954_2022_4_F',25727.00000,30872.00000,'PMC ISOCHEM'),(16461,'30002150251954','Site de Gennevilliers 4 avenue Philippe Lebon ZI Val d\'Oise 92230 Gennevilliers FRANCE','FR71833736101','FR100158258','CARD n ° 147080','01/02/2022 - 28/02/2022',2022,'2',325.00000,74.65000,162.00000,162.00000,0.00000,-11582.00000,0.00000,0.00000,0.00000,35680.00000,4852.00000,20.00,35680.00000,'ALPIQ','PMC ISOCHEM GENNEVILLIERS_30002150251954_2022_2_F',24260.00000,29112.00000,'PMC ISOCHEM'),(16462,'30002150251954','Site de Gennevilliers 4 avenue Philippe Lebon ZI Val d\'Oise 92230 Gennevilliers FRANCE','FR71833736101','FR100175982','CARD n ° 147080','01/08/2022 - 31/08/2022',2022,'8',164.00000,21.68000,82.00000,82.00000,0.00000,-11582.00000,0.00000,0.00000,0.00000,15055.00000,711.00000,20.00,15055.00000,'ALPIQ','PMC ISOCHEM GENNEVILLIERS_30002150251954_2022_8_F',3555.00000,4266.00000,'PMC ISOCHEM'),(16834,'30002580044806','RTE DE PERNES 84800 L ISLE SUR LA SORGUE','FR87484870142','D22000279','0','du 01/01/2022 au 31/01/2022',2022,'1',2282.00000,0.00000,11413.00000,11413.00000,2008.00000,0.00000,0.00000,0.00000,0.00000,180541.00000,38792.00000,20.00,180541.00000,'VATTENFALL','ROUSSELOT ISLE SUR LA SORGUE_30002580044806_2022_1_F',193964.00000,232756.00000,''),(16835,'30002580044806','RTE DE PERNES 84800 L ISLE SUR LA SORGUE','FR87484870142','D22002049','0','du 01/10/2022 au 31/10/2022',2022,'10',2288.00000,0.00000,1144.00000,1144.00000,2013.00000,0.00000,0.00000,0.00000,0.00000,102817.00000,0.00000,0.00,180989.00000,'VATTENFALL','ROUSSELOT ISLE SUR LA SORGUE_30002580044806_2022_10_F',105975.00000,105975.00000,''),(16836,'30002580044806','RTE DE PERNES 84800 L ISLE SUR LA SORGUE','FR87484870142','D22002265','0','du 01/11/2022 au 30/11/2022',2022,'11',2356.00000,0.00000,1178.00000,1178.00000,2073.00000,0.00000,0.00000,0.00000,0.00000,105886.00000,0.00000,0.00,186391.00000,'VATTENFALL','ROUSSELOT ISLE SUR LA SORGUE_30002580044806_2022_11_F',109138.00000,109138.00000,''),(16837,'30002580044806','RTE DE PERNES 84800 L ISLE SUR LA SORGUE','FR87484870142','D23000062','0','du 01/12/2022 au 31/12/2022',2022,'12',2006.00000,0.00000,1003.00000,1003.00000,1765.00000,-68530.00000,0.00000,0.00000,0.00000,90136.00000,0.00000,0.00,158667.00000,'VATTENFALL','ROUSSELOT ISLE SUR LA SORGUE_30002580044806_2022_12_F',92905.00000,92905.00000,''),(16838,'30002580044806','RTE DE PERNES 84800 L ISLE SUR LA SORGUE','FR87484870142','D22000561','0','du 01/02/2022 au 28/02/2022',2022,'2',1831.00000,0.00000,915.00000,915.00000,1611.00000,0.00000,0.00000,0.00000,0.00000,144874.00000,0.00000,0.00,144874.00000,'VATTENFALL','ROUSSELOT ISLE SUR LA SORGUE_30002580044806_2022_2_F',147402.00000,147402.00000,''),(16839,'30002580044806','RTE DE PERNES 84800 L ISLE SUR LA SORGUE','FR87484870142','D22000605','0','du 01/03/2022 au 31/03/2022',2022,'3',2365.00000,0.00000,1182.00000,1182.00000,2081.00000,0.00000,0.00000,0.00000,0.00000,187114.00000,0.00000,0.00,187114.00000,'VATTENFALL','ROUSSELOT ISLE SUR LA SORGUE_30002580044806_2022_3_F',190379.00000,190379.00000,''),(16840,'30002580044806','RTE DE PERNES 84800 L ISLE SUR LA SORGUE','FR87484870142','D22000825','0','du 01/04/2022 au 30/04/2022',2022,'4',1923.00000,0.00000,961.00000,961.00000,1692.00000,0.00000,0.00000,0.00000,0.00000,152141.00000,0.00000,0.00,152141.00000,'VATTENFALL','ROUSSELOT ISLE SUR LA SORGUE_30002580044806_2022_4_F',154795.00000,154795.00000,''),(16841,'30002580044806','RTE DE PERNES 84800 L ISLE SUR LA SORGUE','FR87484870142','D22001042','0','du 01/05/2022 au 31/05/2022',2022,'5',2092.00000,0.00000,1046.00000,1046.00000,1841.00000,0.00000,0.00000,0.00000,0.00000,94036.00000,0.00000,0.00,165532.00000,'VATTENFALL','ROUSSELOT ISLE SUR LA SORGUE_30002580044806_2022_5_F',96924.00000,96924.00000,''),(16842,'30002580044806','RTE DE PERNES 84800 L ISLE SUR LA SORGUE','FR87484870142','D22001184','0','du 01/06/2022 au 30/06/2022',2022,'6',1785.00000,0.00000,892.00000,892.00000,1571.00000,0.00000,0.00000,0.00000,0.00000,80243.00000,0.00000,0.00,141251.00000,'VATTENFALL','ROUSSELOT ISLE SUR LA SORGUE_30002580044806_2022_6_F',82708.00000,82708.00000,''),(16843,'30002580044806','RTE DE PERNES 84800 L ISLE SUR LA SORGUE','FR87484870142','D22001485','0','du 01/07/2022 au 31/07/2022',2022,'7',2456.00000,0.00000,1228.00000,1228.00000,2161.00000,0.00000,0.00000,0.00000,0.00000,110376.00000,0.00000,0.00,194294.00000,'VATTENFALL','ROUSSELOT ISLE SUR LA SORGUE_30002580044806_2022_7_F',113766.00000,113766.00000,''),(16844,'30002580044806','RTE DE PERNES 84800 L ISLE SUR LA SORGUE','FR87484870142','D22001748','0','du 01/08/2022 au 31/08/2022',2022,'8',1998.00000,0.00000,999.00000,999.00000,1759.00000,0.00000,0.00000,0.00000,0.00000,89809.00000,0.00000,0.00,158090.00000,'VATTENFALL','ROUSSELOT ISLE SUR LA SORGUE_30002580044806_2022_8_F',92567.00000,92567.00000,''),(16845,'30002580044806','RTE DE PERNES 84800 L ISLE SUR LA SORGUE','FR87484870142','D22001866','0','du 01/09/2022 au 30/09/2022',2022,'9',2498.00000,0.00000,1249.00000,1249.00000,2198.00000,0.00000,0.00000,0.00000,0.00000,112259.00000,0.00000,0.00,197608.00000,'VATTENFALL','ROUSSELOT ISLE SUR LA SORGUE_30002580044806_2022_9_F',115706.00000,115706.00000,'');

--
-- Table structure for table `vtiger_facturefournituregaz`
--

CREATE TABLE `vtiger_facturefournituregaz` (
  `facturefournituregazid` int(19) NOT NULL,
  `name` varchar(255) DEFAULT NULL,
  `facturefournituregazno` varchar(100) DEFAULT NULL,
  `tags` varchar(1) DEFAULT NULL,
  `cf_accounts_id` int(19) DEFAULT NULL,
  `cf_factureannuellegaz_id` int(19) DEFAULT NULL,
  PRIMARY KEY (`facturefournituregazid`),
  KEY `cf_accounts_id_index` (`cf_accounts_id`) USING BTREE,
  KEY `cf_factureannuellegaz_id_index` (`cf_factureannuellegaz_id`) USING BTREE
) ENGINE=InnoDB DEFAULT CHARSET=utf8;

--
-- Dumping data for table `vtiger_facturefournituregaz`
--

INSERT INTO `vtiger_facturefournituregaz` VALUES (15433,'test','FA1','',0,0),(15436,'2022-01 GEN.pdf','FA2','',15435,15434),(15437,'2022-02 GEN.pdf','FA3','',15435,15434),(15439,'2022-03 GEN.pdf','FA4','',15435,15438),(15440,'2022-04 GEN.pdf','FA5','',15435,15438),(15441,'2022-05 GEN.pdf','FA6','',15435,15438),(15442,'2022-06 GEN.pdf','FA7','',15435,15438),(15443,'2022-07 GEN.pdf','FA8','',15435,15438),(15444,'2022-08 GEN.pdf','FA9','',15435,15438),(15445,'2022-09 GEN.pdf','FA10','',15435,15438),(15446,'2022-10 GEN.pdf','FA11','',15435,15438),(15447,'2022-11 GEN.pdf','FA12','',15435,15434),(15448,'2022-12 GEN.pdf','FA13','',15435,15434),(15449,'????','FA14','',0,0),(15450,'????','FA15','',0,0),(15452,'2022-01 GEN.pdf','FA16','',15451,15434),(15453,'2022-02 GEN.pdf','FA17','',15451,15434),(15454,'2022-03 GEN.pdf','FA18','',15451,15438),(15455,'2022-04 GEN.pdf','FA19','',15451,15438),(15456,'2022-05 GEN.pdf','FA20','',15451,15438),(15457,'2022-06 GEN.pdf','FA21','',15451,15438),(15458,'2022-07 GEN.pdf','FA22','',15451,15438),(15459,'2022-08 GEN.pdf','FA23','',15451,15438),(15460,'2022-09 GEN.pdf','FA24','',15451,15438),(15461,'2022-10 GEN.pdf','FA25','',15451,15438),(15462,'2022-11 GEN.pdf','FA26','',15451,15434),(15463,'2022-12 GEN.pdf','FA27','',15451,15434),(15464,'????','FA28','',0,0),(15465,'????','FA29','',0,0),(15468,'2022-01 GEN.pdf','FA30','',15467,15466),(15469,'2022-02 GEN.pdf','FA31','',15467,15466),(15471,'2022-03 GEN.pdf','FA32','',15467,15470),(15472,'2022-04 GEN.pdf','FA33','',15467,15470),(15473,'2022-05 GEN.pdf','FA34','',15467,15470),(15474,'2022-06 GEN.pdf','FA35','',15467,15470),(15475,'2022-07 GEN.pdf','FA36','',15467,15470),(15476,'2022-08 GEN.pdf','FA37','',15467,15470),(15477,'2022-09 GEN.pdf','FA38','',15467,15470),(15478,'2022-10 GEN.pdf','FA39','',15467,15470),(15479,'2022-11 GEN.pdf','FA40','',15467,15466),(15480,'2022-12 GEN.pdf','FA41','',15467,15466),(15481,'????','FA42','',0,0),(15482,'????','FA43','',0,0),(15523,'????','FA44','',0,0),(15524,'????','FA45','',0,0),(15525,'????','FA46','',0,0),(15526,'????','FA47','',0,0),(15540,'????','FA48','',0,0),(15541,'????','FA49','',0,0),(15542,'2022-01 GEN.pdf','FA50','',15467,15470),(15543,'2022-02 GEN.pdf','FA51','',15467,15470),(15544,'2022-03 GEN.pdf','FA52','',15467,15470),(15545,'2022-04 GEN.pdf','FA53','',15467,15470),(15546,'2022-05 GEN.pdf','FA54','',15467,15470),(15547,'2022-06 GEN.pdf','FA55','',15467,15470),(15548,'2022-07 GEN.pdf','FA56','',15467,15470),(15549,'2022-08 GEN.pdf','FA57','',15467,15470),(15550,'2022-09 GEN.pdf','FA58','',15467,15470),(15551,'2022-10 GEN.pdf','FA59','',15467,15470),(15552,'2022-11 GEN.pdf','FA60','',15467,15470),(15553,'2022-12 GEN.pdf','FA61','',15467,15470),(15554,'????','FA62','',0,0),(15555,'????','FA63','',0,0),(15557,'????','FA64','',0,0),(15558,'????','FA65','',0,0),(15559,'????','FA66','',0,0),(15560,'????','FA67','',0,0),(15561,'????','FA68','',0,0),(15562,'????','FA69','',0,0),(16860,'AXPO 07 2021.pdf','FA70','',15633,16859),(16861,'AXPO 11 2021.pdf','FA71','',15633,16859),(16862,'AXPO 04 2021.pdf','FA72','',15633,16859),(16863,'AXPO 08 2021.pdf','FA73','',15633,16859),(16864,'AXPO 01 2021.pdf','FA74','',15633,16859),(16865,'AXPO 12 2021.pdf','FA75','',15633,16859),(16866,'AXPO 05 2021.pdf','FA76','',15633,16859),(16867,'AXPO 09 2021.pdf','FA77','',15633,16859),(16868,'AXPO 02 2021.pdf','FA78','',15633,16859),(16869,'AXPO 06 2021.pdf','FA79','',15633,16859),(16870,'AXPO 10 2021.pdf','FA80','',15633,16859),(16871,'AXPO 03 2021.pdf','FA81','',15633,16859),(16873,'2021-11.pdf','FA82','',15804,16872),(16874,'2021-08.pdf','FA83','',15804,16872),(16876,'2021-12.pdf','FA84','',15804,16872),(16877,'2021-09.pdf','FA85','',15804,16872),(16878,'2021-06.pdf','FA86','',15804,16872),(16879,'2021-10.pdf','FA87','',15804,16872),(16880,'2021-07.pdf','FA88','',15804,16872),(16881,'2021-04.pdf','FA89','',15804,16872),(16882,'2021-01.pdf','FA90','',15804,16872),(16883,'2021-05.pdf','FA91','',15804,16872),(16884,'2021-02.pdf','FA92','',15804,16872),(16885,'2021-03.pdf','FA93','',15804,16872),(16887,'2021_12.pdf','FA94','',14882,16886),(16888,'2021_11.pdf','FA95','',14882,16886),(16889,'2021_05.pdf','FA96','',14882,16886),(16890,'2021_09.pdf','FA97','',14882,16886),(16891,'2021_02.pdf','FA98','',14882,16886),(16892,'2021_06.pdf','FA99','',14882,16886),(16893,'2021_10.pdf','FA100','',14882,16886),(16894,'2021_03.pdf','FA101','',14882,16886),(16895,'2021_07.pdf','FA102','',14882,16886),(16896,'2021_04.pdf','FA103','',14882,16886),(16897,'2021_08.pdf','FA104','',14882,16886),(16898,'2021_01.pdf','FA105','',14882,16886),(16900,'2. Factures gaz 2022 - ROUSSELOT ISSorgue_Partie1.pdf','FA106','',15633,16899),(16901,'2. Factures gaz 2022 - ROUSSELOT ISSorgue_Partie10.pdf','FA107','',15633,16899),(16902,'2. Factures gaz 2022 - ROUSSELOT ISSorgue_Partie11.pdf','FA108','',15633,16899),(16903,'2. Factures gaz 2022 - ROUSSELOT ISSorgue_Partie12.pdf','FA109','',15633,16899),(16904,'2. Factures gaz 2022 - ROUSSELOT ISSorgue_Partie2.pdf','FA110','',15633,16899),(16905,'2. Factures gaz 2022 - ROUSSELOT ISSorgue_Partie3.pdf','FA111','',15633,16899),(16906,'2. Factures gaz 2022 - ROUSSELOT ISSorgue_Partie4.pdf','FA112','',15633,16899),(16907,'2. Factures gaz 2022 - ROUSSELOT ISSorgue_Partie5.pdf','FA113','',15633,16899),(16908,'2. Factures gaz 2022 - ROUSSELOT ISSorgue_Partie6.pdf','FA114','',15633,16899),(16909,'2. Factures gaz 2022 - ROUSSELOT ISSorgue_Partie7.pdf','FA115','',15633,16899),(16910,'2. Factures gaz 2022 - ROUSSELOT ISSorgue_Partie8.pdf','FA116','',15633,16899),(16911,'2. Factures gaz 2022 - ROUSSELOT ISSorgue_Partie9.pdf','FA117','',15633,16899),(16913,'SUC_Factures Gaz ENI_2021_Partie1.pdf','FA118','',16858,16912),(16915,'SUC_Factures Gaz ENI_2021_Partie10.pdf','FA119','',16858,16912),(16916,'SUC_Factures Gaz ENI_2021_Partie11.pdf','FA120','',16858,16912),(16917,'SUC_Factures Gaz ENI_2021_Partie12.pdf','FA121','',16858,16912),(16918,'SUC_Factures Gaz ENI_2021_Partie2.pdf','FA122','',16858,16912),(16919,'SUC_Factures Gaz ENI_2021_Partie3.pdf','FA123','',16858,16912),(16920,'SUC_Factures Gaz ENI_2021_Partie4.pdf','FA124','',16858,16912),(16921,'SUC_Factures Gaz ENI_2021_Partie5.pdf','FA125','',16858,16912),(16922,'SUC_Factures Gaz ENI_2021_Partie6.pdf','FA126','',16858,16912),(16923,'SUC_Factures Gaz ENI_2021_Partie7.pdf','FA127','',16858,16912),(16924,'SUC_Factures Gaz ENI_2021_Partie8.pdf','FA128','',16858,16912),(16925,'SUC_Factures Gaz ENI_2021_Partie9.pdf','FA129','',16858,16912);

--
-- Table structure for table `vtiger_facturefournituregazcf`
--

CREATE TABLE `vtiger_facturefournituregazcf` (
  `facturefournituregazid` int(19) NOT NULL,
  `cf_1319` varchar(255) DEFAULT '',
  `cf_1323` varchar(255) DEFAULT '',
  `cf_1325` varchar(255) DEFAULT '',
  `cf_1327` varchar(2) DEFAULT '',
  `cf_1329` int(4) DEFAULT NULL,
  `cf_1331` varchar(255) DEFAULT '',
  `cf_1333` varchar(255) DEFAULT '',
  `cf_1335` varchar(255) DEFAULT '',
  `cf_1337` varchar(255) DEFAULT '',
  `cf_1341` varchar(255) DEFAULT '',
  `cf_1345` varchar(255) DEFAULT '',
  `cf_1347` decimal(65,5) DEFAULT NULL,
  `cf_1349` decimal(65,5) DEFAULT NULL,
  `cf_1351` decimal(65,5) DEFAULT NULL,
  `cf_1353` decimal(65,5) DEFAULT NULL,
  `cf_1355` decimal(65,5) DEFAULT NULL,
  `cf_1357` decimal(65,5) DEFAULT NULL,
  `cf_1359` decimal(65,5) DEFAULT NULL,
  `cf_1361` decimal(65,5) DEFAULT NULL,
  `cf_1363` decimal(65,5) DEFAULT NULL,
  `cf_1365` decimal(65,5) DEFAULT NULL,
  `cf_1367` decimal(65,5) DEFAULT NULL,
  `cf_1369` decimal(65,5) DEFAULT NULL,
  `cf_1371` decimal(65,5) DEFAULT NULL,
  `cf_1373` decimal(65,5) DEFAULT NULL,
  `cf_1375` decimal(65,5) DEFAULT NULL,
  `cf_1377` decimal(65,5) DEFAULT NULL,
  `cf_1379` decimal(65,5) DEFAULT NULL,
  `cf_1381` decimal(65,5) DEFAULT NULL,
  `cf_1383` decimal(65,5) DEFAULT NULL,
  `cf_1392` varchar(255) DEFAULT '',
  `cf_1398` decimal(65,5) DEFAULT NULL,
  `cf_1400` decimal(65,5) DEFAULT NULL,
  `cf_1418` decimal(15,5) DEFAULT NULL,
  `cf_1420` decimal(15,5) DEFAULT NULL,
  PRIMARY KEY (`facturefournituregazid`)
) ENGINE=InnoDB DEFAULT CHARSET=utf8;

--
-- Dumping data for table `vtiger_facturefournituregazcf`
--

INSERT INTO `vtiger_facturefournituregazcf` VALUES (15433,'','','','',0,'','','','','','',0.00000,0.00000,0.00000,0.00000,0.00000,0.00000,0.00000,0.00000,0.00000,0.00000,0.00000,0.00000,0.00000,0.00000,0.00000,0.00000,0.00000,0.00000,0.00000,'',0.00000,0.00000,NULL,NULL),(15436,'PMC ISOCHEM_G1096396_2022_1_G','FR100155359','01/01/2022 - 31/01/2022','1',2022,'ALPIQ','PMC ISOCHEM','270377613','0','0','Site de Gennevilliers 4 avenue Philippe Lebon ZI Val d\'Oise 92230 Gennevilliers FRANCE',676.00000,21022.00000,24705.00000,11056.00000,3769.00000,0.00000,986.00000,120.00000,576.00000,90.00000,687.00000,0.00000,11056.00000,6196.00000,5705.00000,0.00000,413.00000,77.00000,0.00000,'G1096396',0.00000,40.00000,NULL,NULL),(15437,'PMC ISOCHEM_G1096396_2022_2_G','FR100159741','01/02/2022 - 28/02/2022','2',2022,'ALPIQ','PMC ISOCHEM','270377613','0','0','Site de Gennevilliers 4 avenue Philippe Lebon ZI Val d\'Oise 92230 Gennevilliers FRANCE',607.00000,19241.00000,22567.00000,9920.00000,3710.00000,0.00000,986.00000,120.00000,517.00000,90.00000,687.00000,0.00000,9920.00000,5610.00000,5119.00000,0.00000,413.00000,77.00000,0.00000,'G1096396',0.00000,40.00000,NULL,NULL),(15439,'PMC ISOCHEM_GI096396_2022_3_G','FR100160718','01/03/2022 - 31/03/2022','3',2022,'ALPIQ','PMC ISOCHEM','270377613','0','0','Site de Gennevilliers 4 avenue Philippe Lebon ZI Val d\'Oise 92230 Gennevilliers FRANCE',596.00000,18975.00000,22248.00000,9751.00000,3701.00000,0.00000,986.00000,120.00000,508.00000,90.00000,687.00000,0.00000,9751.00000,5522.00000,5031.00000,0.00000,413.00000,77.00000,0.00000,'GI096396',0.00000,40.00000,NULL,NULL),(15440,'PMC ISOCHEM_GI096396_2022_4_G','FR100163399','01/04/2022 - 30/04/2022','4',2022,'ALPIQ','PMC ISOCHEM','270377613','0','0','Site de Gennevilliers 4 avenue Philippe Lebon ZI Val d\'Oise 92230 Gennevilliers FRANCE',526.00000,17191.00000,20105.00000,8602.00000,3659.00000,0.00000,986.00000,1138.00000,448.00000,114.00000,687.00000,0.00000,8602.00000,4929.00000,4438.00000,0.00000,413.00000,77.00000,0.00000,'GI096396',0.00000,40.00000,NULL,NULL),(15441,'PMC ISOCHEM_GI096396_2022_5_G','FR100165951','01/05/2022 - 31/05/2022','5',2022,'ALPIQ','PMC ISOCHEM','270377613','0','0','Site de Gennevilliers 4 avenue Philippe Lebon ZI Val d\'Oise 92230 Gennevilliers FRANCE',389.00000,13687.00000,15901.00000,6368.00000,3542.00000,0.00000,986.00000,1138.00000,332.00000,114.00000,687.00000,0.00000,6368.00000,3777.00000,3286.00000,0.00000,413.00000,77.00000,0.00000,'GI096396',0.00000,40.00000,NULL,NULL),(15442,'PMC ISOCHEM_GI096396_2022_6_G','FR100168358','01/06/2022 - 30/06/2022','6',2022,'ALPIQ','PMC ISOCHEM','270377613','0','0','Site de Gennevilliers 4 avenue Philippe Lebon ZI Val d\'Oise 92230 Gennevilliers FRANCE',357.00000,12875.00000,14925.00000,5849.00000,3515.00000,0.00000,986.00000,1138.00000,305.00000,114.00000,687.00000,0.00000,5849.00000,3509.00000,3018.00000,0.00000,0.00000,77.00000,0.00000,'GI096396',0.00000,40.00000,NULL,NULL),(15443,'PMC ISOCHEM_GI096396_2022_7_G','FR100170985','01/07/2022 - 31/07/2022','7',2022,'ALPIQ','PMC ISOCHEM','270377613','0','0','Site de Gennevilliers 4 avenue Philippe Lebon ZI Val d\'Oise 92230 Gennevilliers FRANCE',308.00000,11580.00000,13377.00000,5049.00000,3441.00000,0.00000,956.00000,1138.00000,260.00000,114.00000,680.00000,0.00000,5049.00000,3089.00000,2605.00000,0.00000,406.00000,77.00000,0.00000,'GI096396',0.00000,40.00000,NULL,NULL),(15444,'PMC ISOCHEM_GI096396_2022_8_G','FR100173615','01/08/2022 - 31/08/2022','8',2022,'ALPIQ','PMC ISOCHEM','270377613','0','0','Site de Gennevilliers 4 avenue Philippe Lebon ZI Val d\'Oise 92230 Gennevilliers FRANCE',104.00000,6332.00000,7080.00000,1701.00000,3268.00000,0.00000,1956.00000,1138.00000,87.00000,114.00000,680.00000,0.00000,1701.00000,1362.00000,878.00000,0.00000,406.00000,77.00000,0.00000,'GI096396',0.00000,40.00000,NULL,NULL),(15445,'PMC ISOCHEM_GI096396_2022_9_G','FR100178078','01/09/2022 - 30/09/2022','9',2022,'ALPIQ','PMC ISOCHEM','270377613','0','0','Site de Gennevilliers 4 avenue Philippe Lebon ZI Val d\'Oise 92230 Gennevilliers FRANCE',345.00000,12510.00000,14493.00000,5641.00000,3473.00000,0.00000,956.00000,1138.00000,290.00000,114.00000,680.00000,0.00000,5641.00000,3395.00000,2911.00000,0.00000,406.00000,77.00000,0.00000,'GI096396',0.00000,40.00000,NULL,NULL),(15446,'PMC ISOCHEM_GI096396_2022_10_G','FR100178775','01/10/2022 - 31/10/2022','10',2022,'ALPIQ','PMC ISOCHEM','270377613','0','0','Site de Gennevilliers 4 avenue Philippe Lebon ZI Val d\'Oise 92230 Gennevilliers FRANCE',457.00000,15379.00000,17936.00000,7471.00000,3567.00000,0.00000,1956.00000,1138.00000,385.00000,114.00000,680.00000,0.00000,7471.00000,4340.00000,3855.00000,0.00000,406.00000,77.00000,0.00000,'GI096396',0.00000,40.00000,NULL,NULL),(15447,'PMC ISOCHEM_G1096396_2022_11_G','FR100181530','01/11/2022 - 30/11/2022','11',2022,'ALPIQ','PMC ISOCHEM','270377613','0','0','Site de Gennevilliers 4 RUE PHILIPPE LEBON 92230 GENNEVILLIERS France',678.00000,21039.00000,24728.00000,11082.00000,3753.00000,0.00000,1956.00000,1138.00000,571.00000,114.00000,680.00000,0.00000,11082.00000,6203.00000,5718.00000,0.00000,406.00000,77.00000,0.00000,'G1096396',0.00000,40.00000,NULL,NULL),(15448,'PMC ISOCHEM_G1096396_2022_12_G','FR100187295','01/12/2022 - 31/12/2022','12',2022,'ALPIQ','PMC ISOCHEM','270377613','0','0','Site de Gennevilliers 4 RUE PHILIPPE LEBON 92230 GENNEVILLIERS France',665.00000,20713.00000,24337.00000,10874.00000,3742.00000,0.00000,1956.00000,1138.00000,560.00000,114.00000,680.00000,0.00000,10874.00000,6096.00000,5611.00000,0.00000,406.00000,77.00000,0.00000,'G1096396',0.00000,40.00000,NULL,NULL),(15449,'','','','',0,'','','','','','',0.00000,0.00000,0.00000,0.00000,0.00000,0.00000,0.00000,0.00000,0.00000,0.00000,0.00000,0.00000,0.00000,0.00000,0.00000,0.00000,0.00000,0.00000,0.00000,'',0.00000,0.00000,NULL,NULL),(15450,'','','','',0,'','','','','','',0.00000,0.00000,0.00000,0.00000,0.00000,0.00000,0.00000,0.00000,0.00000,0.00000,0.00000,0.00000,0.00000,0.00000,0.00000,0.00000,0.00000,0.00000,0.00000,'',0.00000,0.00000,NULL,NULL),(15452,'PMC ISOCHEM_G1096396_2022_1_G','FR100155359','01/01/2022 - 31/01/2022','1',2022,'ALPIQ','PMC ISOCHEM','270377613','0','0','Site de Gennevilliers 4 avenue Philippe Lebon ZI Val d\'Oise 92230 Gennevilliers FRANCE',676.00000,21022.00000,24705.00000,11056.00000,3769.00000,0.00000,986.00000,120.00000,576.00000,90.00000,687.00000,0.00000,11056.00000,6196.00000,5705.00000,0.00000,413.00000,77.00000,0.00000,'G1096396',0.00000,40.00000,NULL,NULL),(15453,'PMC ISOCHEM_G1096396_2022_2_G','FR100159741','01/02/2022 - 28/02/2022','2',2022,'ALPIQ','PMC ISOCHEM','270377613','0','0','Site de Gennevilliers 4 avenue Philippe Lebon ZI Val d\'Oise 92230 Gennevilliers FRANCE',607.00000,19241.00000,22567.00000,9920.00000,3710.00000,0.00000,986.00000,120.00000,517.00000,90.00000,687.00000,0.00000,9920.00000,5610.00000,5119.00000,0.00000,413.00000,77.00000,0.00000,'G1096396',0.00000,40.00000,NULL,NULL),(15454,'PMC ISOCHEM_GI096396_2022_3_G','FR100160718','01/03/2022 - 31/03/2022','3',2022,'ALPIQ','PMC ISOCHEM','270377613','0','0','Site de Gennevilliers 4 avenue Philippe Lebon ZI Val d\'Oise 92230 Gennevilliers FRANCE',596.00000,18975.00000,22248.00000,9751.00000,3701.00000,0.00000,986.00000,120.00000,508.00000,90.00000,687.00000,0.00000,9751.00000,5522.00000,5031.00000,0.00000,413.00000,77.00000,0.00000,'GI096396',0.00000,40.00000,NULL,NULL),(15455,'PMC ISOCHEM_GI096396_2022_4_G','FR100163399','01/04/2022 - 30/04/2022','4',2022,'ALPIQ','PMC ISOCHEM','270377613','0','0','Site de Gennevilliers 4 avenue Philippe Lebon ZI Val d\'Oise 92230 Gennevilliers FRANCE',526.00000,17191.00000,20105.00000,8602.00000,3659.00000,0.00000,986.00000,1138.00000,448.00000,114.00000,687.00000,0.00000,8602.00000,4929.00000,4438.00000,0.00000,413.00000,77.00000,0.00000,'GI096396',0.00000,40.00000,NULL,NULL),(15456,'PMC ISOCHEM_GI096396_2022_5_G','FR100165951','01/05/2022 - 31/05/2022','5',2022,'ALPIQ','PMC ISOCHEM','270377613','0','0','Site de Gennevilliers 4 avenue Philippe Lebon ZI Val d\'Oise 92230 Gennevilliers FRANCE',389.00000,13687.00000,15901.00000,6368.00000,3542.00000,0.00000,986.00000,1138.00000,332.00000,114.00000,687.00000,0.00000,6368.00000,3777.00000,3286.00000,0.00000,413.00000,77.00000,0.00000,'GI096396',0.00000,40.00000,NULL,NULL),(15457,'PMC ISOCHEM_GI096396_2022_6_G','FR100168358','01/06/2022 - 30/06/2022','6',2022,'ALPIQ','PMC ISOCHEM','270377613','0','0','Site de Gennevilliers 4 avenue Philippe Lebon ZI Val d\'Oise 92230 Gennevilliers FRANCE',357.00000,12875.00000,14925.00000,5849.00000,3515.00000,0.00000,986.00000,1138.00000,305.00000,114.00000,687.00000,0.00000,5849.00000,3509.00000,3018.00000,0.00000,0.00000,77.00000,0.00000,'GI096396',0.00000,40.00000,NULL,NULL),(15458,'PMC ISOCHEM_GI096396_2022_7_G','FR100170985','01/07/2022 - 31/07/2022','7',2022,'ALPIQ','PMC ISOCHEM','270377613','0','0','Site de Gennevilliers 4 avenue Philippe Lebon ZI Val d\'Oise 92230 Gennevilliers FRANCE',308.00000,11580.00000,13377.00000,5049.00000,3441.00000,0.00000,956.00000,1138.00000,260.00000,114.00000,680.00000,0.00000,5049.00000,3089.00000,2605.00000,0.00000,406.00000,77.00000,0.00000,'GI096396',0.00000,40.00000,NULL,NULL),(15459,'PMC ISOCHEM_GI096396_2022_8_G','FR100173615','01/08/2022 - 31/08/2022','8',2022,'ALPIQ','PMC ISOCHEM','270377613','0','0','Site de Gennevilliers 4 avenue Philippe Lebon ZI Val d\'Oise 92230 Gennevilliers FRANCE',104.00000,6332.00000,7080.00000,1701.00000,3268.00000,0.00000,1956.00000,1138.00000,87.00000,114.00000,680.00000,0.00000,1701.00000,1362.00000,878.00000,0.00000,406.00000,77.00000,0.00000,'GI096396',0.00000,40.00000,NULL,NULL),(15460,'PMC ISOCHEM_GI096396_2022_9_G','FR100178078','01/09/2022 - 30/09/2022','9',2022,'ALPIQ','PMC ISOCHEM','270377613','0','0','Site de Gennevilliers 4 avenue Philippe Lebon ZI Val d\'Oise 92230 Gennevilliers FRANCE',345.00000,12510.00000,14493.00000,5641.00000,3473.00000,0.00000,956.00000,1138.00000,290.00000,114.00000,680.00000,0.00000,5641.00000,3395.00000,2911.00000,0.00000,406.00000,77.00000,0.00000,'GI096396',0.00000,40.00000,NULL,NULL),(15461,'PMC ISOCHEM_GI096396_2022_10_G','FR100178775','01/10/2022 - 31/10/2022','10',2022,'ALPIQ','PMC ISOCHEM','270377613','0','0','Site de Gennevilliers 4 avenue Philippe Lebon ZI Val d\'Oise 92230 Gennevilliers FRANCE',457.00000,15379.00000,17936.00000,7471.00000,3567.00000,0.00000,1956.00000,1138.00000,385.00000,114.00000,680.00000,0.00000,7471.00000,4340.00000,3855.00000,0.00000,406.00000,77.00000,0.00000,'GI096396',0.00000,40.00000,NULL,NULL),(15462,'PMC ISOCHEM_G1096396_2022_11_G','FR100181530','01/11/2022 - 30/11/2022','11',2022,'ALPIQ','PMC ISOCHEM','270377613','0','0','Site de Gennevilliers 4 RUE PHILIPPE LEBON 92230 GENNEVILLIERS France',678.00000,21039.00000,24728.00000,11082.00000,3753.00000,0.00000,1956.00000,1138.00000,571.00000,114.00000,680.00000,0.00000,11082.00000,6203.00000,5718.00000,0.00000,406.00000,77.00000,0.00000,'G1096396',0.00000,40.00000,NULL,NULL),(15463,'PMC ISOCHEM_G1096396_2022_12_G','FR100187295','01/12/2022 - 31/12/2022','12',2022,'ALPIQ','PMC ISOCHEM','270377613','0','0','Site de Gennevilliers 4 RUE PHILIPPE LEBON 92230 GENNEVILLIERS France',665.00000,20713.00000,24337.00000,10874.00000,3742.00000,0.00000,1956.00000,1138.00000,560.00000,114.00000,680.00000,0.00000,10874.00000,6096.00000,5611.00000,0.00000,406.00000,77.00000,0.00000,'G1096396',0.00000,40.00000,NULL,NULL),(15464,'','','','',0,'','','','','','',0.00000,0.00000,0.00000,0.00000,0.00000,0.00000,0.00000,0.00000,0.00000,0.00000,0.00000,0.00000,0.00000,0.00000,0.00000,0.00000,0.00000,0.00000,0.00000,'',0.00000,0.00000,NULL,NULL),(15465,'','','','',0,'','','','','','',0.00000,0.00000,0.00000,0.00000,0.00000,0.00000,0.00000,0.00000,0.00000,0.00000,0.00000,0.00000,0.00000,0.00000,0.00000,0.00000,0.00000,0.00000,0.00000,'',0.00000,0.00000,NULL,NULL),(15468,'PMC ISOCHEM_G1096396_2022_1_G','FR100155359','01/01/2022 - 31/01/2022','1',2022,'ALPIQ','PMC ISOCHEM','270377613','0','0','Site de Gennevilliers 4 avenue Philippe Lebon ZI Val d\'Oise 92230 Gennevilliers FRANCE',676.00000,21022.00000,24705.00000,11056.00000,3769.00000,0.00000,986.00000,120.00000,576.00000,90.00000,687.00000,0.00000,11056.00000,6196.00000,5705.00000,0.00000,413.00000,77.00000,0.00000,'G1096396',0.00000,40.00000,NULL,NULL),(15469,'PMC ISOCHEM_G1096396_2022_2_G','FR100159741','01/02/2022 - 28/02/2022','2',2022,'ALPIQ','PMC ISOCHEM','270377613','0','0','Site de Gennevilliers 4 avenue Philippe Lebon ZI Val d\'Oise 92230 Gennevilliers FRANCE',607.00000,19241.00000,22567.00000,9920.00000,3710.00000,0.00000,986.00000,120.00000,517.00000,90.00000,687.00000,0.00000,9920.00000,5610.00000,5119.00000,0.00000,413.00000,77.00000,0.00000,'G1096396',0.00000,40.00000,NULL,NULL),(15471,'PMC ISOCHEM_GI096396_2022_3_G','FR100160718','01/03/2022 - 31/03/2022','3',2022,'ALPIQ','PMC ISOCHEM','270377613','0','0','Site de Gennevilliers 4 avenue Philippe Lebon ZI Val d\'Oise 92230 Gennevilliers FRANCE',596.00000,18975.00000,22248.00000,9751.00000,3701.00000,0.00000,986.00000,120.00000,508.00000,90.00000,687.00000,0.00000,9751.00000,5522.00000,5031.00000,0.00000,413.00000,77.00000,0.00000,'GI096396',0.00000,40.00000,NULL,NULL),(15472,'PMC ISOCHEM_GI096396_2022_4_G','FR100163399','01/04/2022 - 30/04/2022','4',2022,'ALPIQ','PMC ISOCHEM','270377613','0','0','Site de Gennevilliers 4 avenue Philippe Lebon ZI Val d\'Oise 92230 Gennevilliers FRANCE',526.00000,17191.00000,20105.00000,8602.00000,3659.00000,0.00000,986.00000,1138.00000,448.00000,114.00000,687.00000,0.00000,8602.00000,4929.00000,4438.00000,0.00000,413.00000,77.00000,0.00000,'GI096396',0.00000,40.00000,NULL,NULL),(15473,'PMC ISOCHEM_GI096396_2022_5_G','FR100165951','01/05/2022 - 31/05/2022','5',2022,'ALPIQ','PMC ISOCHEM','270377613','0','0','Site de Gennevilliers 4 avenue Philippe Lebon ZI Val d\'Oise 92230 Gennevilliers FRANCE',389.00000,13687.00000,15901.00000,6368.00000,3542.00000,0.00000,986.00000,1138.00000,332.00000,114.00000,687.00000,0.00000,6368.00000,3777.00000,3286.00000,0.00000,413.00000,77.00000,0.00000,'GI096396',0.00000,40.00000,NULL,NULL),(15474,'PMC ISOCHEM_GI096396_2022_6_G','FR100168358','01/06/2022 - 30/06/2022','6',2022,'ALPIQ','PMC ISOCHEM','270377613','0','0','Site de Gennevilliers 4 avenue Philippe Lebon ZI Val d\'Oise 92230 Gennevilliers FRANCE',357.00000,12875.00000,14925.00000,5849.00000,3515.00000,0.00000,986.00000,1138.00000,305.00000,114.00000,687.00000,0.00000,5849.00000,3509.00000,3018.00000,0.00000,0.00000,77.00000,0.00000,'GI096396',0.00000,40.00000,NULL,NULL),(15475,'PMC ISOCHEM_GI096396_2022_7_G','FR100170985','01/07/2022 - 31/07/2022','7',2022,'ALPIQ','PMC ISOCHEM','270377613','0','0','Site de Gennevilliers 4 avenue Philippe Lebon ZI Val d\'Oise 92230 Gennevilliers FRANCE',308.00000,11580.00000,13377.00000,5049.00000,3441.00000,0.00000,956.00000,1138.00000,260.00000,114.00000,680.00000,0.00000,5049.00000,3089.00000,2605.00000,0.00000,406.00000,77.00000,0.00000,'GI096396',0.00000,40.00000,NULL,NULL),(15476,'PMC ISOCHEM_GI096396_2022_8_G','FR100173615','01/08/2022 - 31/08/2022','8',2022,'ALPIQ','PMC ISOCHEM','270377613','0','0','Site de Gennevilliers 4 avenue Philippe Lebon ZI Val d\'Oise 92230 Gennevilliers FRANCE',104.00000,6332.00000,7080.00000,1701.00000,3268.00000,0.00000,1956.00000,1138.00000,87.00000,114.00000,680.00000,0.00000,1701.00000,1362.00000,878.00000,0.00000,406.00000,77.00000,0.00000,'GI096396',0.00000,40.00000,NULL,NULL),(15477,'PMC ISOCHEM_GI096396_2022_9_G','FR100178078','01/09/2022 - 30/09/2022','9',2022,'ALPIQ','PMC ISOCHEM','270377613','0','0','Site de Gennevilliers 4 avenue Philippe Lebon ZI Val d\'Oise 92230 Gennevilliers FRANCE',345.00000,12510.00000,14493.00000,5641.00000,3473.00000,0.00000,956.00000,1138.00000,290.00000,114.00000,680.00000,0.00000,5641.00000,3395.00000,2911.00000,0.00000,406.00000,77.00000,0.00000,'GI096396',0.00000,40.00000,NULL,NULL),(15478,'PMC ISOCHEM_GI096396_2022_10_G','FR100178775','01/10/2022 - 31/10/2022','10',2022,'ALPIQ','PMC ISOCHEM','270377613','0','0','Site de Gennevilliers 4 avenue Philippe Lebon ZI Val d\'Oise 92230 Gennevilliers FRANCE',457.00000,15379.00000,17936.00000,7471.00000,3567.00000,0.00000,1956.00000,1138.00000,385.00000,114.00000,680.00000,0.00000,7471.00000,4340.00000,3855.00000,0.00000,406.00000,77.00000,0.00000,'GI096396',0.00000,40.00000,NULL,NULL),(15479,'PMC ISOCHEM_G1096396_2022_11_G','FR100181530','01/11/2022 - 30/11/2022','11',2022,'ALPIQ','PMC ISOCHEM','270377613','0','0','Site de Gennevilliers 4 RUE PHILIPPE LEBON 92230 GENNEVILLIERS France',678.00000,21039.00000,24728.00000,11082.00000,3753.00000,0.00000,1956.00000,1138.00000,571.00000,114.00000,680.00000,0.00000,11082.00000,6203.00000,5718.00000,0.00000,406.00000,77.00000,0.00000,'G1096396',0.00000,40.00000,NULL,NULL),(15480,'PMC ISOCHEM_G1096396_2022_12_G','FR100187295','01/12/2022 - 31/12/2022','12',2022,'ALPIQ','PMC ISOCHEM','270377613','0','0','Site de Gennevilliers 4 RUE PHILIPPE LEBON 92230 GENNEVILLIERS France',665.00000,20713.00000,24337.00000,10874.00000,3742.00000,0.00000,1956.00000,1138.00000,560.00000,114.00000,680.00000,0.00000,10874.00000,6096.00000,5611.00000,0.00000,406.00000,77.00000,0.00000,'G1096396',0.00000,40.00000,NULL,NULL),(15481,'','','','',0,'','','','','','',0.00000,0.00000,0.00000,0.00000,0.00000,0.00000,0.00000,0.00000,0.00000,0.00000,0.00000,0.00000,0.00000,0.00000,0.00000,0.00000,0.00000,0.00000,0.00000,'',0.00000,0.00000,NULL,NULL),(15482,'','','','',0,'','','','','','',0.00000,0.00000,0.00000,0.00000,0.00000,0.00000,0.00000,0.00000,0.00000,0.00000,0.00000,0.00000,0.00000,0.00000,0.00000,0.00000,0.00000,0.00000,0.00000,'',0.00000,0.00000,NULL,NULL),(15523,'','','','',0,'','','','','','',0.00000,0.00000,0.00000,0.00000,0.00000,0.00000,0.00000,0.00000,0.00000,0.00000,0.00000,0.00000,0.00000,0.00000,0.00000,0.00000,0.00000,0.00000,0.00000,'',0.00000,0.00000,NULL,NULL),(15524,'','','','',0,'','','','','','',0.00000,0.00000,0.00000,0.00000,0.00000,0.00000,0.00000,0.00000,0.00000,0.00000,0.00000,0.00000,0.00000,0.00000,0.00000,0.00000,0.00000,0.00000,0.00000,'',0.00000,0.00000,NULL,NULL),(15525,'','','','',0,'','','','','','',0.00000,0.00000,0.00000,0.00000,0.00000,0.00000,0.00000,0.00000,0.00000,0.00000,0.00000,0.00000,0.00000,0.00000,0.00000,0.00000,0.00000,0.00000,0.00000,'',0.00000,0.00000,NULL,NULL),(15526,'','','','',0,'','','','','','',0.00000,0.00000,0.00000,0.00000,0.00000,0.00000,0.00000,0.00000,0.00000,0.00000,0.00000,0.00000,0.00000,0.00000,0.00000,0.00000,0.00000,0.00000,0.00000,'',0.00000,0.00000,NULL,NULL),(15540,'','','','',0,'','','','','','',0.00000,0.00000,0.00000,0.00000,0.00000,0.00000,0.00000,0.00000,0.00000,0.00000,0.00000,0.00000,0.00000,0.00000,0.00000,0.00000,0.00000,0.00000,0.00000,'',0.00000,0.00000,NULL,NULL),(15541,'','','','',0,'','','','','','',0.00000,0.00000,0.00000,0.00000,0.00000,0.00000,0.00000,0.00000,0.00000,0.00000,0.00000,0.00000,0.00000,0.00000,0.00000,0.00000,0.00000,0.00000,0.00000,'',0.00000,0.00000,NULL,NULL),(15542,'PMC ISOCHEM_G1096396_2022_1_G','FR100155359','01/01/2022 - 31/01/2022','1',2022,'ALPIQ','PMC ISOCHEM','270377613','0','0','Site de Gennevilliers 4 avenue Philippe Lebon ZI Val d\'Oise 92230 Gennevilliers FRANCE',676.00000,21022.00000,24705.00000,11056.00000,3769.00000,0.00000,986.00000,120.00000,576.00000,90.00000,687.00000,0.00000,11056.00000,6196.00000,5705.00000,0.00000,413.00000,77.00000,0.00000,'G1096396',0.00000,40.00000,16.35503,5.57544),(15543,'PMC ISOCHEM_G1096396_2022_2_G','FR100159741','01/02/2022 - 28/02/2022','2',2022,'ALPIQ','PMC ISOCHEM','270377613','0','0','Site de Gennevilliers 4 avenue Philippe Lebon ZI Val d\'Oise 92230 Gennevilliers FRANCE',607.00000,19241.00000,22567.00000,9920.00000,3710.00000,0.00000,986.00000,120.00000,517.00000,90.00000,687.00000,0.00000,9920.00000,5610.00000,5119.00000,0.00000,413.00000,77.00000,0.00000,'G1096396',0.00000,40.00000,16.34267,6.11203),(15544,'PMC ISOCHEM_GI096396_2022_3_G','FR100160718','01/03/2022 - 31/03/2022','3',2022,'ALPIQ','PMC ISOCHEM','270377613','0','0','Site de Gennevilliers 4 avenue Philippe Lebon ZI Val d\'Oise 92230 Gennevilliers FRANCE',596.00000,18975.00000,22248.00000,9751.00000,3701.00000,0.00000,986.00000,120.00000,508.00000,90.00000,687.00000,0.00000,9751.00000,5522.00000,5031.00000,0.00000,413.00000,77.00000,0.00000,'GI096396',0.00000,40.00000,16.36074,6.20973),(15545,'PMC ISOCHEM_GI096396_2022_4_G','FR100163399','01/04/2022 - 30/04/2022','4',2022,'ALPIQ','PMC ISOCHEM','270377613','0','0','Site de Gennevilliers 4 avenue Philippe Lebon ZI Val d\'Oise 92230 Gennevilliers FRANCE',526.00000,17191.00000,20105.00000,8602.00000,3659.00000,0.00000,986.00000,1138.00000,448.00000,114.00000,687.00000,0.00000,8602.00000,4929.00000,4438.00000,0.00000,413.00000,77.00000,0.00000,'GI096396',0.00000,40.00000,16.35361,6.95627),(15546,'PMC ISOCHEM_GI096396_2022_5_G','FR100165951','01/05/2022 - 31/05/2022','5',2022,'ALPIQ','PMC ISOCHEM','270377613','0','0','Site de Gennevilliers 4 avenue Philippe Lebon ZI Val d\'Oise 92230 Gennevilliers FRANCE',389.00000,13687.00000,15901.00000,6368.00000,3542.00000,0.00000,986.00000,1138.00000,332.00000,114.00000,687.00000,0.00000,6368.00000,3777.00000,3286.00000,0.00000,413.00000,77.00000,0.00000,'GI096396',0.00000,40.00000,16.37018,9.10540),(15547,'PMC ISOCHEM_GI096396_2022_6_G','FR100168358','01/06/2022 - 30/06/2022','6',2022,'ALPIQ','PMC ISOCHEM','270377613','0','0','Site de Gennevilliers 4 avenue Philippe Lebon ZI Val d\'Oise 92230 Gennevilliers FRANCE',357.00000,12875.00000,14925.00000,5849.00000,3515.00000,0.00000,986.00000,1138.00000,305.00000,114.00000,687.00000,0.00000,5849.00000,3509.00000,3018.00000,0.00000,0.00000,77.00000,0.00000,'GI096396',0.00000,40.00000,16.38375,9.84594),(15548,'PMC ISOCHEM_GI096396_2022_7_G','FR100170985','01/07/2022 - 31/07/2022','7',2022,'ALPIQ','PMC ISOCHEM','270377613','0','0','Site de Gennevilliers 4 avenue Philippe Lebon ZI Val d\'Oise 92230 Gennevilliers FRANCE',308.00000,11580.00000,13377.00000,5049.00000,3441.00000,0.00000,956.00000,1138.00000,260.00000,114.00000,680.00000,0.00000,5049.00000,3089.00000,2605.00000,0.00000,406.00000,77.00000,0.00000,'GI096396',0.00000,40.00000,16.39286,11.17208),(15549,'PMC ISOCHEM_GI096396_2022_8_G','FR100173615','01/08/2022 - 31/08/2022','8',2022,'ALPIQ','PMC ISOCHEM','270377613','0','0','Site de Gennevilliers 4 avenue Philippe Lebon ZI Val d\'Oise 92230 Gennevilliers FRANCE',104.00000,6332.00000,7080.00000,1701.00000,3268.00000,0.00000,1956.00000,1138.00000,87.00000,114.00000,680.00000,0.00000,1701.00000,1362.00000,878.00000,0.00000,406.00000,77.00000,0.00000,'GI096396',0.00000,40.00000,16.35577,31.42308),(15550,'PMC ISOCHEM_GI096396_2022_9_G','FR100178078','01/09/2022 - 30/09/2022','9',2022,'ALPIQ','PMC ISOCHEM','270377613','0','0','Site de Gennevilliers 4 avenue Philippe Lebon ZI Val d\'Oise 92230 Gennevilliers FRANCE',345.00000,12510.00000,14493.00000,5641.00000,3473.00000,0.00000,956.00000,1138.00000,290.00000,114.00000,680.00000,0.00000,5641.00000,3395.00000,2911.00000,0.00000,406.00000,77.00000,0.00000,'GI096396',0.00000,40.00000,16.35072,10.06667),(15551,'PMC ISOCHEM_GI096396_2022_10_G','FR100178775','01/10/2022 - 31/10/2022','10',2022,'ALPIQ','PMC ISOCHEM','270377613','0','0','Site de Gennevilliers 4 avenue Philippe Lebon ZI Val d\'Oise 92230 Gennevilliers FRANCE',457.00000,15379.00000,17936.00000,7471.00000,3567.00000,0.00000,1956.00000,1138.00000,385.00000,114.00000,680.00000,0.00000,7471.00000,4340.00000,3855.00000,0.00000,406.00000,77.00000,0.00000,'GI096396',0.00000,40.00000,16.34792,7.80525),(15552,'PMC ISOCHEM_G1096396_2022_11_G','FR100181530','01/11/2022 - 30/11/2022','11',2022,'ALPIQ','PMC ISOCHEM','270377613','0','0','Site de Gennevilliers 4 RUE PHILIPPE LEBON 92230 GENNEVILLIERS France',678.00000,21039.00000,24728.00000,11082.00000,3753.00000,0.00000,1956.00000,1138.00000,571.00000,114.00000,680.00000,0.00000,11082.00000,6203.00000,5718.00000,0.00000,406.00000,77.00000,0.00000,'G1096396',0.00000,40.00000,16.34513,5.53540),(15553,'PMC ISOCHEM_G1096396_2022_12_G','FR100187295','01/12/2022 - 31/12/2022','12',2022,'ALPIQ','PMC ISOCHEM','270377613','0','0','Site de Gennevilliers 4 RUE PHILIPPE LEBON 92230 GENNEVILLIERS France',665.00000,20713.00000,24337.00000,10874.00000,3742.00000,0.00000,1956.00000,1138.00000,560.00000,114.00000,680.00000,0.00000,10874.00000,6096.00000,5611.00000,0.00000,406.00000,77.00000,0.00000,'G1096396',0.00000,40.00000,16.35188,5.62707),(15554,'','','','',0,'','','','','','',0.00000,0.00000,0.00000,0.00000,0.00000,0.00000,0.00000,0.00000,0.00000,0.00000,0.00000,0.00000,0.00000,0.00000,0.00000,0.00000,0.00000,0.00000,0.00000,'',0.00000,0.00000,NULL,NULL),(15555,'','','','',0,'','','','','','',0.00000,0.00000,0.00000,0.00000,0.00000,0.00000,0.00000,0.00000,0.00000,0.00000,0.00000,0.00000,0.00000,0.00000,0.00000,0.00000,0.00000,0.00000,0.00000,'',0.00000,0.00000,NULL,NULL),(15557,'','','','',0,'','','','','','',0.00000,0.00000,0.00000,0.00000,0.00000,0.00000,0.00000,0.00000,0.00000,0.00000,0.00000,0.00000,0.00000,0.00000,0.00000,0.00000,0.00000,0.00000,0.00000,'',0.00000,0.00000,NULL,NULL),(15558,'','','','',0,'','','','','','',0.00000,0.00000,0.00000,0.00000,0.00000,0.00000,0.00000,0.00000,0.00000,0.00000,0.00000,0.00000,0.00000,0.00000,0.00000,0.00000,0.00000,0.00000,0.00000,'',0.00000,0.00000,NULL,NULL),(15559,'','','','',0,'','','','','','',0.00000,0.00000,0.00000,0.00000,0.00000,0.00000,0.00000,0.00000,0.00000,0.00000,0.00000,0.00000,0.00000,0.00000,0.00000,0.00000,0.00000,0.00000,0.00000,'',0.00000,0.00000,NULL,NULL),(15560,'','','','',0,'','','','','','',0.00000,0.00000,0.00000,0.00000,0.00000,0.00000,0.00000,0.00000,0.00000,0.00000,0.00000,0.00000,0.00000,0.00000,0.00000,0.00000,0.00000,0.00000,0.00000,'',0.00000,0.00000,NULL,NULL),(15561,'','','','',0,'','','','','','',0.00000,0.00000,0.00000,0.00000,0.00000,0.00000,0.00000,0.00000,0.00000,0.00000,0.00000,0.00000,0.00000,0.00000,0.00000,0.00000,0.00000,0.00000,0.00000,'',0.00000,0.00000,NULL,NULL),(15562,'','','','',0,'','','','','','',0.00000,0.00000,0.00000,0.00000,0.00000,0.00000,0.00000,0.00000,0.00000,0.00000,0.00000,0.00000,0.00000,0.00000,0.00000,0.00000,0.00000,0.00000,0.00000,'',0.00000,0.00000,NULL,NULL),(16860,'ROUSSELOT SORGUE_GI102799_2021_7_G','FR00003180','01-07-2021 au : 31-07-2021','7',2021,'AXPO','ROUSSELOT ISLE SUR LA SORGUE','0','0','0','Chemin Moulin Premier 84800 Isle sur la Sorgue',6561.00000,177135.00000,212562.00000,94268.00000,24802.00000,6098.00000,1306.00000,7524.00000,5577.00000,0.00000,1473.00000,0.00000,94268.00000,57146.00000,55315.00000,1830.00000,0.00000,0.00000,0.00000,'GI102799',0.00000,0.00000,14.36793,3.78022),(16861,'ROUSSELOT SORGUE_GI102799_2021_11_G','FR00004129','01-11-2021 au 30-11-2021','11',2021,'AXPO','ROUSSELOT ISLE SUR LA SORGUE','0','0','0','Chemin Moulin Premier 84800 Isle sur la Sorgue',7217.00000,192317.00000,230781.00000,103683.00000,24977.00000,6098.00000,1306.00000,7281.00000,6134.00000,0.00000,1425.00000,0.00000,103683.00000,62671.00000,60840.00000,1830.00000,0.00000,0.00000,0.00000,'GI102799',0.00000,0.00000,14.36650,3.46086),(16862,'ROUSSELOT SORGUE_GI102799_2021_4_G','FR00001809','01-04-2021 au : 30-04-2021','4',2021,'AXPO','ROUSSELOT ISLE SUR LA SORGUE','0','0','0','Chemin Moulin Premier 84800 Isle sur la Sorgue',5765.00000,157935.00000,189522.00000,82832.00000,23587.00000,6056.00000,1308.00000,7281.00000,4785.00000,0.00000,1425.00000,0.00000,82832.00000,50675.00000,48605.00000,2070.00000,0.00000,0.00000,0.00000,'GI102799',0.00000,0.00000,14.36808,4.09141),(16863,'ROUSSELOT SORGUE_GI102799_2021_8_G','FR00003163','01-08-2021 au : 31-08-2021','8',2021,'AXPO','ROUSSELOT ISLE SUR LA SORGUE','0','0','0','Chemin Moulin Premier 84800 Isle sur la Sorgue',6256.00000,169888.00000,203865.00000,89883.00000,24542.00000,6098.00000,1306.00000,7524.00000,5318.00000,0.00000,1473.00000,0.00000,89883.00000,54573.00000,52742.00000,1830.00000,0.00000,0.00000,0.00000,'GI102799',0.00000,0.00000,14.36749,3.92295),(16864,'ROUSSELOT SORGUE_GI102799_2021_1_G','FR00000650','01-01-2021 au : 31-01-2021','1',2021,'AXPO','ROUSSELOT ISLE SUR LA SORGUE','0','0','0','Chemin Moulin Premier 84800 Isle sur la Sorgue',7603.00000,201945.00000,242334.00000,109237.00000,25675.00000,6056.00000,1308.00000,7645.00000,6311.00000,0.00000,1497.00000,0.00000,109237.00000,66272.00000,64175.00000,2097.00000,0.00000,0.00000,0.00000,'GI102799',0.00000,0.00000,14.36762,3.37696),(16865,'ROUSSELOT SORGUE_GI102799_2021_12_G','FR00004314','01-12-2021 au : 31-12-2021','12',2021,'AXPO','ROUSSELOT ISLE SUR LA SORGUE','0','0','0','Chemin Moulin Premier 84800 Isle sur la Sorgue',6856.00000,184125.00000,220950.00000,98497.00000,25052.00000,6098.00000,1306.00000,7524.00000,5827.00000,0.00000,1473.00000,0.00000,98497.00000,59628.00000,57797.00000,1830.00000,0.00000,0.00000,0.00000,'GI102799',0.00000,0.00000,14.36654,3.65403),(16866,'ROUSSELOT SORGUE_GI102799_2021_5_G','FR00002301','01-05-2021 au : 31-05-2021','5',2021,'AXPO','ROUSSELOT ISLE SUR LA SORGUE','0','0','0','Chemin Moulin Premier 84800 Isle sur la Sorgue',6359.00000,172426.00000,206912.00000,91365.00000,24462.00000,6056.00000,1308.00000,7524.00000,5278.00000,0.00000,1473.00000,0.00000,91365.00000,55700.00000,53612.00000,2088.00000,0.00000,0.00000,0.00000,'GI102799',0.00000,0.00000,14.36783,3.84683),(16867,'ROUSSELOT SORGUE_GI102799_2021_9_G','FR00003580','01-09-2021 au : 30-09-2021','9',2021,'AXPO','ROUSSELOT ISLE SUR LA SORGUE','0','0','0','Chemin Moulin Premier 84800 Isle sur la Sorgue',6332.00000,171306.00000,205568.00000,90972.00000,24225.00000,6098.00000,1306.00000,7281.00000,5382.00000,0.00000,1425.00000,0.00000,90972.00000,0.00000,53381.00000,1830.00000,0.00000,0.00000,0.00000,'GI102799',0.00000,0.00000,14.36702,3.82581),(16868,'ROUSSELOT SORGUE_GI102799_2021_2_G','FR00001013','01-02-2021 au : 28-02-2021','2',2021,'AXPO','ROUSSELOT ISLE SUR LA SORGUE','0','0','0','Chemin Moulin Premier 84800 Isle sur la Sorgue',6763.00000,180725.00000,216870.00000,97171.00000,23816.00000,6056.00000,1308.00000,6905.00000,5613.00000,0.00000,1352.00000,0.00000,97171.00000,59061.00000,57019.00000,2042.00000,0.00000,0.00000,0.00000,'GI102799',0.00000,0.00000,14.36803,3.52151),(16869,'ROUSSELOT SORGUE_GI102799_2021_6_G','FR00003181','01-06-2021 au : 30-06-2021','6',2021,'AXPO','ROUSSELOT ISLE SUR LA SORGUE','0','0','0','Chemin Moulin Premier 84800 Isle sur la Sorgue',6486.00000,175037.00000,210044.00000,93187.00000,24186.00000,6056.00000,1308.00000,7281.00000,5383.00000,0.00000,1425.00000,0.00000,93187.00000,56752.00000,54681.00000,2070.00000,0.00000,0.00000,0.00000,'GI102799',0.00000,0.00000,14.36741,3.72895),(16870,'ROUSSELOT SORGUE_GI102799_2021_10_G','FR00003829','01-10-2021 au : 31-10-2021','10',2021,'AXPO','ROUSSELOT ISLE SUR LA SORGUE','0','0','0','Chemin Moulin Premier 84800 Isle sur la Sorgue',6122.00000,166436.00000,199723.00000,87956.00000,24428.00000,6098.00000,1306.00000,7524.00000,5204.00000,0.00000,1473.00000,0.00000,87956.00000,53442.00000,51612.00000,1830.00000,0.00000,-266.00000,262.00000,'GI102799',0.00000,0.00000,14.36720,3.99020),(16871,'ROUSSELOT SORGUE_GI102799_2021_3_G','FR00001518','01-03-2021 au 31-03-2021','3',2021,'AXPO','ROUSSELOT ISLE SUR LA SORGUE','0','0','0','Chemin Moulin Premier 84800 Isle sur la Sorgue',6956.00000,187298.00000,224758.00000,99937.00000,25137.00000,6056.00000,1308.00000,7645.00000,5773.00000,0.00000,1497.00000,0.00000,99937.00000,60739.00000,58642.00000,2097.00000,0.00000,0.00000,262.00000,'GI102799',0.00000,0.00000,14.36702,3.61371),(16873,'BAYER SAS_GI095704_2021_11_G','1000305383','01/11/2021 au 30/11/2021','11',2021,'ENDESA','BAYER SAS','0','tarif de march','T4','1 Avenue Edouard Herriot - 69400 Villefranche Sur Sa',4215.00000,268309.00000,320360.00000,206092.00000,28275.00000,24692.00000,0.00000,0.00000,3583.00000,868.00000,7700.00000,0.00000,0.00000,0.00000,23811.00000,0.00000,1036.00000,195.00000,262.00000,'GI095704',31191.00000,214.00000,0.00000,6.70819),(16874,'BAYER SAS_GI095704_2021_8_G','1000274572','01/08/2021 au 31/08/2021','8',2021,'ENDESA','BAYER SAS','0','tarif de march','T4','1 Avenue Edouard Herriot - 69400 Villefranche Sur Sa',152.00000,14379.00000,15644.00000,2163.00000,1436.00000,1306.00000,0.00000,0.00000,129.00000,868.00000,7700.00000,0.00000,0.00000,0.00000,861.00000,0.00000,1036.00000,195.00000,0.00000,'GI095704',31191.00000,214.00000,0.00000,9.44737),(16876,'BAYER SAS_GI095704_2021_12_G','1000305730','01/12/2021 au 31/12/2021','12',2021,'ENDESA','BAYER SAS','0','11 , tarif de march','T4','1 Avenue Ecouard Herr\'o : - 694C0 Vi lefranche Sur Sa',4690.00000,391121.00000,467735.00000,349208.00000,5293.00000,1306.00000,0.00000,0.00000,3986.00000,868.00000,7700.00000,0.00000,0.00000,0.00000,26490.00000,0.00000,1036.00000,95.00000,212.00000,'GI095704',31191.00000,214.00000,0.00000,1.12857),(16877,'BAYER SAS_GI095704_2021_9_G','1000281983','01/09/2021 au 30/09/2021','9',2021,'ENDESA','BAYER SAS','0','tarif de march','T4','1 Avenue Edouard Herriot - 69400 Villefranche Sur Sa',643.00000,24753.00000,28093.00000,9134.00000,1853.00000,1306.00000,0.00000,0.00000,547.00000,868.00000,7700.00000,0.00000,0.00000,0.00000,3635.00000,0.00000,1036.00000,195.00000,0.00000,'GI095704',31191.00000,214.00000,0.00000,2.88180),(16878,'BAYER SAS_GI095704_2021_6_G','1000260269','01/06/2021 au 30/06/2021','6',2021,'ENDESA','BAYER SAS','0','tarif de march','T4','1 Avenue Edouard Herriot - 69400 Villefranche Sur Sa',340.00000,18480.00000,20524.00000,4831.00000,1590.00000,1308.00000,0.00000,0.00000,282.00000,868.00000,7674.00000,0.00000,0.00000,0.00000,1923.00000,0.00000,1031.00000,510.00000,0.00000,'GI095704',31191.00000,214.00000,0.00000,4.67647),(16879,'BAYER SAS_GI095704_2021_10_G','1000289779','01/10/2021 au 31/10/2021','10',2021,'ENDESA','BAYER SAS','0','tarif de march','T4','1 Avenue Edouard Herriot - 69400 Villefranche Sur Sa',1365.00000,39684.00000,46011.00000,0.00000,21843.00000,20682.00000,0.00000,0.00000,1160.00000,868.00000,7700.00000,0.00000,0.00000,0.00000,7712.00000,0.00000,1036.00000,195.00000,212.00000,'GI095704',31191.00000,214.00000,0.00000,16.00220),(16880,'BAYER SAS_GI095704_2021_7_G','1000267716','01/07/2021 au 31/07/2021','7',2021,'ENDESA','BAYER SAS','0','tarif de march','T4','1 Avenue Edouard Herriot - 69400 Villefranche Sur Sa',312.00000,17833.00000,19789.00000,0.00000,6000.00000,5734.00000,0.00000,0.00000,265.00000,868.00000,7700.00000,0.00000,0.00000,0.00000,1762.00000,0.00000,1036.00000,195.00000,0.00000,'GI095704',31191.00000,214.00000,0.00000,19.23077),(16881,'BAYER SAS_GI095704_2021_4_G','1000254344','01/04/2021 au 30/04/2021','4',2021,'ENDESA','BAYER SAS','0','tarif de march','T4','1 Avenue Edouard Herriot - 69400 Villefranche Sur Sa',1427.00000,41238.00000,47833.00000,0.00000,22754.00000,21569.00000,0.00000,0.00000,1185.00000,868.00000,7674.00000,0.00000,0.00000,0.00000,8064.00000,0.00000,1031.00000,510.00000,215.00000,'GI095704',31191.00000,214.00000,0.00000,15.94534),(16882,'BAYER SAS_GI095704_2021_1_G','1000227827','01/01/2021 au 31/01/2021','1',2021,'ENDESA','BAYER SAS','0','tarif de march','T4','1 Avenue Edouard Herriot - 89400 Villefranche Sur Sa',5002.00000,133974.00000,159181.00000,90282.00000,5460.00000,1308.00000,0.00000,0.00000,4151.00000,369.00000,7733.00000,0.00000,0.00000,0.00000,28253.00000,0.00000,1031.00000,510.00000,215.00000,'GI095704',29099.00000,214.00000,0.00000,1.09156),(16883,'BAYER SAS_GI095704_2021_5_G','1000254345','01/05/2021 au 31/05/2021','5',2021,'ENDESA','BAYER SAS','0','tarif de march','T4','1 Avenue Edouard Herriot - 69400 Villefranche Sur Sa',746.00000,27150.00000,30928.00000,0.00000,12516.00000,11897.00000,0.00000,0.00000,619.00000,868.00000,7674.00000,0.00000,0.00000,0.00000,4214.00000,0.00000,1031.00000,510.00000,0.00000,'GI095704',31191.00000,214.00000,0.00000,16.77748),(16884,'BAYER SAS_GI095704_2021_2_G','1000234418','01/02/2021 au 28/02/2021','2',2021,'ENDESA','BAYER SAS','0','tarif de march','T4','1 Avenue Edouard Herriot - 89400 Villefranche Sur Sa',4305.00000,113405.00000,134498.00000,74227.00000,4881.00000,1308.00000,0.00000,0.00000,3573.00000,369.00000,7733.00000,0.00000,0.00000,0.00000,24317.00000,0.00000,1031.00000,510.00000,0.00000,'GI095704',29099.00000,214.00000,0.00000,1.13380),(16885,'BAYER SAS_GI095704_2021_3_G','1000241196','01/03/2021 au 31/03/2021','3',2021,'ENDESA','BAYER SAS','0','tarif de march','T4','1 Avenue Edouard Herriot - 69400 Villefranche Sur Sa',4403.00000,117697.00000,139648.00000,931.00000,81916.00000,78261.00000,0.00000,0.00000,3654.00000,369.00000,7733.00000,0.00000,0.00000,0.00000,24871.00000,0.00000,1031.00000,510.00000,0.00000,'GI095704',29099.00000,214.00000,0.00000,18.60459),(16887,'LGCDF LANDIRAS_GI101063_2021_12_G','20036953837','44531','12',2021,'ENGIE','LES GRANDS CHAIS DE FRANCE','1,604E+11','Formule Prix Fixe Multisite','T3','1 ROUTE DE BALIZAC 33720 LANDIRAS',635.00000,6056.00000,10458.00000,12183.00000,-17101.00000,0.00000,76.00000,1406.00000,3872.00000,0.00000,0.00000,0.00000,437.00000,0.00000,5360.00000,18.00000,0.00000,0.00000,179.00000,'GI101063',0.00000,53959.00000,0.68819,-26.93071),(16888,'LGCDF LANDIRAS_GI101063_2021_11_G','40014888223','44501','11',2021,'ENGIE','LES GRANDS CHAIS DE FRANCE','1,604E+11','Formule Prix Fixe Multisite','T3','1 ROUTE DE BALIZAC 33720 LANDIRAS',692.00000,25087.00000,29871.00000,13270.00000,5701.00000,0.00000,76.00000,1406.00000,4218.00000,0.00000,0.00000,0.00000,18971.00000,0.00000,5838.00000,18.00000,0.00000,0.00000,179.00000,'GI101063',0.00000,53959.00000,27.41474,8.23844),(16889,'LGCDF LANDIRAS_GI101063_2021_5_G','40014375564','44317','5',2021,'ENGIE','LES GRANDS CHAIS DE FRANCE','1,604E+11','Formule Prix Fixe Multisite','T3','1 ROUTE DE BALIZAC 33720 LANDIRAS',455.00000,16973.00000,20147.00000,8731.00000,4187.00000,0.00000,73.00000,1406.00000,2706.00000,0.00000,0.00000,0.00000,12918.00000,0.00000,3841.00000,17.00000,0.00000,0.00000,182.00000,'GI101063',0.00000,53959.00000,28.39121,9.20220),(16890,'LGCDF LANDIRAS_GI101063_2021_9_G','1,20007E+11','44440','9',2021,'ENGIE','LES GRANDS CHAIS DE FRANCE','1,604E+11','Formule Prix Fixe Multisite','T3','1 ROUTE DE BALIZAC 33720 LANDIRAS',509.00000,18856.00000,22404.00000,9754.00000,4583.00000,0.00000,76.00000,1406.00000,3100.00000,0.00000,0.00000,0.00000,14338.00000,0.00000,4291.00000,18.00000,0.00000,0.00000,179.00000,'GI101063',0.00000,53959.00000,28.16896,9.00393),(16891,'LGCDF LANDIRAS_GI101063_2021_2_G','3,20005E+11','44228','2',2021,'ENGIE','LES GRANDS CHAIS DE FRANCE','1,604E+11','Formule Prix Fixe Multisite','T3','1 ROUTE DE BALIZAC 33720 LANDIRAS',470.00000,17432.00000,20702.00000,9020.00000,4178.00000,0.00000,73.00000,1308.00000,2796.00000,0.00000,0.00000,0.00000,13198.00000,0.00000,3968.00000,17.00000,0.00000,0.00000,182.00000,'GI101063',0.00000,0.00000,28.08085,8.88936),(16892,'LGCDF LANDIRAS_GI101063_2021_6_G','20036139227','44348','6',2021,'ENGIE','LES GRANDS CHAIS DE FRANCE','1,604E+11','Formule Prix Fixe Multisite','T3','1 ROUTE DE BALIZAC 33720 LANDIRAS',374.00000,14341.00000,16973.00000,7180.00000,3706.00000,0.00000,73.00000,1406.00000,2226.00000,0.00000,0.00000,0.00000,10887.00000,0.00000,3159.00000,17.00000,0.00000,0.00000,182.00000,'GI101063',0.00000,53959.00000,29.10963,9.90909),(16893,'LGCDF LANDIRAS_GI101063_2021_10_G','1,20008E+11','44470','10',2021,'ENGIE','LES GRANDS CHAIS DE FRANCE','1,604E+11','Formule Prix Fixe Multisite','T3','1 ROUTE DE BALIZAC 33720 LANDIRAS',712.00000,25682.00000,30598.00000,13646.00000,5820.00000,0.00000,76.00000,1406.00000,4337.00000,0.00000,0.00000,0.00000,19467.00000,0.00000,6004.00000,18.00000,0.00000,0.00000,179.00000,'GI101063',0.00000,53959.00000,27.34129,8.17416),(16894,'LGCDF LANDIRAS_GI101063_2021_3_G','40014210683','44256','3',2021,'ENGIE','LES GRANDS CHAIS DE FRANCE','1,604E+11','Formule Prix Fixe Multisite','T3','1 ROUTE DE BALIZAC 33720 LANDIRAS',449.00000,16728.00000,19855.00000,8609.00000,4051.00000,0.00000,73.00000,1308.00000,2669.00000,0.00000,0.00000,0.00000,12660.00000,0.00000,3787.00000,17.00000,0.00000,0.00000,182.00000,'GI101063',0.00000,53959.00000,28.19599,9.02227),(16895,'LGCDF LANDIRAS_GI101063_2021_7_G','40014545527','44378','7',2021,'ENGIE','LES GRANDS CHAIS DE FRANCE','1,604E+11','Formule Prix Fixe Multisite','T3','1 ROUTE DE BALIZAC 33720 LANDIRAS',404.00000,15320.00000,18164.00000,7751.00000,3947.00000,0.00000,76.00000,1406.00000,2463.00000,0.00000,0.00000,0.00000,11698.00000,0.00000,3410.00000,18.00000,0.00000,0.00000,179.00000,'GI101063',0.00000,53959.00000,28.95545,9.76980),(16896,'LGCDF LANDIRAS_GI101063_2021_4_G','20035908220','44287','4',2021,'ENGIE','LES GRANDS CHAIS DE FRANCE','1,604E+11','Formule Prix Fixe Multisite','T3','1 ROUTE DE BALIZAC 33720 LANDIRAS',487.00000,18054.00000,21445.00000,9348.00000,4378.00000,0.00000,73.00000,1406.00000,2898.00000,0.00000,0.00000,0.00000,13727.00000,0.00000,4113.00000,17.00000,0.00000,0.00000,182.00000,'GI101063',0.00000,53959.00000,28.18686,8.98973),(16897,'LGCDF LANDIRAS_GI101063_2021_8_G','6,20001E+11','44409','8',2021,'ENGIE','LES GRANDS CHAIS DE FRANCE','1,604E+11','Formule Prix Fixe Multisite','T3','1 ROUTE DE BALIZAC 33720 LANDIRAS',403.00000,15286.00000,18123.00000,7733.00000,3941.00000,0.00000,76.00000,1406.00000,2457.00000,0.00000,0.00000,0.00000,11674.00000,0.00000,3402.00000,18.00000,0.00000,0.00000,179.00000,'GI101063',0.00000,53959.00000,28.96774,9.77916),(16898,'LGCDF LANDIRAS_GI101063_2021_1_G','20035349282','44197','1',2021,'ENGIE','LES GRANDS CHAIS DE FRANCE','1,604E+11','Formule Prix Fixe Multisite','T3','1 ROUTE DE BALIZAC 33720 LANDIRAS',607.00000,21993.00000,26178.00000,11633.00000,4988.00000,0.00000,73.00000,1308.00000,3606.00000,0.00000,0.00000,0.00000,16622.00000,0.00000,5118.00000,17.00000,0.00000,0.00000,182.00000,'GI101063',0.00000,53959.00000,27.38386,8.21746),(16900,'ROUSSELOT ISLE SUR LA SORGUE_GI102799_2022_1_G','FR00006140','01-01-2022 au 31-01','1',2022,'AXPO','ROUSSELOT ISLE SUR LA SORGUE','0','0','0','Chemin Moulin Premier 84800 Isle sur la Sorgue',7241.00000,686835.00000,704243.00000,597745.00000,25379.00000,6098.00000,1306.00000,7524.00000,6154.00000,0.00000,1473.00000,724.00000,597745.00000,62729.00000,60898.00000,1830.00000,0.00000,0.00000,257.00000,'GI102799',0.00000,1.00000,82.55006,3.50490),(16901,'ROUSSELOT ISLE SUR LA SORGUE_GI102799_2022_10_G','FR00008515','01-10-2022 au 31-10-2022','10',2022,'AXPO','ROUSSELOT ISLE SUR LA SORGUE','0','0','0','Chemin Moulin Premier 84800 Isle sur la Sorgue',5502.00000,790529.00000,804317.00000,719836.00000,21939.00000,5443.00000,1283.00000,6736.00000,4622.00000,0.00000,1319.00000,550.00000,719836.00000,47941.00000,46278.00000,1663.00000,0.00000,0.00000,262.00000,'GI102799',0.00000,1.00000,130.83170,3.98746),(16902,'ROUSSELOT ISLE SUR LA SORGUE_GI102799_2022_11_G','FR00009012','01-11-2022 au 30-11-2022','11',2022,'AXPO','ROUSSELOT ISLE SUR LA SORGUE','0','0','0','Chemin Moulin Premier 84800 Isle sur la Sorgue',6387.00000,906952.00000,922307.00000,828331.00000,22340.00000,5443.00000,1283.00000,6519.00000,5365.00000,0.00000,1276.00000,638.00000,828331.00000,55378.00000,53715.00000,1663.00000,0.00000,0.00000,262.00000,'GI102799',0.00000,1.00000,129.69015,3.49773),(16903,'ROUSSELOT ISLE SUR LA SORGUE_GI102799_2022_12_G','FR00009411','01-12-2022 au 31-12-2022','12',2022,'AXPO','ROUSSELOT ISLE SUR LA SORGUE','0','0','0','Chemin Moulin Premier 84800 Isle sur la Sorgue',4876.00000,717970.00000,730598.00000,653133.00000,21413.00000,5443.00000,1283.00000,6736.00000,4096.00000,0.00000,1319.00000,487.00000,653133.00000,42673.00000,41010.00000,1663.00000,0.00000,0.00000,262.00000,'GI102799',0.00000,1.00000,133.94852,4.39151),(16904,'ROUSSELOT ISLE SUR LA SORGUE_GI102799_2022_2_G','FR00006139','01-02-2022 au 28-02-2022','2',2022,'AXPO','ROUSSELOT ISLE SUR LA SORGUE','0','0','0','Chemin Moulin Premier 84800 Isle sur la Sorgue',5613.00000,557662.00000,571827.00000,484950.00000,22852.00000,6098.00000,1306.00000,6796.00000,4771.00000,0.00000,1330.00000,561.00000,484950.00000,49040.00000,47209.00000,1830.00000,0.00000,0.00000,257.00000,'GI102799',0.00000,1.00000,86.39765,4.07126),(16905,'ROUSSELOT ISLE SUR LA SORGUE_GI102799_2022_3_G','FR00006158','01-03-2022 au 31-03','3',2022,'AXPO','ROUSSELOT ISLE SUR LA SORGUE','0','0','0','Chemin Moulin Premier 84800 Isle sur la Sorgue',6909.00000,665575.00000,682368.00000,579592.00000,25097.00000,6098.00000,1306.00000,7524.00000,5872.00000,0.00000,1473.00000,690.00000,579592.00000,59936.00000,58106.00000,1830.00000,0.00000,0.00000,257.00000,'GI102799',0.00000,1.00000,83.88942,3.63251),(16906,'ROUSSELOT ISLE SUR LA SORGUE_GI102799_2022_4_G','FR00006029','01-04-2022 au 30-04-2022','4',2022,'AXPO','ROUSSELOT ISLE SUR LA SORGUE','0','0','0','Chemin Moulin Premier 84800 Isle sur la Sorgue',5529.00000,1057773.00000,1071921.00000,985154.00000,23474.00000,6098.00000,1306.00000,7232.00000,4700.00000,0.00000,1416.00000,552.00000,985154.00000,48334.00000,46503.00000,1830.00000,0.00000,0.00000,257.00000,'GI102799',0.00000,1.00000,178.17942,4.24561),(16907,'ROUSSELOT ISLE SUR LA SORGUE_GI102799_2022_5_G','FR00006475','44682','5',2022,'AXPO','ROUSSELOT ISLE SUR LA SORGUE','0','0','0','Chemin Moulin Premier 84800 Isle sur la Sorgue',5848.00000,903945.00000,918759.00000,827963.00000,24124.00000,6098.00000,1306.00000,7473.00000,4971.00000,0.00000,1463.00000,584.00000,827963.00000,51014.00000,49183.00000,1830.00000,0.00000,0.00000,257.00000,'GI102799',0.00000,1.00000,141.58054,4.12517),(16908,'ROUSSELOT ISLE SUR LA SORGUE_GI102799_2022_6_G','FR00006637','01-06-2022 au 30-06-2022','6',2022,'AXPO','ROUSSELOT ISLE SUR LA SORGUE','0','0','0','Chemin Moulin Premier 84800 Isle sur la Sorgue',4547.00000,709888.00000,722217.00000,646461.00000,22639.00000,6098.00000,1306.00000,7232.00000,3865.00000,0.00000,1416.00000,454.00000,646461.00000,40074.00000,38243.00000,1830.00000,0.00000,0.00000,257.00000,'GI102799',0.00000,1.00000,142.17308,4.97889),(16909,'ROUSSELOT ISLE SUR LA SORGUE_GI102799_2022_7_G','FR00007384','01-07-2022 au 31-07-2022','7',2022,'AXPO','ROUSSELOT ISLE SUR LA SORGUE','0','0','0','Chemin Moulin Premier 84800 Isle sur la Sorgue',5439.00000,513903.00000,527573.00000,443804.00000,21886.00000,5443.00000,1283.00000,6736.00000,4569.00000,0.00000,1319.00000,543.00000,443804.00000,47410.00000,45747.00000,1663.00000,0.00000,0.00000,257.00000,'GI102799',0.00000,1.00000,81.59662,4.02390),(16910,'ROUSSELOT ISLE SUR LA SORGUE_GI102799_2022_8_G','FR00007726','01-08-2022 au 31-08-2022','8',2022,'AXPO','ROUSSELOT ISLE SUR LA SORGUE','0','0','0','Chemin Moulin Premier 84800 Isle sur la Sorgue',3403.00000,404392.00000,414295.00000,353330.00000,20175.00000,5443.00000,1283.00000,6736.00000,2859.00000,0.00000,1319.00000,340.00000,353330.00000,30287.00000,28624.00000,1663.00000,0.00000,0.00000,257.00000,'GI102799',0.00000,1.00000,103.82897,5.92859),(16911,'ROUSSELOT ISLE SUR LA SORGUE_GI102799_2022_9_G','FR00008092','01-09-2022 au 30-09-2022','9',2022,'AXPO','ROUSSELOT ISLE SUR LA SORGUE','0','0','0','Chemin Moulin Premier 84800 Isle sur la Sorgue',5792.00000,598809.00000,613063.00000,525752.00000,21840.00000,5443.00000,1283.00000,6519.00000,4865.00000,0.00000,1276.00000,579.00000,525752.00000,50375.00000,48711.00000,1663.00000,0.00000,0.00000,262.00000,'GI102799',0.00000,1.00000,90.77210,3.77072),(16913,'R-CUE_GI147448_2021_1_G','200004720839','01/01/2021 au 31/01/2021','1',2021,'ENI','','245G21754660','Offre spécifique contrat à prix de marc','T4','RUE DE PHALSBOURG SARRE UNION',8593.00000,244668.00000,290080.00000,140589.00000,25125.00000,0.00000,1308.00000,16684.00000,7132.00000,0.00000,4640.00000,0.00000,0.00000,0.00000,72443.00000,1649.00000,0.00000,0.00000,219.00000,'GI147448',0.00000,0.00000,0.00000,2.92389),(16915,'R-CUE_GI147448_2021_10_G','612150398822','01/10/2021 au 31/10/2021','10',2021,'ENI','','245G21754660','Offre spécifique contrat à prix de marc','T4','RUE DE PHALSBOURG SARRE UNION',23.00000,26312.00000,28111.00000,1992.00000,17754.00000,0.00000,1306.00000,16427.00000,20.00000,0.00000,4672.00000,0.00000,0.00000,0.00000,199.00000,1478.00000,0.00000,0.00000,215.00000,'G1147448',39286181.00000,0.00000,0.00000,771.91304),(16916,'R-CUE_GI147448_2021_11_G','616450369845','01/11/2021 au 30/11/2021','11',2021,'ENI','','245G21754660','Offre spécifique contrat à prix de marc','T4','RUE DE PHALSBOURG SARRE UNION',155.00000,38011.00000,42150.00000,12468.00000,22539.00000,0.00000,5979.00000,16427.00000,132.00000,0.00000,0.00000,0.00000,0.00000,0.00000,1310.00000,1478.00000,0.00000,0.00000,215.00000,'GI147448',39286181.00000,0.00000,0.00000,145.41290),(16917,'R-CUE_GI147448_2021_12_G','200005336431','01/12/2021 au 31/12/2021','12',2021,'ENI','','245G21754660','Offre spécifique contrat à prix de marc','T4','RUE DE PHALSBOURG SARRE UNION',8349.00000,1052091.00000,1259046.00000,950724.00000,24831.00000,0.00000,1306.00000,16427.00000,7096.00000,0.00000,4672.00000,0.00000,0.00000,0.00000,70383.00000,1478.00000,0.00000,0.00000,0.00000,'GI147448',33635146.00000,0.00000,0.00000,2.97413),(16918,'R-CUE_GI147448_2021_2_G','200004765975','01/02/2021 au 28/02/2021','2',2021,'ENI','','245G21754660','Offre spécifique contrat à prix de marc','T4','RUE DE PHALSBOURG SARRE UNION',7806.00000,235659.00000,279269.00000,138871.00000,24472.00000,0.00000,1308.00000,16684.00000,6479.00000,0.00000,4640.00000,0.00000,0.00000,0.00000,65805.00000,1649.00000,0.00000,0.00000,219.00000,'G1147448',38200000.00000,0.00000,0.00000,3.13502),(16919,'R-CUE_GI147448_2021_3_G','200004856417','01/03/2021 au 31/03/2021','3',2021,'ENI','','245G21754660','Offre spécifique contrat à prix de marc','T4','RUE DE PHALSBOURG SARRE UNION',8206.00000,245677.00000,291303.00000,145258.00000,24804.00000,0.00000,1308.00000,16684.00000,6811.00000,0.00000,4640.00000,0.00000,0.00000,0.00000,69182.00000,1573.00000,0.00000,0.00000,219.00000,'GI147448',39286181.00000,0.00000,0.00000,3.02267),(16920,'R-CUE_GI147448_2021_4_G','610500371854','01/04/2021 au 30/04/2021','4',2021,'ENI','','245G21754660','Offre spécifique contrat à prix de marc','T4','RUE DE PHALSBOURG SARRE UNION',362.00000,23960.00000,25279.00000,7.00000,17736.00000,0.00000,1308.00000,16427.00000,0.00000,0.00000,4640.00000,0.00000,0.00000,0.00000,3.00000,1573.00000,0.00000,0.00000,0.00000,'G1147448',39286181.00000,0.00000,0.00000,48.99448),(16921,'R-CUE_GI147448_2021_5_G','611450374469','01/05/2021 au 31/05/2021','5',2021,'ENI','','245G21754660','Offre spécifique contrat à prix de marc','T4','RUE DE PHALSBOURG SARRE UNION',0.00000,23918.00000,25234.00000,0.00000,17736.00000,0.00000,1308.00000,16427.00000,0.00000,0.00000,4640.00000,0.00000,0.00000,0.00000,0.00000,1542.00000,0.00000,0.00000,0.00000,'GI147448',39286181.00000,0.00000,0.00000,0.00000),(16922,'R-CUE_GI147448_2021_6_G','3000014685','01/06/2021 au 30/06/2021','6',2021,'ENI','','245G21754660','Offre spécifique contrat à prix de marc','T4','RUE DE PHALSBOURG SARRE UNION',0.00000,24356.00000,25760.00000,0.00000,17736.00000,0.00000,1308.00000,16427.00000,0.00000,0.00000,4640.00000,0.00000,0.00000,0.00000,0.00000,1542.00000,0.00000,0.00000,12.00000,'GI147448',39286181.00000,0.00000,0.00000,0.00000),(16923,'R-CUE_GI147448_2021_7_G','610050780140','01/07/2021 au 31/07/2021','7',2021,'ENI','','245G21754660','Offre spécifique contrat à prix de marc','T4','RUE DE PHALSBOURG SARRE UNION',0.00000,24323.00000,25725.00000,0.00000,17734.00000,0.00000,1306.00000,16427.00000,0.00000,0.00000,4672.00000,0.00000,0.00000,0.00000,0.00000,1478.00000,0.00000,0.00000,219.00000,'GI147448',39286181.00000,0.00000,0.00000,0.00000),(16924,'R-CUE_GI147448_2021_8_G','610350415318','01/08/2021 au 31/08/2021','8',2021,'ENI','','245G21754660','Offre spécifique contrat à prix de marc','T4','RUE DE PHALSBOURG SARRE UNION',0.00000,23885.00000,25199.00000,0.00000,17734.00000,0.00000,1306.00000,16427.00000,0.00000,0.00000,4672.00000,0.00000,0.00000,0.00000,0.00000,1478.00000,0.00000,0.00000,0.00000,'G1147448',39286181.00000,0.00000,0.00000,0.00000),(16925,'R-CUE_GI147448_2021_9_G','611850396432','01/09/2021 au 30/09/2021','9',2021,'ENI','','245G21754660','Offre spécifique contrat à prix de marc','T4','RUE DE PHALSBOURG SARRE UNION',0.00000,24100.00000,25457.00000,0.00000,17734.00000,0.00000,1306.00000,16427.00000,0.00000,0.00000,4673.00000,0.00000,0.00000,0.00000,0.00000,1478.00000,0.00000,0.00000,215.00000,'GI147448',39286181.00000,0.00000,0.00000,0.00000);

--
-- Table structure for table `vtiger_factures`
--

CREATE TABLE `vtiger_factures` (
  `facturesid` int(19) NOT NULL,
  `name` varchar(255) DEFAULT NULL,
  `facturesno` varchar(100) DEFAULT NULL,
  `tags` varchar(1) DEFAULT NULL,
  PRIMARY KEY (`facturesid`)
) ENGINE=InnoDB DEFAULT CHARSET=utf8;

--
-- Dumping data for table `vtiger_factures`
--

INSERT INTO `vtiger_factures` VALUES (2,'test factures','FA1',''),(12032,'Facture_annuelle','FA2','');

--
-- Table structure for table `vtiger_facturescf`
--

CREATE TABLE `vtiger_facturescf` (
  `facturesid` int(19) NOT NULL,
  `cf_958` int(4) DEFAULT NULL,
  `cf_960` varchar(255) DEFAULT '',
  `cf_962` varchar(255) DEFAULT '',
  `cf_964` varchar(14) DEFAULT '',
  `cf_966` varchar(10) DEFAULT '',
  `cf_968` decimal(14,3) DEFAULT NULL,
  PRIMARY KEY (`facturesid`)
) ENGINE=InnoDB DEFAULT CHARSET=utf8;

--
-- Dumping data for table `vtiger_facturescf`
--

INSERT INTO `vtiger_facturescf` VALUES (2,NULL,'','','','',NULL),(12032,2022,'BORAX','','','',30000.000);

--
-- Table structure for table `vtiger_faq`
--

CREATE TABLE `vtiger_faq` (
  `id` int(11) NOT NULL AUTO_INCREMENT,
  `faq_no` varchar(100) NOT NULL,
  `product_id` varchar(100) DEFAULT NULL,
  `question` text,
  `answer` text,
  `category` varchar(200) NOT NULL,
  `status` varchar(200) NOT NULL,
  `tags` varchar(1) DEFAULT NULL,
  PRIMARY KEY (`id`),
  KEY `faq_id_idx` (`id`),
  CONSTRAINT `fk_1_vtiger_faq` FOREIGN KEY (`id`) REFERENCES `vtiger_crmentity` (`crmid`) ON DELETE CASCADE
) ENGINE=InnoDB DEFAULT CHARSET=utf8;

--
-- Dumping data for table `vtiger_faq`
--


--
-- Table structure for table `vtiger_faqcategories`
--

CREATE TABLE `vtiger_faqcategories` (
  `faqcategories_id` int(19) NOT NULL AUTO_INCREMENT,
  `faqcategories` varchar(200) DEFAULT NULL,
  `presence` int(1) NOT NULL DEFAULT '1',
  `picklist_valueid` int(19) NOT NULL DEFAULT '0',
  `sortorderid` int(11) DEFAULT NULL,
  `color` varchar(10) DEFAULT NULL,
  PRIMARY KEY (`faqcategories_id`)
) ENGINE=InnoDB AUTO_INCREMENT=2 DEFAULT CHARSET=utf8;

--
-- Dumping data for table `vtiger_faqcategories`
--

INSERT INTO `vtiger_faqcategories` VALUES (1,'General',1,46,0,NULL);

--
-- Table structure for table `vtiger_faqcategories_seq`
--

CREATE TABLE `vtiger_faqcategories_seq` (
  `id` int(11) NOT NULL
) ENGINE=InnoDB DEFAULT CHARSET=utf8;

--
-- Dumping data for table `vtiger_faqcategories_seq`
--

INSERT INTO `vtiger_faqcategories_seq` VALUES (1);

--
-- Table structure for table `vtiger_faqcf`
--

CREATE TABLE `vtiger_faqcf` (
  `faqid` int(19) NOT NULL DEFAULT '0',
  PRIMARY KEY (`faqid`),
  CONSTRAINT `fk_1_vtiger_faqcf` FOREIGN KEY (`faqid`) REFERENCES `vtiger_faq` (`id`) ON DELETE CASCADE
) ENGINE=InnoDB DEFAULT CHARSET=utf8;

--
-- Dumping data for table `vtiger_faqcf`
--


--
-- Table structure for table `vtiger_faqcomments`
--

CREATE TABLE `vtiger_faqcomments` (
  `commentid` int(19) NOT NULL AUTO_INCREMENT,
  `faqid` int(19) DEFAULT NULL,
  `comments` text,
  `createdtime` datetime NOT NULL,
  PRIMARY KEY (`commentid`),
  KEY `faqcomments_faqid_idx` (`faqid`),
  CONSTRAINT `fk_1_vtiger_faqcomments` FOREIGN KEY (`faqid`) REFERENCES `vtiger_faq` (`id`) ON DELETE CASCADE
) ENGINE=InnoDB DEFAULT CHARSET=utf8;

--
-- Dumping data for table `vtiger_faqcomments`
--


--
-- Table structure for table `vtiger_faqstatus`
--

CREATE TABLE `vtiger_faqstatus` (
  `faqstatus_id` int(19) NOT NULL AUTO_INCREMENT,
  `faqstatus` varchar(200) DEFAULT NULL,
  `presence` int(1) NOT NULL DEFAULT '1',
  `picklist_valueid` int(19) NOT NULL DEFAULT '0',
  `sortorderid` int(11) DEFAULT NULL,
  `color` varchar(10) DEFAULT NULL,
  PRIMARY KEY (`faqstatus_id`)
) ENGINE=InnoDB AUTO_INCREMENT=5 DEFAULT CHARSET=utf8;

--
-- Dumping data for table `vtiger_faqstatus`
--

INSERT INTO `vtiger_faqstatus` VALUES (1,'Draft',0,47,0,NULL),(2,'Reviewed',0,48,1,NULL),(3,'Published',0,49,2,NULL),(4,'Obsolete',0,50,3,NULL);

--
-- Table structure for table `vtiger_faqstatus_seq`
--

CREATE TABLE `vtiger_faqstatus_seq` (
  `id` int(11) NOT NULL
) ENGINE=InnoDB DEFAULT CHARSET=utf8;

--
-- Dumping data for table `vtiger_faqstatus_seq`
--

INSERT INTO `vtiger_faqstatus_seq` VALUES (4);

--
-- Table structure for table `vtiger_feedback`
--

CREATE TABLE `vtiger_feedback` (
  `userid` int(19) DEFAULT NULL,
  `dontshow` varchar(19) DEFAULT 'false'
) ENGINE=InnoDB DEFAULT CHARSET=utf8;

--
-- Dumping data for table `vtiger_feedback`
--


--
-- Table structure for table `vtiger_field`
--

CREATE TABLE `vtiger_field` (
  `tabid` int(19) NOT NULL,
  `fieldid` int(19) NOT NULL AUTO_INCREMENT,
  `columnname` varchar(30) NOT NULL,
  `tablename` varchar(100) DEFAULT NULL,
  `generatedtype` int(19) NOT NULL DEFAULT '0',
  `uitype` varchar(30) NOT NULL,
  `fieldname` varchar(50) NOT NULL,
  `fieldlabel` varchar(50) NOT NULL,
  `readonly` int(1) NOT NULL,
  `presence` int(19) NOT NULL DEFAULT '1',
  `defaultvalue` text,
  `maximumlength` int(19) DEFAULT NULL,
  `sequence` int(19) DEFAULT NULL,
  `block` int(19) DEFAULT NULL,
  `displaytype` int(19) DEFAULT NULL,
  `typeofdata` varchar(100) DEFAULT NULL,
  `quickcreate` int(10) NOT NULL DEFAULT '1',
  `quickcreatesequence` int(19) DEFAULT NULL,
  `info_type` varchar(20) DEFAULT NULL,
  `masseditable` int(10) NOT NULL DEFAULT '1',
  `helpinfo` text,
  `summaryfield` int(10) NOT NULL DEFAULT '0',
  `headerfield` int(1) DEFAULT '0',
  `isunique` tinyint(1) DEFAULT '0',
  PRIMARY KEY (`fieldid`),
  KEY `field_tabid_idx` (`tabid`),
  KEY `field_fieldname_idx` (`fieldname`),
  KEY `field_block_idx` (`block`),
  KEY `field_displaytype_idx` (`displaytype`),
  CONSTRAINT `fk_1_vtiger_field` FOREIGN KEY (`tabid`) REFERENCES `vtiger_tab` (`tabid`) ON DELETE CASCADE
) ENGINE=InnoDB AUTO_INCREMENT=1897 DEFAULT CHARSET=utf8;

--
-- Dumping data for table `vtiger_field`
--



--
-- Table structure for table `vtiger_field_seq`
--

CREATE TABLE `vtiger_field_seq` (
  `id` int(11) NOT NULL
) ENGINE=InnoDB DEFAULT CHARSET=utf8;

--
-- Dumping data for table `vtiger_field_seq`
--

INSERT INTO `vtiger_field_seq` VALUES (1896);

--
-- Table structure for table `vtiger_fieldmodulerel`
--

CREATE TABLE `vtiger_fieldmodulerel` (
  `fieldid` int(11) NOT NULL,
  `module` varchar(100) NOT NULL,
  `relmodule` varchar(100) NOT NULL,
  `status` varchar(10) DEFAULT NULL,
  `sequence` int(11) DEFAULT NULL
) ENGINE=InnoDB DEFAULT CHARSET=utf8;

--
-- Dumping data for table `vtiger_fieldmodulerel`
--

INSERT INTO `vtiger_fieldmodulerel` VALUES (113,'Potentials','Accounts',NULL,0),(531,'ServiceContracts','Contacts',NULL,NULL),(531,'ServiceContracts','Accounts',NULL,NULL),(557,'PBXManager','Leads',NULL,NULL),(557,'PBXManager','Contacts',NULL,NULL),(557,'PBXManager','Accounts',NULL,NULL),(595,'Assets','Products',NULL,NULL),(601,'Assets','Invoice',NULL,NULL),(606,'Assets','Accounts',NULL,NULL),(607,'Assets','Contacts',NULL,NULL),(619,'ModComments','Leads',NULL,NULL),(619,'ModComments','Contacts',NULL,NULL),(619,'ModComments','Accounts',NULL,NULL),(621,'ModComments','ModComments',NULL,NULL),(619,'ModComments','Potentials',NULL,NULL),(625,'ProjectMilestone','Project',NULL,NULL),(639,'ProjectTask','Project',NULL,NULL),(619,'ModComments','ProjectTask',NULL,NULL),(660,'Project','Accounts',NULL,NULL),(660,'Project','Contacts',NULL,NULL),(619,'ModComments','Project',NULL,NULL),(676,'Invoice','Products',NULL,NULL),(676,'Invoice','Services',NULL,NULL),(685,'SalesOrder','Products',NULL,NULL),(685,'SalesOrder','Services',NULL,NULL),(694,'PurchaseOrder','Products',NULL,NULL),(694,'PurchaseOrder','Services',NULL,NULL),(703,'Quotes','Products',NULL,NULL),(703,'Quotes','Services',NULL,NULL),(714,'ModComments','Contacts',NULL,NULL),(619,'ModComments','HelpDesk',NULL,NULL),(619,'ModComments','Faq',NULL,NULL),(740,'Potentials','Contacts',NULL,NULL),(157,'HelpDesk','Accounts',NULL,NULL),(741,'HelpDesk','Contacts',NULL,NULL),(238,'Accounts','Calendar',NULL,NULL),(238,'Leads','Calendar',NULL,NULL),(238,'HelpDesk','Calendar',NULL,NULL),(238,'Campaigns','Calendar',NULL,NULL),(238,'Potentials','Calendar',NULL,NULL),(238,'PurchaseOrder','Calendar',NULL,NULL),(238,'SalesOrder','Calendar',NULL,NULL),(238,'Quotes','Calendar',NULL,NULL),(238,'Invoice','Calendar',NULL,NULL),(239,'Contacts','Calendar',NULL,NULL),(774,'Invoice','Potentials',NULL,NULL),(619,'ModComments','Invoice',NULL,NULL),(619,'ModComments','Quotes',NULL,NULL),(619,'ModComments','PurchaseOrder',NULL,NULL),(619,'ModComments','SalesOrder',NULL,NULL),(849,'Project','Potentials',NULL,NULL),(619,'ModComments','Facture',NULL,NULL),(238,'Facture','Calendar',NULL,NULL),(619,'ModComments','Dtailsfacture',NULL,NULL),(238,'Dtailsfacture','Calendar',NULL,NULL),(619,'ModComments','Factures',NULL,NULL),(238,'Factures','Calendar',NULL,NULL),(885,'Dtailsfacture','Invoice',NULL,NULL),(886,'Dtailsfacture','Invoice',NULL,NULL),(887,'Dtailsfacture','Factures',NULL,NULL),(619,'ModComments','FactureAnnuelle',NULL,NULL),(238,'FactureAnnuelle','Calendar',NULL,NULL),(619,'ModComments','FactureFourniture',NULL,NULL),(238,'FactureFourniture','Calendar',NULL,NULL),(619,'ModComments','FactureAcheminement',NULL,NULL),(238,'FactureAcheminement','Calendar',NULL,NULL),(238,'FactureAcheminement','Calendar',NULL,NULL),(1016,'FactureFourniture','FactureAnnuelle',NULL,NULL),(1017,'FactureAcheminement','FactureAnnuelle',NULL,NULL),(1154,'FactureAnnuelle','Accounts',NULL,NULL),(1155,'FactureFourniture','Accounts',NULL,NULL),(1156,'FactureAcheminement','Accounts',NULL,NULL),(619,'ModComments','FactureFourniAchemi',NULL,NULL),(238,'FactureFourniAchemi','Calendar',NULL,NULL),(238,'FactureFourniAchemi','Calendar',NULL,NULL),(1193,'FactureFourniAchemi','Accounts',NULL,NULL),(1222,'FactureFourniAchemi','FactureAnnuelle',NULL,NULL),(619,'ModComments','FactureAnnuelleGaz',NULL,NULL),(238,'FactureAnnuelleGaz','Calendar',NULL,NULL),(619,'ModComments','FactureFournitureGaz',NULL,NULL),(238,'FactureFournitureGaz','Calendar',NULL,NULL),(1321,'FactureFournitureGaz','Accounts',NULL,NULL),(1322,'FactureFournitureGaz','FactureAnnuelleGaz',NULL,NULL),(1387,'FactureAnnuelleGaz','Accounts',NULL,NULL),(619,'ModComments','ElecFourniture',NULL,NULL),(238,'ElecFourniture','Calendar',NULL,NULL),(619,'ModComments','ElecAcheminement',NULL,NULL),(238,'ElecAcheminement','Calendar',NULL,NULL),(619,'ModComments','ElecFourniAchemi',NULL,NULL),(238,'ElecFourniAchemi','Calendar',NULL,NULL),(619,'ModComments','GazFourniture',NULL,NULL),(238,'GazFourniture','Calendar',NULL,NULL),(1478,'ElecFourniture','Accounts',NULL,NULL),(1479,'ElecAcheminement','Accounts',NULL,NULL),(1480,'ElecFourniAchemi','Accounts',NULL,NULL),(1481,'GazFourniture','Accounts',NULL,NULL),(1654,'ElecFourniture','FactureAnnuelle',NULL,NULL),(1655,'ElecAcheminement','FactureAnnuelle',NULL,NULL),(1656,'ElecFourniAchemi','FactureAnnuelle',NULL,NULL),(1659,'GazFourniture','FactureAnnuelleGaz',NULL,NULL),(619,'ModComments','SIRET',NULL,NULL),(238,'SIRET','Calendar',NULL,NULL),(619,'ModComments','CodeNAF',NULL,NULL),(238,'CodeNAF','Calendar',NULL,NULL),(1808,'SIRET','CodeNAF',NULL,NULL),(1810,'Accounts','SIRET',NULL,NULL),(1811,'Accounts','CodeNAF',NULL,NULL),(619,'ModComments','Formesjuridiques',NULL,NULL),(238,'Formesjuridiques','Calendar',NULL,NULL);

--
-- Table structure for table `vtiger_formesjuridiques`
--

CREATE TABLE `vtiger_formesjuridiques` (
  `formesjuridiquesid` int(19) NOT NULL,
  `name` varchar(255) DEFAULT NULL,
  `formesjuridiquesno` varchar(100) DEFAULT NULL,
  `tags` varchar(1) DEFAULT NULL,
  PRIMARY KEY (`formesjuridiquesid`)
) ENGINE=InnoDB DEFAULT CHARSET=utf8;

--
-- Dumping data for table `vtiger_formesjuridiques`
--

INSERT INTO `vtiger_formesjuridiques` VALUES (40146,'0000','FO1',''),(40147,'1000','FO2',''),(40148,'2110','FO3',''),(40149,'2120','FO4',''),(40150,'2210','FO5',''),(40151,'2220','FO6',''),(40152,'2310','FO7',''),(40153,'2320','FO8',''),(40154,'2385','FO9',''),(40155,'2400','FO10',''),(40156,'2700','FO11',''),(40157,'2800','FO12',''),(40158,'2900','FO13',''),(40159,'3110','FO14',''),(40160,'3120','FO15',''),(40161,'3205','FO16',''),(40162,'3210','FO17',''),(40163,'3220','FO18',''),(40164,'3290','FO19',''),(40165,'4110','FO20',''),(40166,'4120','FO21',''),(40167,'4130','FO22',''),(40168,'4140','FO23',''),(40169,'4150','FO24',''),(40170,'4160','FO25',''),(40171,'5191','FO26',''),(40172,'5192','FO27',''),(40173,'5193','FO28',''),(40174,'5194','FO29',''),(40175,'5195','FO30',''),(40176,'5196','FO31',''),(40177,'5202','FO32',''),(40178,'5203','FO33',''),(40179,'5306','FO34',''),(40180,'5307','FO35',''),(40181,'5308','FO36',''),(40182,'5309','FO37',''),(40183,'5310','FO38',''),(40184,'5370','FO39',''),(40185,'5385','FO40',''),(40186,'5410','FO41',''),(40187,'5415','FO42',''),(40188,'5422','FO43',''),(40189,'5426','FO44',''),(40190,'5430','FO45',''),(40191,'5431','FO46',''),(40192,'5432','FO47',''),(40193,'5442','FO48',''),(40194,'5443','FO49',''),(40195,'5451','FO50',''),(40196,'5453','FO51',''),(40197,'5454','FO52',''),(40198,'5455','FO53',''),(40199,'5458','FO54',''),(40200,'5459','FO55',''),(40201,'5460','FO56',''),(40202,'5470','FO57',''),(40203,'5485','FO58',''),(40204,'5499','FO59',''),(40205,'5505','FO60',''),(40206,'5510','FO61',''),(40207,'5515','FO62',''),(40208,'5520','FO63',''),(40209,'5522','FO64',''),(40210,'5525','FO65',''),(40211,'5530','FO66',''),(40212,'5531','FO67',''),(40213,'5532','FO68',''),(40214,'5542','FO69',''),(40215,'5543','FO70',''),(40216,'5546','FO71',''),(40217,'5547','FO72',''),(40218,'5548','FO73',''),(40219,'5551','FO74',''),(40220,'5552','FO75',''),(40221,'5553','FO76',''),(40222,'5554','FO77',''),(40223,'5555','FO78',''),(40224,'5558','FO79',''),(40225,'5559','FO80',''),(40226,'5560','FO81',''),(40227,'5570','FO82',''),(40228,'5585','FO83',''),(40229,'5599','FO84',''),(40230,'5605','FO85',''),(40231,'5610','FO86',''),(40232,'5615','FO87',''),(40233,'5620','FO88',''),(40234,'5622','FO89',''),(40235,'5625','FO90',''),(40236,'5630','FO91',''),(40237,'5631','FO92',''),(40238,'5632','FO93',''),(40239,'5642','FO94',''),(40240,'5643','FO95',''),(40241,'5646','FO96',''),(40242,'5647','FO97',''),(40243,'5648','FO98',''),(40244,'5651','FO99',''),(40245,'5652','FO100',''),(40246,'5653','FO101',''),(40247,'5654','FO102',''),(40248,'5655','FO103',''),(40249,'5658','FO104',''),(40250,'5659','FO105',''),(40251,'5660','FO106',''),(40252,'5670','FO107',''),(40253,'5685','FO108',''),(40254,'5699','FO109',''),(40255,'5710','FO110',''),(40256,'5770','FO111',''),(40257,'5785','FO112',''),(40258,'5800','FO113',''),(40259,'6100','FO114',''),(40260,'6210','FO115',''),(40261,'6220','FO116',''),(40262,'6316','FO117',''),(40263,'6317','FO118',''),(40264,'6318','FO119',''),(40265,'6411','FO120',''),(40266,'6511','FO121',''),(40267,'6521','FO122',''),(40268,'6532','FO123',''),(40269,'6533','FO124',''),(40270,'6534','FO125',''),(40271,'6535','FO126',''),(40272,'6536','FO127',''),(40273,'6537','FO128',''),(40274,'6538','FO129',''),(40275,'6539','FO130',''),(40276,'6540','FO131',''),(40277,'6541','FO132',''),(40278,'6542','FO133',''),(40279,'6543','FO134',''),(40280,'6544','FO135',''),(40281,'6551','FO136',''),(40282,'6554','FO137',''),(40283,'6558','FO138',''),(40284,'6560','FO139',''),(40285,'6561','FO140',''),(40286,'6562','FO141',''),(40287,'6563','FO142',''),(40288,'6564','FO143',''),(40289,'6565','FO144',''),(40290,'6566','FO145',''),(40291,'6567','FO146',''),(40292,'6568','FO147',''),(40293,'6569','FO148',''),(40294,'6571','FO149',''),(40295,'6572','FO150',''),(40296,'6573','FO151',''),(40297,'6574','FO152',''),(40298,'6575','FO153',''),(40299,'6576','FO154',''),(40300,'6577','FO155',''),(40301,'6578','FO156',''),(40302,'6585','FO157',''),(40303,'6589','FO158',''),(40304,'6595','FO159',''),(40305,'6596','FO160',''),(40306,'6597','FO161',''),(40307,'6598','FO162',''),(40308,'6599','FO163',''),(40309,'6901','FO164',''),(40310,'7111','FO165',''),(40311,'7112','FO166',''),(40312,'7113','FO167',''),(40313,'7120','FO168',''),(40314,'7150','FO169',''),(40315,'7160','FO170',''),(40316,'7171','FO171',''),(40317,'7172','FO172',''),(40318,'7179','FO173',''),(40319,'7190','FO174',''),(40320,'7210','FO175',''),(40321,'7220','FO176',''),(40322,'7225','FO177',''),(40323,'7229','FO178',''),(40324,'7230','FO179',''),(40325,'7312','FO180',''),(40326,'7313','FO181',''),(40327,'7314','FO182',''),(40328,'7321','FO183',''),(40329,'7322','FO184',''),(40330,'7323','FO185',''),(40331,'7331','FO186',''),(40332,'7340','FO187',''),(40333,'7341','FO188',''),(40334,'7342','FO189',''),(40335,'7343','FO190',''),(40336,'7344','FO191',''),(40337,'7345','FO192',''),(40338,'7346','FO193',''),(40339,'7347','FO194',''),(40340,'7348','FO195',''),(40341,'7349','FO196',''),(40342,'7351','FO197',''),(40343,'7352','FO198',''),(40344,'7353','FO199',''),(40345,'7354','FO200',''),(40346,'7355','FO201',''),(40347,'7356','FO202',''),(40348,'7357','FO203',''),(40349,'7361','FO204',''),(40350,'7362','FO205',''),(40351,'7363','FO206',''),(40352,'7364','FO207',''),(40353,'7365','FO208',''),(40354,'7366','FO209',''),(40355,'7367','FO210',''),(40356,'7371','FO211',''),(40357,'7372','FO212',''),(40358,'7373','FO213',''),(40359,'7378','FO214',''),(40360,'7379','FO215',''),(40361,'7381','FO216',''),(40362,'7382','FO217',''),(40363,'7383','FO218',''),(40364,'7384','FO219',''),(40365,'7385','FO220',''),(40366,'7389','FO221',''),(40367,'7410','FO222',''),(40368,'7430','FO223',''),(40369,'7450','FO224',''),(40370,'7470','FO225',''),(40371,'7490','FO226',''),(40372,'8110','FO227',''),(40373,'8120','FO228',''),(40374,'8130','FO229',''),(40375,'8140','FO230',''),(40376,'8150','FO231',''),(40377,'8160','FO232',''),(40378,'8170','FO233',''),(40379,'8190','FO234',''),(40380,'8210','FO235',''),(40381,'8250','FO236',''),(40382,'8290','FO237',''),(40383,'8310','FO238',''),(40384,'8311','FO239',''),(40385,'8410','FO240',''),(40386,'8420','FO241',''),(40387,'8450','FO242',''),(40388,'8470','FO243',''),(40389,'8490','FO244',''),(40390,'8510','FO245',''),(40391,'8520','FO246',''),(40392,'9110','FO247',''),(40393,'9150','FO248',''),(40394,'9210','FO249',''),(40395,'9220','FO250',''),(40396,'9221','FO251',''),(40397,'9222','FO252',''),(40398,'9223','FO253',''),(40399,'9224','FO254',''),(40400,'9230','FO255',''),(40401,'9240','FO256',''),(40402,'9260','FO257',''),(40403,'9300','FO258',''),(40404,'9900','FO259',''),(40405,'9970','FO260','');

--
-- Table structure for table `vtiger_formesjuridiquescf`
--

CREATE TABLE `vtiger_formesjuridiquescf` (
  `formesjuridiquesid` int(19) NOT NULL,
  `cf_1889` varchar(255) DEFAULT '',
  `cf_1891` varchar(255) DEFAULT '',
  PRIMARY KEY (`formesjuridiquesid`)
) ENGINE=InnoDB DEFAULT CHARSET=utf8;

--
-- Dumping data for table `vtiger_formesjuridiquescf`
--

INSERT INTO `vtiger_formesjuridiquescf` VALUES (40146,'Organisme de placement collectif en valeurs mobilières sans personnalité morale','Organisme de placement collectif en valeurs mobilières sans personnalité morale'),(40147,'Entrepreneur individuel','Entrepreneur individuel'),(40148,'Indivision entre personnes physiques','Indivision'),(40149,'Indivision avec personne morale','Indivision'),(40150,'Société créée de fait entre personnes physiques','Société créée de fait'),(40151,'Société créée de fait avec personne morale','Société créée de fait'),(40152,'Société en participation entre personnes physiques','Société en participation'),(40153,'Société en participation avec personne morale','Société en participation'),(40154,'Société en participation de professions libérales','Société en participation'),(40155,'Fiducie','Fiducie'),(40156,'Paroisse hors zone concordataire','Paroisse hors zone concordataire'),(40157,'Assujetti unique à la TVA','Assujetti unique à la TVA'),(40158,'Autre groupement de droit privé non doté de la personnalité morale','Autre groupement de droit privé non doté de la personnalité morale'),(40159,'Représentation ou agence commerciale d\'état ou organisme public étranger immatriculé au RCS','Personne morale de droit étranger, immatriculée au RCS (registre du commerce et des sociétés)'),(40160,'Société commerciale étrangère immatriculée au RCS','Personne morale de droit étranger, immatriculée au RCS (registre du commerce et des sociétés)'),(40161,'Organisation internationale','Personne morale de droit étranger, non immatriculée au RCS'),(40162,'État, collectivité ou établissement public étranger','Personne morale de droit étranger, non immatriculée au RCS'),(40163,'Société étrangère non immatriculée au RCS','Personne morale de droit étranger, non immatriculée au RCS'),(40164,'Autre personne morale de droit étranger','Personne morale de droit étranger, non immatriculée au RCS'),(40165,'Établissement public national à caractère industriel ou commercial doté d\'un comptable public','Etablissement public ou régie à caractère industriel ou commercial'),(40166,'Établissement public national à caractère industriel ou commercial non doté d\'un comptable public','Etablissement public ou régie à caractère industriel ou commercial'),(40167,'Exploitant public','Etablissement public ou régie à caractère industriel ou commercial'),(40168,'Établissement public local à caractère industriel ou commercial','Etablissement public ou régie à caractère industriel ou commercial'),(40169,'Régie d\'une collectivité locale à caractère industriel ou commercial','Etablissement public ou régie à caractère industriel ou commercial'),(40170,'Institution Banque de France','Etablissement public ou régie à caractère industriel ou commercial'),(40171,'Société de caution mutuelle','Société coopérative commerciale particulière'),(40172,'Société coopérative de banque populaire','Société coopérative commerciale particulière'),(40173,'Caisse de crédit maritime mutuel','Société coopérative commerciale particulière'),(40174,'Caisse (fédérale) de crédit mutuel','Société coopérative commerciale particulière'),(40175,'Association coopérative inscrite (droit local Alsace Moselle)','Société coopérative commerciale particulière'),(40176,'Caisse d\'épargne et de prévoyance à forme coopérative','Société coopérative commerciale particulière'),(40177,'Société en nom collectif','Société en nom collectif'),(40178,'Société en nom collectif coopérative','Société en nom collectif'),(40179,'Société en commandite simple','Société en commandite'),(40180,'Société en commandite simple coopérative','Société en commandite'),(40181,'Société en commandite par actions','Société en commandite'),(40182,'Société en commandite par actions coopérative','Société en commandite'),(40183,'Société en libre partenariat (SLP)','Société en commandite'),(40184,'Société de Participations Financières de Profession Libérale Société en commandite par actions (SPFPL SCA)','Société en commandite'),(40185,'Société d\'exercice libéral en commandite par actions','Société en commandite'),(40186,'SARL nationale','Société à responsabilité limitée (SARL)'),(40187,'SARL d\'économie mixte','Société à responsabilité limitée (SARL)'),(40188,'SARL immobilière pour le commerce et l\'industrie (SICOMI)','Société à responsabilité limitée (SARL)'),(40189,'SARL immobilière de gestion','Société à responsabilité limitée (SARL)'),(40190,'SARL d\'aménagement foncier et d\'équipement rural (SAFER)','Société à responsabilité limitée (SARL)'),(40191,'SARL mixte d\'intérêt agricole (SMIA)','Société à responsabilité limitée (SARL)'),(40192,'SARL d\'intérêt collectif agricole (SICA)','Société à responsabilité limitée (SARL)'),(40193,'SARL d\'attribution','Société à responsabilité limitée (SARL)'),(40194,'SARL coopérative de construction','Société à responsabilité limitée (SARL)'),(40195,'SARL coopérative de consommation','Société à responsabilité limitée (SARL)'),(40196,'SARL coopérative artisanale','Société à responsabilité limitée (SARL)'),(40197,'SARL coopérative d\'intérêt maritime','Société à responsabilité limitée (SARL)'),(40198,'SARL coopérative de transport','Société à responsabilité limitée (SARL)'),(40199,'SARL coopérative de production (SCOP)','Société à responsabilité limitée (SARL)'),(40200,'SARL union de sociétés coopératives','Société à responsabilité limitée (SARL)'),(40201,'Autre SARL coopérative','Société à responsabilité limitée (SARL)'),(40202,'Société de Participations Financières de Profession Libérale Société à responsabilité limitée (SPFPL SARL)','Société à responsabilité limitée (SARL)'),(40203,'Société d\'exercice libéral à responsabilité limitée','Société à responsabilité limitée (SARL)'),(40204,'Société à responsabilité limitée (sans autre indication)','Société à responsabilité limitée (SARL)'),(40205,'SA à participation ouvrière à conseil d\'administration','Société anonyme à conseil d\'administration'),(40206,'SA nationale à conseil d\'administration','Société anonyme à conseil d\'administration'),(40207,'SA d\'économie mixte à conseil d\'administration','Société anonyme à conseil d\'administration'),(40208,'Fonds à forme sociétale à conseil d\'administration','Société anonyme à conseil d\'administration'),(40209,'SA immobilière pour le commerce et l\'industrie (SICOMI) à conseil d\'administration','Société anonyme à conseil d\'administration'),(40210,'SA immobilière d\'investissement à conseil d\'administration','Société anonyme à conseil d\'administration'),(40211,'SA d\'aménagement foncier et d\'équipement rural (SAFER) à conseil d\'administration','Société anonyme à conseil d\'administration'),(40212,'Société anonyme mixte d\'intérêt agricole (SMIA) à conseil d\'administration','Société anonyme à conseil d\'administration'),(40213,'SA d\'intérêt collectif agricole (SICA) à conseil d\'administration','Société anonyme à conseil d\'administration'),(40214,'SA d\'attribution à conseil d\'administration','Société anonyme à conseil d\'administration'),(40215,'SA coopérative de construction à conseil d\'administration','Société anonyme à conseil d\'administration'),(40216,'SA de HLM à conseil d\'administration','Société anonyme à conseil d\'administration'),(40217,'SA coopérative de production de HLM à conseil d\'administration','Société anonyme à conseil d\'administration'),(40218,'SA de crédit immobilier à conseil d\'administration','Société anonyme à conseil d\'administration'),(40219,'SA coopérative de consommation à conseil d\'administration','Société anonyme à conseil d\'administration'),(40220,'SA coopérative de commerçants-détaillants à conseil d\'administration','Société anonyme à conseil d\'administration'),(40221,'SA coopérative artisanale à conseil d\'administration','Société anonyme à conseil d\'administration'),(40222,'SA coopérative (d\'intérêt) maritime à conseil d\'administration','Société anonyme à conseil d\'administration'),(40223,'SA coopérative de transport à conseil d\'administration','Société anonyme à conseil d\'administration'),(40224,'SA coopérative de production  (SCOP) à conseil d\'administration','Société anonyme à conseil d\'administration'),(40225,'SA union de sociétés coopératives à conseil d\'administration','Société anonyme à conseil d\'administration'),(40226,'Autre SA coopérative à conseil d\'administration','Société anonyme à conseil d\'administration'),(40227,'Société de Participations Financières de Profession Libérale Société anonyme à conseil d\'administration (SPFPL SA à conseil d\'administration)','Société anonyme à conseil d\'administration'),(40228,'Société d\'exercice libéral à forme anonyme à conseil d\'administration','Société anonyme à conseil d\'administration'),(40229,'SA à conseil d\'administration (s.a.i.)','Société anonyme à conseil d\'administration'),(40230,'SA à participation ouvrière à directoire','Société anonyme à directoire'),(40231,'SA nationale à directoire','Société anonyme à directoire'),(40232,'SA d\'économie mixte à directoire','Société anonyme à directoire'),(40233,'Fonds à forme sociétale à directoire','Société anonyme à directoire'),(40234,'SA immobilière pour le commerce et l\'industrie (SICOMI) à directoire','Société anonyme à directoire'),(40235,'SA immobilière d\'investissement à directoire','Société anonyme à directoire'),(40236,'Safer anonyme à directoire','Société anonyme à directoire'),(40237,'SA mixte d\'intérêt agricole (SMIA)','Société anonyme à directoire'),(40238,'SA d\'intérêt collectif agricole (SICA)','Société anonyme à directoire'),(40239,'SA d\'attribution à directoire','Société anonyme à directoire'),(40240,'SA coopérative de construction à directoire','Société anonyme à directoire'),(40241,'SA de HLM à directoire','Société anonyme à directoire'),(40242,'Société coopérative de production de HLM anonyme à directoire','Société anonyme à directoire'),(40243,'SA de crédit immobilier à directoire','Société anonyme à directoire'),(40244,'SA coopérative de consommation à directoire','Société anonyme à directoire'),(40245,'SA coopérative de commerçants-détaillants à directoire','Société anonyme à directoire'),(40246,'SA coopérative artisanale à directoire','Société anonyme à directoire'),(40247,'SA coopérative d\'intérêt maritime à directoire','Société anonyme à directoire'),(40248,'SA coopérative de transport à directoire','Société anonyme à directoire'),(40249,'SA coopérative de production (SCOP) à directoire','Société anonyme à directoire'),(40250,'SA union de sociétés coopératives à directoire','Société anonyme à directoire'),(40251,'Autre SA coopérative à directoire','Société anonyme à directoire'),(40252,'Société de Participations Financières de Profession Libérale Société anonyme à Directoire (SPFPL SA à directoire)','Société anonyme à directoire'),(40253,'Société d\'exercice libéral à forme anonyme à directoire','Société anonyme à directoire'),(40254,'SA à directoire (s.a.i.)','Société anonyme à directoire'),(40255,'SAS, société par actions simplifiée','Société par actions simplifiée'),(40256,'Société de Participations Financières de Profession Libérale Société par actions simplifiée (SPFPL SAS)','Société par actions simplifiée'),(40257,'Société d\'exercice libéral par action simplifiée','Société par actions simplifiée'),(40258,'Société européenne','Société européenne'),(40259,'Caisse d\'Épargne et de Prévoyance','Caisse d\'épargne et de prévoyance'),(40260,'Groupement européen d\'intérêt économique (GEIE)','Groupement d\'intérêt économique'),(40261,'Groupement d\'intérêt économique (GIE)','Groupement d\'intérêt économique'),(40262,'Coopérative d\'utilisation de matériel agricole en commun (CUMA)','Société coopérative agricole'),(40263,'Société coopérative agricole','Société coopérative agricole'),(40264,'Union de sociétés coopératives agricoles','Société coopérative agricole'),(40265,'Société d\'assurance à forme mutuelle','Société d\'assurance mutuelle'),(40266,'Sociétés Interprofessionnelles de Soins Ambulatoires ','Société civile'),(40267,'Société civile de placement collectif immobilier (SCPI)','Société civile'),(40268,'Société civile d\'intérêt collectif agricole (SICA)','Société civile'),(40269,'Groupement agricole d\'exploitation en commun (GAEC)','Société civile'),(40270,'Groupement foncier agricole','Société civile'),(40271,'Groupement agricole foncier','Société civile'),(40272,'Groupement forestier','Société civile'),(40273,'Groupement pastoral','Société civile'),(40274,'Groupement foncier et rural','Société civile'),(40275,'Société civile foncière','Société civile'),(40276,'Société civile immobilière','Société civile'),(40277,'Société civile immobilière de construction-vente','Société civile'),(40278,'Société civile d\'attribution','Société civile'),(40279,'Société civile coopérative de construction','Société civile'),(40280,'Société civile immobilière d\' accession progressive à la propriété','Société civile'),(40281,'Société civile coopérative de consommation','Société civile'),(40282,'Société civile coopérative d\'intérêt maritime','Société civile'),(40283,'Société civile coopérative entre médecins','Société civile'),(40284,'Autre société civile coopérative','Société civile'),(40285,'SCP d\'avocats','Société civile'),(40286,'SCP d\'avocats aux conseils','Société civile'),(40287,'SCP d\'avoués d\'appel','Société civile'),(40288,'SCP d\'huissiers','Société civile'),(40289,'SCP de notaires','Société civile'),(40290,'SCP de commissaires-priseurs','Société civile'),(40291,'SCP de greffiers de tribunal de commerce','Société civile'),(40292,'SCP de conseils juridiques','Société civile'),(40293,'SCP de commissaires aux comptes','Société civile'),(40294,'SCP de médecins','Société civile'),(40295,'SCP de dentistes','Société civile'),(40296,'SCP d\'infirmiers','Société civile'),(40297,'SCP de masseurs-kinésithérapeutes','Société civile'),(40298,'SCP de directeurs de laboratoire d\'analyse médicale','Société civile'),(40299,'SCP de vétérinaires','Société civile'),(40300,'SCP de géomètres experts','Société civile'),(40301,'SCP d\'architectes','Société civile'),(40302,'Autre société civile professionnelle','Société civile'),(40303,'Société civile de moyens','Société civile'),(40304,'Caisse locale de crédit mutuel','Société civile'),(40305,'Caisse de crédit agricole mutuel','Société civile'),(40306,'Société civile d\'exploitation agricole','Société civile'),(40307,'Exploitation agricole à responsabilité limitée','Société civile'),(40308,'Autre société civile','Société civile'),(40309,'Autre personne de droit privé inscrite au registre du commerce et des sociétés','Autre personne morale de droit privé inscrite au registre du commerce et des sociétés'),(40310,'Autorité constitutionnelle','Administration de l\'état'),(40311,'Autorité administrative ou publique indépendante','Administration de l\'état'),(40312,'Ministère','Administration de l\'état'),(40313,'Service central d\'un ministère','Administration de l\'état'),(40314,'Service du ministère de la Défense','Administration de l\'état'),(40315,'Service déconcentré à compétence nationale d\'un ministère (hors Défense)','Administration de l\'état'),(40316,'Service déconcentré de l\'État à compétence (inter) régionale','Administration de l\'état'),(40317,'Service déconcentré de l\'État à compétence (inter) départementale','Administration de l\'état'),(40318,'(Autre) Service déconcentré de l\'État à compétence territoriale','Administration de l\'état'),(40319,'Ecole nationale non dotée de la personnalité morale','Administration de l\'état'),(40320,'Commune et commune nouvelle','Collectivité territoriale'),(40321,'Département','Collectivité territoriale'),(40322,'Collectivité et territoire d\'Outre Mer','Collectivité territoriale'),(40323,'(Autre) Collectivité territoriale','Collectivité territoriale'),(40324,'Région','Collectivité territoriale'),(40325,'Commune associée et commune déléguée','Etablissement public administratif'),(40326,'Section de commune','Etablissement public administratif'),(40327,'Ensemble urbain','Etablissement public administratif'),(40328,'Association syndicale autorisée','Etablissement public administratif'),(40329,'Association foncière urbaine','Etablissement public administratif'),(40330,'Association foncière de remembrement','Etablissement public administratif'),(40331,'Établissement public local d\'enseignement','Etablissement public administratif'),(40332,'Pôle métropolitain','Etablissement public administratif'),(40333,'Secteur de commune','Etablissement public administratif'),(40334,'District urbain','Etablissement public administratif'),(40335,'Communauté urbaine','Etablissement public administratif'),(40336,'Métropole','Etablissement public administratif'),(40337,'Syndicat intercommunal à vocation multiple (SIVOM)','Etablissement public administratif'),(40338,'Communauté de communes','Etablissement public administratif'),(40339,'Communauté de villes','Etablissement public administratif'),(40340,'Communauté d\'agglomération','Etablissement public administratif'),(40341,'Autre établissement public local de coopération non spécialisé ou entente','Etablissement public administratif'),(40342,'Institution interdépartementale ou entente','Etablissement public administratif'),(40343,'Institution interrégionale ou entente','Etablissement public administratif'),(40344,'Syndicat intercommunal à vocation unique (SIVU)','Etablissement public administratif'),(40345,'Syndicat mixte fermé','Etablissement public administratif'),(40346,'Syndicat mixte ouvert','Etablissement public administratif'),(40347,'Commission syndicale pour la gestion des biens indivis des communes','Etablissement public administratif'),(40348,'Pôle d\'équilibre territorial et rural (PETR)','Etablissement public administratif'),(40349,'Centre communal d\'action sociale','Etablissement public administratif'),(40350,'Caisse des écoles','Etablissement public administratif'),(40351,'Caisse de crédit municipal','Etablissement public administratif'),(40352,'Établissement d\'hospitalisation','Etablissement public administratif'),(40353,'Syndicat inter hospitalier','Etablissement public administratif'),(40354,'Établissement public local social et médico-social','Etablissement public administratif'),(40355,'Centre Intercommunal d\'action sociale (CIAS)','Etablissement public administratif'),(40356,'Office public d\'habitation à loyer modéré (OPHLM)','Etablissement public administratif'),(40357,'Service départemental d\'incendie et de secours (SDIS)','Etablissement public administratif'),(40358,'Établissement public local culturel','Etablissement public administratif'),(40359,'Régie d\'une collectivité locale à caractère administratif','Etablissement public administratif'),(40360,'(Autre) Établissement public administratif local','Etablissement public administratif'),(40361,'Organisme consulaire','Etablissement public administratif'),(40362,'Établissement public national ayant fonction d\'administration centrale','Etablissement public administratif'),(40363,'Établissement public national à caractère scientifique culturel et professionnel','Etablissement public administratif'),(40364,'Autre établissement public national d\'enseignement','Etablissement public administratif'),(40365,'Autre établissement public national administratif à compétence territoriale limitée','Etablissement public administratif'),(40366,'Établissement public national à caractère administratif','Etablissement public administratif'),(40367,'Groupement d\'intérêt public (GIP)','Autre personne morale de droit public administratif'),(40368,'Établissement public des cultes d\'Alsace-Lorraine','Autre personne morale de droit public administratif'),(40369,'Etablissement public administratif, cercle et foyer dans les armées','Autre personne morale de droit public administratif'),(40370,'Groupement de coopération sanitaire à gestion publique','Autre personne morale de droit public administratif'),(40371,'Autre personne morale de droit administratif','Autre personne morale de droit public administratif'),(40372,'Régime général de la Sécurité Sociale','Organisme gérant un régime de protection sociale à adhésion obligatoire'),(40373,'Régime spécial de Sécurité Sociale','Organisme gérant un régime de protection sociale à adhésion obligatoire'),(40374,'Institution de retraite complémentaire','Organisme gérant un régime de protection sociale à adhésion obligatoire'),(40375,'Mutualité sociale agricole','Organisme gérant un régime de protection sociale à adhésion obligatoire'),(40376,'Régime maladie des non-salariés non agricoles','Organisme gérant un régime de protection sociale à adhésion obligatoire'),(40377,'Régime vieillesse ne dépendant pas du régime général de la Sécurité Sociale','Organisme gérant un régime de protection sociale à adhésion obligatoire'),(40378,'Régime d\'assurance chômage','Organisme gérant un régime de protection sociale à adhésion obligatoire'),(40379,'Autre régime de prévoyance sociale','Organisme gérant un régime de protection sociale à adhésion obligatoire'),(40380,'Mutuelle','Organisme mutualiste'),(40381,'Assurance mutuelle agricole','Organisme mutualiste'),(40382,'Autre organisme mutualiste','Organisme mutualiste'),(40383,'Comité social économique d’entreprise','Comité d\'entreprise'),(40384,'Comité social économique d\'établissement','Comité d\'entreprise'),(40385,'Syndicat de salariés','Organisme professionnel'),(40386,'Syndicat patronal','Organisme professionnel'),(40387,'Ordre professionnel ou assimilé','Organisme professionnel'),(40388,'Centre technique industriel ou comité professionnel du développement économique','Organisme professionnel'),(40389,'Autre organisme professionnel','Organisme professionnel'),(40390,'Institution de prévoyance','Organisme de retraite à adhésion non obligatoire'),(40391,'Institution de retraite supplémentaire','Organisme de retraite à adhésion non obligatoire'),(40392,'Syndicat de copropriété','Syndicat de propriétaires'),(40393,'Association syndicale libre','Syndicat de propriétaires'),(40394,'Association non déclarée','Association loi 1901 ou assimilé'),(40395,'Association déclarée','Association loi 1901 ou assimilé'),(40396,'Association déclarée d\'insertion par l\'économique','Association loi 1901 ou assimilé'),(40397,'Association intermédiaire','Association loi 1901 ou assimilé'),(40398,'Groupement d\'employeurs','Association loi 1901 ou assimilé'),(40399,'Association d\'avocats à responsabilité professionnelle individuelle','Association loi 1901 ou assimilé'),(40400,'Association déclarée, reconnue d\'utilité publique','Association loi 1901 ou assimilé'),(40401,'Congrégation','Association loi 1901 ou assimilé'),(40402,'Association de droit local (Bas-Rhin, Haut-Rhin et Moselle)','Association loi 1901 ou assimilé'),(40403,'Fondation','Fondation'),(40404,'Autre personne morale de droit privé','Autre personne morale de droit privé'),(40405,'Groupement de coopération sanitaire à gestion privée','Autre personne morale de droit privé');

--
-- Table structure for table `vtiger_freetagged_objects`
--

CREATE TABLE `vtiger_freetagged_objects` (
  `tag_id` int(20) NOT NULL DEFAULT '0',
  `tagger_id` int(20) NOT NULL DEFAULT '0',
  `object_id` int(20) NOT NULL DEFAULT '0',
  `tagged_on` timestamp NOT NULL DEFAULT CURRENT_TIMESTAMP,
  `module` varchar(100) DEFAULT NULL,
  PRIMARY KEY (`tag_id`,`tagger_id`,`object_id`),
  KEY `freetagged_objects_tag_id_tagger_id_object_id_idx` (`tag_id`,`tagger_id`,`object_id`)
) ENGINE=InnoDB DEFAULT CHARSET=utf8;

--
-- Dumping data for table `vtiger_freetagged_objects`
--


--
-- Table structure for table `vtiger_freetags`
--

CREATE TABLE `vtiger_freetags` (
  `id` int(19) NOT NULL,
  `tag` varchar(50) NOT NULL DEFAULT '',
  `raw_tag` varchar(50) NOT NULL DEFAULT '',
  `visibility` varchar(100) NOT NULL DEFAULT 'PRIVATE',
  `owner` int(19) NOT NULL,
  PRIMARY KEY (`id`)
) ENGINE=InnoDB DEFAULT CHARSET=utf8;

--
-- Dumping data for table `vtiger_freetags`
--


--
-- Table structure for table `vtiger_freetags_seq`
--

CREATE TABLE `vtiger_freetags_seq` (
  `id` int(11) NOT NULL
) ENGINE=InnoDB DEFAULT CHARSET=utf8;

--
-- Dumping data for table `vtiger_freetags_seq`
--

INSERT INTO `vtiger_freetags_seq` VALUES (1);

--
-- Table structure for table `vtiger_gazfourniture`
--

CREATE TABLE `vtiger_gazfourniture` (
  `gazfournitureid` int(19) NOT NULL,
  `name` varchar(255) DEFAULT NULL,
  `gazfournitureno` varchar(100) DEFAULT NULL,
  `tags` varchar(1) DEFAULT NULL,
  `cf_accounts_id` int(19) DEFAULT NULL,
  `cf_factureannuellegaz_id` int(19) DEFAULT NULL,
  PRIMARY KEY (`gazfournitureid`),
  KEY `cf_accounts_id_index` (`cf_accounts_id`) USING BTREE,
  KEY `cf_factureannuellegaz_id_index` (`cf_factureannuellegaz_id`) USING BTREE
) ENGINE=InnoDB DEFAULT CHARSET=utf8;

--
-- Dumping data for table `vtiger_gazfourniture`
--

INSERT INTO `vtiger_gazfourniture` VALUES (20425,'novasep fac engie 012022_153336','GA1','',0,0),(20426,'novasep fac engie 022022_153337','GA2','',0,0),(20427,'novasep fac engie 032022_153338','GA3','',0,0),(20428,'novasep fac engie 042022_153339','GA4','',0,0),(20429,'novasep fac engie 052022_153340','GA5','',0,0),(20430,'novasep fac engie 062022_153341','GA6','',0,0),(20431,'novasep fac engie 072022_153342','GA7','',0,0),(20432,'novasep fac engie 082022_153343','GA8','',0,0),(20433,'novasep fac engie 092022_153344','GA9','',0,0),(20434,'novasep fac engie 102022_153345','GA10','',0,0),(20435,'novasep fac engie 112022_153346','GA11','',0,0),(20436,'novasep fac engie 122022_153347','GA12','',0,0),(21168,'testgazv5abdou_0','GA13','',0,0),(21169,'072021 94935824_134897','GA14','',0,0),(21170,'7. facture gaz 2021 lejay lagoutepartie9_134898','GA15','',0,0),(21171,'axpo 04 2021_134899','GA16','',0,0),(21172,'endesa samin 03.2021_134900','GA17','',0,0),(21173,'engie 02 2022 vdl -  gaz_134901','GA18','',0,0),(21174,'iberdrola gaz mars 2021_134902','GA19','',0,0),(21199,'gaz engie 2021_0','GA20','',0,0),(21200,'202101_135539','GA21','',0,0),(21201,'202102_135541','GA22','',0,0),(21202,'202103_135543','GA23','',0,0),(21203,'202104_135545','GA24','',0,0),(21204,'202105_135547','GA25','',0,0),(21205,'202106_135549','GA26','',0,0),(21206,'202107_135551','GA27','',0,0),(21207,'202108_135553','GA28','',0,0),(21208,'202109_135555','GA29','',0,0),(21209,'202110_135557','GA30','',0,0),(21210,'202111_135559','GA31','',0,0),(21211,'202112_135561','GA32','',0,0),(21212,'gaz endesa 2021_0','GA33','',0,0),(21213,'2021-01_135563','GA34','',0,0),(21214,'2021-02_135565','GA35','',0,0),(21215,'2021-03_135567','GA36','',0,0),(21216,'2021-04_135571','GA37','',0,0),(21217,'2021-05_135574','GA38','',0,0),(21218,'2021-06_135577','GA39','',0,0),(21219,'2021-07_135580','GA40','',0,0),(21220,'2021-08_135583','GA41','',0,0),(21221,'2021-09_135586','GA42','',0,0),(21222,'2021-10_135589','GA43','',0,0),(21223,'2021-11_135592','GA44','',0,0),(21224,'2021-12_135595','GA45','',0,0),(21225,'gaz axpo 2021_0','GA46','',0,0),(21226,'gaz alpiq 2020_0','GA47','',0,0),(21227,'gaz edf 2020_0','GA48','',0,0),(21228,'axpo 01 2021_135597','GA49','',0,0),(21229,'axpo 02 2021_135601','GA50','',0,0),(21230,'axpo 03 2021_135604','GA51','',0,0),(21231,'axpo 04 2021_135607','GA52','',0,0),(21232,'axpo 05 2021_135610','GA53','',0,0),(21233,'axpo 06 2021_135613','GA54','',0,0),(21234,'axpo 07 2021_135616','GA55','',0,0),(21235,'axpo 08 2021_135619','GA56','',0,0),(21236,'axpo 09 2021_135622','GA57','',0,0),(21237,'axpo 10 2021_135625','GA58','',0,0),(21238,'axpo 11 2021_135628','GA59','',0,0),(21239,'axpo 12 2021_135631','GA60','',0,0),(21240,'factures gaz 2020 - pmc pitpartie1_135634','GA61','',0,0),(21241,'factures gaz 2020 - pmc pitpartie10_135636','GA62','',0,0),(21242,'factures gaz 2020 - pmc pitpartie11_135640','GA63','',0,0),(21243,'factures gaz 2020 - pmc pitpartie12_135643','GA64','',0,0),(21244,'factures gaz 2020 - pmc pitpartie2_135645','GA65','',0,0),(21245,'factures gaz 2020 - pmc pitpartie3_135649','GA66','',0,0),(21246,'factures gaz 2020 - pmc pitpartie4_135651','GA67','',0,0),(21247,'factures gaz 2020 - pmc pitpartie5_135654','GA68','',0,0),(21248,'factures gaz 2020 - pmc pitpartie6_135657','GA69','',0,0),(21249,'factures gaz 2020 - pmc pitpartie7_135660','GA70','',0,0),(21250,'factures gaz 2020 - pmc pitpartie8_135664','GA71','',0,0),(21251,'factures gaz 2020 - pmc pitpartie9_135668','GA72','',0,0),(21252,'202001_135672','GA73','',0,0),(21253,'202002_135676','GA74','',0,0),(21254,'202003_135680','GA75','',0,0),(21255,'202004_135684','GA76','',0,0),(21256,'202005_135688','GA77','',0,0),(21257,'202006_135692','GA78','',0,0),(21258,'202007_135697','GA79','',0,0),(21259,'202008_135702','GA80','',0,0),(21260,'202009_135707','GA81','',0,0),(21261,'202010_135712','GA82','',0,0),(21262,'202011_135713','GA83','',0,0),(21263,'gaz eni 2020_0','GA84','',0,0),(21264,'7b. factures gaz 2020 corensopartie1_135828','GA85','',0,0),(21265,'7b. factures gaz 2020 corensopartie10_135829','GA86','',0,0),(21266,'7b. factures gaz 2020 corensopartie11_135830','GA87','',0,0),(21267,'7b. factures gaz 2020 corensopartie12_135831','GA88','',0,0),(21268,'7b. factures gaz 2020 corensopartie2_135832','GA89','',0,0),(21269,'7b. factures gaz 2020 corensopartie3_135833','GA90','',0,0),(21270,'7b. factures gaz 2020 corensopartie4_135834','GA91','',0,0),(21271,'7b. factures gaz 2020 corensopartie5_135835','GA92','',0,0),(21272,'7b. factures gaz 2020 corensopartie6_135836','GA93','',0,0),(21273,'7b. factures gaz 2020 corensopartie7_135837','GA94','',0,0),(21274,'7b. factures gaz 2020 corensopartie8_135838','GA95','',0,0),(21275,'7b. factures gaz 2020 corensopartie9_135839','GA96','',0,0),(21276,'gaz iberdrola 2020_0','GA97','',0,0),(21277,'factures gaz getrag 2020partie1_135848','GA98','',0,0),(21278,'factures gaz getrag 2020partie10_135849','GA99','',0,0),(21279,'factures gaz getrag 2020partie11_135850','GA100','',0,0),(21280,'factures gaz getrag 2020partie12_135851','GA101','',0,0),(21281,'factures gaz getrag 2020partie2_135852','GA102','',0,0),(21282,'factures gaz getrag 2020partie3_135853','GA103','',0,0),(21283,'factures gaz getrag 2020partie4_135854','GA104','',0,0),(21284,'factures gaz getrag 2020partie5_135855','GA105','',0,0),(21285,'factures gaz getrag 2020partie6_135856','GA106','',0,0),(21286,'factures gaz getrag 2020partie7_135857','GA107','',0,0),(21287,'factures gaz getrag 2020partie8_135858','GA108','',0,0),(21288,'factures gaz getrag 2020partie9_135859','GA109','',0,0),(21289,'gaz naturgy 2020_0','GA110','',0,0),(21290,'factures gaz 2020 aludiumpartie1_135861','GA111','',0,0),(21291,'factures gaz 2020 aludiumpartie10_135862','GA112','',0,0),(21292,'factures gaz 2020 aludiumpartie11_135863','GA113','',0,0),(21293,'factures gaz 2020 aludiumpartie12_135864','GA114','',0,0),(21294,'factures gaz 2020 aludiumpartie2_135865','GA115','',0,0),(21295,'factures gaz 2020 aludiumpartie3_135866','GA116','',0,0),(21296,'factures gaz 2020 aludiumpartie4_135867','GA117','',0,0),(21297,'factures gaz 2020 aludiumpartie5_135868','GA118','',0,0),(21298,'factures gaz 2020 aludiumpartie6_135869','GA119','',0,0),(21299,'factures gaz 2020 aludiumpartie7_135870','GA120','',0,0),(21300,'factures gaz 2020 aludiumpartie8_135871','GA121','',0,0),(21301,'factures gaz 2020 aludiumpartie9_135872','GA122','',0,0),(21341,'gaz finorga 2022_0','GA123','',0,0),(21342,'01.22 engie_136223','GA124','',0,0),(21343,'02.22 engie_136224','GA125','',0,0),(21344,'03.22 engie_136225','GA126','',0,0),(21345,'04.22 engie_136226','GA127','',0,0),(21346,'05.22 engie_136227','GA128','',0,0),(21347,'06.22 engie_136228','GA129','',0,0),(21348,'07.22 engie_136229','GA130','',0,0),(21349,'08.22 engie_136230','GA131','',0,0),(21350,'09.22 engie_136231','GA132','',0,0),(21351,'10.22 engie_136232','GA133','',0,0),(21352,'11.22 engie_136233','GA134','',0,0),(21353,'12.22 engie_136234','GA135','',0,0),(21403,'gaz desorgues 2020_0','GA136','',0,0),(21404,'facture gaz desorgues juillet 2020 sarl_137905','GA137','',0,0),(21405,'facture gaz desorgues juin 2020 sarl_137906','GA138','',0,0),(21406,'facture gaz desorgues août 2020 sarl_138043','GA139','',0,0),(21407,'facture gaz desorgues avril 2020 sarl_137908','GA140','',0,0),(21408,'facture gaz desorgues décembre 2020 sarl_138044','GA141','',0,0),(21409,'facture gaz desorgues février 2020 sarl_138045','GA142','',0,0),(21410,'facture gaz desorgues janvier 2020 sarl_137909','GA143','',0,0),(21411,'facture gaz desorgues mai 2020 sarl_137910','GA144','',0,0),(21412,'facture gaz desorgues mars 2020 sarl_137911','GA145','',0,0),(21413,'facture gaz desorgues novembre 2020 sarl_137912','GA146','',0,0),(21414,'facture gaz desorgues octobre 2020 sarl_137913','GA147','',0,0),(21415,'facture gaz desorgues septembre 2020 sarl_137914','GA148','',0,0),(21416,'factures gaz gennev 2022_0','GA149','',0,0),(21417,'2022-01 gen_138208','GA150','',0,0),(21418,'2022-02 gen_138209','GA151','',0,0),(21419,'2022-03 gen_138210','GA152','',0,0),(21420,'2022-04 gen_138211','GA153','',0,0),(21421,'2022-05 gen_138212','GA154','',0,0),(21422,'2022-06 gen_138213','GA155','',0,0),(21423,'2022-07 gen_138214','GA156','',0,0),(21424,'2022-08 gen_138215','GA157','',0,0),(21425,'2022-09 gen_138216','GA158','',0,0),(21426,'2022-10 gen_138217','GA159','',0,0),(21427,'2022-11 gen_138218','GA160','',0,0),(21428,'2022-12 gen_138219','GA161','',0,0),(21534,'initia food gaz_0','GA162','',0,0),(21535,'10338 - save energies_139848','GA163','',0,0),(21536,'10673 - gazel energie - 2021 08 gaz_139849','GA164','',0,0),(21537,'11488 - gazel energie - 2022 06 gaz_139850','GA165','',0,0),(21538,'11762 - save energies_139851','GA166','',0,0),(21539,'13144 - gazel energie - 2022 07 gaz_139852','GA167','',0,0),(21540,'14279 - gazel energie - 2022 08 gaz_139853','GA168','',0,0),(21541,'6036 - gazel energie - 2022 02 gaz_139854','GA169','',0,0),(21542,'6131 - save energie_139855','GA170','',0,0),(21543,'7331 - gazel energie - 2022 03 gaz_139856','GA171','',0,0),(21544,'7423 - save energies_139857','GA172','',0,0),(21545,'8481 - gazel energie - 2022 04 gaz_139858','GA173','',0,0),(21546,'8515 - gazelenergie - 2021 06 gaz_139859','GA174','',0,0),(21547,'8855 - save energies_139860','GA175','',0,0),(21548,'9710 - gazel energie - 2021 07 gaz_139861','GA176','',0,0),(21549,'9830 - gazel energie - 2022 05 gaz_139862','GA177','',0,0),(21550,'gazel 2021-10 gaz_139863','GA178','',0,0),(21551,'gazel energie - 2021 11 gaz_139864','GA179','',0,0),(21552,'gazel energie - 2021 12 gaz_139865','GA180','',0,0),(21553,'gazel energie - 2022 10 gaz_139866','GA181','',0,0),(21554,'gazel energie 2021-09 gaz_139867','GA182','',0,0),(21555,'gazel energie 2022 11 gaz_139868','GA183','',0,0),(21556,'gazel energie 2022-09 gaz_139869','GA184','',0,0),(21557,'gazel energie 2022-11 gaz_139870','GA185','',0,0),(21558,'pc1077 - gazel energie - 2021 01 gaz_139871','GA186','',0,0),(21559,'pc1313 - gazelenergie - 2021 02 gaz_139872','GA187','',0,0),(21560,'pc1630 - gazelenergie - 2021 03 gaz_139873','GA188','',0,0),(21561,'pc1938 - gazel energie - 2021 04 gaz_139874','GA189','',0,0),(21562,'pc2304 - gazel energie - 2021 05 gaz_139875','GA190','',0,0),(21563,'pc767 - gazelenergie - 2020 12 gaz_139876','GA191','',0,0),(21564,'save energies - 2023 06 gaz_139877','GA192','',0,0),(21565,'save energies - 2023 07 gaz_139878','GA193','',0,0),(21566,'save energies - 2023 09 gaz_139879','GA194','',0,0),(21567,'saves energies  2023 08 gaz_139880','GA195','',0,0),(21568,'factures gaz 2022 - rousselot issorgue_0','GA196','',0,0),(21570,'2. factures gaz 2022 - rousselot issorguepartie1_139881','GA197','',0,0),(21571,'2. factures gaz 2022 - rousselot issorguepartie10_139882','GA198','',0,0),(21572,'2. factures gaz 2022 - rousselot issorguepartie11_139883','GA199','',0,0),(21573,'2. factures gaz 2022 - rousselot issorguepartie12_139884','GA200','',0,0),(21574,'2. factures gaz 2022 - rousselot issorguepartie2_139885','GA201','',0,0),(21575,'2. factures gaz 2022 - rousselot issorguepartie3_139886','GA202','',0,0),(21576,'2. factures gaz 2022 - rousselot issorguepartie4_139887','GA203','',0,0),(21577,'2. factures gaz 2022 - rousselot issorguepartie5_139888','GA204','',0,0),(21578,'2. factures gaz 2022 - rousselot issorguepartie6_139889','GA205','',0,0),(21579,'2. factures gaz 2022 - rousselot issorguepartie7_139890','GA206','',0,0),(21580,'2. factures gaz 2022 - rousselot issorguepartie8_139891','GA207','',0,0),(21581,'2. factures gaz 2022 - rousselot issorguepartie9_139892','GA208','',0,0),(21595,'sucfactures gaz eni2021_0','GA209','',0,0),(21607,'sucfactures gaz eni2021partie1_139917','GA210','',0,0),(21608,'sucfactures gaz eni2021partie10_139918','GA211','',0,0),(21609,'sucfactures gaz eni2021partie11_139919','GA212','',0,0),(21610,'sucfactures gaz eni2021partie12_139920','GA213','',0,0),(21611,'sucfactures gaz eni2021partie2_139921','GA214','',0,0),(21612,'sucfactures gaz eni2021partie3_139922','GA215','',0,0),(21613,'sucfactures gaz eni2021partie4_139923','GA216','',0,0),(21614,'sucfactures gaz eni2021partie5_139924','GA217','',0,0),(21615,'sucfactures gaz eni2021partie6_139925','GA218','',0,0),(21616,'sucfactures gaz eni2021partie7_139926','GA219','',0,0),(21617,'sucfactures gaz eni2021partie8_139927','GA220','',0,0),(21618,'sucfactures gaz eni2021partie9_139928','GA221','',0,0),(21845,'alpiq import 1_0','GA222','',0,0),(21846,'alpiq import 2_0','GA223','',0,0),(21847,'alpiqprincipal2021-01_142422','GA224','',0,0),(21848,'alpiqprincipal2021-02_142423','GA225','',0,0),(21849,'alpiqprincipal2021-03_142424','GA226','',0,0),(21850,'alpiqprincipal2021-04_142425','GA227','',0,0),(21851,'alpiqprincipal2021-05_142426','GA228','',0,0),(21852,'alpiqprincipal2021-06_142427','GA229','',0,0),(21853,'alpiqprincipal2021-07_142428','GA230','',0,0),(21854,'alpiqprincipal2021-08_142429','GA231','',0,0),(21855,'alpiqprincipal2021-09_142430','GA232','',0,0),(21856,'alpiqprincipal2021-10_142431','GA233','',0,0),(21857,'alpiqprincipal2021-11_142432','GA234','',0,0),(21858,'alpiqprincipal2021-12_142434','GA235','',0,0),(21859,'sr osvpart1_142435','GA236','',0,0),(21860,'sr osvpart10_142436','GA237','',0,0),(21861,'sr osvpart11_142437','GA238','',0,0),(21862,'sr osvpart12_142438','GA239','',0,0),(21863,'sr osvpart2_142439','GA240','',0,0),(21864,'sr osvpart3_142440','GA241','',0,0),(21865,'sr osvpart4_142441','GA242','',0,0),(21866,'sr osvpart5_142442','GA243','',0,0),(21867,'sr osvpart6_142443','GA244','',0,0),(21868,'sr osvpart7_142444','GA245','',0,0),(21869,'sr osvpart8_142445','GA246','',0,0),(21870,'sr osvpart9_142446','GA247','',0,0),(21871,'pmc isochem pithiviers - aout 2021 - fr100143455 -_142447','GA248','',0,0),(21872,'pmc isochem pithiviers - avril 2021 - fr100136294 _142448','GA249','',0,0),(21873,'pmc isochem pithiviers - decembre 2021 - fr1001529_142449','GA250','',0,0),(21874,'pmc isochem pithiviers - fevrier 2021 - fr10013177_142450','GA251','',0,0),(21875,'pmc isochem pithiviers - janvier 2021 - fr10012984_142451','GA252','',0,0),(21876,'pmc isochem pithiviers - juillet 2021 - fr10014297_142452','GA253','',0,0),(21877,'pmc isochem pithiviers - juin 2021 - fr100140769 -_142453','GA254','',0,0),(21878,'pmc isochem pithiviers - mai 2021 - fr100138730 - _142454','GA255','',0,0),(21879,'pmc isochem pithiviers - mars 2021 - fr100134003 -_142455','GA256','',0,0),(21880,'pmc isochem pithiviers - novembre 2021 - fr1001509_142456','GA257','',0,0),(21881,'pmc isochem pithiviers - octobre 2021 - fr10014833_142457','GA258','',0,0),(21882,'pmc isochem pithiviers - septembre 2021 - fr100145_142458','GA259','',0,0),(21883,'pmc isochem vert le petit - fevrier 2021 - fr10013_142459','GA260','',0,0),(21884,'pmc isochem vert le petit - janvier 2021 - fr10012_142460','GA261','',0,0),(21885,'pmc isochem vert le petit - juillet 2021 - fr10014_142461','GA262','',0,0),(21886,'pmc isochem vert le petit - juin 2021 - fr10014078_142462','GA263','',0,0),(21887,'pmc isochem vert le petit - mai 2021 - fr100138506_142463','GA264','',0,0),(21888,'pmc isochem vert le petit - mars 2021 - fr10013416_142466','GA265','',0,0),(21889,'pmc isochem vert le petit - novembre 2021 - fr1001_142468','GA266','',0,0),(21890,'pmc isochem vert le petit - octobre 2021 - fr10014_142470','GA267','',0,0),(21891,'pmc isochem vert le petit - septembre 2021 - fr100_142472','GA268','',0,0),(21892,'pmc isochem vert le petit- decembre 2021 - fr10015_142474','GA269','',0,0),(21893,'pmc isochem vert le petit - aout 2021 - fr10014346_142476','GA270','',0,0),(21894,'pmc isochem vert le petit - avril 2021 - fr1001362_142477','GA271','',0,0),(21895,'axpo import 1_0','GA272','',0,0),(21896,'axpo import 2_0','GA273','',0,0),(21897,'axpo import 3_0','GA274','',0,0),(21898,'aci15115 - axpo aout 2021_142482','GA275','',0,0),(21899,'aci15115 - axpo fr00000810 refact janvier 2021_142483','GA276','',0,0),(21900,'aci15115 - axpo fr00003581 sept 2021_142484','GA277','',0,0),(21901,'aci15115 - axpo juillet 2021_142485','GA278','',0,0),(21902,'aci15115 - axpo juin 2021_142486','GA279','',0,0),(21903,'aci15115 - axpo novembre 2021_142487','GA280','',0,0),(21904,'aci15115 - axpo fact avril 2021_142488','GA281','',0,0),(21905,'aci15115 - axpo fact fevrier 2021_142489','GA282','',0,0),(21906,'aci15115 - axpo fact mai 2021_142490','GA283','',0,0),(21907,'aci15115 - axpo fact mars 2021_142491','GA284','',0,0),(21908,'aci15115 - axpo dec 2021 fr00004315_142492','GA285','',0,0),(21909,'aci15115 - axpo fr00003827 oct 2021_142493','GA286','',0,0),(21910,'aci15116 - axpo aout 2021_142494','GA287','',0,0),(21911,'aci15116 - axpo fr00000809 refact janvier 2021_142495','GA288','',0,0),(21912,'aci15116 - axpo fr00003582 sept 2021_142496','GA289','',0,0),(21913,'aci15116 - axpo fr00004620 decembre 2021_142497','GA290','',0,0),(21914,'aci15116 - axpo juillet 2021_142498','GA291','',0,0),(21915,'aci15116 - axpo juin 2021_142499','GA292','',0,0),(21916,'aci15116 - axpo novembre 2021_142500','GA293','',0,0),(21917,'aci15116 - axpo fact avril 2021_142501','GA294','',0,0),(21918,'aci15116 - axpo fact fevrier 2021_142502','GA295','',0,0),(21919,'aci15116 - axpo fact mai 2021_142503','GA296','',0,0),(21920,'aci15116 - axpo fact mars 2021_142504','GA297','',0,0),(21921,'aci15116 - axpo fr00003828 oct 2021_142505','GA298','',0,0),(21922,'axpo 01 2021_142506','GA299','',0,0),(21923,'axpo 02 2021_142507','GA300','',0,0),(21924,'axpo 03 2021_142508','GA301','',0,0),(21925,'axpo 04 2021_142509','GA302','',0,0),(21926,'axpo 05 2021_142510','GA303','',0,0),(21927,'axpo 06 2021_142511','GA304','',0,0),(21928,'axpo 07 2021_142512','GA305','',0,0),(21929,'axpo 08 2021_142513','GA306','',0,0),(21930,'axpo 09 2021_142515','GA307','',0,0),(21931,'axpo 10 2021_142517','GA308','',0,0),(21932,'axpo 11 2021_142519','GA309','',0,0),(21933,'axpo 12 2021_142521','GA310','',0,0),(22137,'edf polygone gaz_0','GA311','',0,0),(22138,'edf antigone gaz_0','GA312','',0,0),(22139,'polygone-01-2021-gaz-f1012383378+dar_142780','GA313','',0,0),(22140,'polygone-02-2021-gaz-f10125731152+dar_142781','GA314','',0,0),(22141,'polygone-03-2021-gaz-f10127238453+dar1_142782','GA315','',0,0),(22142,'polygone-04-2021-gaz-f10128543756+dar_142783','GA316','',0,0),(22143,'polygone-05-2021-gaz-f10130024608+dar_142784','GA317','',0,0),(22144,'polygone-06-2021-gaz-f10131494563+dar_142785','GA318','',0,0),(22145,'polygone-07-2021-gaz-f10133233357+dar_142786','GA319','',0,0),(22146,'polygone-08-2021-gaz-f10134936893+dar_142787','GA320','',0,0),(22147,'polygone-09-2021-gaz-f10136660559+dar_142788','GA321','',0,0),(22148,'polygone-10-2021-gaz-f10138131561+dar_142789','GA322','',0,0),(22149,'polygone-11-2021-gaz-f10140112942+dar_142790','GA323','',0,0),(22150,'polygone-12-2021-gaz-f10141692670+dar_142791','GA324','',0,0),(22151,'antigone-01-2021-gaz-f10123833757-dar_142792','GA325','',0,0),(22152,'antigone-02-2021-gaz-f10125731150-dar_142793','GA326','',0,0),(22153,'antigone-03-2021-gaz-f10127238435+dar_142794','GA327','',0,0),(22154,'antigone-04-2021-gaz-f10128543728+dar_142795','GA328','',0,0),(22155,'antigone-05-2021-gaz-f10130024594+dar_142796','GA329','',0,0),(22156,'antigone-06-2021-gaz-f10131494561+dar_142797','GA330','',0,0),(22157,'antigone-07-2021-gaz-f10133233350+dar_142798','GA331','',0,0),(22158,'antigone-08-2021-gaz-f10134936889+dar_142799','GA332','',0,0),(22159,'antigone-09-2021-gaz-f10136660560+dar_142800','GA333','',0,0),(22160,'antigone-10-2021-gaz-f10138131553+dar_142801','GA334','',0,0),(22161,'antigone-11-2021-gaz-f10140112932+dar_142802','GA335','',0,0),(22162,'antigone-12-2021-gaz-f10141692665+dar_142803','GA336','',0,0),(22163,'endesa import 1_0','GA337','',0,0),(22164,'endesa import 2_0','GA338','',0,0),(22165,'1000223109 - 16022021 - endesa_142804','GA339','',0,0),(22166,'1000231568 - 10032021 - endesa_142805','GA340','',0,0),(22167,'1000237034 - 09042021 - endesa_142806','GA341','',0,0),(22168,'1000244093 - 11052021 - endesa_142807','GA342','',0,0),(22169,'1000256457 - 09072021 - endesa_142808','GA343','',0,0),(22170,'1000261031 - 05082021 - endesa_142809','GA344','',0,0),(22171,'1000262390 - 06082021 - endesa_142810','GA345','',0,0),(22172,'1000269176 - 08092021 - endesa_142811','GA346','',0,0),(22173,'1000270101 - 09092021 - endesa_142812','GA347','',0,0),(22174,'1000276789 - 08102021 - endesa_142813','GA348','',0,0),(22175,'1000277738 - 08102021 - endesa_142814','GA349','',0,0),(22176,'2000015675 - 26032019 - endesa_142815','GA350','',0,0),(22177,'2021-01_142816','GA351','',0,0),(22178,'2021-02_142817','GA352','',0,0),(22179,'2021-03_142818','GA353','',0,0),(22180,'2021-04_142819','GA354','',0,0),(22181,'2021-05_142820','GA355','',0,0),(22182,'2021-06_142821','GA356','',0,0),(22183,'2021-07_142822','GA357','',0,0),(22184,'2021-08_142823','GA358','',0,0),(22185,'2021-09_142824','GA359','',0,0),(22186,'2021-10_142825','GA360','',0,0),(22187,'2021-11_142826','GA361','',0,0),(22188,'2021-12_142827','GA362','',0,0),(22189,'4. factures gaz 2021part1 desorgues_142828','GA363','',0,0),(22190,'4. factures gaz 2021part10 desorgues_142829','GA364','',0,0),(22191,'4. factures gaz 2021part11 desorgues_142830','GA365','',0,0),(22192,'4. factures gaz 2021part12 desorgues_142831','GA366','',0,0),(22193,'4. factures gaz 2021part2 desorgues_142832','GA367','',0,0),(22194,'4. factures gaz 2021part3 desorgues_142833','GA368','',0,0),(22195,'4. factures gaz 2021part4 desorgues_142834','GA369','',0,0),(22196,'4. factures gaz 2021part5 desorgues_142835','GA370','',0,0),(22197,'4. factures gaz 2021part6 desorgues_142836','GA371','',0,0),(22198,'4. factures gaz 2021part7 desorgues_142837','GA372','',0,0),(22199,'4. factures gaz 2021part8 desorgues_142838','GA373','',0,0),(22200,'4. factures gaz 2021part9 desorgues_142839','GA374','',0,0),(22201,'autry dec21_142840','GA375','',0,0),(22202,'autry juin21_142841','GA376','',0,0),(22203,'autry mai21_142842','GA377','',0,0),(22204,'autry nov21_142843','GA378','',0,0),(22205,'autry oct21_142844','GA379','',0,0),(22206,'endesa samin 01.2021_142845','GA380','',0,0),(22207,'endesa samin 02.2021_142846','GA381','',0,0),(22208,'endesa samin 03.2021_142847','GA382','',0,0),(22209,'endesa samin 04.2021_142848','GA383','',0,0),(22210,'endesa samin 05.2021_142849','GA384','',0,0),(22211,'endesa samin 06.2021_142850','GA385','',0,0),(22212,'endesa samin 07.2021_142851','GA386','',0,0),(22213,'endesa samin 08.2021_142852','GA387','',0,0),(22214,'endesa samin 09.2021_142853','GA388','',0,0),(22215,'endesa samin 10.2021_142854','GA389','',0,0),(22216,'endesa samin 11.2021_142855','GA390','',0,0),(22217,'endesa samin 12.2021_142856','GA391','',0,0),(22218,'endesaaout21_152042','GA392','',0,0),(22219,'endesaavril21_142857','GA393','',0,0),(22220,'endesadec21_142858','GA394','',0,0),(22221,'endesafev21_142859','GA395','',0,0),(22222,'endesajanv21_142860','GA396','',0,0),(22223,'endesajuillet21_142861','GA397','',0,0),(22224,'endesajuin21_142862','GA398','',0,0),(22225,'endesamai21_142863','GA399','',0,0),(22226,'endesamars21_142864','GA400','',0,0),(22227,'endesanov21_142865','GA401','',0,0),(22228,'endesaoct21_142866','GA402','',0,0),(22229,'endesasept21_142867','GA403','',0,0),(22230,'endesa consumo agosto 2021_142869','GA404','',0,0),(22231,'endesa consumo diciembre 2021_142871','GA405','',0,0),(22232,'endesa consumo julio 2021_142873','GA406','',0,0),(22233,'endesa consumo junio 2021_142875','GA407','',0,0),(22234,'endesa consumo noviembre 2021_142877','GA408','',0,0),(22235,'endesa consumo octubre 2021_142879','GA409','',0,0),(22236,'endesa consumo septiembre 2021_142881','GA410','',0,0),(22237,'factures gaz 2021 - amboisepartie1_142883','GA411','',0,0),(22238,'factures gaz 2021 - amboisepartie10_142885','GA412','',0,0),(22239,'factures gaz 2021 - amboisepartie11_142887','GA413','',0,0),(22240,'factures gaz 2021 - amboisepartie12_142889','GA414','',0,0),(22241,'factures gaz 2021 - amboisepartie2_142891','GA415','',0,0),(22242,'factures gaz 2021 - amboisepartie3_142893','GA416','',0,0),(22243,'factures gaz 2021 - amboisepartie4_142895','GA417','',0,0),(22244,'factures gaz 2021 - amboisepartie5_142897','GA418','',0,0),(22245,'factures gaz 2021 - amboisepartie6_142899','GA419','',0,0),(22246,'factures gaz 2021 - amboisepartie7_142901','GA420','',0,0),(22247,'factures gaz 2021 - amboisepartie8_142903','GA421','',0,0),(22248,'factures gaz 2021 - amboisepartie9_142905','GA422','',0,0),(22254,'import engie 2022 1_0','GA423','',0,0),(22944,'072021_94935824_134897','GA424','',0,0),(22945,'7._facture_gaz_2021_lejay_lagoute_partie9_134898','GA425','',0,0),(22946,'axpo_04_2021_134899','GA426','',0,0),(22947,'endesa_samin_03.2021_134900','GA427','',0,0),(22948,'engie_02_2022_vdl_-__gaz_134901','GA428','',0,0),(22949,'iberdrola_gaz_mars_2021_134902','GA429','',0,0),(22974,'2021_01_135539','GA430','',0,0),(22975,'2021_02_135541','GA431','',0,0),(22976,'2021_03_135543','GA432','',0,0),(22977,'2021_04_135545','GA433','',0,0),(22978,'2021_05_135547','GA434','',0,0),(22979,'2021_06_135549','GA435','',0,0),(22980,'2021_07_135551','GA436','',0,0),(22981,'2021_08_135553','GA437','',0,0),(22982,'2021_09_135555','GA438','',0,0),(22983,'2021_10_135557','GA439','',0,0),(22984,'2021_11_135559','GA440','',0,0),(22985,'2021_12_135561','GA441','',0,0),(22986,'2021-01_135563','GA442','',0,0),(22987,'2021-02_135565','GA443','',0,0),(22988,'2021-03_135567','GA444','',0,0),(22989,'2021-04_135571','GA445','',0,0),(22990,'2021-05_135574','GA446','',0,0),(22991,'2021-06_135577','GA447','',0,0),(22992,'2021-07_135580','GA448','',0,0),(22993,'2021-08_135583','GA449','',0,0),(22994,'2021-09_135586','GA450','',0,0),(22995,'2021-10_135589','GA451','',0,0),(22996,'2021-11_135592','GA452','',0,0),(22997,'2021-12_135595','GA453','',0,0),(22998,'axpo_01_2021_135597','GA454','',0,0),(22999,'axpo_02_2021_135601','GA455','',0,0),(23000,'axpo_03_2021_135604','GA456','',0,0),(23001,'axpo_04_2021_135607','GA457','',0,0),(23002,'axpo_05_2021_135610','GA458','',0,0),(23003,'axpo_06_2021_135613','GA459','',0,0),(23004,'axpo_07_2021_135616','GA460','',0,0),(23005,'axpo_08_2021_135619','GA461','',0,0),(23006,'axpo_09_2021_135622','GA462','',0,0),(23007,'axpo_10_2021_135625','GA463','',0,0),(23008,'axpo_11_2021_135628','GA464','',0,0),(23009,'axpo_12_2021_135631','GA465','',0,0),(23010,'factures_gaz_2020_-_pmc_pit_partie1_135634','GA466','',0,0),(23011,'factures_gaz_2020_-_pmc_pit_partie10_135636','GA467','',0,0),(23012,'factures_gaz_2020_-_pmc_pit_partie11_135640','GA468','',0,0),(23013,'factures_gaz_2020_-_pmc_pit_partie12_135643','GA469','',0,0),(23014,'factures_gaz_2020_-_pmc_pit_partie2_135645','GA470','',0,0),(23015,'factures_gaz_2020_-_pmc_pit_partie3_135649','GA471','',0,0),(23016,'factures_gaz_2020_-_pmc_pit_partie4_135651','GA472','',0,0),(23017,'factures_gaz_2020_-_pmc_pit_partie5_135654','GA473','',0,0),(23018,'factures_gaz_2020_-_pmc_pit_partie6_135657','GA474','',0,0),(23019,'factures_gaz_2020_-_pmc_pit_partie7_135660','GA475','',0,0),(23020,'factures_gaz_2020_-_pmc_pit_partie8_135664','GA476','',0,0),(23021,'factures_gaz_2020_-_pmc_pit_partie9_135668','GA477','',0,0),(23022,'2020_01_135672','GA478','',0,0),(23023,'2020_02_135676','GA479','',0,0),(23024,'2020_03_135680','GA480','',0,0),(23025,'2020_04_135684','GA481','',0,0),(23026,'2020_05_135688','GA482','',0,0),(23027,'2020_06_135692','GA483','',0,0),(23028,'2020_07_135697','GA484','',0,0),(23029,'2020_08_135702','GA485','',0,0),(23030,'2020_09_135707','GA486','',0,0),(23031,'2020_10_135712','GA487','',0,0),(23032,'2020_11_135713','GA488','',0,0),(23033,'7b._factures_gaz_2020_corenso_partie1_135828','GA489','',0,0),(23034,'7b._factures_gaz_2020_corenso_partie10_135829','GA490','',0,0),(23035,'7b._factures_gaz_2020_corenso_partie11_135830','GA491','',0,0),(23036,'7b._factures_gaz_2020_corenso_partie12_135831','GA492','',0,0),(23037,'7b._factures_gaz_2020_corenso_partie2_135832','GA493','',0,0),(23038,'7b._factures_gaz_2020_corenso_partie3_135833','GA494','',0,0),(23039,'7b._factures_gaz_2020_corenso_partie4_135834','GA495','',0,0),(23040,'7b._factures_gaz_2020_corenso_partie5_135835','GA496','',0,0),(23041,'7b._factures_gaz_2020_corenso_partie6_135836','GA497','',0,0),(23042,'7b._factures_gaz_2020_corenso_partie7_135837','GA498','',0,0),(23043,'7b._factures_gaz_2020_corenso_partie8_135838','GA499','',0,0),(23044,'7b._factures_gaz_2020_corenso_partie9_135839','GA500','',0,0),(23045,'factures_gaz_getrag_2020_partie1_135848','GA501','',0,0),(23046,'factures_gaz_getrag_2020_partie10_135849','GA502','',0,0),(23047,'factures_gaz_getrag_2020_partie11_135850','GA503','',0,0),(23048,'factures_gaz_getrag_2020_partie12_135851','GA504','',0,0),(23049,'factures_gaz_getrag_2020_partie2_135852','GA505','',0,0),(23050,'factures_gaz_getrag_2020_partie3_135853','GA506','',0,0),(23051,'factures_gaz_getrag_2020_partie4_135854','GA507','',0,0),(23052,'factures_gaz_getrag_2020_partie5_135855','GA508','',0,0),(23053,'factures_gaz_getrag_2020_partie6_135856','GA509','',0,0),(23054,'factures_gaz_getrag_2020_partie7_135857','GA510','',0,0),(23055,'factures_gaz_getrag_2020_partie8_135858','GA511','',0,0),(23056,'factures_gaz_getrag_2020_partie9_135859','GA512','',0,0),(23057,'factures_gaz_2020_aludium_partie1_135861','GA513','',0,0),(23058,'factures_gaz_2020_aludium_partie10_135862','GA514','',0,0),(23059,'factures_gaz_2020_aludium_partie11_135863','GA515','',0,0),(23060,'factures_gaz_2020_aludium_partie12_135864','GA516','',0,0),(23061,'factures_gaz_2020_aludium_partie2_135865','GA517','',0,0),(23062,'factures_gaz_2020_aludium_partie3_135866','GA518','',0,0),(23063,'factures_gaz_2020_aludium_partie4_135867','GA519','',0,0),(23064,'factures_gaz_2020_aludium_partie5_135868','GA520','',0,0),(23065,'factures_gaz_2020_aludium_partie6_135869','GA521','',0,0),(23066,'factures_gaz_2020_aludium_partie7_135870','GA522','',0,0),(23067,'factures_gaz_2020_aludium_partie8_135871','GA523','',0,0),(23068,'factures_gaz_2020_aludium_partie9_135872','GA524','',0,0),(23105,'01.22_engie_136223','GA525','',0,0),(23106,'02.22_engie_136224','GA526','',0,0),(23107,'03.22_engie_136225','GA527','',0,0),(23108,'04.22_engie_136226','GA528','',0,0),(23109,'05.22_engie_136227','GA529','',0,0),(23110,'06.22_engie_136228','GA530','',0,0),(23111,'07.22_engie_136229','GA531','',0,0),(23112,'08.22_engie_136230','GA532','',0,0),(23113,'09.22_engie_136231','GA533','',0,0),(23114,'10.22_engie_136232','GA534','',0,0),(23115,'11.22_engie_136233','GA535','',0,0),(23116,'12.22_engie_136234','GA536','',0,0),(23164,'facture_gaz_desorgues_juillet_2020_sarl_137905','GA537','',0,0),(23165,'facture_gaz_desorgues_juin_2020_sarl_137906','GA538','',0,0),(23166,'facture_gaz_desorgues_août_2020_sarl_138043','GA539','',0,0),(23167,'facture_gaz_desorgues_avril_2020_sarl_137908','GA540','',0,0),(23168,'facture_gaz_desorgues_décembre_2020_sarl_138044','GA541','',0,0),(23169,'facture_gaz_desorgues_février_2020_sarl_138045','GA542','',0,0),(23170,'facture_gaz_desorgues_janvier_2020_sarl_137909','GA543','',0,0),(23171,'facture_gaz_desorgues_mai_2020_sarl_137910','GA544','',0,0),(23172,'facture_gaz_desorgues_mars_2020_sarl_137911','GA545','',0,0),(23173,'facture_gaz_desorgues_novembre_2020_sarl_137912','GA546','',0,0),(23174,'facture_gaz_desorgues_octobre_2020_sarl_137913','GA547','',0,0),(23175,'facture_gaz_desorgues_septembre_2020_sarl_137914','GA548','',0,0),(23176,'2022-01_gen_138208','GA549','',0,0),(23177,'2022-02_gen_138209','GA550','',0,0),(23178,'2022-03_gen_138210','GA551','',0,0),(23179,'2022-04_gen_138211','GA552','',0,0),(23180,'2022-05_gen_138212','GA553','',0,0),(23181,'2022-06_gen_138213','GA554','',0,0),(23182,'2022-07_gen_138214','GA555','',0,0),(23183,'2022-08_gen_138215','GA556','',0,0),(23184,'2022-09_gen_138216','GA557','',0,0),(23185,'2022-10_gen_138217','GA558','',0,0),(23186,'2022-11_gen_138218','GA559','',0,0),(23187,'2022-12_gen_138219','GA560','',0,0),(23291,'10338_-_save_energies_139848','GA561','',0,0),(23292,'10673_-_gazel_energie_-_2021_08_gaz_139849','GA562','',0,0),(23293,'11488_-_gazel_energie_-_2022_06_gaz_139850','GA563','',0,0),(23294,'11762_-_save_energies_139851','GA564','',0,0),(23295,'13144_-_gazel_energie_-_2022_07_gaz_139852','GA565','',0,0),(23296,'14279_-_gazel_energie_-_2022_08_gaz_139853','GA566','',0,0),(23297,'6036_-_gazel_energie_-_2022_02_gaz_139854','GA567','',0,0),(23298,'6131_-_save_energie_139855','GA568','',0,0),(23299,'7331_-_gazel_energie_-_2022_03_gaz_139856','GA569','',0,0),(23300,'7423_-_save_energies_139857','GA570','',0,0),(23301,'8481_-_gazel_energie_-_2022_04_gaz_139858','GA571','',0,0),(23302,'8515_-_gazelenergie_-_2021_06_gaz_139859','GA572','',0,0),(23303,'8855_-_save_energies_139860','GA573','',0,0),(23304,'9710_-_gazel_energie_-_2021_07_gaz_139861','GA574','',0,0),(23305,'9830_-_gazel_energie_-_2022_05_gaz_139862','GA575','',0,0),(23306,'gazel_2021-10_gaz_139863','GA576','',0,0),(23307,'gazel_energie_-_2021_11_gaz_139864','GA577','',0,0),(23308,'gazel_energie_-_2021_12_gaz_139865','GA578','',0,0),(23309,'gazel_energie_-_2022_10_gaz_139866','GA579','',0,0),(23310,'gazel_energie_2021-09_gaz_139867','GA580','',0,0),(23311,'gazel_energie_2022_11_gaz_139868','GA581','',0,0),(23312,'gazel_energie_2022-09_gaz_139869','GA582','',0,0),(23313,'gazel_energie_2022-11_gaz_139870','GA583','',0,0),(23314,'pc1077_-_gazel_energie_-_2021_01_gaz_139871','GA584','',0,0),(23315,'pc1313_-_gazelenergie_-_2021_02_gaz_139872','GA585','',0,0),(23316,'pc1630_-_gazelenergie_-_2021_03_gaz_139873','GA586','',0,0),(23317,'pc1938_-_gazel_energie_-_2021_04_gaz_139874','GA587','',0,0),(23318,'pc2304_-_gazel_energie_-_2021_05_gaz_139875','GA588','',0,0),(23319,'pc767_-_gazelenergie_-_2020_12_gaz_139876','GA589','',0,0),(23320,'save_energies_-_2023_06_gaz_139877','GA590','',0,0),(23321,'save_energies_-_2023_07_gaz_139878','GA591','',0,0),(23322,'save_energies_-_2023_09_gaz_139879','GA592','',0,0),(23323,'saves_energies__2023_08_gaz_139880','GA593','',0,0),(23324,'2._factures_gaz_2022_-_rousselot_issorgue_partie1_139881','GA594','',0,0),(23325,'2._factures_gaz_2022_-_rousselot_issorgue_partie10_139882','GA595','',0,0),(23326,'2._factures_gaz_2022_-_rousselot_issorgue_partie11_139883','GA596','',0,0),(23327,'2._factures_gaz_2022_-_rousselot_issorgue_partie12_139884','GA597','',0,0),(23328,'2._factures_gaz_2022_-_rousselot_issorgue_partie2_139885','GA598','',0,0),(23329,'2._factures_gaz_2022_-_rousselot_issorgue_partie3_139886','GA599','',0,0),(23330,'2._factures_gaz_2022_-_rousselot_issorgue_partie4_139887','GA600','',0,0),(23331,'2._factures_gaz_2022_-_rousselot_issorgue_partie5_139888','GA601','',0,0),(23332,'2._factures_gaz_2022_-_rousselot_issorgue_partie6_139889','GA602','',0,0),(23333,'2._factures_gaz_2022_-_rousselot_issorgue_partie7_139890','GA603','',0,0),(23334,'2._factures_gaz_2022_-_rousselot_issorgue_partie8_139891','GA604','',0,0),(23335,'2._factures_gaz_2022_-_rousselot_issorgue_partie9_139892','GA605','',0,0),(23359,'suc_factures_gaz_eni_2021_partie1_139917','GA606','',0,0),(23360,'suc_factures_gaz_eni_2021_partie10_139918','GA607','',0,0),(23361,'suc_factures_gaz_eni_2021_partie11_139919','GA608','',0,0),(23362,'suc_factures_gaz_eni_2021_partie12_139920','GA609','',0,0),(23363,'suc_factures_gaz_eni_2021_partie2_139921','GA610','',0,0),(23364,'suc_factures_gaz_eni_2021_partie3_139922','GA611','',0,0),(23365,'suc_factures_gaz_eni_2021_partie4_139923','GA612','',0,0),(23366,'suc_factures_gaz_eni_2021_partie5_139924','GA613','',0,0),(23367,'suc_factures_gaz_eni_2021_partie6_139925','GA614','',0,0),(23368,'suc_factures_gaz_eni_2021_partie7_139926','GA615','',0,0),(23369,'suc_factures_gaz_eni_2021_partie8_139927','GA616','',0,0),(23370,'suc_factures_gaz_eni_2021_partie9_139928','GA617','',0,0),(23582,'alpiq_principal_2021-01_142422','GA618','',0,0),(23583,'alpiq_principal_2021-02_142423','GA619','',0,0),(23584,'alpiq_principal_2021-03_142424','GA620','',0,0),(23585,'alpiq_principal_2021-04_142425','GA621','',0,0),(23586,'alpiq_principal_2021-05_142426','GA622','',0,0),(23587,'alpiq_principal_2021-06_142427','GA623','',0,0),(23588,'alpiq_principal_2021-07_142428','GA624','',0,0),(23589,'alpiq_principal_2021-08_142429','GA625','',0,0),(23590,'alpiq_principal_2021-09_142430','GA626','',0,0),(23591,'alpiq_principal_2021-10_142431','GA627','',0,0),(23592,'alpiq_principal_2021-11_142432','GA628','',0,0),(23593,'alpiq_principal_2021-12_142434','GA629','',0,0),(23594,'sr_osv_part1_142435','GA630','',0,0),(23595,'sr_osv_part10_142436','GA631','',0,0),(23596,'sr_osv_part11_142437','GA632','',0,0),(23597,'sr_osv_part12_142438','GA633','',0,0),(23598,'sr_osv_part2_142439','GA634','',0,0),(23599,'sr_osv_part3_142440','GA635','',0,0),(23600,'sr_osv_part4_142441','GA636','',0,0),(23601,'sr_osv_part5_142442','GA637','',0,0),(23602,'sr_osv_part6_142443','GA638','',0,0),(23603,'sr_osv_part7_142444','GA639','',0,0),(23604,'sr_osv_part8_142445','GA640','',0,0),(23605,'sr_osv_part9_142446','GA641','',0,0),(23606,'pmc_isochem_pithiviers_-_aout_2021_-_fr100143455_-_142447','GA642','',0,0),(23607,'pmc_isochem_pithiviers_-_avril_2021_-_fr100136294__142448','GA643','',0,0),(23608,'pmc_isochem_pithiviers_-_decembre_2021_-_fr1001529_142449','GA644','',0,0),(23609,'pmc_isochem_pithiviers_-_fevrier_2021_-_fr10013177_142450','GA645','',0,0),(23610,'pmc_isochem_pithiviers_-_janvier_2021_-_fr10012984_142451','GA646','',0,0),(23611,'pmc_isochem_pithiviers_-_juillet_2021_-_fr10014297_142452','GA647','',0,0),(23612,'pmc_isochem_pithiviers_-_juin_2021_-_fr100140769_-_142453','GA648','',0,0),(23613,'pmc_isochem_pithiviers_-_mai_2021_-_fr100138730_-__142454','GA649','',0,0),(23614,'pmc_isochem_pithiviers_-_mars_2021_-_fr100134003_-_142455','GA650','',0,0),(23615,'pmc_isochem_pithiviers_-_novembre_2021_-_fr1001509_142456','GA651','',0,0),(23616,'pmc_isochem_pithiviers_-_octobre_2021_-_fr10014833_142457','GA652','',0,0),(23617,'pmc_isochem_pithiviers_-_septembre_2021_-_fr100145_142458','GA653','',0,0),(23618,'pmc_isochem_vert_le_petit_-_fevrier_2021_-_fr10013_142459','GA654','',0,0),(23619,'pmc_isochem_vert_le_petit_-_janvier_2021_-_fr10012_142460','GA655','',0,0),(23620,'pmc_isochem_vert_le_petit_-_juillet_2021_-_fr10014_142461','GA656','',0,0),(23621,'pmc_isochem_vert_le_petit_-_juin_2021_-_fr10014078_142462','GA657','',0,0),(23622,'pmc_isochem_vert_le_petit_-_mai_2021_-_fr100138506_142463','GA658','',0,0),(23623,'pmc_isochem_vert_le_petit_-_mars_2021_-_fr10013416_142466','GA659','',0,0),(23624,'pmc_isochem_vert_le_petit_-_novembre_2021_-_fr1001_142468','GA660','',0,0),(23625,'pmc_isochem_vert_le_petit_-_octobre_2021_-_fr10014_142470','GA661','',0,0),(23626,'pmc_isochem_vert_le_petit_-_septembre_2021_-_fr100_142472','GA662','',0,0),(23627,'pmc_isochem_vert_le_petit-_decembre_2021_-_fr10015_142474','GA663','',0,0),(23628,'pmc_isochem_vert_le_petit_-_aout_2021_-_fr10014346_142476','GA664','',0,0),(23629,'pmc_isochem_vert_le_petit_-_avril_2021_-_fr1001362_142477','GA665','',0,0),(23630,'aci15115_-_axpo_aout_2021_142482','GA666','',0,0),(23631,'aci15115_-_axpo_fr00000810_refact_janvier_2021_142483','GA667','',0,0),(23632,'aci15115_-_axpo_fr00003581_sept_2021_142484','GA668','',0,0),(23633,'aci15115_-_axpo_juillet_2021_142485','GA669','',0,0),(23634,'aci15115_-_axpo_juin_2021_142486','GA670','',0,0),(23635,'aci15115_-_axpo_novembre_2021_142487','GA671','',0,0),(23636,'aci15115_-_axpo_fact_avril_2021_142488','GA672','',0,0),(23637,'aci15115_-_axpo_fact_fevrier_2021_142489','GA673','',0,0),(23638,'aci15115_-_axpo_fact_mai_2021_142490','GA674','',0,0),(23639,'aci15115_-_axpo_fact_mars_2021_142491','GA675','',0,0),(23640,'aci15115_-_axpo_dec_2021_fr00004315_142492','GA676','',0,0),(23641,'aci15115_-_axpo_fr00003827_oct_2021_142493','GA677','',0,0),(23642,'aci15116_-_axpo_aout_2021_142494','GA678','',0,0),(23643,'aci15116_-_axpo_fr00000809_refact_janvier_2021_142495','GA679','',0,0),(23644,'aci15116_-_axpo_fr00003582_sept_2021_142496','GA680','',0,0),(23645,'aci15116_-_axpo_fr00004620_decembre_2021_142497','GA681','',0,0),(23646,'aci15116_-_axpo_juillet_2021_142498','GA682','',0,0),(23647,'aci15116_-_axpo_juin_2021_142499','GA683','',0,0),(23648,'aci15116_-_axpo_novembre_2021_142500','GA684','',0,0),(23649,'aci15116_-_axpo_fact_avril_2021_142501','GA685','',0,0),(23650,'aci15116_-_axpo_fact_fevrier_2021_142502','GA686','',0,0),(23651,'aci15116_-_axpo_fact_mai_2021_142503','GA687','',0,0),(23652,'aci15116_-_axpo_fact_mars_2021_142504','GA688','',0,0),(23653,'aci15116_-_axpo_fr00003828_oct_2021_142505','GA689','',0,0),(23654,'axpo_01_2021_142506','GA690','',0,0),(23655,'axpo_02_2021_142507','GA691','',0,0),(23656,'axpo_03_2021_142508','GA692','',0,0),(23657,'axpo_04_2021_142509','GA693','',0,0),(23658,'axpo_05_2021_142510','GA694','',0,0),(23659,'axpo_06_2021_142511','GA695','',0,0),(23660,'axpo_07_2021_142512','GA696','',0,0),(23661,'axpo_08_2021_142513','GA697','',0,0),(23662,'axpo_09_2021_142515','GA698','',0,0),(23663,'axpo_10_2021_142517','GA699','',0,0),(23664,'axpo_11_2021_142519','GA700','',0,0),(23665,'axpo_12_2021_142521','GA701','',0,0),(23858,'polygone-01-2021-gaz-f1012383378+dar_142780','GA702','',0,0),(23859,'polygone-02-2021-gaz-f10125731152+dar_142781','GA703','',0,0),(23860,'polygone-03-2021-gaz-f10127238453+dar1_142782','GA704','',0,0),(23861,'polygone-04-2021-gaz-f10128543756+dar_142783','GA705','',0,0),(23862,'polygone-05-2021-gaz-f10130024608+dar_142784','GA706','',0,0),(23863,'polygone-06-2021-gaz-f10131494563+dar_142785','GA707','',0,0),(23864,'polygone-07-2021-gaz-f10133233357+dar_142786','GA708','',0,0),(23865,'polygone-08-2021-gaz-f10134936893+dar_142787','GA709','',0,0),(23866,'polygone-09-2021-gaz-f10136660559+dar_142788','GA710','',0,0),(23867,'polygone-10-2021-gaz-f10138131561+dar_142789','GA711','',0,0),(23868,'polygone-11-2021-gaz-f10140112942+dar_142790','GA712','',0,0),(23869,'polygone-12-2021-gaz-f10141692670+dar_142791','GA713','',0,0),(23870,'antigone-01-2021-gaz-f10123833757-dar_142792','GA714','',0,0),(23871,'antigone-02-2021-gaz-f10125731150-dar_142793','GA715','',0,0),(23872,'antigone-03-2021-gaz-f10127238435+dar_142794','GA716','',0,0),(23873,'antigone-04-2021-gaz-f10128543728+dar_142795','GA717','',0,0),(23874,'antigone-05-2021-gaz-f10130024594+dar_142796','GA718','',0,0),(23875,'antigone-06-2021-gaz-f10131494561+dar_142797','GA719','',0,0),(23876,'antigone-07-2021-gaz-f10133233350+dar_142798','GA720','',0,0),(23877,'antigone-08-2021-gaz-f10134936889+dar_142799','GA721','',0,0),(23878,'antigone-09-2021-gaz-f10136660560+dar_142800','GA722','',0,0),(23879,'antigone-10-2021-gaz-f10138131553+dar_142801','GA723','',0,0),(23880,'antigone-11-2021-gaz-f10140112932+dar_142802','GA724','',0,0),(23881,'antigone-12-2021-gaz-f10141692665+dar_142803','GA725','',0,0),(23882,'1000223109_-_16_02_2021_-_endesa_142804','GA726','',0,0),(23883,'1000231568_-_10_03_2021_-_endesa_142805','GA727','',0,0),(23884,'1000237034_-_09_04_2021_-_endesa_142806','GA728','',0,0),(23885,'1000244093_-_11_05_2021_-_endesa_142807','GA729','',0,0),(23886,'1000256457_-_09_07_2021_-_endesa_142808','GA730','',0,0),(23887,'1000261031_-_05_08_2021_-_endesa_142809','GA731','',0,0),(23888,'1000262390_-_06_08_2021_-_endesa_142810','GA732','',0,0),(23889,'1000269176_-_08_09_2021_-_endesa_142811','GA733','',0,0),(23890,'1000270101_-_09_09_2021_-_endesa_142812','GA734','',0,0),(23891,'1000276789_-_08_10_2021_-_endesa_142813','GA735','',0,0),(23892,'1000277738_-_08_10_2021_-_endesa_142814','GA736','',0,0),(23893,'2000015675_-_26_03_2019_-_endesa_142815','GA737','',0,0),(23894,'2021-01_142816','GA738','',0,0),(23895,'2021-02_142817','GA739','',0,0),(23896,'2021-03_142818','GA740','',0,0),(23897,'2021-04_142819','GA741','',0,0),(23898,'2021-05_142820','GA742','',0,0),(23899,'2021-06_142821','GA743','',0,0),(23900,'2021-07_142822','GA744','',0,0),(23901,'2021-08_142823','GA745','',0,0),(23902,'2021-09_142824','GA746','',0,0),(23903,'2021-10_142825','GA747','',0,0),(23904,'2021-11_142826','GA748','',0,0),(23905,'2021-12_142827','GA749','',0,0),(23906,'4._factures_gaz_2021_part1_desorgues_142828','GA750','',0,0),(23907,'4._factures_gaz_2021_part10_desorgues_142829','GA751','',0,0),(23908,'4._factures_gaz_2021_part11_desorgues_142830','GA752','',0,0),(23909,'4._factures_gaz_2021_part12_desorgues_142831','GA753','',0,0),(23910,'4._factures_gaz_2021_part2_desorgues_142832','GA754','',0,0),(23911,'4._factures_gaz_2021_part3_desorgues_142833','GA755','',0,0),(23912,'4._factures_gaz_2021_part4_desorgues_142834','GA756','',0,0),(23913,'4._factures_gaz_2021_part5_desorgues_142835','GA757','',0,0),(23914,'4._factures_gaz_2021_part6_desorgues_142836','GA758','',0,0),(23915,'4._factures_gaz_2021_part7_desorgues_142837','GA759','',0,0),(23916,'4._factures_gaz_2021_part8_desorgues_142838','GA760','',0,0),(23917,'4._factures_gaz_2021_part9_desorgues_142839','GA761','',0,0),(23918,'autry_dec21_142840','GA762','',0,0),(23919,'autry_juin21_142841','GA763','',0,0),(23920,'autry_mai21_142842','GA764','',0,0),(23921,'autry_nov21_142843','GA765','',0,0),(23922,'autry_oct21_142844','GA766','',0,0),(23923,'endesa_samin_01.2021_142845','GA767','',0,0),(23924,'endesa_samin_02.2021_142846','GA768','',0,0),(23925,'endesa_samin_03.2021_142847','GA769','',0,0),(23926,'endesa_samin_04.2021_142848','GA770','',0,0),(23927,'endesa_samin_05.2021_142849','GA771','',0,0),(23928,'endesa_samin_06.2021_142850','GA772','',0,0),(23929,'endesa_samin_07.2021_142851','GA773','',0,0),(23930,'endesa_samin_08.2021_142852','GA774','',0,0),(23931,'endesa_samin_09.2021_142853','GA775','',0,0),(23932,'endesa_samin_10.2021_142854','GA776','',0,0),(23933,'endesa_samin_11.2021_142855','GA777','',0,0),(23934,'endesa_samin_12.2021_142856','GA778','',0,0),(23935,'endesa_aout21_152042','GA779','',0,0),(23936,'endesa_avril21_142857','GA780','',0,0),(23937,'endesa_dec21_142858','GA781','',0,0),(23938,'endesa_fev21_142859','GA782','',0,0),(23939,'endesa_janv21_142860','GA783','',0,0),(23940,'endesa_juillet21_142861','GA784','',0,0),(23941,'endesa_juin21_142862','GA785','',0,0),(23942,'endesa_mai21_142863','GA786','',0,0),(23943,'endesa_mars21_142864','GA787','',0,0),(23944,'endesa_nov21_142865','GA788','',0,0),(23945,'endesa_oct21_142866','GA789','',0,0),(23946,'endesa_sept21_142867','GA790','',0,0),(23947,'endesa_consumo_agosto_2021_142869','GA791','',0,0),(23948,'endesa_consumo_diciembre_2021_142871','GA792','',0,0),(23949,'endesa_consumo_julio_2021_142873','GA793','',0,0),(23950,'endesa_consumo_junio_2021_142875','GA794','',0,0),(23951,'endesa_consumo_noviembre_2021_142877','GA795','',0,0),(23952,'endesa_consumo_octubre_2021_142879','GA796','',0,0),(23953,'endesa_consumo_septiembre_2021_142881','GA797','',0,0),(23954,'factures_gaz_2021_-_amboise_partie1_142883','GA798','',0,0),(23955,'factures_gaz_2021_-_amboise_partie10_142885','GA799','',0,0),(23956,'factures_gaz_2021_-_amboise_partie11_142887','GA800','',0,0),(23957,'factures_gaz_2021_-_amboise_partie12_142889','GA801','',0,0),(23958,'factures_gaz_2021_-_amboise_partie2_142891','GA802','',0,0),(23959,'factures_gaz_2021_-_amboise_partie3_142893','GA803','',0,0),(23960,'factures_gaz_2021_-_amboise_partie4_142895','GA804','',0,0),(23961,'factures_gaz_2021_-_amboise_partie5_142897','GA805','',0,0),(23962,'factures_gaz_2021_-_amboise_partie6_142899','GA806','',0,0),(23963,'factures_gaz_2021_-_amboise_partie7_142901','GA807','',0,0),(23964,'factures_gaz_2021_-_amboise_partie8_142903','GA808','',0,0),(23965,'factures_gaz_2021_-_amboise_partie9_142905','GA809','',0,0),(23980,'novasep_fac_engie_01_2022_153336','GA810','',0,0),(23981,'novasep_fac_engie_02_2022_153337','GA811','',0,0),(23982,'novasep_fac_engie_03_2022_153338','GA812','',0,0),(23983,'novasep_fac_engie_04_2022_153339','GA813','',0,0),(23984,'novasep_fac_engie_05_2022_153340','GA814','',0,0),(23985,'novasep_fac_engie_06_2022_153341','GA815','',0,0),(23986,'novasep_fac_engie_07_2022_153342','GA816','',0,0),(23987,'novasep_fac_engie_08_2022_153343','GA817','',0,0),(23988,'novasep_fac_engie_09_2022_153344','GA818','',0,0),(23989,'novasep_fac_engie_10_2022_153345','GA819','',0,0),(23990,'novasep_fac_engie_11_2022_153346','GA820','',0,0),(23991,'novasep_fac_engie_12_2022_153347','GA821','',0,0),(25329,'pmc_isochem_gennevilliers_-_aout_2021_-_fr10014345_154901','GA822','',0,0),(25330,'pmc_isochem_gennevilliers_-_avril_2021_-_fr1001361_154904','GA823','',0,0),(25331,'pmc_isochem_gennevilliers_-_decembre_2021_-_fr1001_154907','GA824','',0,0),(25332,'pmc_isochem_gennevilliers_-_fevrier_2021_-_fr10013_154910','GA825','',0,0),(25333,'pmc_isochem_gennevilliers_-_janvier_2021_-_fr10012_154913','GA826','',0,0),(25334,'pmc_isochem_gennevilliers_-_juillet_2021_-_fr10014_154917','GA827','',0,0),(25335,'pmc_isochem_gennevilliers_-_juin_2021_-_fr10014085_154921','GA828','',0,0),(25336,'pmc_isochem_gennevilliers_-_mars_2021_-_fr10013400_154925','GA829','',0,0),(25337,'pmc_isochem_gennevilliers_-_novembre_2021_-_fr1001_154929','GA830','',0,0),(25338,'pmc_isochem_gennevilliers_-_octobre_2021_-_fr10014_154933','GA831','',0,0),(25339,'pmc_isochem_gennevilliers_-_septembre_2021_-_fr100_154937','GA832','',0,0),(25340,'pmc_isochem_gennevilliers-_mai_2021_-_fr100138522__154941','GA833','',0,0),(25341,'pmc_isochem_pithiviers_-_aout_2021_-_fr100143455_-_154945','GA834','',0,0),(25342,'pmc_isochem_pithiviers_-_avril_2021_-_fr100136294__154949','GA835','',0,0),(25343,'pmc_isochem_pithiviers_-_decembre_2021_-_fr1001529_154953','GA836','',0,0),(25344,'pmc_isochem_pithiviers_-_fevrier_2021_-_fr10013177_154955','GA837','',0,0),(25382,'pmc_isochem_pithiviers_-_janvier_2021_-_fr10012984_154961','GA838','',0,0),(25401,'pmc_isochem_pithiviers_-_juillet_2021_-_fr10014297_154966','GA839','',0,0),(25403,'pmc_isochem_pithiviers_-_juillet_2021_-_fr10014297_154966','GA839','',0,0),(25423,'pmc_isochem_pithiviers_-_juin_2021_-_fr100140769_-_154971','GA840','',0,0),(25424,'pmc_isochem_pithiviers_-_juin_2021_-_fr100140769_-_154971','GA840','',0,0),(25446,'pmc_isochem_pithiviers_-_mai_2021_-_fr100138730_-__154976','GA841','',0,0),(26344,'aci15115_-_axpo_aout_2021_156271','GA842','',0,0),(26345,'aci15115_-_axpo_aout_2021_156271','GA843','',15632,27777),(26346,'aci15115_-_axpo_fr00000810_refact_janvier_2021_156276','GA844','',0,0),(26347,'aci15115_-_axpo_fr00000810_refact_janvier_2021_156276','GA844','',0,0),(26348,'aci15115_-_axpo_fr00000810_refact_janvier_2021_156276','GA845','',0,0),(26349,'aci15115_-_axpo_fr00000810_refact_janvier_2021_156276','GA845','',15632,27777),(26350,'aci15115_-_axpo_fr00003581_sept_2021_156281','GA846','',0,0),(26351,'aci15115_-_axpo_fr00003581_sept_2021_156281','GA847','',0,0),(26352,'aci15115_-_axpo_fr00003581_sept_2021_156281','GA847','',0,0),(26353,'aci15115_-_axpo_fr00003581_sept_2021_156281','GA848','',15632,27777),(26354,'aci15115_-_axpo_juillet_2021_156286','GA849','',15632,27777),(26355,'aci15115_-_axpo_juin_2021_156291','GA850','',0,0),(26356,'aci15115_-_axpo_juin_2021_156291','GA851','',0,0),(26357,'aci15115_-_axpo_juin_2021_156291','GA852','',15632,27777),(26358,'aci15115_-_axpo_novembre_2021_156296','GA853','',0,0),(26359,'aci15115_-_axpo_novembre_2021_156296','GA854','',0,0),(26360,'aci15115_-_axpo_novembre_2021_156296','GA854','',0,0),(26361,'aci15115_-_axpo_novembre_2021_156296','GA855','',15632,27777),(26362,'aci15115_-_axpo_fact_avril_2021_156301','GA856','',15632,27777),(26363,'aci15115_-_axpo_fact_fevrier_2021_156306','GA857','',15632,27777),(26364,'aci15115_-_axpo_fact_mai_2021_156311','GA858','',15632,27777),(26365,'aci15115_-_axpo_fact_mars_2021_156316','GA859','',15632,27777),(26366,'aci15115_-_axpo_dec_2021_fr00004315_156321','GA860','',0,0),(26367,'aci15115_-_axpo_dec_2021_fr00004315_156321','GA861','',15632,27777),(26368,'aci15115_-_axpo_fr00003827_oct_2021_156325','GA862','',0,0),(26369,'aci15115_-_axpo_fr00003827_oct_2021_156325','GA862','',0,0),(26370,'aci15115_-_axpo_fr00003827_oct_2021_156325','GA863','',0,0),(26371,'aci15115_-_axpo_fr00003827_oct_2021_156325','GA864','',15632,27777),(26372,'aci15116_-_axpo_aout_2021_156330','GA865','',15632,27778),(26373,'aci15116_-_axpo_fr00000809_refact_janvier_2021_156336','GA866','',0,0),(26374,'aci15116_-_axpo_fr00000809_refact_janvier_2021_156336','GA867','',0,0),(26375,'aci15116_-_axpo_fr00000809_refact_janvier_2021_156336','GA867','',15632,27778),(26376,'aci15116_-_axpo_fr00003582_sept_2021_156341','GA868','',0,0),(26377,'aci15116_-_axpo_fr00003582_sept_2021_156341','GA869','',15632,27778),(26378,'aci15116_-_axpo_fr00004620_decembre_2021_156347','GA870','',15632,27778),(26379,'aci15116_-_axpo_juillet_2021_156352','GA871','',15632,27778),(26380,'aci15116_-_axpo_juin_2021_156356','GA872','',0,0),(26381,'aci15116_-_axpo_juin_2021_156356','GA873','',15632,27778),(26382,'aci15116_-_axpo_novembre_2021_156362','GA874','',0,0),(26383,'aci15116_-_axpo_novembre_2021_156362','GA874','',15632,27778),(26384,'aci15116_-_axpo_fact_avril_2021_156367','GA875','',0,0),(26385,'aci15116_-_axpo_fact_avril_2021_156367','GA876','',15632,27778),(26386,'aci15116_-_axpo_fact_fevrier_2021_156372','GA877','',0,0),(26387,'aci15116_-_axpo_fact_fevrier_2021_156372','GA878','',0,0),(26388,'aci15116_-_axpo_fact_fevrier_2021_156372','GA878','',0,0),(26389,'aci15116_-_axpo_fact_fevrier_2021_156372','GA878','',15632,27778),(26390,'aci15116_-_axpo_fact_mai_2021_156377','GA879','',0,0),(26391,'aci15116_-_axpo_fact_mai_2021_156377','GA880','',15632,27778),(26392,'aci15116_-_axpo_fact_mars_2021_156382','GA881','',0,0),(26393,'aci15116_-_axpo_fact_mars_2021_156382','GA881','',0,0),(26394,'aci15116_-_axpo_fact_mars_2021_156382','GA882','',0,0),(26395,'aci15116_-_axpo_fact_mars_2021_156382','GA882','',15632,27778),(26396,'aci15116_-_axpo_fr00003828_oct_2021_156387','GA883','',0,0),(26397,'aci15116_-_axpo_fr00003828_oct_2021_156387','GA884','',0,0),(26398,'aci15116_-_axpo_fr00003828_oct_2021_156387','GA884','',15632,27778),(26399,'axpo_01_2021_156389','GA885','',0,0),(26400,'axpo_01_2021_156389','GA886','',15633,27779),(26401,'axpo_02_2021_156394','GA887','',15633,27779),(26402,'axpo_03_2021_156399','GA888','',0,0),(26403,'axpo_03_2021_156399','GA889','',15633,27779),(26404,'axpo_04_2021_156404','GA890','',15633,27779),(26405,'axpo_05_2021_156409','GA891','',15633,27779),(26406,'axpo_06_2021_156414','GA892','',15633,27779),(26407,'axpo_07_2021_156419','GA893','',0,0),(26408,'axpo_07_2021_156419','GA893','',0,0),(26409,'axpo_07_2021_156419','GA893','',0,0),(26410,'axpo_07_2021_156419','GA894','',15633,27779),(26411,'axpo_08_2021_156424','GA895','',0,0),(26412,'axpo_08_2021_156424','GA896','',0,0),(26413,'axpo_08_2021_156424','GA897','',0,0),(26414,'axpo_08_2021_156424','GA897','',15633,27779),(26415,'axpo_09_2021_156428','GA898','',0,0),(26416,'axpo_09_2021_156428','GA898','',0,0),(26417,'axpo_09_2021_156428','GA898','',0,0),(26418,'axpo_09_2021_156428','GA899','',15633,27779),(26419,'axpo_10_2021_156434','GA900','',0,0),(26420,'axpo_10_2021_156434','GA901','',0,0),(26421,'axpo_10_2021_156434','GA902','',15633,27779),(26422,'axpo_11_2021_156439','GA903','',0,0),(26423,'axpo_11_2021_156439','GA904','',15633,27779),(26424,'axpo_12_2021_156443','GA905','',0,0),(26425,'axpo_12_2021_156443','GA906','',0,0),(26426,'axpo_12_2021_156443','GA907','',0,0),(26427,'axpo_12_2021_156443','GA907','',15633,27779),(26428,'polygone-01-2021-gaz-f1012383378+dar_156449','GA908','',15615,28499),(26429,'polygone-02-2021-gaz-f10125731152+dar_156455','GA909','',0,0),(26430,'polygone-02-2021-gaz-f10125731152+dar_156455','GA910','',15615,28499),(26431,'polygone-03-2021-gaz-f10127238453+dar1_156459','GA911','',0,0),(26432,'polygone-03-2021-gaz-f10127238453+dar1_156459','GA911','',0,0),(26433,'polygone-03-2021-gaz-f10127238453+dar1_156459','GA912','',15615,28499),(26434,'polygone-04-2021-gaz-f10128543756+dar_156465','GA913','',0,0),(26435,'polygone-04-2021-gaz-f10128543756+dar_156465','GA914','',15615,28499),(26436,'polygone-05-2021-gaz-f10130024608+dar_156469','GA915','',15615,28499),(26437,'polygone-06-2021-gaz-f10131494563+dar_156473','GA916','',15615,28499),(26438,'polygone-07-2021-gaz-f10133233357+dar_156480','GA917','',0,0),(26439,'polygone-07-2021-gaz-f10133233357+dar_156480','GA918','',15615,28499),(26440,'polygone-08-2021-gaz-f10134936893+dar_156485','GA919','',15615,28499),(26441,'polygone-09-2021-gaz-f10136660559+dar_156490','GA920','',0,0),(26442,'polygone-09-2021-gaz-f10136660559+dar_156490','GA920','',0,0),(26443,'polygone-09-2021-gaz-f10136660559+dar_156490','GA921','',0,0),(26444,'polygone-09-2021-gaz-f10136660559+dar_156490','GA922','',15615,28499),(26445,'polygone-10-2021-gaz-f10138131561+dar_156494','GA923','',0,0),(26446,'polygone-10-2021-gaz-f10138131561+dar_156494','GA924','',0,0),(26447,'polygone-10-2021-gaz-f10138131561+dar_156494','GA924','',15615,28499),(26448,'polygone-11-2021-gaz-f10140112942+dar_156499','GA925','',0,0),(26449,'polygone-11-2021-gaz-f10140112942+dar_156499','GA926','',15615,28499),(26450,'polygone-12-2021-gaz-f10141692670+dar_156505','GA927','',15615,28499),(26451,'antigone-01-2021-gaz-f10123833757-dar_156510','GA928','',0,0),(26452,'antigone-01-2021-gaz-f10123833757-dar_156510','GA929','',0,0),(26453,'antigone-02-2021-gaz-f10125731150-dar_156514','GA930','',0,0),(26454,'antigone-02-2021-gaz-f10125731150-dar_156514','GA930','',0,0),(26455,'antigone-02-2021-gaz-f10125731150-dar_156514','GA931','',0,0),(26456,'antigone-02-2021-gaz-f10125731150-dar_156514','GA931','',0,0),(26457,'antigone-03-2021-gaz-f10127238435+dar_156520','GA932','',0,0),(26458,'antigone-03-2021-gaz-f10127238435+dar_156520','GA932','',0,0),(26459,'antigone-03-2021-gaz-f10127238435+dar_156520','GA933','',0,0),(26460,'antigone-03-2021-gaz-f10127238435+dar_156520','GA934','',0,0),(26461,'antigone-04-2021-gaz-f10128543728+dar_156524','GA935','',0,0),(26462,'antigone-04-2021-gaz-f10128543728+dar_156524','GA935','',0,0),(26463,'antigone-04-2021-gaz-f10128543728+dar_156524','GA936','',0,0),(26464,'antigone-04-2021-gaz-f10128543728+dar_156524','GA937','',0,0),(26465,'antigone-05-2021-gaz-f10130024594+dar_156529','GA938','',0,0),(26466,'antigone-05-2021-gaz-f10130024594+dar_156529','GA939','',0,0),(26467,'26107_antigone-01-2021-gaz-f10123833757-dar_156535','GA940','',0,0),(26468,'26107_antigone-01-2021-gaz-f10123833757-dar_156535','GA940','',0,0),(26469,'26107_antigone-01-2021-gaz-f10123833757-dar_156535','GA941','',0,0),(26470,'26107_antigone-01-2021-gaz-f10123833757-dar_156535','GA942','',0,0),(26471,'antigone-06-2021-gaz-f10131494561+dar_156540','GA943','',0,0),(26472,'antigone-06-2021-gaz-f10131494561+dar_156540','GA943','',0,0),(26473,'antigone-06-2021-gaz-f10131494561+dar_156540','GA943','',0,0),(26474,'antigone-06-2021-gaz-f10131494561+dar_156540','GA943','',0,0),(26475,'26109_antigone-02-2021-gaz-f10125731150-dar_156545','GA944','',0,0),(26476,'26109_antigone-02-2021-gaz-f10125731150-dar_156545','GA944','',0,0),(26477,'26109_antigone-02-2021-gaz-f10125731150-dar_156545','GA945','',0,0),(26478,'26111_antigone-03-2021-gaz-f10127238435+dar_156550','GA946','',0,0),(26479,'antigone-07-2021-gaz-f10133233350+dar_156555','GA947','',0,0),(26480,'antigone-07-2021-gaz-f10133233350+dar_156555','GA948','',0,0),(26481,'antigone-07-2021-gaz-f10133233350+dar_156555','GA949','',0,0),(26482,'26114_antigone-04-2021-gaz-f10128543728+dar_156560','GA950','',0,0),(26483,'26114_antigone-04-2021-gaz-f10128543728+dar_156560','GA951','',0,0),(26484,'antigone-08-2021-gaz-f10134936889+dar_156565','GA952','',0,0),(26485,'antigone-08-2021-gaz-f10134936889+dar_156565','GA953','',0,0),(26486,'antigone-08-2021-gaz-f10134936889+dar_156565','GA953','',0,0),(26487,'antigone-08-2021-gaz-f10134936889+dar_156565','GA954','',0,0),(26488,'antigone-01-2021-gaz-f10123833757-dar_156570','GA955','',0,0),(26489,'antigone-01-2021-gaz-f10123833757-dar_156570','GA956','',0,0),(26490,'antigone-01-2021-gaz-f10123833757-dar_156570','GA956','',0,0),(26491,'antigone-09-2021-gaz-f10136660560+dar_156575','GA957','',0,0),(26492,'antigone-09-2021-gaz-f10136660560+dar_156575','GA957','',0,0),(26493,'antigone-02-2021-gaz-f10125731150-dar_156580','GA958','',0,0),(26494,'antigone-02-2021-gaz-f10125731150-dar_156580','GA958','',0,0),(26495,'antigone-02-2021-gaz-f10125731150-dar_156580','GA959','',0,0),(26496,'antigone-02-2021-gaz-f10125731150-dar_156580','GA959','',0,0),(26497,'antigone-10-2021-gaz-f10138131553+dar_156585','GA960','',0,0),(26498,'antigone-10-2021-gaz-f10138131553+dar_156585','GA961','',0,0),(26499,'antigone-10-2021-gaz-f10138131553+dar_156585','GA962','',0,0),(26500,'antigone-03-2021-gaz-f10127238435+dar_156590','GA963','',0,0),(26501,'antigone-03-2021-gaz-f10127238435+dar_156590','GA964','',0,0),(26502,'antigone-03-2021-gaz-f10127238435+dar_156590','GA965','',0,0),(26503,'antigone-11-2021-gaz-f10140112932+dar_156595','GA966','',0,0),(26504,'antigone-11-2021-gaz-f10140112932+dar_156595','GA966','',0,0),(26505,'antigone-11-2021-gaz-f10140112932+dar_156595','GA966','',0,0),(26506,'antigone-11-2021-gaz-f10140112932+dar_156595','GA967','',0,0),(26507,'antigone-04-2021-gaz-f10128543728+dar_156600','GA968','',0,0),(26508,'antigone-04-2021-gaz-f10128543728+dar_156600','GA969','',0,0),(26509,'antigone-04-2021-gaz-f10128543728+dar_156600','GA970','',0,0),(26510,'antigone-04-2021-gaz-f10128543728+dar_156600','GA970','',0,0),(26511,'antigone-12-2021-gaz-f10141692665+dar_156608','GA971','',0,0),(26512,'antigone-12-2021-gaz-f10141692665+dar_156608','GA971','',0,0),(26513,'antigone-12-2021-gaz-f10141692665+dar_156608','GA972','',0,0),(26514,'antigone-05-2021-gaz-f10130024594+dar_156615','GA973','',0,0),(26515,'antigone-05-2021-gaz-f10130024594+dar_156615','GA973','',0,0),(26516,'antigone-05-2021-gaz-f10130024594+dar_156615','GA974','',0,0),(26517,'antigone-06-2021-gaz-f10131494561+dar_156619','GA975','',0,0),(26518,'antigone-06-2021-gaz-f10131494561+dar_156619','GA975','',0,0),(26519,'antigone-06-2021-gaz-f10131494561+dar_156619','GA976','',0,0),(26520,'antigone-06-2021-gaz-f10131494561+dar_156619','GA976','',0,0),(26521,'antigone-07-2021-gaz-f10133233350+dar_156625','GA977','',0,0),(26522,'antigone-07-2021-gaz-f10133233350+dar_156625','GA978','',0,0),(26523,'antigone-07-2021-gaz-f10133233350+dar_156625','GA978','',0,0),(26524,'antigone-07-2021-gaz-f10133233350+dar_156625','GA979','',0,0),(26525,'antigone-08-2021-gaz-f10134936889+dar_156630','GA980','',0,0),(26526,'antigone-08-2021-gaz-f10134936889+dar_156630','GA980','',0,0),(26527,'antigone-09-2021-gaz-f10136660560+dar_156635','GA981','',0,0),(26528,'antigone-09-2021-gaz-f10136660560+dar_156635','GA981','',0,0),(26529,'antigone-10-2021-gaz-f10138131553+dar_156640','GA982','',0,0),(26530,'antigone-11-2021-gaz-f10140112932+dar_156645','GA983','',0,0),(26531,'antigone-12-2021-gaz-f10141692665+dar_156649','GA984','',0,0),(26532,'antigone-12-2021-gaz-f10141692665+dar_156648','GA985','',0,0),(26533,'antigone-12-2021-gaz-f10141692665+dar_156647','GA986','',0,0),(26535,'pmc_isochem_pithiviers_-_mai_2021_-_fr100138730_-__154976','GA987','',16092,26534),(26536,'pmc_isochem_pithiviers_-_mars_2021_-_fr100134003_-_154981','GA988','',16092,26534),(26537,'pmc_isochem_pithiviers_-_novembre_2021_-_fr1001509_154986','GA989','',16092,26534),(26538,'pmc_isochem_pithiviers_-_octobre_2021_-_fr10014833_154991','GA990','',16092,26534),(26539,'pmc_isochem_pithiviers_-_septembre_2021_-_fr100145_154996','GA991','',16092,26534),(26541,'pmc_isochem_vert_le_petit_-_fevrier_2021_-_fr10013_155001','GA992','',16093,26540),(26542,'pmc_isochem_vert_le_petit_-_janvier_2021_-_fr10012_155006','GA993','',16093,26540),(26543,'pmc_isochem_vert_le_petit_-_juillet_2021_-_fr10014_155011','GA994','',16093,26540),(26544,'pmc_isochem_vert_le_petit_-_juin_2021_-_fr10014078_155016','GA995','',16093,26540),(26545,'pmc_isochem_vert_le_petit_-_mai_2021_-_fr100138506_155021','GA996','',16093,26540),(26546,'pmc_isochem_vert_le_petit_-_mars_2021_-_fr10013416_155026','GA997','',16093,26540),(26547,'pmc_isochem_vert_le_petit_-_novembre_2021_-_fr1001_155031','GA998','',16093,26540),(26548,'pmc_isochem_vert_le_petit_-_octobre_2021_-_fr10014_155036','GA999','',16093,26540),(26549,'pmc_isochem_vert_le_petit_-_septembre_2021_-_fr100_155041','GA1000','',16093,26540),(26550,'pmc_isochem_vert_le_petit-_decembre_2021_-_fr10015_155046','GA1001','',16093,26540),(26551,'pmc_isochem_vert_le_petit_-_aout_2021_-_fr10014346_155051','GA1002','',16093,26540),(26552,'pmc_isochem_vert_le_petit_-_avril_2021_-_fr1001362_155056','GA1003','',16093,26540),(26637,'1000223109_-_16_02_2021_-_endesa_156666','GA1004','',0,0),(26638,'1000231568_-_10_03_2021_-_endesa_156667','GA1005','',0,0),(26639,'1000237034_-_09_04_2021_-_endesa_156668','GA1006','',0,0),(26640,'1000244093_-_11_05_2021_-_endesa_156669','GA1007','',0,0),(26641,'1000256457_-_09_07_2021_-_endesa_156670','GA1008','',0,0),(26642,'1000261031_-_05_08_2021_-_endesa_156671','GA1009','',0,0),(26643,'1000262390_-_06_08_2021_-_endesa_156672','GA1010','',0,0),(26644,'1000269176_-_08_09_2021_-_endesa_156673','GA1011','',0,0),(26645,'1000270101_-_09_09_2021_-_endesa_156674','GA1012','',0,0),(26646,'1000276789_-_08_10_2021_-_endesa_156675','GA1013','',0,0),(26647,'1000277738_-_08_10_2021_-_endesa_156676','GA1014','',0,0),(26648,'2000015675_-_26_03_2019_-_endesa_156677','GA1015','',0,0),(26649,'2021-01_156678','GA1016','',15804,30098),(26650,'2021-02_156679','GA1017','',15804,30098),(26651,'2021-03_156680','GA1018','',15804,30098),(26652,'2021-04_156681','GA1019','',15804,30098),(26653,'2021-05_156683','GA1020','',15804,30098),(26654,'2021-06_156684','GA1021','',15804,30098),(26655,'2021-07_156686','GA1022','',15804,30098),(26656,'2021-08_156687','GA1023','',15804,30098),(26657,'2021-09_156688','GA1024','',15804,30098),(26658,'2021-10_156690','GA1025','',15804,30098),(26659,'2021-11_156692','GA1026','',15804,30098),(26660,'2021-12_156694','GA1027','',15804,30098),(26661,'4._factures_gaz_2021_part1_desorgues_156696','GA1028','',15377,30100),(26662,'4._factures_gaz_2021_part10_desorgues_156698','GA1029','',15377,30100),(26663,'4._factures_gaz_2021_part11_desorgues_156700','GA1030','',15377,30100),(26664,'4._factures_gaz_2021_part12_desorgues_156702','GA1031','',15377,30100),(26665,'4._factures_gaz_2021_part2_desorgues_156704','GA1032','',15377,30100),(26666,'4._factures_gaz_2021_part3_desorgues_156706','GA1033','',15377,30100),(26667,'4._factures_gaz_2021_part4_desorgues_156708','GA1034','',15377,30100),(26668,'4._factures_gaz_2021_part5_desorgues_156709','GA1035','',15377,30100),(26669,'4._factures_gaz_2021_part6_desorgues_156712','GA1036','',15377,30100),(26670,'4._factures_gaz_2021_part7_desorgues_156714','GA1037','',15377,30100),(26671,'4._factures_gaz_2021_part8_desorgues_156716','GA1038','',15377,30100),(26672,'4._factures_gaz_2021_part9_desorgues_156719','GA1039','',15377,30100),(26673,'autry_dec21_156721','GA1040','',15294,30104),(26674,'autry_juin21_156723','GA1041','',15294,30104),(26675,'autry_mai21_156725','GA1042','',15294,30104),(26676,'autry_nov21_156727','GA1043','',15294,30104),(26677,'autry_oct21_156729','GA1044','',15294,30104),(27224,'endesa_samin_01.2021_156730','GA1045','',0,0),(27225,'endesa_samin_02.2021_156731','GA1046','',0,0),(27226,'endesa_samin_03.2021_156732','GA1047','',0,0),(27227,'endesa_samin_04.2021_156733','GA1048','',0,0),(27228,'endesa_samin_05.2021_156734','GA1049','',0,0),(27229,'endesa_samin_06.2021_156735','GA1050','',0,0),(27230,'endesa_samin_07.2021_156736','GA1051','',0,0),(27231,'endesa_samin_08.2021_156737','GA1052','',0,0),(27232,'endesa_samin_09.2021_156738','GA1053','',0,0),(27233,'endesa_samin_10.2021_156739','GA1054','',0,0),(27234,'endesa_samin_11.2021_156740','GA1055','',0,0),(27235,'endesa_samin_12.2021_156741','GA1056','',0,0),(27236,'endesa_aout21_156742','GA1057','',0,0),(27237,'endesa_avril21_156743','GA1058','',0,0),(27238,'endesa_dec21_156744','GA1059','',0,0),(27239,'endesa_fev21_156745','GA1060','',0,0),(27240,'endesa_janv21_156746','GA1061','',0,0),(27241,'endesa_juillet21_156747','GA1062','',0,0),(27242,'endesa_juin21_156748','GA1063','',0,0),(27243,'endesa_mai21_156749','GA1064','',0,0),(27244,'endesa_mars21_156750','GA1065','',0,0),(27245,'endesa_nov21_156751','GA1066','',0,0),(27246,'endesa_oct21_156752','GA1067','',0,0),(27247,'endesa_sept21_156753','GA1068','',0,0),(27248,'endesa_consumo_agosto_2021_156754','GA1069','',15511,30103),(27249,'endesa_consumo_diciembre_2021_156755','GA1070','',15511,30103),(27250,'endesa_consumo_julio_2021_156756','GA1071','',15511,30103),(27251,'endesa_consumo_junio_2021_156757','GA1072','',15511,30103),(27252,'endesa_consumo_noviembre_2021_156758','GA1073','',15511,30103),(27253,'endesa_consumo_octubre_2021_156759','GA1074','',15511,30103),(27254,'endesa_consumo_septiembre_2021_156760','GA1075','',15511,30103),(27255,'factures_gaz_2021_-_amboise_partie1_156761','GA1076','',0,0),(27256,'factures_gaz_2021_-_amboise_partie10_156762','GA1077','',0,0),(27257,'factures_gaz_2021_-_amboise_partie11_156763','GA1078','',0,0),(27258,'factures_gaz_2021_-_amboise_partie12_156764','GA1079','',0,0),(27259,'factures_gaz_2021_-_amboise_partie2_156765','GA1080','',0,0),(27260,'factures_gaz_2021_-_amboise_partie3_156766','GA1081','',0,0),(27261,'factures_gaz_2021_-_amboise_partie4_156767','GA1082','',0,0),(27262,'factures_gaz_2021_-_amboise_partie5_156768','GA1083','',0,0),(27263,'factures_gaz_2021_-_amboise_partie6_156769','GA1084','',0,0),(27264,'factures_gaz_2021_-_amboise_partie7_156770','GA1085','',0,0),(27265,'factures_gaz_2021_-_amboise_partie8_156771','GA1086','',0,0),(27266,'factures_gaz_2021_-_amboise_partie9_156773','GA1087','',0,0),(27267,'2021-01_am_marlenheim_gaz_156775','GA1088','',0,0),(27268,'2021-02_am_marlenheim_gaz_156777','GA1089','',0,0),(27269,'2021-03_am_marlenheim_gaz_156779','GA1090','',0,0),(27270,'2021-04_am_marlenheim_gaz_156781','GA1091','',0,0),(27271,'2021-05_am_marlenheim_gaz_156783','GA1092','',0,0),(27272,'2021-06_am_marlenheim_gaz_156785','GA1093','',0,0),(27273,'2021-07_am_marlenheim_gaz_156787','GA1094','',0,0),(27274,'2021-08_am_marlenheim_gaz_156789','GA1095','',0,0),(27275,'2021-09_am_marlenheim_gaz_156791','GA1096','',0,0),(27276,'2021-10_am_marlenheim_gaz_156792','GA1097','',0,0),(27277,'2021-11_am_marlenheim_gaz_156795','GA1098','',0,0),(27278,'2021-12_am_marlenheim_gaz_156797','GA1099','',0,0),(27279,'2021_01_156799','GA1100','',0,0),(27280,'2021_02_156801','GA1101','',0,0),(27281,'2021_03_156803','GA1102','',0,0),(27282,'2021_04_156805','GA1103','',0,0),(27283,'2021_05_156807','GA1104','',0,0),(27284,'2021_06_156809','GA1105','',0,0),(27285,'2021_07_156811','GA1106','',0,0),(27286,'2021_08_156813','GA1107','',0,0),(27287,'2021_09_156814','GA1108','',0,0),(27288,'2021_10_156817','GA1109','',0,0),(27289,'2021_11_156819','GA1110','',0,0),(27290,'2021_12_156821','GA1111','',0,0),(27291,'7._factures_gaz_2021_-_seripharm_part1_156823','GA1112','',0,0),(27292,'7._factures_gaz_2021_-_seripharm_part10_156825','GA1113','',0,0),(27293,'7._factures_gaz_2021_-_seripharm_part11_156827','GA1114','',0,0),(27294,'7._factures_gaz_2021_-_seripharm_part12_156829','GA1115','',0,0),(27295,'7._factures_gaz_2021_-_seripharm_part2_156831','GA1116','',0,0),(27296,'7._factures_gaz_2021_-_seripharm_part3_156833','GA1117','',0,0),(27297,'7._factures_gaz_2021_-_seripharm_part4_156835','GA1118','',0,0),(27298,'7._factures_gaz_2021_-_seripharm_part5_156836','GA1119','',0,0),(27299,'7._factures_gaz_2021_-_seripharm_part6_156839','GA1120','',0,0),(27300,'7._factures_gaz_2021_-_seripharm_part7_156841','GA1121','',0,0),(27301,'7._factures_gaz_2021_-_seripharm_part8_156843','GA1122','',0,0),(27302,'7._factures_gaz_2021_-_seripharm_part9_156845','GA1123','',0,0),(27303,'01_2021_gi097086_156847','GA1124','',16021,27858),(27304,'05_2021_gi097086_156849','GA1125','',16021,27858),(27305,'06_2021_v2_gi097086_156851','GA1126','',16021,27858),(27306,'07_2021_gi097086_156853','GA1127','',16021,27858),(27307,'08_2021_gi097086_156855','GA1128','',16021,27858),(27308,'09_2021_gi097086_156857','GA1129','',16021,27858),(27309,'09_2021_v2_gi097086_156858','GA1130','',0,0),(27310,'09_2021_v2_gi097086_156859','GA1131','',16021,27858),(27311,'10_2021_gi097086_156862','GA1132','',0,0),(27312,'10_2021_gi097086_156862','GA1133','',16021,27858),(27313,'11_2021_gi097086_156865','GA1134','',0,0),(27314,'11_2021_gi097086_156865','GA1135','',16021,27858),(27315,'12_2021_v2_gi097086_156868','GA1136','',0,0),(27316,'12_2021_v2_gi097086_156868','GA1137','',16021,27858),(27317,'facture_gaz_eni_2021-01_156871','GA1138','',0,0),(27318,'facture_gaz_eni_2021-01_156871','GA1139','',15714,27859),(27319,'facture_gaz_eni_2021-02_156874','GA1140','',0,0),(27320,'facture_gaz_eni_2021-02_156874','GA1140','',15714,27859),(27321,'facture_gaz_eni_2021-03_156877','GA1141','',0,0),(27322,'facture_gaz_eni_2021-03_156877','GA1142','',15714,27859),(27323,'facture_gaz_eni_2021-04_156880','GA1143','',0,0),(27324,'facture_gaz_eni_2021-04_156880','GA1144','',15714,27859),(27325,'facture_gaz_eni_2021-05_156883','GA1145','',0,0),(27326,'facture_gaz_eni_2021-05_156883','GA1146','',15714,27859),(27327,'facture_gaz_eni_2021-06_156886','GA1147','',0,0),(27328,'facture_gaz_eni_2021-06_156886','GA1148','',15714,27859),(27329,'facture_gaz_eni_2021-07_156889','GA1149','',0,0),(27330,'facture_gaz_eni_2021-07_156889','GA1150','',15714,27859),(27331,'facture_gaz_eni_2021-08_156893','GA1151','',0,0),(27332,'facture_gaz_eni_2021-08_156893','GA1152','',15714,27859),(27333,'facture_gaz_eni_2021-09_156897','GA1153','',0,0),(27334,'facture_gaz_eni_2021-09_156897','GA1154','',15714,27859),(27335,'facture_gaz_eni_2021-10_156901','GA1155','',15714,27859),(27336,'facture_gaz_eni_2021-11_156905','GA1156','',15714,27859),(27337,'facture_gaz_eni_2021-12_156909','GA1157','',0,0),(27338,'facture_gaz_eni_2021-12_156909','GA1158','',0,0),(27339,'facture_gaz_eni_2021-12_156909','GA1158','',15714,27859),(27340,'suc_factures_gaz_eni_2021_partie1_156913','GA1159','',0,0),(27341,'suc_factures_gaz_eni_2021_partie1_156913','GA1160','',27830,27860),(27342,'suc_factures_gaz_eni_2021_partie10_156917','GA1161','',0,0),(27343,'suc_factures_gaz_eni_2021_partie10_156917','GA1162','',27830,27860),(27344,'suc_factures_gaz_eni_2021_partie11_156921','GA1163','',0,0),(27345,'suc_factures_gaz_eni_2021_partie11_156921','GA1164','',0,0),(27346,'suc_factures_gaz_eni_2021_partie11_156921','GA1165','',27830,27860),(27347,'suc_factures_gaz_eni_2021_partie12_156925','GA1166','',0,0),(27348,'suc_factures_gaz_eni_2021_partie12_156925','GA1166','',0,0),(27349,'suc_factures_gaz_eni_2021_partie12_156925','GA1167','',27830,27860),(27350,'suc_factures_gaz_eni_2021_partie2_156929','GA1168','',0,0),(27351,'suc_factures_gaz_eni_2021_partie2_156929','GA1168','',0,0),(27352,'suc_factures_gaz_eni_2021_partie2_156929','GA1169','',27830,27860),(27353,'suc_factures_gaz_eni_2021_partie3_156933','GA1170','',0,0),(27354,'suc_factures_gaz_eni_2021_partie3_156933','GA1171','',27830,27860),(27355,'suc_factures_gaz_eni_2021_partie4_156938','GA1172','',0,0),(27356,'suc_factures_gaz_eni_2021_partie4_156938','GA1173','',27830,27860),(27357,'suc_factures_gaz_eni_2021_partie5_156943','GA1174','',0,0),(27358,'suc_factures_gaz_eni_2021_partie5_156943','GA1175','',27830,27860),(27359,'suc_factures_gaz_eni_2021_partie6_156948','GA1176','',27830,27860),(27360,'suc_factures_gaz_eni_2021_partie7_156953','GA1177','',27830,27860),(27361,'suc_factures_gaz_eni_2021_partie8_156958','GA1178','',0,0),(27362,'suc_factures_gaz_eni_2021_partie8_156958','GA1179','',0,0),(27363,'suc_factures_gaz_eni_2021_partie8_156958','GA1180','',27830,27860),(27364,'suc_factures_gaz_eni_2021_partie9_156963','GA1181','',27830,27860),(27365,'7._facture_gaz_2021_lejay_lagoute_partie1_156968','GA1182','',0,0),(27366,'7._facture_gaz_2021_lejay_lagoute_partie1_156968','GA1183','',14794,28501),(27367,'7._facture_gaz_2021_lejay_lagoute_partie10_156972','GA1184','',0,0),(27368,'7._facture_gaz_2021_lejay_lagoute_partie10_156972','GA1184','',14794,28501),(27369,'7._facture_gaz_2021_lejay_lagoute_partie11_156978','GA1185','',0,0),(27370,'7._facture_gaz_2021_lejay_lagoute_partie11_156978','GA1185','',0,0),(27371,'7._facture_gaz_2021_lejay_lagoute_partie11_156978','GA1185','',0,0),(27372,'7._facture_gaz_2021_lejay_lagoute_partie11_156978','GA1185','',14794,28501),(27373,'7._facture_gaz_2021_lejay_lagoute_partie12_156982','GA1186','',0,0),(27374,'7._facture_gaz_2021_lejay_lagoute_partie12_156982','GA1186','',0,0),(27375,'7._facture_gaz_2021_lejay_lagoute_partie12_156982','GA1187','',0,0),(27376,'7._facture_gaz_2021_lejay_lagoute_partie12_156982','GA1188','',14794,28501),(27377,'7._facture_gaz_2021_lejay_lagoute_partie13_156987','GA1189','',0,0),(27378,'7._facture_gaz_2021_lejay_lagoute_partie13_156987','GA1190','',14794,28501),(27379,'7._facture_gaz_2021_lejay_lagoute_partie14_156993','GA1191','',0,0),(27380,'7._facture_gaz_2021_lejay_lagoute_partie14_156993','GA1191','',14794,28501),(27381,'7._facture_gaz_2021_lejay_lagoute_partie2_156998','GA1192','',14794,28501),(27382,'7._facture_gaz_2021_lejay_lagoute_partie3_157003','GA1193','',0,0),(27383,'7._facture_gaz_2021_lejay_lagoute_partie3_157003','GA1194','',14794,28501),(27384,'7._facture_gaz_2021_lejay_lagoute_partie4_157008','GA1195','',14794,28501),(27385,'7._facture_gaz_2021_lejay_lagoute_partie5_157012','GA1196','',14794,28501),(27386,'7._facture_gaz_2021_lejay_lagoute_partie6_157018','GA1197','',0,0),(27387,'7._facture_gaz_2021_lejay_lagoute_partie6_157018','GA1198','',0,0),(27388,'7._facture_gaz_2021_lejay_lagoute_partie6_157018','GA1199','',0,0),(27389,'7._facture_gaz_2021_lejay_lagoute_partie7_157023','GA1200','',0,0),(27390,'7._facture_gaz_2021_lejay_lagoute_partie7_157023','GA1200','',0,0),(27391,'7._facture_gaz_2021_lejay_lagoute_partie7_157023','GA1201','',0,0),(27392,'7._facture_gaz_2021_lejay_lagoute_partie7_157023','GA1201','',14794,28501),(27393,'7._facture_gaz_2021_lejay_lagoute_partie8_157027','GA1202','',0,0),(27394,'7._facture_gaz_2021_lejay_lagoute_partie8_157027','GA1203','',14794,28501),(27395,'7._facture_gaz_2021_lejay_lagoute_partie9_157033','GA1204','',0,0),(27396,'7._facture_gaz_2021_lejay_lagoute_partie9_157033','GA1205','',0,0),(27397,'7._facture_gaz_2021_lejay_lagoute_partie9_157033','GA1205','',0,0),(27398,'7._facture_gaz_2021_lejay_lagoute_partie9_157033','GA1206','',14794,28501),(27399,'iberdrola_febrero_2021_157038','GA1207','',0,0),(27400,'iberdrola_febrero_2021_157038','GA1208','',15511,28503),(27401,'iberdrola_gaz_abril_2021_157043','GA1209','',0,0),(27402,'iberdrola_gaz_abril_2021_157043','GA1210','',15511,28503),(27403,'iberdrola_gaz_mars_2021_157048','GA1211','',0,0),(27404,'iberdrola_gaz_mars_2021_157048','GA1212','',15511,28503),(27405,'iberdrola_gaz_mayo_2021_157053','GA1213','',0,0),(27406,'iberdrola_gaz_mayo_2021_157053','GA1214','',0,0),(27407,'iberdrola_gaz_mayo_2021_157053','GA1214','',0,0),(27408,'iberdrola_gaz_mayo_2021_157053','GA1214','',15511,28503),(27409,'iberdrola_janvier_2021_157057','GA1215','',0,0),(27410,'iberdrola_janvier_2021_157057','GA1216','',0,0),(27411,'iberdrola_janvier_2021_157057','GA1217','',15511,28503),(27412,'01_01_2021_gi098672_157063','GA1218','',0,0),(27413,'01_01_2021_gi098672_157063','GA1218','',0,0),(27414,'01_01_2021_gi098672_157063','GA1218','',0,0),(27415,'01_01_2021_gi098672_157063','GA1219','',0,0),(27416,'01_02_2021_gi098672_157068','GA1220','',0,0),(27417,'01_02_2021_gi098672_157068','GA1221','',0,0),(27418,'01_11_2021_gi098672_157072','GA1222','',0,0),(27419,'01_11_2021_gi098672_157072','GA1222','',0,0),(27420,'01_11_2021_gi098672_157072','GA1223','',0,0),(27421,'01_12_2021_gi098672_157078','GA1224','',0,0),(27422,'01_12_2021_gi098672_157078','GA1224','',0,0),(27423,'01_12_2021_gi098672_157078','GA1225','',0,0),(27424,'01_12_2021_gi098672_157078','GA1226','',0,0),(27425,'aes_dec_21_157083','GA1227','',0,0),(27426,'aes_dec_21_157083','GA1228','',0,0),(27427,'aes_dec_21_157083','GA1229','',0,0),(27428,'aes_fev_21_157088','GA1230','',0,0),(27429,'aes_fev_21_157088','GA1230','',0,0),(27430,'aes_janv_21_157093','GA1231','',0,0),(27431,'aes_janv_21_157093','GA1231','',0,0),(27432,'aes_janv_21_157093','GA1232','',0,0),(27433,'aes_janv_21_157093','GA1232','',0,0),(27434,'aes_mars_21_157098','GA1233','',0,0),(27435,'aes_mars_21_157098','GA1234','',0,0),(27436,'aes_mars_21_157098','GA1235','',0,0),(27437,'aes_nov_21_157103','GA1236','',0,0),(27438,'aes_nov_21_157103','GA1237','',0,0),(27439,'aes_oct_21_157108','GA1238','',0,0),(27440,'aes_oct_21_157108','GA1239','',0,0),(27441,'aes_oct_21_157108','GA1240','',0,0),(27442,'aes_oct_21_157108','GA1241','',0,0),(27443,'bmes_avril_21_157112','GA1242','',0,0),(27444,'bmes_avril_21_157112','GA1243','',0,0),(27445,'bmes_avril_21_157112','GA1244','',0,0),(27446,'bmes_dec_21_157118','GA1245','',0,0),(27447,'bmes_dec_21_157118','GA1245','',0,0),(27448,'bmes_dec_21_157118','GA1246','',0,0),(27449,'bmes_fev_21_157124','GA1247','',0,0),(27450,'bmes_fev_21_157124','GA1248','',0,0),(27451,'bmes_fev_21_157124','GA1249','',0,0),(27452,'bmes_janv_21_157129','GA1250','',0,0),(27453,'bmes_janv_21_157129','GA1250','',0,0),(27454,'bmes_janv_21_157129','GA1251','',0,0),(27455,'bmes_janv_21_157129','GA1252','',0,0),(27456,'bmes_mars_21_157135','GA1253','',0,0),(27457,'bmes_mars_21_157135','GA1253','',0,0),(27458,'bmes_mars_21_157135','GA1253','',0,0),(27459,'bmes_mars_21_157135','GA1254','',0,0),(27460,'bmes_nov_21_157140','GA1255','',0,0),(27461,'bmes_nov_21_157140','GA1256','',0,0),(27462,'bmes_nov_21_157140','GA1257','',0,0),(27463,'bmes_nov_21_157140','GA1257','',0,0),(27464,'gi060598_01_2021_157141','GA1258','',0,0),(27465,'gi060598_01_2021_157141','GA1259','',0,0),(27466,'gi060598_01_2021_157141','GA1259','',0,0),(27467,'gi060598_02_2021_157146','GA1260','',0,0),(27468,'gi060598_02_2021_157146','GA1260','',0,0),(27469,'gi060598_02_2021_157146','GA1261','',0,0),(27470,'gi060598_02_2021_157146','GA1261','',0,0),(27471,'gi060598_03_2021_157151','GA1262','',0,0),(27472,'gi060598_03_2021_157151','GA1263','',0,0),(27473,'gi060598_04_2021_157156','GA1264','',0,0),(27474,'gi060598_04_2021_157156','GA1265','',0,0),(27475,'gi060598_05_2021_157161','GA1266','',0,0),(27476,'gi060598_05_2021_157161','GA1267','',0,0),(27477,'gi060598_05_2021_157161','GA1268','',0,0),(27478,'gi060598_06_2021_157166','GA1269','',0,0),(27479,'gi060598_06_2021_157166','GA1270','',0,0),(27480,'gi060598_06_2021_157166','GA1270','',0,0),(27481,'gi060598_07_2021_157171','GA1271','',0,0),(27482,'gi060598_08_2021_157176','GA1272','',0,0),(27483,'gi060598_08_2021_157176','GA1272','',0,0),(27484,'gi060598_08_2021_157176','GA1272','',0,0),(27485,'gi060598_08_2021_157176','GA1272','',0,0),(27486,'gi060598_09_2021_157181','GA1273','',0,0),(27487,'gi060598_10_2021_157184','GA1274','',0,0),(27488,'gi060598_10_2021_157184','GA1275','',0,0),(27489,'gi060598_10_2021_157184','GA1276','',0,0),(27490,'gi060598_10_2021_157184','GA1277','',0,0),(27491,'gi060598_11_2021_157191','GA1278','',0,0),(27492,'gi060598_11_2021_157191','GA1278','',0,0),(27493,'gi060598_12_2021_157196','GA1279','',0,0),(27494,'gi060598_12_2021_157196','GA1280','',0,0),(27495,'gi060725_01_2021_157201','GA1281','',0,0),(27496,'gi060725_01_2021_157201','GA1282','',0,0),(27497,'gi060725_01_2021_157201','GA1283','',0,0),(27498,'gi060725_01_2021_157201','GA1283','',0,0),(27499,'gi060725_02_2021_157205','GA1284','',0,0),(27500,'gi060725_02_2021_157205','GA1284','',0,0),(27501,'gi060725_02_2021_157205','GA1285','',0,0),(27502,'gi060725_02_2021_157205','GA1285','',0,0),(27503,'gi060725_03_2021_157210','GA1286','',0,0),(27504,'gi060725_03_2021_157210','GA1287','',0,0),(27505,'gi060725_03_2021_157210','GA1287','',0,0),(27506,'gi060725_03_2021_157210','GA1288','',0,0),(27507,'gi060725_10_2021_157214','GA1289','',0,0),(27508,'gi060725_10_2021_157214','GA1289','',0,0),(27509,'gi060725_10_2021_157214','GA1290','',0,0),(27510,'gi060725_10_2021_157214','GA1291','',0,0),(27511,'gi060725_11_2021_157221','GA1292','',0,0),(27512,'gi060725_11_2021_157221','GA1292','',0,0),(27513,'gi060725_11_2021_157221','GA1293','',0,0),(27514,'gi060725_11_2021_157221','GA1294','',0,0),(27515,'gi060725_12_2021_157226','GA1295','',0,0),(27516,'gi060725_12_2021_157226','GA1296','',0,0),(27517,'gi087319_01_2021_157228','GA1297','',0,0),(27518,'gi087319_01_2021_157228','GA1298','',0,0),(27519,'gi087319_02_2021_157236','GA1299','',0,0),(27520,'gi087319_02_2021_157236','GA1300','',0,0),(27521,'gi087319_02_2021_157236','GA1301','',0,0),(27522,'gi087319_02_2021_157236','GA1301','',0,0),(27523,'gi087319_03_v2_2021_157241','GA1302','',0,0),(27524,'gi087319_03_v2_2021_157241','GA1302','',0,0),(27525,'gi087319_03_v2_2021_157241','GA1303','',0,0),(27526,'gi087319_03_v2_2021_157241','GA1304','',0,0),(27527,'gi087319_10_2021_157246','GA1305','',0,0),(27528,'gi087319_10_2021_157246','GA1305','',0,0),(27529,'gi087319_11_2021_157251','GA1306','',0,0),(27530,'gi087319_11_2021_157251','GA1306','',0,0),(27531,'gi087319_12_2021_157256','GA1307','',0,0),(27532,'gi087319_12_2021_157256','GA1308','',0,0),(27533,'gi094701_01_2021_157261','GA1309','',0,0),(27534,'gi094701_01_2021_157261','GA1310','',0,0),(27535,'gi094701_02_2021_157266','GA1311','',0,0),(27536,'gi094701_03_2021_157271','GA1312','',0,0),(27537,'gi094701_03_2021_157271','GA1312','',0,0),(27538,'gi094701_03_2021_157271','GA1313','',0,0),(27539,'gi094701_03_2021_157271','GA1313','',0,0),(27540,'gi094701_04_2021_157276','GA1314','',0,0),(27541,'gi094701_04_2021_157276','GA1315','',0,0),(27542,'gi094701_05_2021_157281','GA1316','',0,0),(27543,'gi094701_05_2021_157281','GA1317','',0,0),(27544,'gi094701_06_2021_157286','GA1318','',0,0),(27545,'gi094701_06_2021_157286','GA1318','',0,0),(27546,'gi094701_06_2021_157286','GA1318','',0,0),(27547,'gi094701_06_2021_157286','GA1319','',0,0),(27548,'gi094701_07_2021_157291','GA1320','',0,0),(27549,'gi094701_07_2021_157291','GA1320','',0,0),(27550,'gi094701_07_2021_157291','GA1320','',0,0),(27551,'gi094701_07_2021_157291','GA1321','',0,0),(27552,'gi094701_08_2021_157296','GA1322','',0,0),(27553,'gi094701_08_2021_157296','GA1323','',0,0),(27554,'gi094701_08_2021_157296','GA1323','',0,0),(27555,'gi094701_09_2021_157301','GA1324','',0,0),(27556,'gi094701_09_2021_157301','GA1325','',0,0),(27557,'gi094701_09_2021_157301','GA1326','',0,0),(27558,'gi094701_10_2021_157307','GA1327','',0,0),(27559,'gi094701_10_2021_157307','GA1327','',0,0),(27560,'gi094701_10_2021_157307','GA1328','',0,0),(27561,'gi094701_10_2021_157307','GA1329','',0,0),(27562,'gi094701_11_2021_157311','GA1330','',0,0),(27563,'gi094701_11_2021_157311','GA1330','',0,0),(27564,'gi094701_11_2021_157311','GA1330','',0,0),(27565,'gi094701_11_2021_157311','GA1331','',0,0),(27566,'gi094701_12_2021_157317','GA1332','',0,0),(27567,'gi094701_12_2021_157317','GA1333','',0,0),(27568,'gi094701_12_2021_157317','GA1333','',0,0),(27569,'gi094701_12_2021_157317','GA1334','',0,0),(27570,'gi095187_01_2021_157322','GA1335','',0,0),(27571,'gi095187_01_2021_157322','GA1335','',0,0),(27572,'gi095187_01_2021_157322','GA1336','',0,0),(27573,'gi095187_02_2021_157327','GA1337','',0,0),(27574,'gi095187_02_2021_157327','GA1337','',0,0),(27575,'gi095187_02_2021_157327','GA1338','',0,0),(27576,'gi095187_03_2021_157332','GA1339','',0,0),(27577,'gi095187_04_2021_157337','GA1340','',0,0),(27578,'gi095187_05_2021_157341','GA1341','',0,0),(27579,'gi095187_05_2021_157341','GA1342','',0,0),(27580,'gi095187_06_2021_157347','GA1343','',0,0),(27581,'gi095187_07_2021_157352','GA1344','',0,0),(27582,'gi095187_07_2021_157352','GA1345','',0,0),(27583,'gi095187_08_2021_157357','GA1346','',0,0),(27584,'gi095187_08_2021_157357','GA1347','',0,0),(27585,'gi095187_09_2021_157362','GA1348','',0,0),(27586,'gi095187_09_2021_157362','GA1349','',0,0),(27587,'gi095187_10_2021_157367','GA1350','',0,0),(27588,'gi095187_10_2021_157367','GA1351','',0,0),(27589,'gi095187_10_2021_157367','GA1352','',0,0),(27590,'gi095187_10_2021_157367','GA1352','',0,0),(27591,'gi095187_11_2021_157372','GA1353','',0,0),(27592,'gi095187_11_2021_157372','GA1353','',0,0),(27593,'gi095187_11_2021_157372','GA1353','',0,0),(27594,'gi095187_11_2021_157372','GA1354','',0,0),(27595,'gi095187_12_2021_157376','GA1355','',0,0),(27596,'gi095187_12_2021_157376','GA1355','',0,0),(27597,'gi095187_12_2021_157376','GA1356','',0,0),(27598,'gi095690_03_2021_157380','GA1357','',0,0),(27599,'gi095690_03_2021_157380','GA1358','',0,0),(27600,'gi095690_10_2021_157386','GA1359','',0,0),(27601,'gi095690_10_2021_157386','GA1360','',0,0),(27602,'gi095690_11_2021_157391','GA1361','',0,0),(27603,'gi095690_12_2021_157397','GA1362','',0,0),(27604,'gi095690_12_2021_157397','GA1363','',0,0),(27605,'gi097469_01_2021_157401','GA1364','',0,0),(27606,'gi097469_01_2021_157401','GA1365','',0,0),(27607,'gi097469_02_2021_157407','GA1366','',0,0),(27608,'gi097469_02_2021_157407','GA1367','',0,0),(27609,'gi097469_03_2021_157412','GA1368','',0,0),(27610,'gi097469_03_2021_157412','GA1369','',0,0),(27611,'gi097469_03_2021_157412','GA1369','',0,0),(27612,'gi097469_03_2021_157412','GA1370','',0,0),(27613,'gi097469_04_2021_157417','GA1371','',0,0),(27614,'gi097469_04_2021_157417','GA1371','',0,0),(27615,'gi097469_04_2021_157417','GA1372','',0,0),(27616,'gi097469_04_2021_157417','GA1373','',0,0),(27617,'gi097469_05_2021_157422','GA1374','',0,0),(27618,'gi097469_05_2021_157422','GA1375','',0,0),(27619,'gi097469_05_2021_157422','GA1376','',0,0),(27620,'gi097469_05_2021_157422','GA1376','',0,0),(27621,'gi097469_06_2021_157427','GA1377','',0,0),(27622,'gi097469_06_2021_157427','GA1378','',0,0),(27623,'gi097469_06_2021_157427','GA1379','',0,0),(27624,'gi097469_07_2021_157432','GA1380','',0,0),(27625,'gi097469_07_2021_157432','GA1380','',0,0),(27626,'gi097469_07_2021_157432','GA1381','',0,0),(27627,'gi097469_07_2021_157432','GA1381','',0,0),(27628,'gi097469_08_2021_157436','GA1382','',0,0),(27629,'gi097469_08_2021_157436','GA1382','',0,0),(27630,'gi097469_08_2021_157436','GA1383','',0,0),(27631,'gi097469_08_2021_157436','GA1383','',0,0),(27632,'gi097469_09_2021_157442','GA1384','',0,0),(27633,'gi097469_09_2021_157442','GA1384','',0,0),(27634,'gi097469_10_2021_157446','GA1385','',0,0),(27635,'gi097469_10_2021_157446','GA1386','',0,0),(27636,'gi097469_10_2021_157446','GA1387','',0,0),(27637,'gi097469_10_2021_157446','GA1387','',0,0),(27638,'gi097469_11_2021_157452','GA1388','',0,0),(27639,'gi097469_11_2021_157452','GA1389','',0,0),(27640,'gi097469_11_2021_157452','GA1389','',0,0),(27641,'gi097469_11_2021_157452','GA1390','',0,0),(27642,'gi097469_12_2021_157457','GA1391','',0,0),(27643,'gi097469_12_2021_157457','GA1392','',0,0),(27644,'gi097469_12_2021_157457','GA1393','',0,0),(27645,'gi097469_12_2021_157457','GA1393','',0,0),(27646,'gi104935_01_2021_157462','GA1394','',0,0),(27647,'gi104935_01_2021_157462','GA1395','',0,0),(27648,'gi104935_02_2021_157467','GA1396','',0,0),(27649,'gi104935_03_2021_157472','GA1397','',0,0),(27650,'gi104935_03_2021_157472','GA1398','',0,0),(27651,'gi104935_03_2021_157472','GA1398','',0,0),(27652,'gi104935_04_2021_157477','GA1399','',0,0),(27653,'gi104935_04_2021_157477','GA1400','',0,0),(27654,'gi104935_04_2021_157477','GA1401','',0,0),(27655,'gi104935_04_2021_157477','GA1401','',0,0),(27656,'gi104935_05_2021_157481','GA1402','',0,0),(27657,'gi104935_05_2021_157481','GA1403','',0,0),(27658,'gi104935_06_2021_157487','GA1404','',0,0),(27659,'gi104935_06_2021_157487','GA1405','',0,0),(27660,'gi104935_07_2021_157492','GA1406','',0,0),(27661,'gi104935_07_2021_157492','GA1406','',0,0),(27662,'gi104935_08_2021_157497','GA1407','',0,0),(27663,'gi104935_08_2021_157497','GA1408','',0,0),(27664,'gi104935_08_2021_157497','GA1408','',0,0),(27665,'gi104935_09_2021_157502','GA1409','',0,0),(27666,'gi104935_09_2021_157502','GA1410','',0,0),(27667,'gi104935_09_2021_157502','GA1410','',0,0),(27668,'gi104935_09_2021_157502','GA1411','',0,0),(27669,'gi104935_10_2021_157507','GA1412','',0,0),(27670,'gi104935_10_2021_157507','GA1412','',0,0),(27671,'gi104935_10_2021_157507','GA1412','',0,0),(27672,'gi104935_10_2021_157507','GA1413','',0,0),(27673,'gi104935_11_2021_157512','GA1414','',0,0),(27674,'gi104935_11_2021_157512','GA1415','',0,0),(27675,'gi104935_11_2021_157512','GA1415','',0,0),(27676,'gi104935_11_2021_157512','GA1415','',0,0),(27677,'gi104935_12_2021_157517','GA1416','',0,0),(27678,'li0560_012021_157522','GA1417','',0,0),(27679,'li0560_012021_157522','GA1417','',0,0),(27680,'li0560_012021_157522','GA1418','',0,0),(27681,'li0560_022021_157527','GA1419','',0,0),(27682,'li0560_022021_157527','GA1419','',0,0),(27683,'li0560_022021_157527','GA1420','',0,0),(27684,'li0560_032021_157532','GA1421','',0,0),(27685,'li0560_032021_157532','GA1422','',0,0),(27686,'li0560_102021_157537','GA1423','',0,0),(27687,'li0560_112021_157542','GA1424','',0,0),(27688,'li0560_112021_157542','GA1425','',0,0),(27689,'li0560_112021_157542','GA1425','',0,0),(27690,'li0560_122021_157547','GA1426','',0,0),(27691,'li0560_122021_157547','GA1427','',0,0),(27692,'li0565_01_2021_157552','GA1428','',0,0),(27693,'li0565_01_2021_157552','GA1429','',0,0),(27694,'li0565_02_2021_157557','GA1430','',0,0),(27695,'li0565_02_2021_157557','GA1431','',0,0),(27696,'li0565_02_2021_157557','GA1432','',0,0),(27697,'li0565_03_2021_157562','GA1433','',0,0),(27698,'li0565_03_2021_157562','GA1434','',0,0),(27699,'li0565_03_2021_157562','GA1435','',0,0),(27700,'li0565_04_2021_157567','GA1436','',0,0),(27701,'li0565_04_2021_157567','GA1437','',0,0),(27702,'li0565_04_2021_157567','GA1437','',0,0),(27703,'li0565_05_2021_157572','GA1438','',0,0),(27704,'li0565_06_2021_157577','GA1439','',0,0),(27705,'li0565_06_2021_157577','GA1440','',0,0),(27706,'li0565_07_2021_157582','GA1441','',0,0),(27707,'li0565_07_2021_157582','GA1442','',0,0),(27708,'li0565_07_2021_157582','GA1443','',0,0),(27709,'li0565_08_2021_157587','GA1444','',0,0),(27710,'li0565_08_2021_157587','GA1444','',0,0),(27711,'li0565_08_2021_157587','GA1444','',0,0),(27712,'li0565_08_2021_157587','GA1445','',0,0),(27713,'li0565_09_2021_157591','GA1446','',0,0),(27714,'li0565_10_2021_157599','GA1447','',0,0),(27715,'li0565_10_2021_157599','GA1448','',0,0),(27716,'li0565_10_2021_157599','GA1448','',0,0),(27717,'li0565_11_2021_157604','GA1449','',0,0),(27718,'li0565_11_2021_157604','GA1450','',0,0),(27719,'li0565_11_2021_157604','GA1450','',0,0),(27720,'li0565_11_2021_157604','GA1450','',0,0),(27721,'li0565_12_2021_157609','GA1451','',0,0),(27722,'li0609_01_2021_157607','GA1452','',0,0),(27723,'li0609_02_2021_157614','GA1453','',0,0),(27724,'li0609_02_2021_157614','GA1454','',0,0),(27725,'li0609_02_2021_157614','GA1454','',0,0),(27726,'li0609_02_2021_157614','GA1454','',0,0),(27727,'li0609_03_2021_157619','GA1455','',0,0),(27728,'li0609_03_2021_157619','GA1456','',0,0),(27729,'li0609_03_2021_157619','GA1456','',0,0),(27730,'li0609_10_2021_157623','GA1457','',0,0),(27731,'li0609_10_2021_157623','GA1458','',0,0),(27732,'li0609_10_2021_157623','GA1459','',0,0),(27733,'li0609_11_2021_157629','GA1460','',0,0),(27734,'li0609_11_2021_157629','GA1461','',0,0),(27735,'li0609_12_2021_157633','GA1462','',0,0),(27736,'li0609_12_2021_157633','GA1462','',0,0),(27737,'li0609_12_2021_157633','GA1463','',0,0),(27738,'li0609_12_2021_157633','GA1464','',0,0),(27739,'li0702_01_2021_157639','GA1465','',0,0),(27740,'li0702_01_2021_157639','GA1465','',0,0),(27741,'li0702_01_2021_157639','GA1466','',0,0),(27742,'li0702_01_2021_157639','GA1467','',0,0),(27743,'li0702_02_2021_157644','GA1468','',0,0),(27744,'li0702_02_2021_157644','GA1468','',0,0),(27745,'li0702_02_2021_157644','GA1469','',0,0),(27746,'li0702_03_2021_157648','GA1470','',0,0),(27747,'li0702_03_2021_157648','GA1471','',0,0),(27748,'li0702_04_2021_157652','GA1472','',0,0),(27749,'li0702_04_2021_157652','GA1472','',0,0),(27750,'li0702_04_2021_157652','GA1472','',0,0),(27751,'li0702_04_2021_157652','GA1473','',0,0),(27752,'li0702_05_2021_157661','GA1474','',0,0),(27753,'li0702_05_2021_157661','GA1475','',0,0),(27754,'li0702_05_2021_157661','GA1475','',0,0),(27755,'li0702_05_2021_157661','GA1476','',0,0),(27756,'li0702_06_2021_157666','GA1477','',0,0),(27757,'li0702_06_2021_157666','GA1478','',0,0),(27758,'li0702_07_2021_157671','GA1479','',0,0),(27759,'li0702_07_2021_157671','GA1480','',0,0),(27760,'li0702_07_2021_157671','GA1480','',0,0),(27761,'li0702_07_2021_157671','GA1481','',0,0),(27762,'li0702_08_2021_157676','GA1482','',0,0),(27763,'li0702_08_2021_157676','GA1483','',0,0),(27764,'li0702_09_2021_157680','GA1484','',0,0),(27765,'li0702_09_2021_157680','GA1485','',0,0),(27766,'li0702_10_2021_157684','GA1486','',0,0),(27767,'li0702_10_2021_157684','GA1486','',0,0),(27768,'li0702_10_2021_157684','GA1487','',0,0),(27769,'li0702_11_2021_157689','GA1488','',0,0),(27770,'li0702_11_2021_157689','GA1488','',0,0),(27771,'li0702_11_2021_157689','GA1489','',0,0),(27772,'li0702_11_2021_157689','GA1489','',0,0),(27773,'li0702_12_2021_157690','GA1490','',0,0),(27774,'li0702_12_2021_157694','GA1491','',0,0),(27775,'li0702_12_2021_157690','GA1492','',0,0),(27776,'li0702_12_2021_157690','GA1492','',0,0),(28123,'012021_386594934908_157811','GA1493','',0,0),(28124,'022021_94934954_157812','GA1494','',0,0),(28125,'032021_386594935131_157813','GA1495','',0,0),(28126,'042021_94935296_157814','GA1496','',0,0),(28127,'052021_94935427_157815','GA1497','',0,0),(28128,'062021_94935588_157816','GA1498','',0,0),(28129,'072021_94935824_157817','GA1499','',0,0),(28130,'082021_94935897_157818','GA1500','',0,0),(28131,'092021_94936050_157819','GA1501','',0,0),(28132,'102021_94936158_157820','GA1502','',0,0),(28133,'112021_94936302_157822','GA1503','',0,0),(28134,'122021_94936497_157824','GA1504','',0,0),(28135,'factures_gaz_total__2021_-_cotelle_partie1_157826','GA1505','',0,0),(28136,'factures_gaz_total__2021_-_cotelle_partie10_157828','GA1506','',0,0),(28137,'factures_gaz_total__2021_-_cotelle_partie11_157830','GA1507','',0,0),(28138,'factures_gaz_total__2021_-_cotelle_partie2_157832','GA1508','',0,0),(28139,'factures_gaz_total__2021_-_cotelle_partie3_157834','GA1509','',0,0),(28140,'factures_gaz_total__2021_-_cotelle_partie4_157836','GA1510','',0,0),(28141,'factures_gaz_total__2021_-_cotelle_partie5_157838','GA1511','',0,0),(28142,'factures_gaz_total__2021_-_cotelle_partie6_157840','GA1512','',0,0),(28143,'factures_gaz_total__2021_-_cotelle_partie7_157842','GA1513','',0,0),(28144,'factures_gaz_total__2021_-_cotelle_partie8_157845','GA1514','',0,0),(28145,'factures_gaz_total__2021_-_cotelle_partie9_157848','GA1515','',0,0),(28146,'total_gaz_dec21_po7503638277_gr50084329_1000055032_157851','GA1516','',0,0),(28147,'total_gaz_fev21_po7503638277_gr_50212002__82397189_157854','GA1517','',0,0),(28148,'total_gaz_janv21_po7503638277_gr_50202922__8103556_157857','GA1518','',0,0),(28149,'total_gaz_juillet21_po7503638277_gr50679409_824000_157860','GA1519','',0,0),(28150,'total_gaz_juin21_po7503638277_gr50548241_823991863_157863','GA1520','',0,0),(28151,'total_gaz_mars21_po7503638277_gr50289572_157866','GA1521','',0,0),(28152,'total_gaz_nov21_po7503638277_gr50003252_1000054638_157869','GA1522','',0,0),(28153,'total_gaz_sept21_po7503635277_gr50836743_100005361_157872','GA1523','',0,0),(28154,'total_gaz_aout21_po7503638277_gr50706630_824002303_157874','GA1524','',0,0),(28155,'total_gaz_avril21_po7803638277_gr50420626_157877','GA1525','',0,0),(28156,'total_gaz_mai21_po7503638277_gr50449925_823986493_157881','GA1526','',0,0),(28157,'total_gaz_octobre21_7503638277_gr50949184_10000542_157884','GA1527','',0,0),(28158,'2022-004_vlp_157887','GA1528','',16093,30028),(28159,'2022-01_vlp_principal_157890','GA1529','',16093,30028),(28160,'2022-02_vlp_157893','GA1530','',16093,30028),(28161,'2022-03_vlp_157896','GA1531','',16093,30028),(28162,'2022-05_vlp_157899','GA1532','',16093,30028),(28163,'2022-06_vlp_157902','GA1533','',16093,30028),(28164,'2022-07_vlp_157906','GA1534','',16093,30028),(28165,'2022-08_vlp_157910','GA1535','',16093,30028),(28166,'2022-09_vlp_157914','GA1536','',16093,30028),(28167,'2022-10_vlp_157918','GA1537','',16093,30028),(28168,'2022-11_vlp_157922','GA1538','',16093,30028),(28169,'2022-12_vlp_157926','GA1539','',16093,30028),(28170,'factures_gaz_2022_-_pmc_pit_part1_157930','GA1540','',16092,30029),(28171,'factures_gaz_2022_-_pmc_pit_part10_157934','GA1541','',16092,30029),(28172,'factures_gaz_2022_-_pmc_pit_part11_157938','GA1542','',16092,30029),(28173,'factures_gaz_2022_-_pmc_pit_part11_157938','GA1543','',0,0),(28174,'factures_gaz_2022_-_pmc_pit_part12_157942','GA1544','',16092,30029),(28175,'factures_gaz_2022_-_pmc_pit_part12_157942','GA1545','',0,0),(28176,'factures_gaz_2022_-_pmc_pit_part12_157942','GA1545','',0,0),(28177,'factures_gaz_2022_-_pmc_pit_part2_157946','GA1546','',16092,30029),(28178,'factures_gaz_2022_-_pmc_pit_part2_157946','GA1547','',0,0),(28179,'factures_gaz_2022_-_pmc_pit_part3_157951','GA1548','',16092,30029),(28180,'factures_gaz_2022_-_pmc_pit_part3_157951','GA1548','',0,0),(28181,'factures_gaz_2022_-_pmc_pit_part4_157956','GA1549','',16092,30029),(28182,'factures_gaz_2022_-_pmc_pit_part4_157956','GA1549','',0,0),(28183,'factures_gaz_2022_-_pmc_pit_part4_157956','GA1550','',0,0),(28184,'factures_gaz_2022_-_pmc_pit_part5_157961','GA1551','',16092,30029),(28185,'factures_gaz_2022_-_pmc_pit_part5_157961','GA1552','',0,0),(28186,'factures_gaz_2022_-_pmc_pit_part5_157961','GA1553','',0,0),(28187,'factures_gaz_2022_-_pmc_pit_part6_157967','GA1554','',16092,30029),(28188,'factures_gaz_2022_-_pmc_pit_part6_157967','GA1555','',0,0),(28189,'factures_gaz_2022_-_pmc_pit_part6_157967','GA1555','',0,0),(28190,'factures_gaz_2022_-_pmc_pit_part7_157972','GA1556','',16092,30029),(28191,'factures_gaz_2022_-_pmc_pit_part7_157972','GA1557','',0,0),(28192,'factures_gaz_2022_-_pmc_pit_part7_157972','GA1557','',0,0),(28193,'factures_gaz_2022_-_pmc_pit_part8_157977','GA1558','',16092,30029),(28194,'factures_gaz_2022_-_pmc_pit_part9_157982','GA1559','',16092,30029),(28195,'gen_-_2022-01_gen_157987','GA1560','',15467,30030),(28196,'gen_-_2022-01_gen_157987','GA1560','',0,0),(28197,'gen_-_2022-01_gen_157987','GA1561','',0,0),(28198,'gen_-_2022-02_gen_157992','GA1562','',15467,30030),(28199,'gen_-_2022-02_gen_157992','GA1563','',0,0),(28200,'gen_-_2022-02_gen_157992','GA1563','',0,0),(28201,'gen_-_2022-03_gen_157997','GA1564','',15467,30030),(28202,'gen_-_2022-03_gen_157997','GA1564','',0,0),(28203,'gen_-_2022-03_gen_157997','GA1565','',0,0),(28204,'gen_-_2022-04_gen_158005','GA1566','',15467,30030),(28205,'gen_-_2022-04_gen_158005','GA1567','',0,0),(28206,'gen_-_2022-05_gen_158009','GA1568','',15467,30030),(28207,'gen_-_2022-05_gen_158009','GA1568','',0,0),(28208,'gen_-_2022-05_gen_158009','GA1568','',0,0),(28209,'gen_-_2022-06_gen_158014','GA1569','',15467,30030),(28210,'gen_-_2022-06_gen_158014','GA1570','',0,0),(28211,'gen_-_2022-06_gen_158014','GA1571','',0,0),(28212,'gen_-_2022-07_gen_158018','GA1572','',15467,30030),(28213,'gen_-_2022-07_gen_158018','GA1572','',0,0),(28214,'gen_-_2022-07_gen_158018','GA1572','',0,0),(28215,'gen_-_2022-08_gen_158023','GA1573','',0,0),(28216,'gen_-_2022-08_gen_158023','GA1574','',15467,30030),(28217,'gen_-_2022-09_gen_158028','GA1575','',15467,30030),(28218,'gen_-_2022-09_gen_158028','GA1576','',0,0),(28219,'gen_-_2022-09_gen_158028','GA1576','',0,0),(28220,'gen_-_2022-10_gen_158033','GA1577','',15467,30030),(28221,'gen_-_2022-11_gen_158038','GA1578','',15467,30030),(28222,'gen_-_2022-11_gen_158038','GA1578','',0,0),(28223,'gen_-_2022-11_gen_158038','GA1579','',0,0),(28224,'gen_-_2022-12_gen_158043','GA1580','',15467,30030),(28225,'gen_-_2022-12_gen_158043','GA1580','',0,0),(28226,'gen_-_2022-12_gen_158043','GA1580','',0,0),(28227,'sylvamo_celimo_-_edf_4337093297_10147285449_080420_158046','GA1581','',0,0),(28228,'sylvamo_celimo_-_edf_4337093297_10147285449_080420_158046','GA1582','',0,0),(28229,'sylvamo_celimo_-_edf_4337093297_10147285449_080420_158046','GA1583','',0,0),(28230,'sylvamo_celimo_-_edf_4337093297_10150527812_300520_158051','GA1584','',0,0),(28231,'sylvamo_celimo_-_edf_4337093297_10150527812_300520_158051','GA1585','',0,0),(28232,'sylvamo_celimo_-_edf_4337093297_10150527812_300520_158051','GA1586','',0,0),(28233,'sylvamo_celimo_-_edf_4337093297_10152250675_300620_158056','GA1587','',0,0),(28234,'sylvamo_celimo_-_edf_4337093297_10152250675_300620_158056','GA1588','',0,0),(28235,'sylvamo_celimo_-_edf_4337093297_10152250675_300620_158056','GA1588','',0,0),(28236,'sylvamo_celimo_-_edf_4337093297_10153651572_210720_158061','GA1589','',0,0),(28237,'sylvamo_celimo_-_edf_4337093297_10153651572_210720_158061','GA1590','',0,0),(28238,'sylvamo_celimo_-_edf_4337093297_10155369548_190820_158066','GA1591','',0,0),(28239,'sylvamo_celimo_-_edf_4337093297_10155369548_190820_158066','GA1592','',0,0),(28240,'sylvamo_celimo_-_edf_4337093297_10157264348_190920_158071','GA1593','',0,0),(28241,'sylvamo_celimo_-_edf_4337093297_10157264348_190920_158071','GA1594','',0,0),(28242,'sylvamo_celimo_-_edf_4337093297_10157264348_190920_158071','GA1594','',0,0),(28243,'sylvamo_celimo_-_edf_4337093297_10158628148_111020_158076','GA1595','',0,0),(28244,'sylvamo_celimo_-_fa22003917_(janvier_2022)_158081','GA1596','',0,0),(28245,'sylvamo_celimo_-_facture_edf_10163177023_novembre__158086','GA1597','',0,0),(28246,'sylvamo_celimo_-_facture_sylvamo_du_30112022_(octo_158091','GA1598','',0,0),(28247,'endesa_consumo_abril_2022_158096','GA1599','',0,0),(28248,'endesa_consumo_enero_2022_158101','GA1600','',0,0),(28249,'endesa_consumo_enero_2022_158101','GA1600','',0,0),(28250,'endesa_consumo_enero_2022_158101','GA1601','',0,0),(28251,'endesa_consumo_febrero_2022_158106','GA1602','',0,0),(28252,'endesa_consumo_febrero_2022_158106','GA1603','',0,0),(28253,'endesa_consumo_febrero_2022_158106','GA1604','',0,0),(28254,'endesa_consumo_marzo_2022_158111','GA1605','',0,0),(28255,'endesa_consumo_marzo_2022_158111','GA1605','',0,0),(28256,'endesa_consumo_marzo_2022_158111','GA1605','',0,0),(28257,'endesa_consumo_mayo_2022_158116','GA1606','',0,0),(28258,'facture_gaz_desorgues_avril_2022_sarl_158121','GA1607','',0,0),(28259,'facture_gaz_desorgues_janvier_2022_sarl_158126','GA1608','',0,0),(28260,'facture_gaz_desorgues_janvier_2022_sarl_158126','GA1608','',0,0),(28261,'facture_gaz_desorgues_juillet_2022_sarl_158131','GA1609','',0,0),(28262,'facture_gaz_desorgues_juillet_2022_sarl_158131','GA1610','',0,0),(28263,'facture_gaz_desorgues_juin_2022_sarl_158137','GA1611','',0,0),(28264,'facture_gaz_desorgues_juin_2022_sarl_158137','GA1612','',0,0),(28265,'facture_gaz_desorgues_mai_2022_sarl_158142','GA1613','',0,0),(28266,'facture_gaz_desorgues_mars_2022_sarl_158147','GA1614','',0,0),(28267,'facture_gaz_desorgues_mars_2022_sarl_158147','GA1615','',0,0),(28268,'facture_gaz_desorgues_novembre_2022_sarl_158152','GA1616','',0,0),(28269,'facture_gaz_desorgues_novembre_2022_sarl_158152','GA1616','',0,0),(28270,'facture_gaz_desorgues_novembre_2022_sarl_158152','GA1617','',0,0),(28271,'facture_gaz_desorgues_octobre_2022_sarl_158158','GA1618','',0,0),(28272,'facture_gaz_desorgues_octobre_2022_sarl_158158','GA1619','',0,0),(28273,'facture_gaz_desorgues_octobre_2022_sarl_158158','GA1620','',0,0),(28274,'facture_gaz_desorgues_septembre_2022_sarl_158163','GA1621','',0,0),(28275,'facture_gaz_desorgues_septembre_2022_sarl_158163','GA1621','',0,0),(28276,'sg_abrasifs_amboise_2022-01_158169','GA1622','',0,0),(28277,'sg_abrasifs_amboise_2022-01_158169','GA1623','',0,0),(28278,'sg_abrasifs_amboise_2022-01_158169','GA1624','',0,0),(28279,'sg_abrasifs_amboise_2022-02_158174','GA1625','',0,0),(28280,'sg_abrasifs_amboise_2022-02_158174','GA1626','',0,0),(28281,'sg_abrasifs_amboise_2022-03_158179','GA1627','',0,0),(28282,'sg_abrasifs_amboise_2022-03_158179','GA1627','',0,0),(28283,'sg_abrasifs_amboise_2022-03_158179','GA1628','',0,0),(28284,'sg_abrasifs_amboise_2022-04_158184','GA1629','',0,0),(28285,'sg_abrasifs_amboise_2022-04_158184','GA1629','',0,0),(28286,'sg_abrasifs_amboise_2022-04_158184','GA1630','',0,0),(28287,'sg_abrasifs_amboise_2022-05_158189','GA1631','',0,0),(28288,'sg_abrasifs_amboise_2022-05_158189','GA1632','',0,0),(28289,'sg_abrasifs_amboise_2022-05_158189','GA1632','',0,0),(28290,'sg_abrasifs_amboise_2022-06_158194','GA1633','',0,0),(28291,'sg_abrasifs_amboise_2022-06_158194','GA1634','',0,0),(28292,'sg_abrasifs_amboise_2022-06_158194','GA1635','',0,0),(28293,'sg_abrasifs_amboise_2022-07_158199','GA1636','',0,0),(28294,'sg_abrasifs_amboise_2022-08_158204','GA1637','',0,0),(28295,'sg_abrasifs_amboise_2022-08_158204','GA1637','',0,0),(28296,'sg_abrasifs_amboise_2022-08_158204','GA1638','',0,0),(28297,'sg_abrasifs_amboise_2022-09_158210','GA1639','',0,0),(28298,'sg_abrasifs_amboise_2022-09_158210','GA1640','',0,0),(28299,'sg_abrasifs_amboise_2022-09_158210','GA1640','',0,0),(28300,'sg_abrasifs_amboise_2022-10_158215','GA1641','',0,0),(28301,'sg_abrasifs_amboise_2022-10_158215','GA1642','',0,0),(28302,'sg_abrasifs_amboise_2022-11_158220','GA1643','',0,0),(28303,'sg_abrasifs_amboise_2022-11_158220','GA1644','',0,0),(28304,'sg_abrasifs_amboise_2022-12_158225','GA1645','',0,0),(28305,'novasep_fac_engie_01_2022_158230','GA1646','',15197,30052),(28306,'novasep_fac_engie_01_2022_158230','GA1647','',0,0),(28307,'novasep_fac_engie_01_2022_158230','GA1647','',0,0),(28308,'novasep_fac_engie_02_2022_158235','GA1648','',15197,30052),(28309,'novasep_fac_engie_02_2022_158235','GA1649','',0,0),(28310,'novasep_fac_engie_02_2022_158235','GA1650','',0,0),(28311,'novasep_fac_engie_03_2022_158240','GA1651','',15197,30052),(28312,'novasep_fac_engie_03_2022_158240','GA1651','',0,0),(28313,'novasep_fac_engie_04_2022_158245','GA1652','',15197,30052),(28314,'novasep_fac_engie_04_2022_158245','GA1653','',0,0),(28315,'novasep_fac_engie_05_2022_158250','GA1654','',15197,30052),(28316,'novasep_fac_engie_05_2022_158250','GA1654','',0,0),(28317,'novasep_fac_engie_05_2022_158250','GA1655','',0,0),(28318,'novasep_fac_engie_06_2022_158255','GA1656','',15197,30052),(28319,'novasep_fac_engie_06_2022_158255','GA1657','',0,0),(28320,'novasep_fac_engie_06_2022_158255','GA1658','',0,0),(28321,'novasep_fac_engie_07_2022_158260','GA1659','',15197,30052),(28322,'novasep_fac_engie_07_2022_158260','GA1659','',0,0),(28323,'novasep_fac_engie_07_2022_158260','GA1660','',0,0),(28324,'novasep_fac_engie_08_2022_158265','GA1661','',15197,30052),(28325,'novasep_fac_engie_08_2022_158265','GA1662','',0,0),(28326,'novasep_fac_engie_09_2022_158270','GA1663','',15197,30052),(28327,'novasep_fac_engie_10_2022_158275','GA1664','',15197,30052),(28328,'novasep_fac_engie_10_2022_158275','GA1665','',0,0),(28329,'novasep_fac_engie_11_2022_158280','GA1666','',15197,30052),(28330,'novasep_fac_engie_11_2022_158280','GA1667','',0,0),(28331,'novasep_fac_engie_12_2022_158284','GA1668','',0,0),(28332,'novasep_fac_engie_12_2022_158286','GA1669','',0,0),(28333,'novasep_fac_engie_12_2022_158281','GA1669','',15197,30052),(28360,'antigone-01-2021-gaz-f10123833757-dar_158344','GA1670','',15613,28500),(28361,'antigone-02-2021-gaz-f10125731150-dar_158345','GA1671','',15613,28500),(28362,'antigone-03-2021-gaz-f10127238435+dar_158346','GA1672','',15613,28500),(28363,'antigone-04-2021-gaz-f10128543728+dar_158347','GA1673','',15613,28500),(28364,'antigone-05-2021-gaz-f10130024594+dar_158348','GA1674','',15613,28500),(28365,'antigone-06-2021-gaz-f10131494561+dar_158349','GA1675','',15613,28500),(28366,'antigone-07-2021-gaz-f10133233350+dar_158350','GA1676','',15613,28500),(28367,'antigone-08-2021-gaz-f10134936889+dar_158351','GA1677','',15613,28500),(28368,'antigone-09-2021-gaz-f10136660560+dar_158352','GA1678','',15613,28500),(28369,'antigone-10-2021-gaz-f10138131553+dar_158353','GA1679','',15613,28500),(28370,'antigone-11-2021-gaz-f10140112932+dar_158354','GA1680','',15613,28500),(28371,'antigone-12-2021-gaz-f10141692665+dar_158355','GA1681','',15613,28500),(28398,'sylvamo_celimo_-_edf_4337093297_10147242950_060420_158356','GA1682','',0,0),(28399,'sylvamo_celimo_-_edf_4337093297_10147285449_080420_158357','GA1683','',0,0),(28400,'sylvamo_celimo_-_edf_4337093297_10150527812_300520_158358','GA1684','',0,0),(28401,'sylvamo_celimo_-_edf_4337093297_10152250675_300620_158359','GA1685','',0,0),(28402,'sylvamo_celimo_-_edf_4337093297_10153651572_210720_158360','GA1686','',0,0),(28403,'sylvamo_celimo_-_edf_4337093297_10155369548_190820_158361','GA1687','',0,0),(28404,'sylvamo_celimo_-_edf_4337093297_10157264348_190920_158362','GA1688','',0,0),(28405,'sylvamo_celimo_-_edf_4337093297_10158628148_111020_158363','GA1689','',0,0),(28406,'sylvamo_celimo_-_fa22003917_(janvier_2022)_158364','GA1690','',0,0),(28407,'sylvamo_celimo_-_facture_edf_10163177023_novembre__158365','GA1691','',0,0),(28408,'sylvamo_celimo_-_facture_edf_10165238917_(decembre_158366','GA1692','',0,0),(28409,'sylvamo_celimo_-_facture_sylvamo_du_30112022_(octo_158367','GA1693','',0,0),(28470,'endesa_consumo_abril_2022_158368','GA1694','',15511,30053),(28471,'endesa_consumo_enero_2022_158369','GA1695','',15511,30053),(28472,'endesa_consumo_febrero_2022_158370','GA1696','',15511,30053),(28473,'endesa_consumo_marzo_2022_158371','GA1697','',15511,30053),(28474,'endesa_consumo_mayo_2022_158372','GA1698','',15511,30053),(28475,'facture_gaz_desorgues_aout_2022_sarl_158373','GA1699','',15377,30054),(28476,'facture_gaz_desorgues_avril_2022_sarl_158374','GA1700','',15377,30054),(28477,'facture_gaz_desorgues_decembre_2022_sarl_158375','GA1701','',15377,30054),(28478,'facture_gaz_desorgues_fevrier_2022_sarl_158376','GA1702','',15377,30054),(28479,'facture_gaz_desorgues_janvier_2022_sarl_158377','GA1703','',15377,30054),(28480,'facture_gaz_desorgues_juillet_2022_sarl_158379','GA1704','',15377,30054),(28481,'facture_gaz_desorgues_juin_2022_sarl_158381','GA1705','',15377,30054),(28482,'facture_gaz_desorgues_mai_2022_sarl_158383','GA1706','',15377,30054),(28483,'facture_gaz_desorgues_mars_2022_sarl_158385','GA1707','',15377,30054),(28484,'facture_gaz_desorgues_novembre_2022_sarl_158387','GA1708','',15377,30054),(28485,'facture_gaz_desorgues_octobre_2022_sarl_158389','GA1709','',15377,30054),(28486,'facture_gaz_desorgues_septembre_2022_sarl_158391','GA1710','',15377,30054),(28487,'sg_abrasifs_amboise_2022-01_158393','GA1711','',0,0),(28488,'sg_abrasifs_amboise_2022-02_158395','GA1712','',0,0),(28489,'sg_abrasifs_amboise_2022-03_158397','GA1713','',0,0),(28490,'sg_abrasifs_amboise_2022-04_158400','GA1714','',0,0),(28491,'sg_abrasifs_amboise_2022-05_158403','GA1715','',0,0),(28492,'sg_abrasifs_amboise_2022-06_158406','GA1716','',0,0),(28493,'sg_abrasifs_amboise_2022-07_158409','GA1717','',0,0),(28494,'sg_abrasifs_amboise_2022-08_158413','GA1718','',0,0),(28495,'sg_abrasifs_amboise_2022-09_158416','GA1719','',0,0),(28496,'sg_abrasifs_amboise_2022-10_158419','GA1720','',0,0),(28497,'sg_abrasifs_amboise_2022-11_158422','GA1721','',0,0),(28498,'sg_abrasifs_amboise_2022-12_158425','GA1722','',0,0),(33707,'borderes_gaz_engie_202101_166124','GA1723','',0,0),(33708,'borderes_gaz_engie_202102_166127','GA1724','',0,0),(33709,'borderes_gaz_engie_202103_166130','GA1725','',0,0),(33710,'borderes_gaz_engie_202104_166133','GA1726','',0,0),(33711,'borderes_gaz_engie_202105_166136','GA1727','',0,0),(33712,'borderes_gaz_engie_202106_166140','GA1728','',0,0),(33713,'borderes_gaz_engie_202107_166144','GA1729','',0,0),(33714,'borderes_gaz_engie_202108_166148','GA1730','',0,0),(33715,'borderes_gaz_engie_202109_166152','GA1731','',0,0),(33716,'borderes_gaz_engie_202110_166156','GA1732','',0,0),(33717,'borderes_gaz_engie_202111_166160','GA1733','',0,0),(33718,'borderes_gaz_engie_202112_166164','GA1734','',0,0),(33719,'borderes_gaz_engie_202201_166168','GA1735','',0,0),(33720,'borderes_gaz_engie_202202_166172','GA1736','',0,0),(33721,'borderes_gaz_engie_202203_166176','GA1737','',0,0),(33722,'borderes_gaz_engie_202204_166180','GA1738','',0,0),(33723,'borderes_gaz_engie_202205_166184','GA1739','',0,0),(33724,'borderes_gaz_engie_202206_166188','GA1740','',0,0),(33725,'borderes_gaz_engie_202207_166192','GA1741','',0,0),(33726,'borderes_gaz_engie_202208_166196','GA1742','',0,0),(33727,'borderes_gaz_engie_202209_166200','GA1743','',0,0),(33728,'borderes_gaz_engie_202210_166204','GA1744','',0,0),(33729,'borderes_gaz_engie_202211_166208','GA1745','',0,0),(33730,'borderes_gaz_engie_202212_166212','GA1746','',0,0),(33731,'borderes_gaz_engie_202301_166214','GA1747','',0,0),(33732,'borderes_gaz_engie_202302_166216','GA1748','',0,0),(33733,'borderes_gaz_engie_202303_166218','GA1749','',0,0),(33734,'borderes_gaz_engie_202304_166220','GA1750','',0,0),(33735,'borderes_gaz_engie_202305_166222','GA1751','',0,0),(33736,'borderes_gaz_engie_202306_166225','GA1752','',0,0),(33737,'borderes_gaz_engie_202307_166227','GA1753','',0,0),(33738,'borderes_gaz_engie_202308_166229','GA1754','',0,0),(33739,'borderes_gaz_engie_202309_166231','GA1755','',0,0),(34630,'gi096096gerflor2022_partie1_170876','GA1756','',15940,34654),(34631,'gi096096gerflor2022_partie10_170877','GA1757','',15940,34654),(34632,'gi096096gerflor2022_partie11_170878','GA1758','',15940,34654),(34633,'gi096096gerflor2022_partie12_170879','GA1759','',15940,34654),(34634,'gi096096gerflor2022_partie2_170880','GA1760','',15940,34654),(34635,'gi096096gerflor2022_partie3_170881','GA1761','',15940,34654),(34636,'gi096096gerflor2022_partie4_170882','GA1762','',15940,34654),(34637,'gi096096gerflor2022_partie5_170883','GA1763','',15940,34654),(34638,'gi096096gerflor2022_partie6_170884','GA1764','',15940,34654),(34639,'gi096096gerflor2022_partie7_170885','GA1765','',15940,34654),(34640,'gi096096gerflor2022_partie8_170886','GA1766','',15940,34654),(34641,'gi096096gerflor2022_partie9_170887','GA1767','',15940,34654),(34642,'gi146359gerflor2022_partie1_170888','GA1768','',15354,34655),(34643,'gi146359gerflor2022_partie10_170889','GA1769','',15354,34655),(34644,'gi146359gerflor2022_partie11_170890','GA1770','',15354,34655),(34645,'gi146359gerflor2022_partie12_170891','GA1771','',15354,34655),(34646,'gi146359gerflor2022_partie2_170892','GA1772','',15354,34655),(34647,'gi146359gerflor2022_partie3_170893','GA1773','',15354,34655),(34648,'gi146359gerflor2022_partie4_170894','GA1774','',15354,34655),(34649,'gi146359gerflor2022_partie5_170895','GA1775','',15354,34655),(34650,'gi146359gerflor2022_partie6_170896','GA1776','',15354,34655),(34651,'gi146359gerflor2022_partie7_170897','GA1777','',15354,34655),(34652,'gi146359gerflor2022_partie8_170899','GA1778','',15354,34655),(34653,'gi146359gerflor2022_partie9_170901','GA1779','',15354,34655),(34730,'endesa_samin_01.2021_171252','GA1780','',15940,34804),(34731,'endesa_samin_02.2021_171253','GA1781','',15940,34804),(34732,'endesa_samin_03.2021_171254','GA1782','',15940,34804),(34733,'endesa_samin_04.2021_171255','GA1783','',15940,34804),(34734,'endesa_samin_05.2021_171256','GA1784','',15940,34804),(34735,'endesa_samin_06.2021_171257','GA1785','',15940,34804),(34736,'endesa_samin_07.2021_171258','GA1786','',15940,34804),(34737,'endesa_samin_08.2021_171259','GA1787','',15940,34804),(34738,'endesa_samin_09.2021_171260','GA1788','',15940,34804),(34739,'endesa_samin_10.2021_171261','GA1789','',15940,34804),(34740,'endesa_samin_11.2021_171262','GA1790','',15940,34805),(34741,'endesa_samin_12.2021_171263','GA1791','',15940,34804),(34742,'factures_gaz_2021_-_amboise_partie1_171264','GA1792','',15905,34806),(34743,'factures_gaz_2021_-_amboise_partie10_171265','GA1793','',15905,34807),(34744,'factures_gaz_2021_-_amboise_partie11_171266','GA1794','',15905,34807),(34745,'factures_gaz_2021_-_amboise_partie12_171267','GA1795','',15905,34807),(34746,'factures_gaz_2021_-_amboise_partie2_171268','GA1796','',15905,34807),(34747,'factures_gaz_2021_-_amboise_partie3_171269','GA1797','',15905,34807),(34748,'factures_gaz_2021_-_amboise_partie4_171270','GA1798','',15905,34807),(34749,'factures_gaz_2021_-_amboise_partie5_171271','GA1799','',15905,34807),(34750,'factures_gaz_2021_-_amboise_partie6_171272','GA1800','',15905,34808),(34751,'factures_gaz_2021_-_amboise_partie7_171273','GA1801','',15905,34807),(34752,'factures_gaz_2021_-_amboise_partie8_171275','GA1802','',15905,34807),(34753,'factures_gaz_2021_-_amboise_partie9_171277','GA1803','',15905,34807),(34754,'sg_abrasifs_amboise_2022-01_171279','GA1804','',15905,34809),(34755,'sg_abrasifs_amboise_2022-02_171282','GA1805','',15905,34809),(34756,'sg_abrasifs_amboise_2022-03_171284','GA1806','',15905,34809),(34757,'sg_abrasifs_amboise_2022-04_171286','GA1807','',15905,34809),(34758,'sg_abrasifs_amboise_2022-05_171288','GA1808','',15905,34809),(34759,'sg_abrasifs_amboise_2022-06_171290','GA1809','',15905,34809),(34760,'sg_abrasifs_amboise_2022-07_171292','GA1810','',15905,34809),(34761,'sg_abrasifs_amboise_2022-08_171294','GA1811','',15905,34809),(34762,'sg_abrasifs_amboise_2022-09_171296','GA1812','',15905,34809),(34763,'sg_abrasifs_amboise_2022-10_171298','GA1813','',15905,34809),(34764,'sg_abrasifs_amboise_2022-11_171300','GA1814','',15905,34809),(34765,'sg_abrasifs_amboise_2022-12_171302','GA1815','',15905,34809),(34792,'01-22_mch_endesa_171353','GA1816','',15905,34810),(34793,'02-22_mch_endesa_171354','GA1817','',15905,34812),(34794,'03-2022_mch_endesa_171355','GA1818','',15905,34810),(34795,'04-2022_mch_endesa_171357','GA1819','',15905,34812),(34796,'05-2022_mch_endesa_171358','GA1820','',15905,34810),(34797,'06-2022_mch_endesa_171359','GA1821','',15905,34810),(34798,'07-2022_mch_endesa_171360','GA1822','',15905,34812),(34799,'08-2022_mch_endesa_171361','GA1823','',15905,34810),(34800,'09-2022_mch_endesa_171362','GA1824','',15905,34810),(34801,'10-2022_mch_endesa.pdf_171363','GA1825','',15905,34810),(34802,'11-2022_mch_endesa_171364','GA1826','',15905,34810),(34803,'12-2022_mch_endesa_171365','GA1827','',15905,34810),(36633,'10_engie_sp3c_octobre_2023_177679','GA1828','',15940,36711),(36634,'11_engie_sp3c_novembre_2023_177680','GA1829','',15940,36711),(36635,'12_engie_sp3c_dec_2023_177681','GA1830','',15940,36711),(36636,'1_engie_sp3c_janvier_2023_177682','GA1831','',15940,36712),(36637,'2_engie_sp3c_fevrier_2023_177683','GA1832','',15940,36712),(36638,'3_engie_sp3c_mars_2023_177684','GA1833','',15940,36712),(36639,'4_engie_sp3c_avril_2023_177685','GA1834','',15940,36711),(36640,'5_engie_sp3c_mai_2023_177686','GA1835','',15940,36711),(36641,'6_engie_sp3c_juin_2023_177687','GA1836','',15940,36711),(36642,'7_engie_sp3c_juillet_2023_177688','GA1837','',15940,36711),(36643,'8_engie_sp3c_aout_2023_177689','GA1838','',15940,36711),(36644,'9_engie_sp3c_septembre_2023_177691','GA1839','',15940,36711),(36645,'eng990_-_20035751288_-_20210402_177692','GA1840','',15940,36713),(36646,'eng990_-_20035908095_-_20210504_177693','GA1841','',15940,36713),(36647,'eng990_-_20036282798_-_20210803_177694','GA1842','',15940,36713),(36648,'eng990_-_20036767688_-_20211202_177695','GA1843','',15940,36713),(36649,'eng990_-_40013982468_-_20210105_177696','GA1844','',15940,36714),(36650,'eng990_-_40014375387_-_20210602_177697','GA1845','',15940,36713),(36651,'eng990_-_40014448638_-_20210702_177698','GA1846','',15940,36713),(36652,'eng990_-_40014617160_-_20210903_177699','GA1847','',15940,36713),(36653,'eng990_-_40014700311_-_20211003_177700','GA1848','',15940,36713),(36654,'eng990_-_705890428_-_20210310_177702','GA1849','',15940,36713),(36655,'eng990_-_705890429_-_20210310_177704','GA1850','',15940,36713),(36656,'eng990_-_n40014789633_-_20211103_177706','GA1851','',15940,36713),(37679,'terreal_-_aout_2023_-_fr100209136_-_orig_180400','GA1852','',37736,37746),(37680,'terreal_-_aout_2023_-_fr100209301_-_orig_180401','GA1853','',37732,37747),(37681,'terreal_-_aout_2023_-_fr100209482_-_orig_180402','GA1854','',37738,37748),(37682,'terreal_-_aout_2023_-_fr100209706_-_orig_180405','GA1855','',37734,37749),(37683,'terreal_-_avril_2023_-_fr100200304_-_orig_180406','GA1856','',37738,37748),(37684,'terreal_-_avril_2023_-_fr100200312_-_orig_180407','GA1857','',37734,37749),(37685,'terreal_-_avril_2023_-_fr100200351_-_orig_180408','GA1858','',37736,37746),(37686,'terreal_-_avril_2023_-_fr100200463_-_orig_180409','GA1859','',37732,37747),(37687,'terreal_-_decembre_2023_-_fr100219611_-_orig_180410','GA1860','',37732,37747),(37688,'terreal_-_decembre_2023_-_fr100219756_-_orig_180411','GA1861','',37738,37748),(37689,'terreal_-_decembre_2023_-_fr100219761_-_orig_180412','GA1862','',37736,37746),(37690,'terreal_-_decembre_2023_-_fr100219763_-_orig_180413','GA1863','',37734,37749),(37691,'terreal_-_fevrier_2023_-_fr100191763_-_orig_180414','GA1864','',37736,37746),(37692,'terreal_-_fevrier_2023_-_fr100191896_-_orig_180416','GA1865','',37734,37749),(37693,'terreal_-_fevrier_2023_-_fr100192008_-_orig_180418','GA1866','',37732,37747),(37694,'terreal_-_fevrier_2023_-_fr100192035_-_orig_180420','GA1867','',37738,37748),(37695,'terreal_-_janvier_2023_-_fr100184708_-_orig_180422','GA1868','',0,0),(37696,'terreal_-_janvier_2023_-_fr100184709_-_orig_180424','GA1869','',0,0),(37697,'terreal_-_janvier_2023_-_fr100184711_-_orig_180426','GA1870','',0,0),(37698,'terreal_-_janvier_2023_-_fr100184713_-_orig_180428','GA1871','',0,0),(37699,'terreal_-_janvier_2023_-_fr100191177_-_orig_180430','GA1872','',37736,37746),(37700,'terreal_-_janvier_2023_-_fr100191178_-_orig_180432','GA1873','',37734,37749),(37701,'terreal_-_janvier_2023_-_fr100191180_-_orig_180434','GA1874','',37738,37748),(37702,'terreal_-_janvier_2023_-_fr100191181_-_orig_180437','GA1875','',37732,37747),(37703,'terreal_-_juillet_2023_-_fr100208320_-_orig_180439','GA1876','',37736,37746),(37704,'terreal_-_juillet_2023_-_fr100208455_-_orig_180441','GA1877','',37732,37747),(37705,'terreal_-_juillet_2023_-_fr100208585_-_orig_180443','GA1878','',37738,37748),(37706,'terreal_-_juillet_2023_-_fr100208890_-_orig_180445','GA1879','',37734,37749),(37707,'terreal_-_juin_2023_-_fr100203986_-_orig_180447','GA1880','',37734,37749),(37708,'terreal_-_juin_2023_-_fr100204112_-_orig_180449','GA1881','',37736,37746),(37709,'terreal_-_juin_2023_-_fr100204142_-_orig_180451','GA1882','',37732,37747),(37710,'terreal_-_juin_2023_-_fr100204144_-_orig_180453','GA1883','',37738,37748),(37711,'terreal_-_mai_2023_-_fr100201329_-_orig_180455','GA1884','',37734,37749),(37712,'terreal_-_mai_2023_-_fr100201346_-_orig_180457','GA1885','',37736,37746),(37713,'terreal_-_mai_2023_-_fr100201379_-_orig_180459','GA1886','',37732,37747),(37714,'terreal_-_mai_2023_-_fr100201712_-_orig_180462','GA1887','',37738,37748),(37715,'terreal_-_mars_2023_-_fr100195375_-_orig_180466','GA1888','',37736,37746),(37716,'terreal_-_mars_2023_-_fr100195408_-_orig_180469','GA1889','',37734,37749),(37717,'terreal_-_mars_2023_-_fr100195493_-_orig_180472','GA1890','',37732,37747),(37718,'terreal_-_mars_2023_-_fr100195551_-_orig_180475','GA1891','',37738,37748),(37719,'terreal_-_novembre_2023_-_fr100223053_-_orig_180478','GA1892','',37736,37746),(37720,'terreal_-_novembre_2023_-_fr100223055_-_orig_180481','GA1893','',37734,37749),(37721,'terreal_-_novembre_2023_-_fr100223057_-_orig_180484','GA1894','',37738,37748),(37722,'terreal_-_novembre_2023_-_fr100223058_-_orig_180487','GA1895','',37732,37747),(37723,'terreal_-_octobre_2023_-_fr100214281_-_orig_180490','GA1896','',37736,37746),(37724,'terreal_-_octobre_2023_-_fr100214369_-_orig_180491','GA1897','',37732,37747),(37725,'terreal_-_octobre_2023_-_fr100214381_-_orig_180496','GA1898','',37738,37748),(37726,'terreal_-_octobre_2023_-_fr100214430_-_orig_180499','GA1899','',37734,37749),(37727,'terreal_-_septembre_2023_-_fr100211731_-_orig_180502','GA1900','',37736,37746),(37728,'terreal_-_septembre_2023_-_fr100211871_-_orig_180505','GA1901','',37732,37747),(37729,'terreal_-_septembre_2023_-_fr100212162_-_orig_180508','GA1902','',37734,37749),(37730,'terreal_-_septembre_2023_-_fr100212304_-_orig_180511','GA1903','',37738,37748),(38260,'edf_trianon_juill23_195481','GA1904','',0,0),(38261,'elec_res_trianon_aout_23(6)_195482','GA1905','',0,0),(38262,'facelerestrianonsept23_195483','GA1906','',0,0),(38558,'01_gaz_engie_janvier_2021_264590','GA1907','',16104,38625),(38559,'02_gaz_engie_fevrier_2021_264591','GA1908','',16104,38626),(38560,'03_gaz_engie_mars_2021_264592','GA1909','',16104,38626),(38561,'04_gaz_engie_avril_2021_264593','GA1910','',16104,38626),(38562,'05_gaz_engie_mai_2021_264594','GA1911','',16104,38626),(38563,'06_gaz_engie_juin_2021_264596','GA1912','',16104,38626),(38564,'09_gaz_engie_septembre_2021_264598','GA1913','',16104,38626),(38565,'10_gaz_engie_octobre_2021_264600','GA1914','',16104,38626),(38566,'11_gaz_engie_novembre_2021_264602','GA1915','',16104,38626),(38567,'12_gaz_engie_decembre_2021_264604','GA1916','',16104,38626),(38568,'gaz_202108_264606','GA1917','',16104,38626),(38569,'alk_-_aout_2023_-_fr100209735_-_orig_264608','GA1918','',16104,38627),(38570,'alk_-_decembre_2023_-_fr100220058_-_orig_264610','GA1919','',16104,38627),(38571,'alk_-_juillet_2023_-_fr100208921_-_orig_264612','GA1920','',16104,38627),(38572,'alk_-_juin_2023_-_fr100204415_-_orig_264614','GA1921','',16104,38627),(38573,'alk_-_novembre_2023_-_fr100217587_-_orig_264616','GA1922','',16104,38627),(38574,'alk_-_octobre_2023_-_fr100214830_-_orig_264618','GA1923','',16104,38627),(38575,'alk_-_septembre_2023_-_fr100212253_-_orig_264621','GA1924','',16104,38627),(38576,'engie_avril_2023_264623','GA1925','',16104,38627),(38577,'engie_fevrier_2023_264625','GA1926','',16104,38627),(38578,'engie_janvier_2023_264627','GA1927','',16104,38627),(38579,'engie_mai_2023_264629','GA1928','',16104,38627),(38580,'engie_mars_2023_264631','GA1929','',16104,38627),(38613,'01_gaz_engie_janvier_2022_288694','GA1930','',16104,38628),(38614,'02_gaz_engie_fevrier_2022_288695','GA1931','',16104,38628),(38615,'03_gaz_engie_mars_2022_288696','GA1932','',16104,38628),(38616,'04_gaz_engie_avril_2022_288697','GA1933','',16104,38628),(38617,'05_gaz_engie_mai_2022_288698','GA1934','',16104,38628),(38618,'06_gaz_engie_juin_2022_288699','GA1935','',16104,38628),(38619,'07_gaz_engie_juillet_2022_288700','GA1936','',16104,38628),(38620,'08_gaz_engie_aout_2022_288701','GA1937','',16104,38628),(38621,'09_gaz_engie_septembre_2022_288702','GA1938','',16104,38628),(38622,'10_gag_engie_octobre_2022_288703','GA1939','',16104,38628),(38623,'11_gaz_engie_novembre_2022_288704','GA1940','',16104,38628),(38624,'12_gaz_engie_decembre_2022_288705','GA1941','',16104,38628),(39159,'3._factures_edf_2023__-_borax_part1_291261','GA1942','',0,0),(39160,'3._factures_edf_2023__-_borax_part10_291262','GA1943','',0,0),(39161,'3._factures_edf_2023__-_borax_part11_291263','GA1944','',0,0),(39162,'3._factures_edf_2023__-_borax_part12_291264','GA1945','',0,0),(39163,'3._factures_edf_2023__-_borax_part2_291265','GA1946','',0,0),(39164,'3._factures_edf_2023__-_borax_part3_291266','GA1947','',0,0),(39165,'3._factures_edf_2023__-_borax_part4_291267','GA1948','',0,0),(39166,'3._factures_edf_2023__-_borax_part5_291269','GA1949','',0,0),(39167,'3._factures_edf_2023__-_borax_part6_291270','GA1950','',0,0),(39168,'3._factures_edf_2023__-_borax_part7_291271','GA1951','',0,0),(39169,'3._factures_edf_2023__-_borax_part8_291272','GA1952','',0,0),(39170,'3._factures_edf_2023__-_borax_part9_291273','GA1953','',0,0);

--
