
--
-- Table structure for table `vtiger_email_access`
--

CREATE TABLE `vtiger_email_access` (
  `crmid` int(11) DEFAULT NULL,
  `mailid` int(11) DEFAULT NULL,
  `accessdate` date DEFAULT NULL,
  `accesstime` datetime DEFAULT NULL
) ENGINE=InnoDB DEFAULT CHARSET=utf8;

--
-- Dumping data for table `vtiger_email_access`
--


--
-- Table structure for table `vtiger_email_track`
--

CREATE TABLE `vtiger_email_track` (
  `crmid` int(11) DEFAULT NULL,
  `mailid` int(11) DEFAULT NULL,
  `access_count` int(11) DEFAULT NULL,
  `click_count` int(11) NOT NULL DEFAULT '0',
  UNIQUE KEY `link_tabidtype_idx` (`crmid`,`mailid`)
) ENGINE=InnoDB DEFAULT CHARSET=utf8;

--
-- Dumping data for table `vtiger_email_track`
--


--
-- Table structure for table `vtiger_emaildetails`
--

CREATE TABLE `vtiger_emaildetails` (
  `emailid` int(19) NOT NULL,
  `from_email` varchar(50) NOT NULL DEFAULT '',
  `to_email` text,
  `cc_email` text,
  `bcc_email` text,
  `assigned_user_email` varchar(50) NOT NULL DEFAULT '',
  `idlists` text,
  `email_flag` varchar(50) NOT NULL DEFAULT '',
  PRIMARY KEY (`emailid`)
) ENGINE=InnoDB DEFAULT CHARSET=utf8;

--
-- Dumping data for table `vtiger_emaildetails`
--


--
-- Table structure for table `vtiger_emails_recipientprefs`
--

CREATE TABLE `vtiger_emails_recipientprefs` (
  `id` int(11) NOT NULL AUTO_INCREMENT,
  `tabid` int(11) NOT NULL,
  `prefs` varchar(255) DEFAULT NULL,
  `userid` int(11) DEFAULT NULL,
  PRIMARY KEY (`id`)
) ENGINE=InnoDB DEFAULT CHARSET=utf8;

--
-- Dumping data for table `vtiger_emails_recipientprefs`
--


--
-- Table structure for table `vtiger_emailslookup`
--

CREATE TABLE `vtiger_emailslookup` (
  `crmid` int(20) DEFAULT NULL,
  `setype` varchar(100) DEFAULT NULL,
  `value` varchar(100) DEFAULT NULL,
  `fieldid` int(20) DEFAULT NULL,
  UNIQUE KEY `emailslookup_crmid_setype_fieldname_uk` (`crmid`,`setype`,`fieldid`),
  KEY `emailslookup_fieldid_setype_idx` (`fieldid`,`setype`),
  CONSTRAINT `emailslookup_crmid_fk` FOREIGN KEY (`crmid`) REFERENCES `vtiger_crmentity` (`crmid`) ON DELETE CASCADE
) ENGINE=InnoDB DEFAULT CHARSET=utf8;

--
-- Dumping data for table `vtiger_emailslookup`
--


--
-- Table structure for table `vtiger_emailtemplates`
--

CREATE TABLE `vtiger_emailtemplates` (
  `foldername` varchar(100) DEFAULT NULL,
  `templatename` varchar(100) DEFAULT NULL,
  `templatepath` varchar(100) DEFAULT NULL,
  `subject` varchar(255) DEFAULT NULL,
  `description` text,
  `body` text,
  `deleted` int(1) NOT NULL DEFAULT '0',
  `templateid` int(19) NOT NULL AUTO_INCREMENT,
  `systemtemplate` int(1) NOT NULL DEFAULT '0',
  `module` varchar(100) DEFAULT NULL,
  PRIMARY KEY (`templateid`),
  KEY `emailtemplates_foldernamd_templatename_subject_idx` (`foldername`,`templatename`,`subject`)
) ENGINE=InnoDB AUTO_INCREMENT=17 DEFAULT CHARSET=utf8;

--
-- Dumping data for table `vtiger_emailtemplates`
--

INSERT INTO `vtiger_emailtemplates` VALUES ('Public','Announcement for Release','','Announcement for Release','Announcement of a release','Hello!   <br />\n	<br />\n	On behalf of the vtiger team,  I am pleased to announce the release of vtiger crm4.2 . This is a feature packed release including the mass email template handling, custom view feature, vtiger_reports feature and a host of other utilities. vtiger runs on all platforms.    <br />\n        <br />\n	Notable Features of vtiger are :   <br />\n	<br />\n	-Email Client Integration    <br />\n	-Trouble Ticket Integration   <br />\n	-Invoice Management Integration   <br />\n	-Reports Integration   <br />\n	-Portal Integration   <br />\n	-Enhanced Word Plugin Support   <br />\n	-Custom View Integration   <br />\n	<br />\n	Known Issues:   <br />\n	-ABCD   <br />\n	-EFGH   <br />\n	-IJKL   <br />\n	-MNOP   <br />\n	-QRST',0,1,0,'Contacts'),('Public','Pending Invoices','','Invoices Pending','Payment Due','name <br />\nstreet, <br />\ncity, <br />\nstate, <br />\n zip) <br />\n  <br />\n Dear <br />\n <br />\n Please check the following invoices that are yet to be paid by you: <br />\n <br />\n No. Date      Amount <br />\n 1   1/1/01    $4000 <br />\n 2   2/2//01   $5000 <br />\n 3   3/3/01    $10000 <br />\n 4   7/4/01    $23560 <br />\n <br />\n Kindly let us know if there are any issues that you feel are pending to be discussed. <br />\n We will be more than happy to give you a call. <br />\n We would like to continue our business with you.',0,2,0,'Contacts'),('Public','Acceptance Proposal','','Acceptance Proposal','Acceptance of Proposal',' Dear <br />\n <br />\nYour proposal on the project XYZW has been reviewed by us <br />\nand is acceptable in its entirety. <br />\n <br />\nWe are eagerly looking forward to this project <br />\nand are pleased about having the opportunity to work <br />\ntogether. We look forward to a long standing relationship <br />\nwith your esteemed firm. <br />\n<br />\nI would like to take this opportunity to invite you <br />\nto a game of golf on Wednesday morning 9am at the <br />\nCuff Links Ground. We will be waiting for you in the <br />\nExecutive Lounge. <br />\n<br />\nLooking forward to seeing you there.',0,3,0,'Contacts'),('Public','Goods received acknowledgement','','Goods received acknowledgement','Acknowledged Receipt of Goods',' The undersigned hereby acknowledges receipt and delivery of the goods. <br />\nThe undersigned will release the payment subject to the goods being discovered not satisfactory. <br />\n<br />\nSigned under seal this <date>',0,4,0,'Contacts'),('Public','Accept Order','','Accept Order','Acknowledgement/Acceptance of Order',' Dear <br />\n         We are in receipt of your order as contained in the <br />\n   purchase order form.We consider this to be final and binding on both sides. <br />\nIf there be any exceptions noted, we shall consider them <br />\nonly if the objection is received within ten days of receipt of <br />\nthis notice. <br />\n <br />\nThank you for your patronage.',0,5,0,'Contacts'),('Public','Address Change','','Change of Address','Address Change','Dear <br />\n <br />\nWe are relocating our office to <br />\n11111,XYZDEF Cross, <br />\nUVWWX Circle <br />\nThe telephone number for this new location is (101) 1212-1328. <br />\n<br />\nOur Manufacturing Division will continue operations <br />\nat 3250 Lovedale Square Avenue, in Frankfurt. <br />\n<br />\nWe hope to keep in touch with you all. <br />\nPlease update your addressbooks.',0,6,0,'Contacts'),('Public','Follow Up','','Follow Up','Follow Up of meeting','Dear <br />\n<br />\nThank you for extending us the opportunity to meet with <br />\nyou and members of your staff. <br />\n<br />\nI know that John Doe serviced your account <br />\nfor many years and made many friends at your firm. He has personally <br />\ndiscussed with me the deep relationship that he had with your firm. <br />\nWhile his presence will be missed, I can promise that we will <br />\ncontinue to provide the fine service that was accorded by <br />\nJohn to your firm. <br />\n<br />\nI was genuinely touched to receive such fine hospitality. <br />\n<br />\nThank you once again.',0,7,0,'Contacts'),('Public','Target Crossed!','','Target Crossed!','Fantastic Sales Spree!','Congratulations! <br />\n<br />\nThe numbers are in and I am proud to inform you that our <br />\ntotal sales for the previous quarter <br />\namounts to $100,000,00.00!. This is the first time <br />\nwe have exceeded the target by almost 30%. <br />\nWe have also beat the previous quarter record by a <br />\nwhopping 75%! <br />\n<br />\nLet us meet at Smoking Joe for a drink in the evening! <br />\n\nC you all there guys!',0,8,0,'Contacts'),('Public','Thanks Note','','Thanks Note','Note of thanks','Dear <br />\n<br />\nThank you for your confidence in our ability to serve you. <br />\nWe are glad to be given the chance to serve you.I look <br />\nforward to establishing a long term partnership with you. <br />\nConsider me as a friend. <br />\nShould any need arise,please do give us a call.',0,9,0,'Contacts'),('Public','Customer Login Details','','Customer Portal Login Details','Send Portal login details to customer','<!DOCTYPE HTML PUBLIC \"-//W3C//DTD HTML 4.01//EN\" \"http://www.w3.org/TR/html4/strict.dtd\">\n        <html>\n        <head>\n          <title></title>\n        </head>\n        <body class=\"scayt-enabled\">\n          <!-- <center> -->\n            <table border=\"0\" cellpadding=\"0\" cellspacing=\"0\" class=\"borderGrey\" width=\"600px\" style=\"margin-left:0px;\">\n              <tbody>\n                <tr>\n                  <td colspan=\"6\"><!-- Begin Pre header --><!-- // End Pre header \\ --></td>\n                </tr>\n                <tr style=\"height:50px;\">\n                  <td colspan=\"6\" style=\"\n                  font-family: Helvetica,Verdana,sans-serif\">\n                  <div style=\"margin-bottom:10px;color: rgb(34, 34, 34); font-family: arial, sans-serif; font-size: 14px; background-color: rgb(255, 255, 255);\"><br />\n                    Dear $contacts-firstname$ $contacts-lastname$,</div>\n\n                    <div style=\"margin-top:20px;margin-bottom:20px; color: rgb(34, 34, 34); font-family: arial, sans-serif; font-size: 14px; background-color: rgb(255, 255, 255);\">As our customer, you can be assured of getting excellent support from our team. I would like to take this opportunity to introduce the portal we have setup for valuable customers like you. You can submit questions/issues via the portal, see past issues and responses. In addition, Portal provides you access to our knowledge base and documents we shared with you in the past.\n                    </div>\n\n                    <div style=\"margin-top:10px;color: rgb(34, 34, 34); font-family: arial, sans-serif; font-size: 14px; background-color: rgb(255, 255, 255);\">$URL$ to login to the portal, with the credentials below.</div>\n\n                    <div style=\"margin-top:20px;color: rgb(34, 34, 34); font-family: arial, sans-serif; font-size: 14px; background-color: rgb(255, 255, 255);\">Your Username: $login_name$</div>\n\n                    <div style=\"margin-bottom:20px;color: rgb(34, 34, 34); font-family: arial, sans-serif; font-size: 14px; background-color: rgb(255, 255, 255);\">Your Password: $password$</div>\n                    <div class=\"gmail_extra\" style=\"margin-top:10px;color: rgb(34, 34, 34); font-family: arial, sans-serif; font-size: 14px; background-color: rgb(255, 255, 255);\">Thank you,<br />\n                      $contacts-smownerid$</div>\n\n                    </td>\n                  </tr>\n                  <tr>\n                    <td colspan=\"6\" style=\"font-family: Helvetica,Verdana,sans-serif;font-size: 11px;color: #666666;\">\n                      <table border=\"0\" cellpadding=\"4\" cellspacing=\"0\" width=\"100%\">\n                        <tbody>\n                          <!--copy right data-->\n                          <tr>\n                            <td valign=\"top\" style=\"\n                            padding-left: 0px;\n                            padding-right: 0px;\n                            width:350px\">\n                                <div style=\"margin-top:20px;\"><em>Powered By <a href=\"www.vtiger.com\">Vtiger</a><div>\n                            </td>\n                          </tr>\n                          <!--subscribers links-->\n                        </tbody>\n                      </table>\n                    </td>\n                  </tr>\n                </tbody>\n              </table>\n            <!-- </center> -->\n          </body>\n          </html>',0,10,0,'Contacts'),('Public','Support end notification before a week','','VtigerCRM Support Notification','Send Notification mail to customer before a week of support end date','<table width=\"700\" cellspacing=\"0\" cellpadding=\"0\" border=\"0\" align=\"center\" style=\"font-family: Arial,Helvetica,sans-serif; font-size: 12px; font-weight: normal; text-decoration: none; background-color: rgb(122, 122, 254);\">\n        <tr>\n            <td> </td>\n            <td> </td>\n            <td> </td>\n        </tr>\n        <tr>\n            <td> </td>\n            <td> </td>\n            <td> </td>\n        </tr>\n        <tr>\n            <td> </td>\n            <td> </td>\n            <td> </td>\n        </tr>\n        <tr>\n            <td width=\"50\"> </td>\n            <td>\n            <table width=\"100%\" cellspacing=\"0\" cellpadding=\"0\" border=\"0\">\n                    <tr>\n                        <td>\n                        <table width=\"100%\" cellspacing=\"0\" cellpadding=\"0\" border=\"0\" style=\"background-color: rgb(27, 77, 140); font-family: Arial,Helvetica,sans-serif; font-size: 14px; color: rgb(255, 255, 255); font-weight: normal; line-height: 25px;\">\n                                <tr>\n                                    <td align=\"center\" rowspan=\"4\">$logo$</td>\n                                    <td align=\"center\"> </td>\n                                </tr>\n                                <tr>\n                                    <td align=\"left\" style=\"background-color: rgb(27, 77, 140); font-family: Arial,Helvetica,sans-serif; font-size: 24px; color: rgb(255, 255, 255); font-weight: bolder; line-height: 35px;\">vtiger CRM </td>\n                                </tr>\n                                <tr>\n                                    <td align=\"right\" style=\"padding-right: 100px;\">The honest Open Source CRM </td>\n                                </tr>\n                                <tr>\n                                    <td> </td>\n                                </tr>\n                        </table>\n                        </td>\n                    </tr>\n                    <tr>\n                        <td>\n                        <table width=\"100%\" cellspacing=\"0\" cellpadding=\"0\" border=\"0\" style=\"font-family: Arial,Helvetica,sans-serif; font-size: 12px; font-weight: normal; color: rgb(0, 0, 0); background-color: rgb(255, 255, 255);\">\n                                <tr>\n                                    <td valign=\"top\">\n                                    <table width=\"100%\" cellspacing=\"0\" cellpadding=\"5\" border=\"0\">\n                                            <tr>\n                                                <td align=\"right\" style=\"font-family: Arial,Helvetica,sans-serif; font-size: 12px; font-weight: bolder; text-decoration: none; color: rgb(66, 66, 253);\"> </td>\n                                            </tr>\n                                            <tr>\n                                                <td> </td>\n                                            </tr>\n                                            <tr>\n                                                <td style=\"font-family: Arial,Helvetica,sans-serif; font-size: 14px; color: rgb(22, 72, 134); font-weight: bolder; line-height: 15px;\">Dear $contacts-lastname$, </td>\n                                            </tr>\n                                            <tr>\n                                                <td style=\"font-family: Arial,Helvetica,sans-serif; font-size: 12px; color: rgb(0, 0, 0); font-weight: normal; text-align: justify; line-height: 20px;\">This is just a notification mail regarding your support end.<br /><span style=\"font-weight: bold;\">Priority:</span> Urgent<br />Your Support is going to expire on next week<br />Please contact support@vtiger.com.<br /><br /><br /></td>\n                                            </tr>\n                                            <tr>\n                                                <td align=\"center\"><br /></td>\n                                            </tr>\n                                            <tr>\n                                                <td align=\"right\"><strong style=\"padding: 2px; font-family: Arial,Helvetica,sans-serif; font-size: 12px; color: rgb(0, 0, 0); font-weight: bold;\"><br /><br />Sincerly</strong></td>\n                                            </tr>\n                                            <tr>\n                                                <td align=\"right\" style=\"font-family: Arial,Helvetica,sans-serif; font-size: 12px; color: rgb(0, 0, 0); font-weight: normal; line-height: 20px;\">Support Team </td>\n                                            </tr>\n                                            <tr>\n                                                <td align=\"right\"><a style=\"font-family: Arial,Helvetica,sans-serif; font-size: 12px; font-weight: bolder; text-decoration: none; color: rgb(66, 66, 253);\" href=\"http://www.vtiger.com\">www.vtiger.com</a></td>\n                                            </tr>\n                                            <tr>\n                                                <td> </td>\n                                            </tr>\n                                    </table>\n                                    </td>\n                                    <td width=\"1%\" valign=\"top\"> </td>\n                                </tr>\n                        </table>\n                        </td>\n                    </tr>\n                    <tr>\n                        <td>\n                        <table width=\"100%\" cellspacing=\"0\" cellpadding=\"5\" border=\"0\" style=\"font-family: Arial,Helvetica,sans-serif; font-size: 12px; color: rgb(255, 255, 255); font-weight: normal; line-height: 15px; background-color: rgb(51, 51, 51);\">\n                                <tr>\n                                    <td align=\"center\">Shree Narayana Complex, No 11 Sarathy Nagar, Vijaya Nagar , Velachery, Chennai - 600 042 India </td>\n                                </tr>\n                                <tr>\n                                    <td align=\"center\">Telephone No: +91 - 44 - 4202 - 1990     Toll Free No: +1 877 788 4437</td>\n                                </tr>\n                                <tr>\n                                    <td align=\"center\">Email Id: <a style=\"font-family: Arial,Helvetica,sans-serif; font-size: 12px; font-weight: bolder; text-decoration: none; color: rgb(255, 255, 255);\" href=\"mailto:info@vtiger.com\">info@vtiger.com</a></td>\n                                </tr>\n                        </table>\n                        </td>\n                    </tr>\n            </table>\n            </td>\n            <td width=\"50\"> </td>\n        </tr>\n        <tr>\n            <td> </td>\n            <td> </td>\n            <td> </td>\n        </tr>\n        <tr>\n            <td> </td>\n            <td> </td>\n            <td> </td>\n        </tr>\n        <tr>\n            <td> </td>\n            <td> </td>\n            <td> </td>\n        </tr>\n</table>',0,11,0,'Contacts'),('Public','Support end notification before a month','','VtigerCRM Support Notification','Send Notification mail to customer before a month of support end date','<table width=\"700\" cellspacing=\"0\" cellpadding=\"0\" border=\"0\" align=\"center\" style=\"font-family: Arial,Helvetica,sans-serif; font-size: 12px; font-weight: normal; text-decoration: none; background-color: rgb(122, 122, 254);\">\n        <tr>\n            <td> </td>\n            <td> </td>\n            <td> </td>\n        </tr>\n        <tr>\n            <td> </td>\n            <td> </td>\n            <td> </td>\n        </tr>\n        <tr>\n            <td> </td>\n            <td> </td>\n            <td> </td>\n        </tr>\n        <tr>\n            <td width=\"50\"> </td>\n            <td>\n            <table width=\"100%\" cellspacing=\"0\" cellpadding=\"0\" border=\"0\">\n                    <tr>\n                        <td>\n                        <table width=\"100%\" cellspacing=\"0\" cellpadding=\"0\" border=\"0\" style=\"background-color: rgb(27, 77, 140); font-family: Arial,Helvetica,sans-serif; font-size: 14px; color: rgb(255, 255, 255); font-weight: normal; line-height: 25px;\">\n                                <tr>\n                                    <td align=\"center\" rowspan=\"4\">$logo$</td>\n                                    <td align=\"center\"> </td>\n                                </tr>\n                                <tr>\n                                    <td align=\"left\" style=\"background-color: rgb(27, 77, 140); font-family: Arial,Helvetica,sans-serif; font-size: 24px; color: rgb(255, 255, 255); font-weight: bolder; line-height: 35px;\">vtiger CRM </td>\n                                </tr>\n                                <tr>\n                                    <td align=\"right\" style=\"padding-right: 100px;\">The honest Open Source CRM </td>\n                                </tr>\n                                <tr>\n                                    <td> </td>\n                                </tr>\n                        </table>\n                        </td>\n                    </tr>\n                    <tr>\n                        <td>\n                        <table width=\"100%\" cellspacing=\"0\" cellpadding=\"0\" border=\"0\" style=\"font-family: Arial,Helvetica,sans-serif; font-size: 12px; font-weight: normal; color: rgb(0, 0, 0); background-color: rgb(255, 255, 255);\">\n                                <tr>\n                                    <td valign=\"top\">\n                                    <table width=\"100%\" cellspacing=\"0\" cellpadding=\"5\" border=\"0\">\n                                            <tr>\n                                                <td align=\"right\" style=\"font-family: Arial,Helvetica,sans-serif; font-size: 12px; font-weight: bolder; text-decoration: none; color: rgb(66, 66, 253);\"> </td>\n                                            </tr>\n                                            <tr>\n                                                <td> </td>\n                                            </tr>\n                                            <tr>\n                                                <td style=\"font-family: Arial,Helvetica,sans-serif; font-size: 14px; color: rgb(22, 72, 134); font-weight: bolder; line-height: 15px;\">Dear $contacts-lastname$, </td>\n                                            </tr>\n                                            <tr>\n                                                <td style=\"font-family: Arial,Helvetica,sans-serif; font-size: 12px; color: rgb(0, 0, 0); font-weight: normal; text-align: justify; line-height: 20px;\">This is just a notification mail regarding your support end.<br /><span style=\"font-weight: bold;\">Priority:</span> Normal<br />Your Support is going to expire on next month.<br />Please contact support@vtiger.com<br /><br /><br /></td>\n                                            </tr>\n                                            <tr>\n                                                <td align=\"center\"><br /></td>\n                                            </tr>\n                                            <tr>\n                                                <td align=\"right\"><strong style=\"padding: 2px; font-family: Arial,Helvetica,sans-serif; font-size: 12px; color: rgb(0, 0, 0); font-weight: bold;\"><br /><br />Sincerly</strong></td>\n                                            </tr>\n                                            <tr>\n                                                <td align=\"right\" style=\"font-family: Arial,Helvetica,sans-serif; font-size: 12px; color: rgb(0, 0, 0); font-weight: normal; line-height: 20px;\">Support Team </td>\n                                            </tr>\n                                            <tr>\n                                                <td align=\"right\"><a href=\"http://www.vtiger.com\" style=\"font-family: Arial,Helvetica,sans-serif; font-size: 12px; font-weight: bolder; text-decoration: none; color: rgb(66, 66, 253);\">www.vtiger.com</a></td>\n                                            </tr>\n                                            <tr>\n                                                <td> </td>\n                                            </tr>\n                                    </table>\n                                    </td>\n                                    <td width=\"1%\" valign=\"top\"> </td>\n                                </tr>\n                        </table>\n                        </td>\n                    </tr>\n                    <tr>\n                        <td>\n                        <table width=\"100%\" cellspacing=\"0\" cellpadding=\"5\" border=\"0\" style=\"font-family: Arial,Helvetica,sans-serif; font-size: 12px; color: rgb(255, 255, 255); font-weight: normal; line-height: 15px; background-color: rgb(51, 51, 51);\">\n                                <tr>\n                                    <td align=\"center\">Shree Narayana Complex, No 11 Sarathy Nagar, Vijaya Nagar , Velachery, Chennai - 600 042 India </td>\n                                </tr>\n                                <tr>\n                                    <td align=\"center\">Telephone No: +91 - 44 - 4202 - 1990     Toll Free No: +1 877 788 4437</td>\n                                </tr>\n                                <tr>\n                                    <td align=\"center\">Email Id: <a href=\"mailto:info@vtiger.com\" style=\"font-family: Arial,Helvetica,sans-serif; font-size: 12px; font-weight: bolder; text-decoration: none; color: rgb(255, 255, 255);\">info@vtiger.com</a></td>\n                                </tr>\n                        </table>\n                        </td>\n                    </tr>\n            </table>\n            </td>\n            <td width=\"50\"> </td>\n        </tr>\n        <tr>\n            <td> </td>\n            <td> </td>\n            <td> </td>\n        </tr>\n        <tr>\n            <td> </td>\n            <td> </td>\n            <td> </td>\n        </tr>\n        <tr>\n            <td> </td>\n            <td> </td>\n            <td> </td>\n        </tr>\n</table>',0,12,0,'Contacts'),('Public','Activity Reminder',NULL,'Reminder','Reminder','<p>This is a reminder notification for the Activity<br/>The details are :<br/> \n							&nbsp; Subject : $events-subject$<br/> \n							&nbsp; Start Date & Time : $events-date_start$<br/>\n							&nbsp; End Date & Time : $events-due_date$<br/> \n							&nbsp; Status : $events-eventstatus$<br/> \n							&nbsp; Location : $events-location$<br/> \n							&nbsp; Description : $events-description$<br/><br/> \n							<p/>',0,14,1,'Events'),('Public','ToDo Reminder',NULL,'Activity Reminder','Reminder','<p>This is a reminder notification for the Activity<br/>The details are :<br/>\n								&nbsp; Subject : $calendar-subject$<br/>\n								&nbsp; Start Date & Time : $calendar-date_start$<br/>\n								&nbsp; Due Date : $calendar-due_date$<br/>\n								&nbsp; Status : $calendar-status$<br/>\n								&nbsp; Location : $calendar-location$<br/>\n								&nbsp; Description : $calendar-description$<br/><br/>\n								<p/>',0,15,1,'Events'),('Public','Invite Users',NULL,'Invitation','Invite Users','<p>$invitee_name$,<br/><br/>You have been invited for an activity<br/><br/>The details are :<br/>\n								&nbsp; Subject : $events-subject$<br/>\n								&nbsp; Start Date & Time : $events-date_start$<br/> \n								&nbsp; End Date & Time : $events-due_date$<br/>\n								&nbsp; Status : $events-eventstatus$<br/>\n								&nbsp; Priority : $events-priority$<br/>\n								&nbsp; Related To : $events-crmid$<br/>\n								&nbsp; Contact List : $events-contactid$<br/>\n								&nbsp; Location : $events-location$<br/>\n								&nbsp; Description : $events-description$<br/><br/>\n								Thanks & Regards,<br/>\n								$current_user_name$\n								<p/>',0,16,1,'Events');

--
-- Table structure for table `vtiger_emailtemplates_seq`
--

CREATE TABLE `vtiger_emailtemplates_seq` (
  `id` int(11) NOT NULL
) ENGINE=InnoDB DEFAULT CHARSET=utf8;

--
-- Dumping data for table `vtiger_emailtemplates_seq`
--

INSERT INTO `vtiger_emailtemplates_seq` VALUES (16);

--
-- Table structure for table `vtiger_entityname`
--

CREATE TABLE `vtiger_entityname` (
  `tabid` int(19) NOT NULL DEFAULT '0',
  `modulename` varchar(100) DEFAULT NULL,
  `tablename` varchar(100) NOT NULL,
  `fieldname` varchar(150) NOT NULL,
  `entityidfield` varchar(150) NOT NULL,
  `entityidcolumn` varchar(150) NOT NULL,
  PRIMARY KEY (`tabid`),
  KEY `entityname_tabid_idx` (`tabid`),
  CONSTRAINT `fk_1_vtiger_entityname` FOREIGN KEY (`tabid`) REFERENCES `vtiger_tab` (`tabid`) ON DELETE CASCADE
) ENGINE=InnoDB DEFAULT CHARSET=utf8;

--
-- Dumping data for table `vtiger_entityname`
--

INSERT INTO `vtiger_entityname` VALUES (2,'Potentials','vtiger_potential','potentialname','potentialid','potential_id'),(4,'Contacts','vtiger_contactdetails','firstname,lastname','contactid','contact_id'),(6,'Accounts','vtiger_account','accountname','accountid','account_id'),(7,'Leads','vtiger_leaddetails','firstname,lastname','leadid','leadid'),(8,'Documents','vtiger_notes','title','notesid','notesid'),(9,'Calendar','vtiger_activity','subject','activityid','activityid'),(10,'Emails','vtiger_activity','subject','activityid','activityid'),(13,'HelpDesk','vtiger_troubletickets','title','ticketid','ticketid'),(14,'Products','vtiger_products','productname','productid','product_id'),(15,'Faq','vtiger_faq','question','id','id'),(18,'Vendors','vtiger_vendor','vendorname','vendorid','vendor_id'),(19,'PriceBooks','vtiger_pricebook','bookname','pricebookid','pricebookid'),(20,'Quotes','vtiger_quotes','subject','quoteid','quote_id'),(21,'PurchaseOrder','vtiger_purchaseorder','subject','purchaseorderid','purchaseorderid'),(22,'SalesOrder','vtiger_salesorder','subject','salesorderid','salesorder_id'),(23,'Invoice','vtiger_invoice','subject','invoiceid','invoiceid'),(26,'Campaigns','vtiger_campaign','campaignname','campaignid','campaignid'),(29,'Users','vtiger_users','first_name,last_name','id','id'),(30,'ServiceContracts','vtiger_servicecontracts','subject','servicecontractsid','servicecontractsid'),(33,'PBXManager','vtiger_pbxmanager','customernumber','pbxmanagerid','pbxmanagerid'),(34,'Services','vtiger_service','servicename','serviceid','serviceid'),(39,'SMSNotifier','vtiger_smsnotifier','message','smsnotifierid','smsnotifierid'),(42,'Assets','vtiger_assets','assetname','assetsid','assetsid'),(43,'ModComments','vtiger_modcomments','commentcontent','modcommentsid','modcommentsid'),(44,'ProjectMilestone','vtiger_projectmilestone','projectmilestonename','projectmilestoneid','projectmilestoneid'),(45,'ProjectTask','vtiger_projecttask','projecttaskname','projecttaskid','projecttaskid'),(46,'Project','vtiger_project','projectname','projectid','projectid'),(53,'Dtailsfacture','vtiger_dtailsfacture','name','dtailsfactureid','dtailsfactureid'),(54,'Factures','vtiger_factures','name','facturesid','facturesid'),(57,'FactureAnnuelle','vtiger_factureannuelle','name','factureannuelleid','factureannuelleid'),(63,'FactureAnnuelleGaz','vtiger_factureannuellegaz','name','factureannuellegazid','factureannuellegazid'),(65,'ElecFourniture','vtiger_elecfourniture','name','elecfournitureid','elecfournitureid'),(66,'ElecAcheminement','vtiger_elecacheminement','name','elecacheminementid','elecacheminementid'),(67,'ElecFourniAchemi','vtiger_elecfourniachemi','name','elecfourniachemiid','elecfourniachemiid'),(68,'GazFourniture','vtiger_gazfourniture','name','gazfournitureid','gazfournitureid'),(69,'SIRET','vtiger_siret','name','siretid','siretid'),(70,'CodeNAF','vtiger_codenaf','name','codenafid','codenafid'),(73,'Formesjuridiques','vtiger_formesjuridiques','name','formesjuridiquesid','formesjuridiquesid');

--
-- Table structure for table `vtiger_eventhandler_module`
--

CREATE TABLE `vtiger_eventhandler_module` (
  `eventhandler_module_id` int(11) NOT NULL AUTO_INCREMENT,
  `module_name` varchar(100) DEFAULT NULL,
  `handler_class` varchar(100) DEFAULT NULL,
  PRIMARY KEY (`eventhandler_module_id`)
) ENGINE=InnoDB AUTO_INCREMENT=6 DEFAULT CHARSET=utf8;

--
-- Dumping data for table `vtiger_eventhandler_module`
--

INSERT INTO `vtiger_eventhandler_module` VALUES (1,'ServiceContracts','ServiceContractsHandler'),(2,'ModTracker','ModTrackerHandler'),(3,'Home','Vtiger_RecordLabelUpdater_Handler'),(4,'Invoice','InvoiceHandler'),(5,'PurchaseOrder','PurchaseOrderHandler');

--
-- Table structure for table `vtiger_eventhandler_module_seq`
--

CREATE TABLE `vtiger_eventhandler_module_seq` (
  `id` int(11) NOT NULL
) ENGINE=InnoDB DEFAULT CHARSET=utf8;

--
-- Dumping data for table `vtiger_eventhandler_module_seq`
--

INSERT INTO `vtiger_eventhandler_module_seq` VALUES (5);

--
-- Table structure for table `vtiger_eventhandlers`
--

CREATE TABLE `vtiger_eventhandlers` (
  `eventhandler_id` int(11) NOT NULL AUTO_INCREMENT,
  `event_name` varchar(100) NOT NULL,
  `handler_path` varchar(400) NOT NULL,
  `handler_class` varchar(100) NOT NULL,
  `cond` text,
  `is_active` int(1) NOT NULL,
  `dependent_on` varchar(255) DEFAULT '[]',
  PRIMARY KEY (`eventhandler_id`,`event_name`,`handler_class`),
  UNIQUE KEY `eventhandler_idx` (`eventhandler_id`)
) ENGINE=InnoDB AUTO_INCREMENT=42 DEFAULT CHARSET=utf8;

--
-- Dumping data for table `vtiger_eventhandlers`
--

INSERT INTO `vtiger_eventhandlers` VALUES (1,'vtiger.entity.aftersave','modules/SalesOrder/RecurringInvoiceHandler.php','RecurringInvoiceHandler','',1,'[]'),(2,'vtiger.entity.beforesave','data/VTEntityDelta.php','VTEntityDelta','',1,'[]'),(3,'vtiger.entity.aftersave','data/VTEntityDelta.php','VTEntityDelta','',1,'[]'),(4,'vtiger.entity.aftersave','modules/com_vtiger_workflow/VTEventHandler.inc','VTWorkflowEventHandler','',1,'[\"VTEntityDelta\"]'),(5,'vtiger.entity.afterrestore','modules/com_vtiger_workflow/VTEventHandler.inc','VTWorkflowEventHandler','',1,'[]'),(6,'vtiger.entity.aftersave.final','modules/HelpDesk/HelpDeskHandler.php','HelpDeskHandler','',1,'[]'),(7,'vtiger.entity.beforesave','modules/ServiceContracts/ServiceContractsHandler.php','ServiceContractsHandler','',1,'[]'),(8,'vtiger.entity.aftersave','modules/ServiceContracts/ServiceContractsHandler.php','ServiceContractsHandler','',1,'[]'),(15,'vtiger.entity.aftersave','modules/WSAPP/WorkFlowHandlers/WSAPPAssignToTracker.php','WSAPPAssignToTracker','',1,'[\"VTEntityDelta\"]'),(16,'vtiger.entity.aftersave.final','modules/ModTracker/ModTrackerHandler.php','ModTrackerHandler','',1,'[]'),(17,'vtiger.entity.beforedelete','modules/ModTracker/ModTrackerHandler.php','ModTrackerHandler','',1,'[]'),(18,'vtiger.entity.afterrestore','modules/ModTracker/ModTrackerHandler.php','ModTrackerHandler','',1,'[]'),(19,'vtiger.entity.aftersave','modules/Vtiger/handlers/RecordLabelUpdater.php','Vtiger_RecordLabelUpdater_Handler','',1,'[]'),(20,'vtiger.entity.aftersave','modules/Invoice/InvoiceHandler.php','InvoiceHandler','',1,'[]'),(21,'vtiger.entity.aftersave','modules/PurchaseOrder/PurchaseOrderHandler.php','PurchaseOrderHandler','',1,'[]'),(22,'vtiger.entity.aftersave','modules/ModComments/ModCommentsHandler.php','ModCommentsHandler','',1,'[]'),(23,'vtiger.picklist.afterrename','modules/Settings/Picklist/handlers/PickListHandler.php','PickListHandler','',1,'[]'),(24,'vtiger.picklist.afterdelete','modules/Settings/Picklist/handlers/PickListHandler.php','PickListHandler','',1,'[]'),(25,'vtiger.entity.aftersave','modules/Vtiger/handlers/EmailLookupHandler.php','EmailLookupHandler','',1,'[\"VTEntityDelta\"]'),(26,'vtiger.entity.afterdelete','modules/Vtiger/handlers/EmailLookupHandler.php','EmailLookupHandler','',1,'[]'),(27,'vtiger.entity.afterrestore','modules/Vtiger/handlers/EmailLookupHandler.php','EmailLookupHandler','',1,'[]'),(28,'vtiger.batchevent.save','modules/Vtiger/handlers/EmailLookupHandler.php','EmailLookupBatchHandler','',1,'[]'),(29,'vtiger.lead.convertlead','modules/Leads/handlers/LeadHandler.php','LeadHandler','',1,'[]'),(30,'vtiger.entity.beforesave','modules/Vtiger/handlers/CheckDuplicateHandler.php','CheckDuplicateHandler','',1,'[]'),(31,'vtiger.entity.beforerestore','modules/Vtiger/handlers/CheckDuplicateHandler.php','CheckDuplicateHandler','',1,'[]'),(32,'vtiger.entity.aftersave','modules/Vtiger/handlers/FollowRecordHandler.php','FollowRecordHandler','',1,'[]'),(33,'vtiger.field.afterdelete','modules/Vtiger/handlers/FieldEventHandler.php','FieldEventHandler','',1,'[]'),(34,'vtiger.entity.beforerelate','modules/Vtiger/handlers/RelateEntitesHandler.php','RelateEntitesHandler','',1,'[]'),(35,'vtiger.entity.afterrelate','modules/Vtiger/handlers/RelateEntitesHandler.php','RelateEntitesHandler','',1,'[]'),(36,'vtiger.entity.beforesave','modules/Documents/DocumentsHandler.php','DocumentsHandler','',1,'[]'),(37,'vtiger.entity.beforesave.modifiable','modules/Documents/DocumentsHandler.php','DocumentsHandler','',1,'[]'),(38,'vtiger.entity.beforesave.final','modules/Documents/DocumentsHandler.php','DocumentsHandler','',1,'[]'),(39,'vtiger.entity.aftersave','modules/Documents/DocumentsHandler.php','DocumentsHandler','',1,'[]'),(40,'vtiger.entity.beforedelete','modules/Documents/DocumentsHandler.php','DocumentsHandler','',1,'[]'),(41,'vtiger.entity.afterdelete','modules/Documents/DocumentsHandler.php','DocumentsHandler','',1,'[]');

--
-- Table structure for table `vtiger_eventhandlers_seq`
--

CREATE TABLE `vtiger_eventhandlers_seq` (
  `id` int(11) NOT NULL
) ENGINE=InnoDB DEFAULT CHARSET=utf8;

--
-- Dumping data for table `vtiger_eventhandlers_seq`
--

INSERT INTO `vtiger_eventhandlers_seq` VALUES (41);

--
-- Table structure for table `vtiger_eventstatus`
--

CREATE TABLE `vtiger_eventstatus` (
  `eventstatusid` int(19) NOT NULL AUTO_INCREMENT,
  `eventstatus` varchar(200) NOT NULL,
  `presence` int(1) NOT NULL DEFAULT '1',
  `picklist_valueid` int(19) NOT NULL DEFAULT '0',
  `sortorderid` int(11) DEFAULT NULL,
  `color` varchar(10) DEFAULT NULL,
  PRIMARY KEY (`eventstatusid`)
) ENGINE=InnoDB AUTO_INCREMENT=4 DEFAULT CHARSET=utf8;

--
-- Dumping data for table `vtiger_eventstatus`
--

INSERT INTO `vtiger_eventstatus` VALUES (1,'Planned',0,38,0,NULL),(2,'Held',0,39,1,NULL),(3,'Not Held',0,40,2,NULL);

--
-- Table structure for table `vtiger_eventstatus_seq`
--

CREATE TABLE `vtiger_eventstatus_seq` (
  `id` int(11) NOT NULL
) ENGINE=InnoDB DEFAULT CHARSET=utf8;

--
-- Dumping data for table `vtiger_eventstatus_seq`
--

INSERT INTO `vtiger_eventstatus_seq` VALUES (3);

--
-- Table structure for table `vtiger_expectedresponse`
--

CREATE TABLE `vtiger_expectedresponse` (
  `expectedresponseid` int(19) NOT NULL AUTO_INCREMENT,
  `expectedresponse` varchar(200) NOT NULL,
  `presence` int(1) NOT NULL DEFAULT '1',
  `picklist_valueid` int(19) NOT NULL DEFAULT '0',
  `sortorderid` int(11) DEFAULT NULL,
  `color` varchar(10) DEFAULT NULL,
  PRIMARY KEY (`expectedresponseid`),
  UNIQUE KEY `CampaignExpRes_UK01` (`expectedresponse`)
) ENGINE=InnoDB AUTO_INCREMENT=6 DEFAULT CHARSET=utf8;

--
-- Dumping data for table `vtiger_expectedresponse`
--

INSERT INTO `vtiger_expectedresponse` VALUES (2,'Excellent',1,42,1,NULL),(3,'Good',1,43,2,NULL),(4,'Average',1,44,3,NULL),(5,'Poor',1,45,4,NULL);

--
-- Table structure for table `vtiger_expectedresponse_seq`
--

CREATE TABLE `vtiger_expectedresponse_seq` (
  `id` int(11) NOT NULL
) ENGINE=InnoDB DEFAULT CHARSET=utf8;

--
-- Dumping data for table `vtiger_expectedresponse_seq`
--

INSERT INTO `vtiger_expectedresponse_seq` VALUES (5);

--
-- Table structure for table `vtiger_facture`
--

CREATE TABLE `vtiger_facture` (
  `factureid` int(19) NOT NULL,
  `name` varchar(255) DEFAULT NULL,
  `factureno` varchar(100) DEFAULT NULL,
  `tags` varchar(1) DEFAULT NULL,
  PRIMARY KEY (`factureid`)
) ENGINE=InnoDB DEFAULT CHARSET=utf8;

--
-- Dumping data for table `vtiger_facture`
--


--
-- Table structure for table `vtiger_factureacheminement`
--

CREATE TABLE `vtiger_factureacheminement` (
  `factureacheminementid` int(19) NOT NULL,
  `name` varchar(255) DEFAULT NULL,
  `factureacheminementno` varchar(100) DEFAULT NULL,
  `tags` varchar(1) DEFAULT NULL,
  `cf_factureannuelle_id` int(19) DEFAULT NULL,
  `cf_accounts_id` int(19) DEFAULT NULL,
  PRIMARY KEY (`factureacheminementid`),
  KEY `cf_factureannuelle_id_index` (`cf_factureannuelle_id`) USING BTREE,
  KEY `cf_accounts_id_index` (`cf_accounts_id`) USING BTREE
) ENGINE=InnoDB DEFAULT CHARSET=utf8;

--
-- Dumping data for table `vtiger_factureacheminement`
--

INSERT INTO `vtiger_factureacheminement` VALUES (12396,'test','FA1','',12271,0),(12414,'3. Factures RTE 2022 - FLINS_Partie1.pdf','FA2','',12413,12412),(12415,'3. Factures RTE 2022 - FLINS_Partie2.pdf','FA3','',12413,12412),(12416,'3. Factures RTE 2022 - FLINS_Partie3.pdf','FA4','',12413,12412),(12417,'3. Factures RTE 2022 - FLINS_Partie4.pdf','FA5','',12413,12412),(12418,'3. Factures RTE 2022 - FLINS_Partie5.pdf','FA6','',12413,12412),(12419,'3. Factures RTE 2022 - FLINS_Partie6.pdf','FA7','',12413,12412),(12420,'3. Factures RTE 2022 - FLINS_Partie7.pdf','FA8','',12413,12412),(12421,'3. Factures RTE 2022 - FLINS_Partie8.pdf','FA9','',12413,12412),(12422,'3. Factures RTE 2022 - FLINS_Partie9.pdf','FA10','',12413,12412),(12423,'3. Factures RTE 2022 - FLINS_Partie10.pdf','FA11','',12413,12412),(12424,'3. Factures RTE 2022 - FLINS_Partie11.pdf','FA12','',12413,12412),(12425,'3. Factures RTE 2022 - FLINS_Partie12.pdf','FA13','',12413,12412),(14307,'01 Facture RTE janvier 2022.pdf','FA14','',14330,12412),(14309,'02 Facture RTE FEvrier 2022.pdf','FA15','',14330,12412),(14311,'03 Facture RTE MARS 2022.pdf','FA16','',14330,12412),(14313,'04 Facture RTE Avril 2022.pdf','FA17','',14330,12412),(14315,'05 Facture RTE Mai 2022.pdf','FA18','',14330,12412),(14317,'06 Facture RTE JUIN 2022.pdf','FA19','',14330,12412),(14319,'07 Facture RTE JUILLET 2022.pdf','FA20','',14330,12412),(14321,'08 Facture RTE AOUT 2022.pdf','FA21','',14330,12412),(14323,'09 Facture RTE SEPTEMBRE 2022.pdf','FA22','',14330,12412),(14325,'10 Facture RTE OCTOBRE 2022.pdf','FA23','',14330,12412),(14327,'11 Facture RTE NOVEMBRE 2022.pdf','FA24','',14330,12412),(14329,'12 Facture RTE DECEMBRE 2022.pdf','FA25','',14330,12412),(14438,'12 Facture RTE DECEMBRE 2022.pdf','FA26','',14397,14437),(14439,'05 Facture RTE Mai 2022.pdf','FA27','',14397,14437),(14440,'09 Facture RTE SEPTEMBRE 2022.pdf','FA28','',14397,14437),(14441,'02 Facture RTE FEvrier 2022.pdf','FA29','',14397,14437),(14442,'06 Facture RTE JUIN 2022.pdf','FA30','',14397,14437),(14443,'10 Facture RTE OCTOBRE 2022.pdf','FA31','',14397,14437),(14444,'03 Facture RTE MARS 2022.pdf','FA32','',14397,14437),(14445,'07 Facture RTE JUILLET 2022.pdf','FA33','',14397,14437),(14446,'11 Facture RTE NOVEMBRE 2022.pdf','FA34','',14397,14437),(14447,'04 Facture RTE Avril 2022.pdf','FA35','',14397,14437),(14448,'08 Facture RTE AOUT 2022.pdf','FA36','',14397,14437),(14449,'01 Facture RTE janvier 2022.pdf','FA37','',14397,14437),(14636,'2022.01.pdf','FA38','',14635,14634),(14638,'2022.02.pdf','FA39','',14635,14634),(14639,'2022.03.pdf','FA40','',14635,14634),(14640,'2022.04.pdf','FA41','',14635,14634),(14641,'2022.05.pdf','FA42','',14635,14634),(14642,'2022.06.pdf','FA43','',14635,14634),(14643,'2022.07.pdf','FA44','',14635,14634),(14644,'2022.08.pdf','FA45','',14635,14634),(14645,'2022.09.pdf','FA46','',14635,14634),(14646,'2022.10.pdf','FA47','',14635,14634),(14647,'2022.11.pdf','FA48','',14635,14634),(14648,'2022.12.pdf','FA49','',14635,14634),(15408,'2022.01.pdf','FA50','',15406,15407),(15409,'2022.02.pdf','FA51','',15406,15407),(15410,'2022.03.pdf','FA52','',15406,15407),(15411,'2022.04.pdf','FA53','',15406,15407),(15412,'2022.05.pdf','FA54','',15406,15407),(15413,'2022.06.pdf','FA55','',15406,15407),(15414,'2022.07.pdf','FA56','',15406,15407),(15415,'2022.08.pdf','FA57','',15406,15407),(15416,'2022.09.pdf','FA58','',15406,15407),(15417,'2022.10.pdf','FA59','',15406,15407),(15418,'2022.11.pdf','FA60','',15406,15407),(15419,'2022.12.pdf','FA61','',15406,15407),(15498,'2022.01.pdf','FA62','',15563,15386),(15499,'2022.02.pdf','FA63','',15563,15386),(15500,'2022.03.pdf','FA64','',15563,15386),(15501,'2022.04.pdf','FA65','',15563,15386),(15502,'2022.05.pdf','FA66','',15563,15386),(15503,'2022.06.pdf','FA67','',15563,15386),(15504,'2022.07.pdf','FA68','',15563,15386),(15505,'2022.08.pdf','FA69','',15563,15386),(15506,'2022.09.pdf','FA70','',15563,15386),(15507,'2022.10.pdf','FA71','',15563,15386),(15508,'2022.11.pdf','FA72','',15563,15386),(15509,'2022.12.pdf','FA73','',15563,15386);

--
-- Table structure for table `vtiger_factureacheminementcf`
--

CREATE TABLE `vtiger_factureacheminementcf` (
  `factureacheminementid` int(19) NOT NULL,
  `cf_1098` varchar(255) DEFAULT '',
  `cf_1100` varchar(255) DEFAULT '',
  `cf_1104` varchar(255) DEFAULT '',
  `cf_1106` varchar(255) DEFAULT '',
  `cf_1108` varchar(255) DEFAULT '',
  `cf_1110` varchar(255) DEFAULT '',
  `cf_1112` varchar(255) DEFAULT '',
  `cf_1114` int(4) DEFAULT NULL,
  `cf_1116` varchar(2) DEFAULT '',
  `cf_1118` decimal(65,5) DEFAULT NULL,
  `cf_1124` decimal(64,5) DEFAULT NULL,
  `cf_1126` varchar(255) DEFAULT '',
  `cf_1128` varchar(255) DEFAULT '',
  `cf_1130` decimal(65,5) DEFAULT NULL,
  `cf_1132` decimal(65,5) DEFAULT NULL,
  `cf_1134` decimal(65,5) DEFAULT NULL,
  `cf_1136` decimal(65,5) DEFAULT NULL,
  `cf_1138` decimal(65,5) DEFAULT NULL,
  `cf_1140` decimal(65,5) DEFAULT NULL,
  `cf_1142` decimal(65,5) DEFAULT NULL,
  `cf_1144` decimal(65,5) DEFAULT NULL,
  `cf_1146` decimal(65,5) DEFAULT NULL,
  `cf_1148` decimal(65,5) DEFAULT NULL,
  `cf_1150` decimal(65,5) DEFAULT NULL,
  `cf_1161` decimal(65,5) DEFAULT NULL,
  `cf_1163` decimal(5,2) DEFAULT NULL,
  `cf_1189` varchar(255) DEFAULT '',
  `cf_1261` varchar(255) DEFAULT '',
  `cf_1273` decimal(65,5) DEFAULT NULL,
  `cf_1275` decimal(65,5) DEFAULT NULL,
  `cf_1315` decimal(65,5) DEFAULT NULL,
  `cf_1428` varchar(255) DEFAULT '',
  PRIMARY KEY (`factureacheminementid`)
) ENGINE=InnoDB DEFAULT CHARSET=utf8;

--
-- Dumping data for table `vtiger_factureacheminementcf`
--

INSERT INTO `vtiger_factureacheminementcf` VALUES (12396,'','','','','','','',0,'',0.00000,0.00000,'','',0.00000,0.00000,0.00000,0.00000,0.00000,0.00000,0.00000,0.00000,0.00000,0.00000,0.00000,NULL,NULL,'','',NULL,NULL,NULL,''),(12414,'NP-133-AUBERGENVILLE -FLINS-P-3.2TARIF','S.N.C. RENAULT site de Flins Boulevard Pierre LEFAUCHEUX F - 78415 AUBERGENVILLE CEDEX','FR94410206205','4300190924','300048','RTE','01/01/202231/01/2022',2022,'1',1500000000.00000,0.00000,'HTB1 ]50 kV - 130 kV]','HTB 1',21000.00000,29102.50000,97569.61000,1096.74000,566.27000,515.88000,783.67000,59.11000,0.00000,0.00000,3079.63000,132773.41000,0.00,'','',NULL,NULL,NULL,''),(12415,'NP-133-AUBERGENVILLE -FLINS-P-3.2TARIF','S.N.C. RENAULT site de Flins Boulevard Pierre LEFAUCHEUX F - 78415 AUBERGENVILLE CEDEX','FR94410206205','4300190925','300048','RTE','01/02/202231/02/2022',2022,'2',7981.57000,0.00000,'HTB1 ]50 kV - 130 kV]','HTB 2',26500.00000,29102.60000,97569.62000,1096.75000,566.28000,515.89000,783.68000,59.12000,0.00000,0.00000,3079.64000,0.00000,0.00,'','',NULL,NULL,NULL,''),(12416,'NP-133-AUBERGENVILLE -FLINS-P-3.2TARIF','S.N.C. RENAULT site de Flins Boulevard Pierre LEFAUCHEUX F - 78415 AUBERGENVILLE CEDEX','FR94410206205','4300190926','300048','RTE','01/03/202231/03/2022',2022,'3',7981.58000,0.00000,'HTB1 ]50 kV - 130 kV]','HTB 3',32000.00000,29102.70000,97569.63000,1096.76000,566.29000,515.90000,783.69000,59.13000,0.00000,0.00000,3079.65000,0.00000,0.00,'','',NULL,NULL,NULL,''),(12417,'NP-133-AUBERGENVILLE -FLINS-P-3.2TARIF','S.N.C. RENAULT site de Flins Boulevard Pierre LEFAUCHEUX F - 78415 AUBERGENVILLE CEDEX','FR94410206205','4300190927','300048','RTE','01/04/202231/04/2022',2022,'4',7981.59000,0.00000,'HTB1 ]50 kV - 130 kV]','HTB 4',37500.00000,29102.80000,97569.64000,1096.77000,566.30000,515.91000,783.70000,59.14000,0.00000,0.00000,3079.66000,0.00000,0.00,'','',NULL,NULL,NULL,''),(12418,'NP-133-AUBERGENVILLE -FLINS-P-3.2TARIF','S.N.C. RENAULT site de Flins Boulevard Pierre LEFAUCHEUX F - 78415 AUBERGENVILLE CEDEX','FR94410206205','4300190928','300048','RTE','01/05/202231/05/2022',2022,'5',7981.60000,0.00000,'HTB1 ]50 kV - 130 kV]','HTB 5',43000.00000,29102.90000,97569.65000,1096.78000,566.31000,515.92000,783.71000,59.15000,0.00000,0.00000,3079.67000,0.00000,0.00,'','',NULL,NULL,NULL,''),(12419,'NP-133-AUBERGENVILLE -FLINS-P-3.2TARIF','S.N.C. RENAULT site de Flins Boulevard Pierre LEFAUCHEUX F - 78415 AUBERGENVILLE CEDEX','FR94410206205','4300190929','300048','RTE','01/06/202231/06/2022',2022,'6',7981.61000,0.00000,'HTB1 ]50 kV - 130 kV]','HTB 6',48500.00000,29102.10000,97569.66000,1096.79000,566.32000,515.93000,783.72000,59.16000,0.00000,0.00000,3079.68000,0.00000,0.00,'','',NULL,NULL,NULL,''),(12420,'NP-133-AUBERGENVILLE -FLINS-P-3.2TARIF','S.N.C. RENAULT site de Flins Boulevard Pierre LEFAUCHEUX F - 78415 AUBERGENVILLE CEDEX','FR94410206205','4300190930','300048','RTE','01/07/202231/07/2022',2022,'7',7981.62000,0.00000,'HTB1 ]50 kV - 130 kV]','HTB 7',54000.00000,29102.11000,97569.67000,1096.80000,566.33000,515.94000,783.73000,59.17000,0.00000,0.00000,3079.69000,0.00000,0.00,'','',NULL,NULL,NULL,''),(12421,'NP-133-AUBERGENVILLE -FLINS-P-3.2TARIF','S.N.C. RENAULT site de Flins Boulevard Pierre LEFAUCHEUX F - 78415 AUBERGENVILLE CEDEX','FR94410206205','4300190931','300048','RTE','01/08/202231/08/2022',2022,'8',7981.63000,0.00000,'HTB1 ]50 kV - 130 kV]','HTB 8',59500.00000,29102.12000,97569.68000,1096.81000,566.34000,515.95000,783.74000,59.18000,0.00000,0.00000,3079.70000,0.00000,0.00,'','',NULL,NULL,NULL,''),(12422,'NP-133-AUBERGENVILLE -FLINS-P-3.2TARIF','S.N.C. RENAULT site de Flins Boulevard Pierre LEFAUCHEUX F - 78415 AUBERGENVILLE CEDEX','FR94410206205','4300190932','300048','RTE','01/09/202231/09/2022',2022,'9',7981.64000,0.00000,'HTB1 ]50 kV - 130 kV]','HTB 9',65000.00000,29102.13000,97569.69000,1096.82000,566.35000,515.96000,783.75000,59.19000,0.00000,0.00000,3079.71000,0.00000,0.00,'','',NULL,NULL,NULL,''),(12423,'NP-133-AUBERGENVILLE -FLINS-P-3.2TARIF','S.N.C. RENAULT site de Flins Boulevard Pierre LEFAUCHEUX F - 78415 AUBERGENVILLE CEDEX','FR94410206205','4300190933','300048','RTE','01/10/202231/10/2022',2022,'10',7981.65000,0.00000,'HTB1 ]50 kV - 130 kV]','HTB 10',70500.00000,29102.14000,97569.70000,1096.83000,566.36000,515.97000,783.76000,59.20000,0.00000,0.00000,3079.72000,0.00000,0.00,'','',NULL,NULL,NULL,''),(12424,'NP-133-AUBERGENVILLE -FLINS-P-3.2TARIF','S.N.C. RENAULT site de Flins Boulevard Pierre LEFAUCHEUX F - 78415 AUBERGENVILLE CEDEX','FR94410206205','4300190934','300048','RTE','01/11/202231/11/2022',2022,'11',7981.66000,0.00000,'HTB1 ]50 kV - 130 kV]','HTB 11',76000.00000,29102.15000,97569.71000,1096.84000,566.37000,515.98000,783.77000,59.21000,0.00000,0.00000,3079.73000,0.00000,0.00,'','',NULL,NULL,NULL,''),(12425,'NP-133-AUBERGENVILLE -FLINS-P-3.2TARIF','S.N.C. RENAULT site de Flins Boulevard Pierre LEFAUCHEUX F - 78415 AUBERGENVILLE CEDEX','FR94410206205','4300190935','300048','RTE','01/12/202231/12/2022',2022,'12',7981.67000,0.00000,'HTB1 ]50 kV - 130 kV]','HTB 12',81500.00000,29102.16000,97569.72000,1096.85000,566.38000,515.99000,783.78000,59.22000,0.00000,0.00000,3079.74000,0.00000,0.00,'','',NULL,NULL,NULL,''),(14307,'NP - 133 - AUBERGENVILLE -FLINS - P - 3.2','S.N.C. RENAULT site de Flins Boulevard Pierre LEFAUCHEUX F - 78415 AUBERGENVILLE CEDEX','FR94410206205','4300190924','300048','RTE','44562',2022,'1',7981.00000,16.64000,'HTB1 150 KV - 130 KV ]','HTB 1',0.00000,29102.00000,0.00000,0.00000,566.00000,515.00000,783.00000,59.00000,0.00000,0.00000,3079.00000,26.00000,20.00,'RENAULT site de Flins_NP - 133 - AUBERGENVILLE -FLINS - P - 3.2_2022_1_A','',NULL,NULL,NULL,''),(14309,'NP - 133 - AUBERGENVILLE -FLINS - P - 3.2','S.N.C. RENAULT site de Flins Boulevard Pierre LEFAUCHEUX F - 78415 AUBERGENVILLE CEDEX','FR94410206205','4300191742','300048','RTE','44593',2022,'2',7554.00000,0.00000,'HTB1 ] 50 kV - 130 kV ]','HTB 1',0.00000,29102.00000,0.00000,0.00000,709.00000,515.00000,783.00000,59.00000,0.00000,0.00000,3079.00000,27.00000,20.00,'RENAULT site de Flins_NP - 133 - AUBERGENVILLE -FLINS - P - 3.2_2022_2_A','',NULL,NULL,NULL,''),(14311,'NP - 133 - AUBERGENVILLE -FLINS - P - 3.2','S.N.C. RENAULT site de Flins Boulevard Pierre LEFAUCHEUX F - 78415 AUBERGENVILLE CEDEX','FR94410206205','4300192411','300048','RTE','44621',2022,'3',8264.00000,0.00000,'HTB1 ] 50 kV - 130 kV ]','HTB 1',0.00000,29102.00000,0.00000,0.00000,911.00000,515.00000,783.00000,59.00000,0.00000,0.00000,3079.00000,27.00000,20.00,'RENAULT site de Flins_NP - 133 - AUBERGENVILLE -FLINS - P - 3.2_2022_3_A','',NULL,NULL,NULL,''),(14313,'NP - 133 - AUBERGENVILLE -FLINS - P - 3.2','S.N.C. RENAULT site de Flins Boulevard Pierre LEFAUCHEUX F - 78415 AUBERGENVILLE CEDEX','FR94410206205','4300193173','300048','RTE','44652',2022,'4',7053.00000,0.00000,'HTB1 150 KV - 130 kV ]','HTB 1',0.00000,29102.00000,0.00000,0.00000,0.00000,515.00000,783.00000,59.00000,0.00000,0.00000,3079.00000,15.00000,20.00,'RENAULT site de Flins_NP - 133 - AUBERGENVILLE -FLINS - P - 3.2_2022_4_A','',NULL,NULL,NULL,''),(14315,'NP - 133 - AUBERGENVILLE -FLINS - P - 3.2','S.N.C. RENAULT site de Flins Boulevard Pierre LEFAUCHEUX F - 78415 AUBERGENVILLE CEDEX','FR94410206205','4300193604','300048','RTE','44682',2022,'5',6808.00000,0.00000,'HTB1 ] 50 kV - 130 kV ]','HTB 1',0.00000,29102.00000,0.00000,0.00000,0.00000,515.00000,783.00000,59.00000,0.00000,0.00000,3079.00000,14.00000,20.00,'RENAULT site de Flins_NP - 133 - AUBERGENVILLE -FLINS - P - 3.2_2022_5_A','',NULL,NULL,NULL,''),(14317,'NP - 133 - AUBERGENVILLE -FLINS - P - 3.2','S.N.C. RENAULT site de Flins Boulevard Pierre LEFAUCHEUX F - 78415 AUBERGENVILLE CEDEX','FR94410206205','4300194110','300048','RTE','44713',2022,'6',6916.00000,0.00000,'HTB1 ] 50 kV - 130 kV ]','HTB 1',0.00000,29102.00000,0.00000,0.00000,0.00000,515.00000,783.00000,59.00000,0.00000,0.00000,3079.00000,14.00000,20.00,'RENAULT site de Flins_NP - 133 - AUBERGENVILLE -FLINS - P - 3.2_2022_6_A','',NULL,NULL,NULL,''),(14319,'NP - 133 - AUBERGENVILLE -FLINS - P - 3.2','S.N.C. RENAULT site de Flins Boulevard Pierre LEFAUCHEUX F - 78415 AUBERGENVILLE CEDEX','FR94410206205','4300194984','300048','RTE','44743',2022,'7',6965.00000,0.00000,'HTB1 150 KV - 130 kV ]','HTB 1',0.00000,25620.00000,0.00000,0.00000,0.00000,515.00000,783.00000,59.00000,0.00000,0.00000,2727.00000,13.00000,20.00,'RENAULT site de Flins_NP - 133 - AUBERGENVILLE -FLINS - P - 3.2_2022_7_A','',NULL,NULL,NULL,''),(14321,'NP - 133 - AUBERGENVILLE -FLINS - P - 3.2','S.N.C. RENAULT site de Flins Boulevard Pierre LEFAUCHEUX F - 78415 AUBERGENVILLE CEDEX','FR94410206205','4300195826','300048','RTE','44774',2022,'8',4854.00000,0.00000,'HTB1 ] 50 kV - 130 kV ]','HTB 1',0.00000,25620.00000,0.00000,0.00000,0.00000,515.00000,783.00000,59.00000,0.00000,0.00000,2727.00000,12.00000,20.00,'RENAULT site de Flins_NP - 133 - AUBERGENVILLE -FLINS - P - 3.2_2022_8_A','',NULL,NULL,NULL,''),(14323,'NP - 133 - AUBERGENVILLE -FLINS - P - 3.2','RENAULT site de Flins Boulevard Pierre LEFAUCHEUX F - 78415 AUBERGENVILLE CEDEX','FR94410206205','4300196541','300048','RTE','44805',2022,'9',6751.00000,0.00000,'HTB1 ] 50 kV - 130 kV ]','HTB 1',0.00000,25620.00000,0.00000,0.00000,0.00000,515.00000,783.00000,59.00000,0.00000,0.00000,2727.00000,14.00000,20.00,'RENAULT site de Flins_NP - 133 - AUBERGENVILLE -FLINS - P - 3.2_2022_9_A','',NULL,NULL,NULL,''),(14325,'NP - 133 - AUBERGENVILLE -FLINS - P - 3.2','S.N.C. RENAULT site de Flins Boulevard Pierre LEFAUCHEUX F - 78415 AUBERGENVILLE CEDEX','FR94410206205','4300197147','300048','RTE','44835',2022,'10',5755.00000,0.00000,'HTB1 ] 50 kV - 130 kV ]','HTB 1',0.00000,25620.00000,0.00000,0.00000,0.00000,515.00000,783.00000,59.00000,0.00000,0.00000,2727.00000,13.00000,20.00,'RENAULT site de Flins_NP - 133 - AUBERGENVILLE -FLINS - P - 3.2_2022_10_A','',NULL,NULL,NULL,''),(14327,'NP - 133 - AUBERGENVILLE -FLINS - P - 3.2','S.N.C. RENAULT site de Flins Boulevard Pierre LEFAUCHEUX F - 78415 AUBERGENVILLE CEDEX','FR94410206205','4300197632','300048','RTE','44866',2022,'11',7225.00000,0.00000,'HTB1 150 KV - 130 kV ]','HTB 1',0.00000,25620.00000,0.00000,0.00000,0.00000,515.00000,783.00000,59.00000,0.00000,0.00000,2727.00000,23.00000,20.00,'RENAULT site de Flins_NP - 133 - AUBERGENVILLE -FLINS - P - 3.2_2022_11_A','',NULL,NULL,NULL,''),(14329,'NP - 133 - AUBERGENVILLE -FLINS - P - 3.2','RENAULT site de Flins Boulevard Pierre LEFAUCHEUX F - 78415 AUBERGENVILLE CEDEX','FR94410206205','4300198463','300048','RTE','44896',2022,'12',7385.00000,0.00000,'HTB1 ] 50 kV - 130 kV ]','HTB 1',0.00000,27450.00000,0.00000,0.00000,0.00000,515.00000,783.00000,59.00000,0.00000,0.00000,3049.00000,25.00000,20.00,'RENAULT site de Flins_NP - 133 - AUBERGENVILLE -FLINS - P - 3.2_2022_12_A','',NULL,NULL,NULL,''),(14438,'RTE0000001336','','FR94410206205','4300198463','300048','RTE','44896',2022,'12',7385.47000,17.33000,'HTB1 ] 50 kV - 130 kV ]','HTB 1',0.00000,27450.00000,0.00000,0.00000,0.00000,515.00000,783.00000,59.00000,0.00000,0.00000,3049.00000,25.00000,20.00,'RENAULT site de Flins_NP - 133 - AUBERGENVILLE -FLINS - P - 3.2_2022_12_A','NP - 133 - AUBERGENVILLE -FLINS - P - 3.2',NULL,NULL,NULL,''),(14439,'RTE0000001336','','FR94410206205','4300193604','300048','RTE','44682',2022,'5',6808.07000,10.67000,'HTB1 ] 50 kV - 130 kV ]','HTB 1',0.00000,29102.00000,0.00000,0.00000,0.00000,515.00000,783.00000,59.00000,0.00000,0.00000,3079.00000,14.00000,20.00,'RENAULT site de Flins_NP - 133 - AUBERGENVILLE -FLINS - P - 3.2_2022_5_A','NP - 133 - AUBERGENVILLE -FLINS - P - 3.2',NULL,NULL,NULL,''),(14440,'RTE0000001336','','FR94410206205','4300196541','300048','RTE','44805',2022,'9',6751.96000,10.64000,'HTB1 ] 50 kV - 130 kV ]','HTB 1',0.00000,25620.00000,0.00000,0.00000,0.00000,515.00000,783.00000,59.00000,0.00000,0.00000,2727.00000,14.00000,20.00,'RENAULT site de Flins_NP - 133 - AUBERGENVILLE -FLINS - P - 3.2_2022_9_A','NP - 133 - AUBERGENVILLE -FLINS - P - 3.2',NULL,NULL,NULL,''),(14441,'RTE0000001336','','FR94410206205','4300191742','300048','RTE','44593',2022,'2',7554.94000,18.27000,'HTB1 ] 50 kV - 130 KV ]','HTB 1',0.00000,29102.00000,0.00000,0.00000,709.00000,515.00000,783.00000,59.00000,0.00000,0.00000,3079.00000,27.00000,20.00,'RENAULT site de Flins_NP - 133 - AUBERGENVILLE -FLINS - P - 3.2_2022_2_A','NP - 133 - AUBERGENVILLE -FLINS - P - 3.2',NULL,NULL,NULL,''),(14442,'RTE0000001336','','FR94410206205','4300194110','300048','RTE','44713',2022,'6',6916.40000,10.48000,'HTB1 150 kv - 130 kV ]','HTB 1',0.00000,29102.00000,0.00000,0.00000,0.00000,515.00000,783.00000,59.00000,0.00000,0.00000,3079.00000,14.00000,20.00,'RENAULT site de Flins_NP - 133 - AUBERGENVILLE -FLINS - P - 3.2_2022_6_A','NP - 133 - AUBERGENVILLE -FLINS - P - 3.2',NULL,NULL,NULL,''),(14443,'RTE0000001336','','FR94410206205','4300197147','300048','RTE','44835',2022,'10',5755.02000,11.33000,'HTB1 150 kV - 130 kV ]','HTB 1',0.00000,25620.00000,0.00000,0.00000,0.00000,515.00000,783.00000,59.00000,0.00000,0.00000,2727.00000,13.00000,20.00,'RENAULT site de Flins_NP - 133 - AUBERGENVILLE -FLINS - P - 3.2_2022_10_A','NP - 133 - AUBERGENVILLE -FLINS - P - 3.2',NULL,NULL,NULL,''),(14444,'RTE0000001336','','FR94410206205','4300192411','300048','RTE','44621',2022,'3',8264.06000,16.60000,'HTB1 150 KV - 130 kV ]','HTB 1',0.00000,29102.00000,0.00000,0.00000,911.00000,515.00000,783.00000,59.00000,0.00000,0.00000,3079.00000,27.00000,20.00,'RENAULT site de Flins_NP - 133 - AUBERGENVILLE -FLINS - P - 3.2_2022_3_A','NP - 133 - AUBERGENVILLE -FLINS - P - 3.2',NULL,NULL,NULL,''),(14445,'RTE0000001336','','FR94410206205','4300194984','300048','RTE','44743',2022,'7',6965.29000,9.84000,'HTB1 ] 50 kV - 130 kV ]','HTB 1',0.00000,25620.00000,0.00000,0.00000,0.00000,515.00000,783.00000,59.00000,0.00000,0.00000,2727.00000,13.00000,20.00,'RENAULT site de Flins_NP - 133 - AUBERGENVILLE -FLINS - P - 3.2_2022_7_A','NP - 133 - AUBERGENVILLE -FLINS - P - 3.2',NULL,NULL,NULL,''),(14446,'RTE0000001336','','FR94410206205','4300197632','300048','RTE','44866',2022,'11',7225.94000,16.55000,'HTB1 150 KV - 130 kV ]','HTB 1',0.00000,25620.00000,0.00000,0.00000,0.00000,515.00000,783.00000,59.00000,0.00000,0.00000,2727.00000,23.00000,20.00,'RENAULT site de Flins_NP - 133 - AUBERGENVILLE -FLINS - P - 3.2_2022_11_A','NP - 133 - AUBERGENVILLE -FLINS - P - 3.2',NULL,NULL,NULL,''),(14447,'RTE0000001336','','FR94410206205','4300193173','300048','RTE','44652',2022,'4',7053.22000,11.15000,'HTB1 ] 50 kV - 130 kV ]','HTB 1',0.00000,29102.00000,0.00000,0.00000,0.00000,515.00000,783.00000,59.00000,0.00000,0.00000,3079.00000,15.00000,20.00,'RENAULT site de Flins_NP - 133 - AUBERGENVILLE -FLINS - P - 3.2_2022_4_A','NP - 133 - AUBERGENVILLE -FLINS - P - 3.2',NULL,NULL,NULL,''),(14448,'RTE0000001336','','FR94410206205','4300195826','300048','RTE','44774',2022,'8',4854.26000,12.97000,'HTB1 ] 50 kV - 130 kV ]','HTB 1',0.00000,25620.00000,0.00000,0.00000,0.00000,515.00000,783.00000,59.00000,0.00000,0.00000,2727.00000,12.00000,20.00,'RENAULT site de Flins_NP - 133 - AUBERGENVILLE -FLINS - P - 3.2_2022_8_A','NP - 133 - AUBERGENVILLE -FLINS - P - 3.2',NULL,NULL,NULL,''),(14449,'RTE0000001336','','FR94410206205','4300190924','300048','RTE','44562',2022,'1',7981.56000,16.63000,'HTB1 ] 50 kV - 130 kV ]','HTB 1',0.00000,29102.00000,0.00000,0.00000,566.00000,515.00000,783.00000,59.00000,0.00000,0.00000,3079.00000,26.00000,20.00,'RENAULT site de Flins_NP - 133 - AUBERGENVILLE -FLINS - P - 3.2_2022_1_A','NP - 133 - AUBERGENVILLE -FLINS - P - 3.2',NULL,NULL,NULL,''),(14636,'ME - SET - TRICAST - P - 6.2','','FR93440252666','4300190460','302708','RTE','janv-22',2022,'1',23832.00000,1.54000,'HTB2 ] 130 kV - 350 kV ]','HTB 2',36000.00000,35760.00000,128956.00000,0.00000,22247.00000,515.00000,783.00000,0.00000,871.00000,0.00000,711.00000,7.00000,20.00,'Société d\'Enrichissement du Tricastin_ME - SET - TRICAST - P - 6.2_2022_1_A','',36647.00000,43977.00000,NULL,''),(14638,'ME - SET - TRICAST - P - 6.2','','FR93440252666','4300191256','302708','RTE','FEVRIER 2022',2022,'2',21565.00000,1.60000,'HTB2 ] 130 kV - 350 kV ]','HTB 2',36000.00000,35760.00000,117775.00000,0.00000,22097.00000,515.00000,783.00000,0.00000,871.00000,0.00000,711.00000,6.00000,20.00,'0_ME - SET - TRICAST - P - 6.2_2022_2_A','',34494.00000,41393.00000,NULL,''),(14639,'ME - SET - TRICAST - P - 6.2','','FR93440252666','4300192153','302708','RTE','mars-22',2022,'3',23540.00000,1.54000,'HTB2 ] 130 kV - 350 kV ]','HTB 2',36000.00000,35760.00000,124508.00000,0.00000,24940.00000,515.00000,783.00000,0.00000,871.00000,0.00000,711.00000,7.00000,20.00,'0_ME - SET - TRICAST - P - 6.2_2022_3_A','',36313.00000,43576.00000,NULL,''),(14640,'ME - SET - TRICAST - P - 6.2','','FR93440252666','4300193100','302708','RTE','D\'AVRIL 2022',2022,'4',22801.00000,0.87000,'HTB2 ] 130 kV - 350 kV ]','HTB 2',36000.00000,35760.00000,63078.00000,0.00000,0.00000,515.00000,783.00000,0.00000,871.00000,0.00000,711.00000,3.00000,20.00,'0_ME - SET - TRICAST - P - 6.2_2022_4_A','',19903.00000,23884.00000,NULL,''),(14641,'ME - SET - TRICAST - P - 6.2','','FR93440252666','4300193334','302708','RTE','mai-22',2022,'5',23923.00000,0.86000,'HTB2 ] 130 kV - 350 kV ]','HTB 2',36000.00000,35760.00000,66310.00000,0.00000,0.00000,515.00000,783.00000,0.00000,871.00000,0.00000,711.00000,4.00000,20.00,'Société d\'Enrichissement du Tricastin_ME - SET - TRICAST - P - 6.2_2022_5_A','',20517.00000,24621.00000,NULL,''),(14642,'ME - SET - TRICAST - P - 6.2','','FR93440252666','4300194261','302708','RTE','juin-22',2022,'6',23846.00000,0.86000,'HTB2 ] 130 kV - 350 kV ]','HTB 2',36000.00000,35760.00000,66323.00000,0.00000,0.00000,515.00000,783.00000,0.00000,871.00000,0.00000,711.00000,4.00000,20.00,'0_ME - SET - TRICAST - P - 6.2_2022_6_A','',20520.00000,24624.00000,NULL,''),(14643,'ME - SET - TRICAST - P - 6.2','','FR93440252666','4300194753','302708','RTE','juil-22',2022,'7',24693.00000,0.83000,'HTB2 ] 130 kV - 350 kV ]','HTB 2',36000.00000,33840.00000,68177.00000,242.00000,0.00000,515.00000,783.00000,0.00000,871.00000,0.00000,674.00000,4.00000,20.00,'0_ME - SET - TRICAST - P - 6.2_2022_7_A','',20517.00000,24620.00000,NULL,''),(14644,'ME - SET - TRICAST - P - 6.2','','FR93440252666','4300195440','302708','RTE','D\'AOUT 2022',2022,'8',24441.00000,0.91000,'HTB2 ] 130 kV - 350 kV ]','HTB 2',36000.00000,33840.00000,77909.00000,51.00000,0.00000,515.00000,783.00000,0.00000,871.00000,0.00000,674.00000,4.00000,20.00,'Société d\'Enrichissement du Tricastin_ME - SET - TRICAST - P - 6.2_2022_8_A','',22329.00000,26795.00000,NULL,''),(14645,'ME - SET - TRICAST - P - 6.2','','FR93440252666','4300196399','302708','RTE','sept-22',2022,'9',22662.00000,0.94000,'HTB2 ] 130 kV - 350 kV ]','HTB 2',36000.00000,33840.00000,72380.00000,0.00000,0.00000,515.00000,783.00000,0.00000,871.00000,0.00000,674.00000,4.00000,20.00,'Société d\'Enrichissement du Tricastin_ME - SET - TRICAST - P - 6.2_2022_9_A','',21269.00000,25523.00000,NULL,''),(14646,'ME - SET - TRICAST - P - 6.2','','FR93440252666','4300197039','302708','RTE','D\'OCTOBRE 2022',2022,'10',23436.00000,0.92000,'HTB2 ] 130 kV - 350 kV ]','HTB 2',36000.00000,33840.00000,74309.00000,0.00000,0.00000,515.00000,783.00000,0.00000,871.00000,0.00000,674.00000,4.00000,20.00,'0_ME - SET - TRICAST - P - 6.2_2022_10_A','',21635.00000,25962.00000,NULL,''),(14647,'ME - SET - TRICAST - P - 6.2','','FR93440252666','4300197690','302708','RTE','nov-22',2022,'11',22232.00000,1.50000,'HTB2 ] 130 kV - 350 kV ]','HTB 2',36000.00000,33840.00000,111893.00000,0.00000,24515.00000,515.00000,783.00000,0.00000,871.00000,0.00000,674.00000,6.00000,20.00,'Société d\'Enrichissement du Tricastin_ME - SET - TRICAST - P - 6.2_2022_11_A','',33434.00000,40121.00000,NULL,''),(14648,'ME - SET - TRICAST - P - 6.2','','FR93440252666','4300198232','302708','RTE','DECEMBRE 2022',2022,'12',22680.00000,1.55000,'HTB2 ] 130 kV - 350 kV ]','HTB 2',36000.00000,33840.00000,118178.00000,0.00000,26922.00000,515.00000,783.00000,0.00000,871.00000,0.00000,674.00000,7.00000,20.00,'Société d\'Enrichissement du Tricastin_ME - SET - TRICAST - P - 6.2_2022_12_A','',35086.00000,42103.00000,NULL,''),(15408,'RTE0000516686','','FR93440252666','4300190460','302708','RTE','44562',2022,'1',23832.00000,1.54000,'HTB2 ] 130 kV - 350 kV ]','HTB 2',36000.00000,35760.00000,128956.00000,0.00000,22247.00000,515.00000,783.00000,0.00000,871.00000,0.00000,711.00000,7329.00000,20.00,'ORANO_RTE0000516686_2022_1_A','',36647.00000,43977.00000,NULL,''),(15409,'RTE0000516686','','FR93440252666','4300191256','302708','RTE','FEVRIER 2022',2022,'2',21565.00000,1.60000,'HTB2 ] 130 kV - 350 kV ]','HTB 2',36000.00000,35760.00000,117775.00000,0.00000,22097.00000,515.00000,783.00000,0.00000,871.00000,0.00000,711.00000,6898.00000,20.00,'ORANO_RTE0000516686_2022_2_A','',34494.00000,41393.00000,NULL,''),(15410,'RTE0000516686','','FR93440252666','4300192153','302708','RTE','44621',2022,'3',23540.00000,1.54000,'HTB2 ] 130 kV - 350 kV ]','HTB 2',36000.00000,35760.00000,124508.00000,0.00000,24940.00000,515.00000,783.00000,0.00000,871.00000,0.00000,711.00000,7262.00000,20.00,'ORANO_RTE0000516686_2022_3_A','',36313.00000,43576.00000,NULL,''),(15411,'RTE0000516686','','FR93440252666','4300193100','302708','RTE','D\'AVRIL 2022',2022,'4',22801.00000,0.87000,'HTB2 ] 130 kV - 350 kV ]','HTB 2',36000.00000,35760.00000,63078.00000,0.00000,0.00000,515.00000,783.00000,0.00000,871.00000,0.00000,711.00000,3980.00000,20.00,'ORANO_RTE0000516686_2022_4_A','',19903.00000,23884.00000,NULL,''),(15412,'RTE0000516686','','FR93440252666','4300193334','302708','RTE','44682',2022,'5',23923.00000,0.86000,'HTB2 ] 130 kV - 350 kV ]','HTB 2',36000.00000,35760.00000,66310.00000,0.00000,0.00000,515.00000,783.00000,0.00000,871.00000,0.00000,711.00000,4103.00000,20.00,'ORANO_RTE0000516686_2022_5_A','',20517.00000,24621.00000,NULL,''),(15413,'RTE0000516686','','FR93440252666','4300194261','302708','RTE','44713',2022,'6',23846.00000,0.86000,'HTB2 ] 130 kV - 350 kV ]','HTB 2',36000.00000,35760.00000,66323.00000,0.00000,0.00000,515.00000,783.00000,0.00000,871.00000,0.00000,711.00000,4104.00000,20.00,'ORANO_RTE0000516686_2022_6_A','',20520.00000,24624.00000,NULL,''),(15414,'RTE0000516686','','FR93440252666','4300194753','302708','RTE','44743',2022,'7',24693.00000,0.83000,'HTB2 ] 130 kV - 350 kV ]','HTB 2',36000.00000,33840.00000,68177.00000,242.00000,0.00000,515.00000,783.00000,0.00000,871.00000,0.00000,674.00000,4103.00000,20.00,'ORANO_RTE0000516686_2022_7_A','',20517.00000,24620.00000,NULL,''),(15415,'RTE0000516686','','FR93440252666','4300195440','302708','RTE','D\'AOUT 2022',2022,'8',24441.00000,0.91000,'HTB2 ] 130 kV - 350 kV ]','HTB 2',36000.00000,33840.00000,77909.00000,51.00000,0.00000,515.00000,783.00000,0.00000,871.00000,0.00000,674.00000,4465.00000,20.00,'ORANO_RTE0000516686_2022_8_A','',22329.00000,26795.00000,NULL,''),(15416,'RTE0000516686','','FR93440252666','4300196399','302708','RTE','44805',2022,'9',22662.00000,0.94000,'HTB2 ] 130 kV - 350 kV ]','HTB 2',36000.00000,33840.00000,72380.00000,0.00000,0.00000,515.00000,783.00000,0.00000,871.00000,0.00000,674.00000,4253.00000,20.00,'ORANO_RTE0000516686_2022_9_A','',21269.00000,25523.00000,NULL,''),(15417,'RTE0000516686','','FR93440252666','4300197039','302708','RTE','D\'OCTOBRE 2022',2022,'10',23436.00000,0.92000,'HTB2 ] 130 kV - 350 kV ]','HTB 2',36000.00000,33840.00000,74309.00000,0.00000,0.00000,515.00000,783.00000,0.00000,871.00000,0.00000,674.00000,4327.00000,20.00,'ORANO_RTE0000516686_2022_10_A','',21635.00000,25962.00000,NULL,''),(15418,'RTE0000516686','','FR93440252666','4300197690','302708','RTE','44866',2022,'11',22232.00000,1.50000,'HTB2 ] 130 kV - 350 kV ]','HTB 2',36000.00000,33840.00000,111893.00000,0.00000,24515.00000,515.00000,783.00000,0.00000,871.00000,0.00000,674.00000,6686.00000,20.00,'ORANO_RTE0000516686_2022_11_A','',33434.00000,40121.00000,NULL,''),(15419,'RTE0000516686','','FR93440252666','4300198232','302708','RTE','DECEMBRE 2022',2022,'12',22680.00000,1.55000,'HTB2 ] 130 kV - 350 kV ]','HTB 2',36000.00000,33840.00000,118178.00000,0.00000,26922.00000,515.00000,783.00000,0.00000,871.00000,0.00000,674.00000,7017.00000,20.00,'ORANO_RTE0000516686_2022_12_A','',35086.00000,42103.00000,NULL,''),(15498,'RTE0000516686','','FR93440252666','4300190460','302708','RTE','44562',2022,'1',23832.00000,1.53772,'HTB2 ] 130 kV - 350 kV ]','HTB 2',36000.00000,35760.00000,128956.00000,0.00000,22247.00000,515.00000,783.00000,0.00000,871.00000,0.00000,711.00000,7329.00000,20.00,'SET_RTE0000516686_2022_1_A','ME - SET - TRICAST - P - 6.2',36647.00000,43977.00000,0.00000,'SOCIETE D\'ENRICHISSEMENT DU TRICASTIN'),(15499,'RTE0000516686','','FR93440252666','4300191256','302708','RTE','FEVRIER 2022',2022,'2',21565.00000,1.59954,'HTB2 ] 130 kV - 350 kV ]','HTB 2',36000.00000,35760.00000,117775.00000,0.00000,22097.00000,515.00000,783.00000,0.00000,871.00000,0.00000,711.00000,6898.00000,20.00,'SET_RTE0000516686_2022_2_A','ME - SET - TRICAST - P - 6.2',34494.00000,41393.00000,0.00000,'SOCIETE D\'ENRICHISSEMENT DU TRICASTIN'),(15500,'RTE0000516686','','FR93440252666','4300192153','302708','RTE','44621',2022,'3',23540.00000,1.54261,'HTB2 ] 130 kV - 350 kV ]','HTB 2',36000.00000,35760.00000,124508.00000,0.00000,24940.00000,515.00000,783.00000,0.00000,871.00000,0.00000,711.00000,7262.00000,20.00,'SET_RTE0000516686_2022_3_A','ME - SET - TRICAST - P - 6.2',36313.00000,43576.00000,0.00000,'SOCIETE D\'ENRICHISSEMENT DU TRICASTIN'),(15501,'RTE0000516686','','FR93440252666','4300193100','302708','RTE','D\'AVRIL 2022',2022,'4',22801.00000,0.87290,'HTB2 ] 130 kV - 350 kV ]','HTB 2',36000.00000,35760.00000,63078.00000,0.00000,0.00000,515.00000,783.00000,0.00000,871.00000,0.00000,711.00000,3980.00000,20.00,'SET_RTE0000516686_2022_4_A','ME - SET - TRICAST - P - 6.2',19903.00000,23884.00000,0.00000,'SOCIETE D\'ENRICHISSEMENT DU TRICASTIN'),(15502,'RTE0000516686','','FR93440252666','4300193334','302708','RTE','44682',2022,'5',23923.00000,0.85763,'HTB2 ] 130 kV - 350 kV ]','HTB 2',36000.00000,35760.00000,66310.00000,0.00000,0.00000,515.00000,783.00000,0.00000,871.00000,0.00000,711.00000,4103.00000,20.00,'SET_RTE0000516686_2022_5_A','ME - SET - TRICAST - P - 6.2',20517.00000,24621.00000,0.00000,'SOCIETE D\'ENRICHISSEMENT DU TRICASTIN'),(15503,'RTE0000516686','','FR93440252666','4300194261','302708','RTE','44713',2022,'6',23846.00000,0.86052,'HTB2 ] 130 kV - 350 kV ]','HTB 2',36000.00000,35760.00000,66323.00000,0.00000,0.00000,515.00000,783.00000,0.00000,871.00000,0.00000,711.00000,4104.00000,20.00,'SET_RTE0000516686_2022_6_A','ME - SET - TRICAST - P - 6.2',20520.00000,24624.00000,0.00000,'SOCIETE D\'ENRICHISSEMENT DU TRICASTIN'),(15504,'RTE0000516686','','FR93440252666','4300194753','302708','RTE','44743',2022,'7',24693.00000,0.83088,'HTB2 ] 130 kV - 350 kV ]','HTB 2',36000.00000,33840.00000,68177.00000,242.00000,0.00000,515.00000,783.00000,0.00000,871.00000,0.00000,674.00000,4103.00000,20.00,'SET_RTE0000516686_2022_7_A','ME - SET - TRICAST - P - 6.2',20517.00000,24620.00000,845.00000,'SOCIETE D\'ENRICHISSEMENT DU TRICASTIN'),(15505,'RTE0000516686','','FR93440252666','4300195440','302708','RTE','D\'AOUT 2022',2022,'8',24441.00000,0.91359,'HTB2 ] 130 kV - 350 kV ]','HTB 2',36000.00000,33840.00000,77909.00000,51.00000,0.00000,515.00000,783.00000,0.00000,871.00000,0.00000,674.00000,4465.00000,20.00,'SET_RTE0000516686_2022_8_A','ME - SET - TRICAST - P - 6.2',22329.00000,26795.00000,197.00000,'SOCIETE D\'ENRICHISSEMENT DU TRICASTIN'),(15506,'RTE0000516686','','FR93440252666','4300196399','302708','RTE','44805',2022,'9',22662.00000,0.93853,'HTB2 ] 130 kV - 350 kV ]','HTB 2',36000.00000,33840.00000,72380.00000,0.00000,0.00000,515.00000,783.00000,0.00000,871.00000,0.00000,674.00000,4253.00000,20.00,'SET_RTE0000516686_2022_9_A','ME - SET - TRICAST - P - 6.2',21269.00000,25523.00000,0.00000,'SOCIETE D\'ENRICHISSEMENT DU TRICASTIN'),(15507,'RTE0000516686','','FR93440252666','4300197039','302708','RTE','D\'OCTOBRE 2022',2022,'10',23436.00000,0.92315,'HTB2 ] 130 kV - 350 kV ]','HTB 2',36000.00000,33840.00000,74309.00000,0.00000,0.00000,515.00000,783.00000,0.00000,871.00000,0.00000,674.00000,4327.00000,20.00,'SET_RTE0000516686_2022_10_A','ME - SET - TRICAST - P - 6.2',21635.00000,25962.00000,0.00000,'SOCIETE D\'ENRICHISSEMENT DU TRICASTIN'),(15508,'RTE0000516686','','FR93440252666','4300197690','302708','RTE','44866',2022,'11',22232.00000,1.50387,'HTB2 ] 130 kV - 350 kV ]','HTB 2',36000.00000,33840.00000,111893.00000,0.00000,24515.00000,515.00000,783.00000,0.00000,871.00000,0.00000,674.00000,6686.00000,20.00,'SET_RTE0000516686_2022_11_A','ME - SET - TRICAST - P - 6.2',33434.00000,40121.00000,0.00000,'SOCIETE D\'ENRICHISSEMENT DU TRICASTIN'),(15509,'RTE0000516686','','FR93440252666','4300198232','302708','RTE','DECEMBRE 2022',2022,'12',22680.00000,1.54700,'HTB2 ] 130 kV - 350 kV ]','HTB 2',36000.00000,33840.00000,118178.00000,0.00000,26922.00000,515.00000,783.00000,0.00000,871.00000,0.00000,674.00000,7017.00000,20.00,'SET_RTE0000516686_2022_12_A','ME - SET - TRICAST - P - 6.2',35086.00000,42103.00000,0.00000,'SOCIETE D\'ENRICHISSEMENT DU TRICASTIN');

--
-- Table structure for table `vtiger_factureannuelle`
--

CREATE TABLE `vtiger_factureannuelle` (
  `factureannuelleid` int(19) NOT NULL,
  `name` varchar(255) DEFAULT NULL,
  `factureannuelleno` varchar(100) DEFAULT NULL,
  `tags` varchar(1) DEFAULT NULL,
  `cf_accounts_id` int(19) DEFAULT NULL,
  PRIMARY KEY (`factureannuelleid`),
  KEY `cf_accounts_id_index` (`cf_accounts_id`) USING BTREE
) ENGINE=InnoDB DEFAULT CHARSET=utf8;

--
-- Dumping data for table `vtiger_factureannuelle`
--

INSERT INTO `vtiger_factureannuelle` VALUES (12153,'__0','FA1','',NULL),(12156,'Parent','FA2','',NULL),(12158,'__0','FA3','',NULL),(12160,'BORAX FRANCAIS_30000150122354_2022','FA4','',NULL),(12260,'Parent','FA5','',NULL),(12262,'0_2022','FA6','',NULL),(12264,'BORAX FRANCAIS_2022','FA7','',NULL),(12271,'SOITEC_30001934024360_2021','FA8','',NULL),(12283,'SOITEC_30001934024360_2022','FA9','',NULL),(12285,'__','FA10','',NULL),(12411,'Test_30001934024360_2021','FA11','',12397),(12413,'RENAULT site de Flins_NP-133-AUBERGENVILLE -FLINS-P-3.2TARIF_2022','FA12','',12412),(14188,'PMC ISOCHEM_30000950145154_2022','FA13','',14189),(14191,'PMC ISOCHEM_30002220435426_2022','FA14','',0),(14193,'PMC ISOCHEM_30002150251954_2022','FA15','',14189),(14306,'RENAULT site de Flins_NP - 133 - AUBERGENVILLE -FLINS - P - 3.2_2022_1','FA16','',0),(14308,'RENAULT site de Flins_NP - 133 - AUBERGENVILLE -FLINS - P - 3.2_2022_2','FA17','',0),(14310,'RENAULT site de Flins_NP - 133 - AUBERGENVILLE -FLINS - P - 3.2_2022_3','FA18','',0),(14312,'RENAULT site de Flins_NP - 133 - AUBERGENVILLE -FLINS - P - 3.2_2022_4','FA19','',0),(14314,'RENAULT site de Flins_NP - 133 - AUBERGENVILLE -FLINS - P - 3.2_2022_5','FA20','',0),(14316,'RENAULT site de Flins_NP - 133 - AUBERGENVILLE -FLINS - P - 3.2_2022_6','FA21','',0),(14318,'RENAULT site de Flins_NP - 133 - AUBERGENVILLE -FLINS - P - 3.2_2022_7','FA22','',0),(14320,'RENAULT site de Flins_NP - 133 - AUBERGENVILLE -FLINS - P - 3.2_2022_8','FA23','',0),(14322,'RENAULT site de Flins_NP - 133 - AUBERGENVILLE -FLINS - P - 3.2_2022_9','FA24','',0),(14324,'RENAULT site de Flins_NP - 133 - AUBERGENVILLE -FLINS - P - 3.2_2022_10','FA25','',0),(14326,'RENAULT site de Flins_NP - 133 - AUBERGENVILLE -FLINS - P - 3.2_2022_11','FA26','',0),(14328,'RENAULT site de Flins_NP - 133 - AUBERGENVILLE -FLINS - P - 3.2_2022_12','FA27','',0),(14330,'RENAULT site de Flins_NP - 133 - AUBERGENVILLE -FLINS - P - 3.2','FA28','',12412),(14331,'STE NOUVELLE AFFINAGE DES METAUX_3,00024E+13','FA29','',0),(14345,'SALAISONS PHILIS_3,00018E+13','FA30','',0),(14354,'VM BUILDING SOLUTIONS SAS_3,00002E+13','FA31','',14355),(14394,'SNC RENAULT FLINS_RTE0000001336_2022','FA32','',14395),(14397,'RENAULT FLINS_RTE0000001336_2022','FA33','',14437),(14403,'RENAULT FLINS -_RTE0000001336_2022','FA34','',0),(14436,'RENAULT site de Flins_NP - 133 - AUBERGENVILLE -FLINS - P - 3.2_2022','FA35','',14437),(14450,'STE NOUVELLE AFFINAGE DES METAUX_30002350173010_2022','FA36','',14451),(14633,'SET USINE GEORGE BESSE II_RTE0000516686_2022','FA37','',14634),(14635,'ORANO_ME - SET - TRICAST - P - 6.2_2022','FA38','',14634),(14637,'0_ME - SET - TRICAST - P - 6.2_2022','FA39','',14634),(14649,'STE NOUVELLE AFFINAGE DES METAUX_30002350173010_2022','FA40','',14650),(14687,'LAMINOIR DES LANDES_50000103282956_2022','FA41','',0),(14780,'SET USINE GEORGE BESSE II_RTE0000516686_2022','FA42','',14781),(15393,'LAMINOIR DES LANDES_50000103282956_2022','FA43','',15394),(15406,'ORANO_RTE0000516686_2022','FA44','',15407),(15420,'STE NOUVELLE AFFINAGE DES METAUX_30002350173010_2022','FA45','',0),(15483,'STE NOUVELLE AFFINAGE DES METAUX_30002350173010_2022','FA46','',0),(15496,'ORANO_RTE0000516686_2022','FA47','',15497),(15510,'LAMINOIR DES LANDES_50000103282956_2022','FA48','',15511),(15527,'SET USINE GEORGE BESSE II_RTE0000516686_2022','FA49','',0),(15563,'SET_RTE0000516686_2022','FA50','',15386),(16373,'LAMINOIRS DES LANDES_50000103282956_2022','FA51','',15511),(16379,'LAMINOIRS DES LANDES_50000103282956_2019','FA52','',15511),(16386,'ORANO CE TRICASTIN_RTE0000008527_2022','FA53','',16063),(16399,'RENAULT FLINS_RTE0000001336_2022','FA54','',15238),(16412,'ALK ABELLO VARENNES EN ARGONNE_30000420542199_2022','FA55','',16105),(16425,'ALK ABELLO VANDEUIL_30000431032378_2022','FA56','',16104),(16435,'PMC ISOCHEM Pithiviers_30000950145154_2022','FA57','',16092),(16437,'PMC ISOCHEM Vert Le Petit_30002220435426_2022','FA58','',16093),(16440,'PMC ISOCHEM GENNEVILLIERS_30002150251954_2022','FA59','',15467),(16463,'CARBURE DU CHERAN_30001950635976_2021','FA60','',16823),(16469,'CARBURE DU CHERAN_30001950635976_2020','FA61','',16823),(16477,'SALAISONS PHILIS_30001790495379_2023','FA62','',15747),(16484,'EF DES VOLCANS_50049297534903_2021','FA63','',16121),(16492,'EF DU VELAY_30001980116836_2020','FA64','',16824),(16495,'EF DU VELAY_50023733675058_2021','FA65','',16825),(16504,'EF DU VELAY_50023733675058_2020','FA66','',16825),(16508,'EF DU VELAY_30001790436655_2021','FA67','',15038),(16510,'EF DU VELAY_30001790436655_2020','FA68','',15038),(16519,'SECO TOOLS_67061 / E2 / 8000147_2023','FA69','',16826),(16521,'SECO TOOLS_67061 / E1 / 8002240_2023','FA70','',16826),(16525,'SECO TOOLS_67061 / E2 / 8000147_2021','FA71','',16826),(16527,'SECO TOOLS_67061 / E1 / 8002240_2021','FA72','',16826),(16542,'SECO TOOLS_67061 / E2 / 8000147_2020','FA73','',16826),(16548,'NGK BERYLCO_30001420404173_2022','FA74','',15935),(16550,'LACHETEAU_50073371871067_2021','FA75','',16827),(16553,'LACHETEAU CHEZ LES GRANDS CHAIS DE F_50073371871067_2021','FA76','',16827),(16563,'LACHETEAU_30000971284332_2021','FA77','',16828),(16567,'LACHETEAU_30001421868760_2021','FA78','',15109),(16576,'LACHETEAU CHEZ LES GRANDS CHAIS DE F_30000971284332_2021','FA79','',16828),(16582,'LACHETEAU_30000930386972_2021','FA80','',16829),(16596,'LACHETEAU_30000971075424_2021','FA81','',16830),(16616,'ARTHUR METZ_67442 / E2 / 8001072_2021','FA82','',16831),(16625,'ARTHUR METZ_67282 / E2 / 8000723_2021','FA83','',15910),(16628,'ARTHUR METZ_30000631189630_2021','FA84','',16832),(16631,'SAS ARTHUR METZ_67282 / E2 / 8000723_2021','FA85','',15910),(16636,'ARTHUR METZ_67282_2021','FA86','',15910),(16833,'ROUSSELOT ISLE SUR LA SORGUE_30002580044806_2022','FA87','',0),(16846,'R-CUE_67434 / E1 / 0726535_2021','FA88','',0),(27780,'RENAULT CLEON_RTE0000001415_2021','FA89','',15984),(27781,'RENAULT FLINS_RTE0000001336_2021','FA90','',15238),(27782,'RENAULT ACI LE MANS_RTE0000005307_2022','FA91','',15990),(27783,'RENAULT ACI LE MANS_RTE0000005307_2021','FA92','',15990),(27784,'ORANO R MELOX_RTE0000008679_2021','FA93','',16066),(27785,'SOVAB BATILLY_RTE0000002364_2022','FA94','',14898),(27786,'COLGATE PALMOLIVE COMPIEGNE_30002121378810_2021','FA95','',15621),(27787,'LAMINOIRS DES LANDES_50000103282956_2022','FA96','',15511),(27788,'RENAULT Maubeuge (MCA)_RTE0000007590_2021','FA97','',16131),(27789,'FONDERIE DE NIEDERBRONN_67324 / E2 / 8007985_2022','FA98','',15664),(27790,'FONDERIE DE BRETAGNE_RTE0000513980_2021','FA99','',15701),(27791,'ORANO R LA HAGUE_RTE0000001403_2021','FA100','',16065),(27792,'RENAULT SANDOUVILLE_RTE0000001416_2021','FA101','',27793),(27794,'COTELLE RILIEUX_30001910437162_2021','FA102','',14941),(27795,'COTELLE RILIEUX_30001910437162_2022','FA103','',14941),(27796,'RENAULT DOUAI_RTE0000007541_2022','FA104','',16130),(27797,'NEXANS BOURG EN BRESSE_30001990393798_2021','FA105','',15333),(27798,'NEXANS BOURG EN BRESSE_30001990393798_2022','FA106','',15333),(27799,'NEXANS LENS_30000133151713_2022','FA107','',15335),(27800,'FONDERIE DE BRETAGNE_RTE0000513980_2022','FA108','',15701),(27801,'AMCOR FLEXIBLES_3412_2021','FA109','',15696),(27802,'AMCOR FLEXIBLES_3412_2022','FA110','',15696),(27803,'NEXANS LENS_30000130808332_2022','FA111','',15335),(27804,'RENAULT Maubeuge (MCA)_RTE0000007590_2022','FA112','',16131),(27805,'BAYER VILLEFRANCHE_30001990387504_2021','FA113','',15804),(27806,'INNOSPEC HAN SUR MEUSE_30000520124380_2021','FA114','',15070),(27807,'SOVAB BATILLY_RTE0000002364_2021','FA115','',14898),(27808,'ROUSSELOT ISLE SUR LA SORGUE_30002580044806_2021','FA116','',15633),(27809,'NEXANS LENS_30000130808332_2021','FA117','',15335),(27810,'NEXANS LENS_30000133151713_2021','FA118','',15335),(27811,'KNAUF INSULATION LANNEMEZAN_MV000034_2022','FA119','',15663),(27812,'ORANO CE TRICASTIN_RTE0000008527_2021','FA120','',16063),(27813,'RENAULT DOUAI_RTE0000007541_2021','FA121','',16130),(27814,'COLGATE PALMOLIVE COMPIEGNE_30002121378810_2022','FA122','',15621),(27815,'K+S France WITTENHEIM_RTE0000002581_2021','FA123','',15276),(27816,'ORANO R LA HAGUE_RTE0000001403_2022','FA124','',16065),(27817,'ORANO R MELOX_RTE0000008679_2022','FA125','',16066),(27818,'RENAULT SANDOUVILLE_RTE0000001416_2022','FA126','',27793),(27819,'SET_RTE0000516686_2021','FA127','',15497),(27820,'VM BUILDING AUBY_100035_2021','FA128','',15692),(27821,'VM BUILDING AUBY_100035_2022','FA129','',15692),(27822,'VM BUILDING VIVIEZ_102972_2021','FA130','',15693),(27823,'VM BUILDING VIVIEZ_102972_2022','FA131','',15693),(27824,'ROUSSELOT ISLE SUR LA SORGUE_30002580044806_2022','FA132','',15633),(27832,'LAMINOIRS DES LANDES_50000103282956_2021','FA133','',15511),(27833,'LA FONTE ARDENNAISE FA 5_30000420000196_2021','FA134','',16003),(27834,'LA FONTE ARDENNAISE FA4_30000420077771_2021','FA135','',16002),(27835,'LA FONTE ARDENNAISE FA1_30000420450408_2021','FA136','',16004),(27836,'LA FONTE ARDENNAISE FA1_30000420450408_2022','FA137','',16004),(27837,'LA FONTE ARDENNAISE FA4_30000420077771_2022','FA138','',16002),(27838,'LA FONTE ARDENNAISE FA 5_30000420000196_2022','FA139','',16003),(27839,'AFC REDON_30001441030265_2022','FA140','',14853),(27840,'AFC REDON_30001441030265_2021','FA141','',14853),(27841,'ADISSEO COMMENTRY_RTE : 3517_2022','FA142','',15374),(27842,'ADISSEO LES ROCHES_30001949928550_2022','FA143','',15372),(27843,'PMC ISOCHEM GENNEVILLIERS_30002150251954_2022','FA144','',15467),(27844,'PMC ISOCHEM Vert Le Petit_30002220435426_2022','FA145','',16093),(27845,'PMC ISOCHEM Pithiviers_30000950145154_2022','FA146','',16092),(27847,'PMC ISOCHEM GENNEVILLIERS_30002150251954_2021','FA147','',15467),(27848,'PMC ISOCHEM Pithiviers_30000950145154_2021','FA148','',16092),(27849,'PMC ISOCHEM Vert Le Petit_30002220435426_2021','FA149','',16093),(27850,'TG GRISET_50047866532543_2021','FA150','',16072),(27851,'SAVOIE REFRACTAIRES VENISSIEUX_30001910892983_2021','FA151','',14960),(27852,'TG GRISET_50047866532543_2022','FA152','',16072),(27853,'Saint-Gobain Abrasifs Amboise_30000970178998_2021','FA153','',15905),(27854,'UMICORE_60004160000156_2021','FA154','',14924),(27855,'UMICORE_60004160000156_2022','FA155','',14924),(27856,'Saint-Gobain Abrasifs Amboise_30000970178998_2022','FA156','',15905),(27857,'SAMIN MORU PONTPOINT_84202868400087_2022','FA157','',15834),(28504,'ADISSEO LES ROCHES_30001949928550_2021','FA158','',15372),(28505,'ORANO CE TRICASTIN_RTE0000008527_2022','FA159','',16063),(28506,'RENAULT FLINS_RTE0000001336_2022','FA160','',15238),(28507,'ALK ABELLO VARENNES EN ARGONNE_30000420542199_2022','FA161','',16105),(28508,'ALK ABELLO VANDEUIL_30000431032378_2022','FA162','',16104),(28509,'SET_RTE0000516686_2022','FA163','',15497),(28510,'ADISSEO COMMENTRY_RTE : 3517_2021','FA164','',15374),(28585,'INNOSPEC HAN SUR MEUSE_30000520124380_2022','FA165','',15070),(28586,'SOITEC_30001934024360_2021','FA166','',15130),(28587,'SOITEC_50008340736553_2021','FA167','',15130),(30031,'SALINS AIGUES MORTES_30002450001032_2021','FA168','',15253),(30032,'SALINS DAX_30001640421649_2021','FA169','',15255),(30033,'SALIN DE GIRAUD_516573_2021','FA170','',15254),(30034,'SALINS VARANGEVILLE_516572_2021','FA171','',15256),(30035,'SALINS AIGUES MORTES_30002450001032_2023','FA172','',15253),(30036,'SALIN DE GIRAUD_516573_2023','FA173','',15254),(30037,'SALINS DAX_30001640421649_2023','FA174','',15255),(30038,'SALINS VARANGEVILLE_516572_2023','FA175','',15256),(30039,'SALINE D EINVILLE_30000510120770_2021','FA176','',15960),(30055,'CARBURE DU CHERAN_30001950635976_2021','FA177','',30056),(30057,'VM BUILDING BRAY_30000220222560_2022','FA178','',15691),(30058,'SALAISONS PHILIS_30001790495379_2023','FA179','',15747),(30059,'EF DU VELAY ST MAURICE EN GOURGOIS_30001980116836_2021','FA180','',30060),(30061,'EF DU VELAY ST GERMAIN LAPRADE_50023733675058_2021','FA181','',30062),(30063,'EF DU VELAY ST GERMAIN LAPRADE_30001790436655_2021','FA182','',15038),(30064,'SECO TOOLS_67061 / E2 / 8000147_2021','FA183','',30065),(30066,'SECO TOOLS_67061 / E1 / 8002240_2021','FA184','',30065),(30067,'LACHETEAU SEVREMOINE_50073371871067_2021','FA185','',30068),(30069,'LACHETEAU ROCHECORBON_30000971284332_2021','FA186','',30070),(30071,'LACHETEAU MOUZILLON_30001421868760_2021','FA187','',15109),(30072,'LACHETEAU DOUEE_30000930386972_2021','FA188','',30073),(30074,'LACHETEAU BLERE_30000971075424_2021','FA189','',30075),(30076,'ARTHUR METZ Scharrachbergheim_67442 / E2 / 8001072_2021','FA190','',30077),(30078,'ARTHUR METZ MARLENHEIM_67282 / E2 / 8000723_2021','FA191','',15910),(30079,'ARTHUR METZ EPFIG_30000631189630_2021','FA192','',30080),(30081,'SNF COAGULANTS_61612792305869_2022','FA193','',16073),(30082,'SAVOIE REFRACTAIRES LES ORMES_30002210000844_2021','FA194','',14959),(30083,'SAMIN MARCHEPRIME_30001610277707_2022','FA195','',15837),(30084,'SAMIN BUTHIERS_30002210010634_2022','FA196','',15833),(30085,'PTP INDUSTRY_30000510156970_2022','FA197','',15773),(30086,'SNF COAGULANTS_61612792305869_2021','FA198','',16073),(30087,'PTP INDUSTRY_30000510156970_2021','FA199','',15773),(30088,'SNAM_30002350173010_2021','FA200','',14863),(30089,'R-CUE_67434 / E1 / 0726535_2021','FA201','',30090),(30091,'BOUHYER ANCENIS_30001421073317_2022','FA202','',15654),(30092,'ALUDIUM FRANCE_30002321169375_2021','FA203','',15235),(30093,'ALUDIUM FRANCE_30002321169375_2022','FA204','',15235),(30094,'OVERCHEM_80801 / E2 / 0004227_1900','FA205','',14940),(30095,'OVERCHEM_80801 / E2 / 0004227_2021','FA206','',14940),(30107,'INITIA FOOD_30001770528008_2022','FA207','',15675),(30108,'INITIA FOOD_30001770528008_2021','FA208','',15675),(31144,'SNAM_30002350173010_2022','FA209','',14863),(31145,'CARBURE DU CHERAN_30001950635976_2023','FA210','',30056),(31146,'SECO TOOLS_67061 / E2 / 8000147_2020','FA211','',30065),(31147,'SECO TOOLS_67061 / E2 / 8000147_2023','FA212','',30065),(31148,'SECO TOOLS_67061 / E1 / 8002240_2023','FA213','',30065),(31149,'EF DES VOLCANS_50049297534903_2021','FA214','',16121),(31574,'GERFLOR PROVENCE GRILLON_30001970386589_2021','FA215','',15939),(31575,'GERFLOR PROVENCE SPTC_50077533486344_2021','FA216','',15940),(31576,'GERFLOR TARARE_30001940632492_2021','FA217','',15354),(31577,'GERFLOR VINDRY_30001940793248_2021','FA218','',15353),(32665,'GIE CHIMIE SALINDRES_ME - GIE - CHIMIE SALINDRES - P.3.1_2021','FA219','',15307),(32666,'GIE OSIRIS_RA - OSIRIS - GIE - P - 3-2_2021','FA220','',15318),(32667,'Saint-Gobain Glass_NP - 1388 - CHANTEREINE - CNREI - P - 3.2_2021','FA221','',16161),(32668,'CILA_30001421729285_2022','FA222','',15362),(32669,'HELIO PRINT_30002210566132_2022','FA223','',16098),(32670,'L IMPRIMERIE _30002252280899_2022','FA224','',15672),(32671,'MIDI PRINT_30002451123310_2022','FA225','',15649),(32672,'NEWSPRINT_50031947448205_2022','FA226','',15743),(32673,'PARIS OFFSET PRINT_30002252244010_2022','FA227','',15682),(32674,'NGK BERYLCO_30001420404173_2022','FA228','',15935),(32675,'FRANCOIS MARTENOT MEURSAULT_30001220438446_2021','FA229','',15667),(32676,'FRANCOIS MARTENOT VIGNOLES_30001220122127_2021','FA230','',15668),(32677,'GCF LANDIRAS_30001610979357_2021','FA231','',14882),(32678,'MAISON DU VIGNERON_30000650209570_2021','FA232','',14942),(32679,'GCF PETERSBACH_67370 / E2 / 8000973_2021','FA233','',14883),(32680,'GCF PETERSBACH_67370 / E1 / 8004374_2021','FA234','',14883),(32681,'COMITEC_30002210481101_2021','FA235','',14979),(32682,'GCF PAUL SAPIN_30001210915650_2021','FA236','',15222),(32683,'CIRA_30001991206196_2021','FA237','',15360),(32684,'CAROD_30001974068709_2021','FA238','',15072),(32685,'CILA_30001421729285_2021','FA239','',15362),(32686,'MIDI PRINT_30002451123310_2021','FA240','',15649),(32687,'NEWSPRINT_50031947448205_2021','FA241','',15743),(32688,'PACK ALIM_30000931459339_2021','FA242','',15608),(32689,'SALAISONS PHILIS_30001790495379_2021','FA243','',15747),(32691,'ATLANTIDE ENVIRONNEMENT_30000654066517_2021','FA244','',15712),(32692,'K S France DOMBASLE_30000510248773_2021','FA245','',15278),(32693,'VM BUILDING BRAY_30000220222560_2021','FA246','',15691),(32694,'HELIO PRINT_30002210566132_2021','FA247','',16098),(32695,'Saint-Gobain PAM_FE - St Gobain - Pont a Mousson - P - 3.2_2021','FA248','',32696),(32709,'INNOSPEC HAN SUR MEUSE_30000520124380_1900','FA249','',0),(32710,'LAMINOIRS DES LANDES_50000103282956_2020','FA250','',15511),(32711,'NEXANS BOURG EN BRESSE_30001990393798_2020','FA251','',15333),(32788,'PACK ALIM_30000931459339_2022','FA252','',15608),(32789,'MALTEUROP PRINGY_30000430794403_2021','FA253','',32790),(32791,'MALTEUROP PRINGY_30000430794403_2022','FA254','',32790),(32792,'FONDERIE DE NIEDERBRONN_67324 / E2 / 8007985_2021','FA255','',15664),(32795,'ORANO CE TRICASTIN_RTE0000007602_2022','FA256','',0),(32797,'ORANO CE TRICASTIN_RTE0000007603_2022','FA257','',0),(32799,'ORANO CE TRICASTIN_RTE0000007604_2022','FA258','',0),(32801,'ORANO CE TRICASTIN_RTE0000007605_2022','FA259','',0),(32803,'ORANO CE TRICASTIN_RTE0000007606_2022','FA260','',0),(32805,'ORANO CE TRICASTIN_RTE0000007607_2022','FA261','',0),(32807,'ORANO CE TRICASTIN_RTE0000007608_2022','FA262','',0),(32809,'ORANO CE TRICASTIN_RTE0000007609_2022','FA263','',0),(32811,'ORANO CE TRICASTIN_RTE0000007610_2022','FA264','',0),(32813,'ORANO CE TRICASTIN_RTE0000007611_2022','FA265','',0),(32815,'ORANO CE TRICASTIN_RTE0000007612_2022','FA266','',0),(32817,'ORANO CE TRICASTIN_RTE0000007613_2022','FA267','',0),(32964,'GIE CHIMIE SALINDRES_ME - GIE - CHIMIE SALINDRES - P.3.1_2022','FA268','',15307),(32965,'Saint-Gobain Glass_NP - 1388 - CHANTEREINE - CNREI - P - 3.2_2022','FA269','',16161),(32966,'SOBEGI_SO - 14080 - LACQ - LACQ5 - P - 3.2_2022','FA270','',14822),(32967,'SYLVAMO FRANCE SA_4513_2022','FA271','',15890),(32968,'COTELLE RILIEUX_30001910437162_1900','FA272','',0),(32969,'Saint-Gobain Abrasifs Conflans_30002110594354_2022','FA273','',15906),(32970,'KNAUF INSULATION LANNEMEZAN_MV000045_2022','FA274','',15386),(33035,'SOITEC_30001934024360_2023','FA275','',15130),(33036,'SALINE D EINVILLE_30000510120770_2023','FA276','',15960),(33037,'GERFLOR TARARE_30001940632492_2023','FA277','',15354),(33038,'VENATOR PIGMENTS_30000110336494_2022','FA278','',15213),(33039,'PRAYON_50070442312583_2023','FA279','',15147),(33040,'PRAYON_50070442312583_2021','FA280','',15147),(33191,'PACK ALIM_30000931459339_2023','FA281','',15608),(33192,'Sylvamo France SA_4513_2023','FA282','',0),(33193,'SYLVAMO FRANCE SA_4513_2021','FA283','',15890),(33752,'SOLEAL BORDERES_RTE0000516819_2021','FA284','',33753),(33754,'SOLEAL BORDERES_RTE0000516819_2022','FA285','',33753),(33755,'SOLEAL BORDERES_RTE0000516819_2023','FA286','',33753),(33756,'SOLEAL BORDERES_30001640573617_2021','FA287','',33753),(33757,'SOLEAL BORDERES_30001640573617_2022','FA288','',33753),(33758,'SOLEAL BORDERES_30001640573617_2023','FA289','',33753),(34064,'SERM ODYSSEUM_30002431093460_2021','FA290','',15614),(34065,'SERM ANTIGONE_50063965259910_2021','FA291','',15613),(34066,'SERM POLYGONE_30002431106522_2021','FA292','',15612),(34295,'SMRC Automotive Modules France SAS_30000241279506_2021','FA293','',34296),(34309,'SMRC Automotive Modules France SAS_30000130150560_2021','FA294','',34310),(34323,'SMRC Automotive Modules France SAS_30000130887736_2021','FA295','',34324),(34337,'SMRC Automotive Modules France SAS_30000640158810_2021','FA296','',0),(34351,'SMRC Automotive Modules France SAS_30000640402840_2021','FA297','',0),(34364,'SMRC Automotive Modules France SAS_50033096242420_2021','FA298','',0),(34578,'GERFLOR TARARE_30001940632492_2022','FA299','',15354),(34579,'GERFLOR PROVENCE SPTC_50077533486344_2022','FA300','',15940),(34823,'SMRC Automotive Modules France SAS_30000241279506_2021','FA301','',34296),(34824,'SMRC Automotive Modules France SAS_30000130150560_2021','FA302','',34310),(34825,'SMRC Automotive Modules France SAS_30000130887736_2021','FA303','',34324),(34826,'SMRC Automotive Modules France SAS_30000640158810_2021','FA304','',34827),(34828,'SMRC Automotive Modules France SAS_30000640402840_2021','FA305','',34827),(34829,'SMRC Automotive Modules France SAS_50033096242420_2021','FA306','',34830),(34911,'ORANO CE TRICASTIN_RTE0000008527_2023','FA307','',16063),(34912,'SET_RTE0000516686_2023','FA308','',15497),(35462,'SOITEC_50008340736553_2023','FA309','',15130),(35463,'TG GRISET_50047866532543_2023','FA310','',16072),(35464,'UMICORE_60004160000156_2023','FA311','',14924),(35465,'ROUSSELOT ISLE SUR LA SORGUE_30002580044806_2023','FA312','',15633),(35466,'SNF COAGULANTS_61612792305869_2023','FA313','',16073),(35467,'SNAM_30002350173010_2023','FA314','',14863),(35530,'BOUHYER ANCENIS_30001421073317_2023','FA315','',15654),(35531,'BOUHYER REVIN_30000420096562_2023','FA316','',15653),(35605,'ORANO R LA HAGUE_RTE0000001403_2023','FA317','',16065),(35651,'ORANO R MELOX_RTE0000008679_2023','FA318','',16066),(35728,'FONDERIE DE NIEDERBRONN_67324 / E2 / 8007985_2023','FA319','',15664),(36197,'SAMIN BUTHIERS_30002210010634_2023','FA320','',15833),(36198,'SAMIN BUTHIERS_30002211777958_2023','FA321','',15833),(36199,'SAMIN MARCHEPRIME_30001610277707_2023','FA322','',15837),(36200,'SAMIN ROCHE EN REGNIER_30001790105698_2023','FA323','',15838),(36201,'SAMIN TACON_30001950316499_2023','FA324','',15832),(36202,'SAMIN SAINT GERMAIN DE JOUX_30001950316051_2023','FA325','',33852),(36203,'SAMIN LES PENNES MIRABEAU_30002521632129_2023','FA326','',15835),(36204,'SAMIN LES PENNES MIRABEAU_30002520128225_2023','FA327','',15835),(36205,'SAMIN MORU PONTPOINT_84202868400087_2023','FA328','',15834),(36206,'SAMIN ROZET SAINT ALBIN_30000410251150_2023','FA329','',15836),(36470,'AFC REDON_30001441030265_2023','FA330','',14853),(36471,'LA FONTE ARDENNAISE FA1_30000420450408_2023','FA331','',16004),(36472,'LA FONTE ARDENNAISE FA4_30000420077771_2023','FA332','',16002),(36473,'LA FONTE ARDENNAISE FA 5_30000420000196_2023','FA333','',16003),(36710,'GERFLOR PROVENCE SPTC_50077533486344_2023','FA334','',15940),(36798,'FONDERIE DE BRETAGNE_RTE0000513980_2023','FA335','',15701),(36799,'KNAUF INSULATION LANNEMEZAN_MV000034_2023','FA336','',15663),(36877,'GINDRE DUCHAVANY_30001940000275_2023','FA337','',16149),(36954,'VENATOR PIGMENTS_30000110336494_2023','FA338','',15213),(37183,'AFC_30001441030265_2023','FA339','',37184),(37196,'LA FONTE ARDENNAISE FA5_30000420000196_2023','FA340','',16003),(37197,'GRANDRY TECHNICAST_30000910354801_2023','FA341','',35733),(37198,'POUDRES HERMILLON_30001960310774_2023','FA342','',37199),(37731,'TERREAL ROUMAZIERES_30001510250825_2023','FA343','',37732),(37733,'TERREAL MONTPON_30001620358713_2023','FA344','',37734),(37735,'TERREAL COLOMIERS_30002314747389_2023','FA345','',37736),(37737,'TERREAL RIEUSSEQUEL_30002321256124_2023','FA346','',37738),(37739,'LAHERA PRODUCTIONS_30002321549172_2023','FA347','',37740),(37750,'SOBEGI_SO - 14080 - LACQ - LACQ5 - P - 3.2_2023','FA348','',14822),(37794,'LAMINOIRS DES LANDES_50000103282956_2023','FA349','',15511),(37947,'SOLYFI SOREMO_30000524038799_2023','FA350','',37948),(37949,'FONDERIE DECHAUMONT_30002311153185_2023','FA351','',15924),(37989,'URSA_61613777978954_2022','FA352','',15039),(37990,'URSA_61613777978954_2023','FA353','',15039),(38135,'TOYAL EUROPE_30001650274714_2023','FA354','',14920),(38174,'HYDRO EXTRUSION_60003740000095_2023','FA355','',38042),(38581,'ALK ABELLO VANDEUIL_30000431032378_2021','FA356','',16104),(38582,'ALK ABELLO VANDEUIL_30000431032378_2023','FA357','',16104),(38583,'ALK ABELLO VANDEUIL_30000431032378_2023','FA358','',38584),(38585,'ALK ABELLO VANDEUIL_30000431032380_2023','FA359','',16104),(38796,'BORAX FRANCAIS_30000150122354_2022','FA360','',15045),(38797,'BORAX FRANCAIS_30000150122354_2021','FA361','',15045),(38798,'BORAX FRANCAIS_30000150122354_2023','FA362','',15045),(38799,'EPMO_30000960535207_2021','FA363','',38800),(38801,'EPMO_30000960535207_2023','FA364','',38800),(38803,'ALK ABELLO VANDEUIL_30000431032379_2023','FA365','',0),(38804,'ALK ABELLO VANDEUIL_30000431032378_2023','FA366','',16104),(38815,'ALK ABELLO VANDEUIL_30000431032379_2023','FA367','',16104),(38817,'ALK ABELLO VANDEUIL_30000431032380_2023','FA368','',16104),(39082,'NEXANS LENS_30000133151713_2023','FA369','',15335),(39083,'NEXANS LENS_30000130808332_2023','FA370','',15335),(39084,'NEXANS BOURG EN BRESSE_30001990393798_2023','FA371','',15333),(39085,'INNOSPEC HAN SUR MEUSE_30000520124380_2023','FA372','',15070),(39086,'ALUDIUM FRANCE_30002321169375_2023','FA373','',15235),(39131,'ALK ABELLO VANDEUIL_30000431032379_2023','FA374','',16104),(39132,'ALK ABELLO VANDEUIL_30000431032380_2023','FA375','',16104),(39209,'BORAX FRANCAIS_30000150122354_2023','FA376','',15045),(39280,'BORMIOLI PHARMA_30002321097040_2022','FA377','',39281),(39282,'BORMIOLI PHARMA_30002321097040_2023','FA378','',39281),(39430,'COTELLE RILIEUX_30001910437162_2023','FA379','',14941),(39431,'K S France DOMBASLE_30000510248773_2022','FA380','',15278),(39470,'ACOME_30000250234407_2023','FA381','',38045);

--
-- Table structure for table `vtiger_factureannuellecf`
--

CREATE TABLE `vtiger_factureannuellecf` (
  `factureannuelleid` int(19) NOT NULL,
  `cf_1018` int(4) DEFAULT NULL,
  `cf_1022` varchar(255) DEFAULT '',
  `cf_1026` varchar(255) DEFAULT '',
  `cf_1028` varchar(255) DEFAULT '',
  `cf_1030` decimal(65,5) DEFAULT NULL,
  `cf_1036` decimal(15,5) DEFAULT NULL,
  `cf_1038` decimal(15,5) DEFAULT NULL,
  `cf_1157` int(10) DEFAULT NULL,
  `cf_1159` int(10) DEFAULT NULL,
  `cf_1253` decimal(65,5) DEFAULT NULL,
  `cf_1255` bigint(59) DEFAULT NULL,
  `cf_1263` decimal(65,5) DEFAULT NULL,
  `cf_1265` decimal(65,5) DEFAULT NULL,
  `cf_1267` decimal(65,5) DEFAULT NULL,
  `cf_1422` decimal(65,5) DEFAULT NULL,
  `cf_1424` varchar(255) DEFAULT '',
  `cf_1870` varchar(3) DEFAULT '0',
  `cf_1872` varchar(255) DEFAULT '',
  `cf_1874` varchar(255) DEFAULT '',
  PRIMARY KEY (`factureannuelleid`)
) ENGINE=InnoDB DEFAULT CHARSET=utf8;

--
-- Dumping data for table `vtiger_factureannuellecf`
--

INSERT INTO `vtiger_factureannuellecf` VALUES (12153,0,'','','',1000.00000,0.00000,0.00000,NULL,NULL,NULL,NULL,NULL,NULL,NULL,NULL,'','0','',''),(12156,0,'','','',0.00000,0.00000,0.00000,NULL,NULL,NULL,NULL,NULL,NULL,NULL,NULL,'','0','',''),(12158,0,'','','',317.00000,0.00000,0.00000,NULL,NULL,NULL,NULL,NULL,NULL,NULL,NULL,'','0','',''),(12160,2022,'ROUTE DE BOURBOURG 59 59210 COUDEKERQUE BRANCHE','','30000150122354',1889.00000,0.00000,0.00000,NULL,NULL,NULL,NULL,NULL,NULL,NULL,NULL,'','0','',''),(12260,0,'','','',0.00000,0.00000,0.00000,NULL,NULL,NULL,NULL,NULL,NULL,NULL,NULL,'','0','',''),(12262,0,'','','',0.00000,0.00000,0.00000,NULL,NULL,NULL,NULL,NULL,NULL,NULL,NULL,'','0','',''),(12264,0,'','','',0.00000,0.00000,0.00000,NULL,NULL,NULL,NULL,NULL,NULL,NULL,NULL,'','0','',''),(12271,2021,'SOITEC BERNIN 1-2 CH DES FLANQUES 38190 BERNIN','','3,00019E+13',54416.33000,0.00000,0.00000,11,1,NULL,NULL,NULL,NULL,NULL,NULL,'','0','',''),(12283,0,'','','',0.00000,0.00000,0.00000,NULL,NULL,NULL,NULL,NULL,NULL,NULL,NULL,'','0','',''),(12285,0,'','','',0.00000,0.00000,0.00000,NULL,NULL,NULL,NULL,NULL,NULL,NULL,NULL,'','0','',''),(12411,2021,'ROUTE DE BOURBOURG 59 59210 COUDEKERQUE BRANCHE','FR56563145','30000154956464600',0.00000,0.00000,0.00000,12,0,6787518.00000,NULL,NULL,NULL,NULL,NULL,'','0','',''),(12413,0,'S.N.C. RENAULT site de Flins Boulevard Pierre LEFAUCHEUX F - 78415 AUBERGENVILLE CEDEX','FR94410206205','NP-133-AUBERGENVILLE -FLINS-P-3.2TARIF',1500087797.82000,0.00000,0.00000,0,12,800.00000,NULL,NULL,NULL,NULL,NULL,'','0','',''),(14188,2022,'Site de Pithiviers 4 , rue Marc Sangnier 45300 Pithiviers FRANCE','FR71833736101','3,0001E+13',8563.00000,0.10000,0.10000,12,0,872.00000,0,NULL,NULL,NULL,NULL,'','0','',''),(14191,0,'','','',0.00000,0.00000,0.00000,0,0,0.00000,NULL,NULL,NULL,NULL,NULL,'','0','',''),(14193,2022,'Site de Gennevilliers 4 avenue Philippe Lebon ZI Val d\'Oise 92230 Gennevilliers FRANCE','FR71833736101','3,00022E+13',3869.00000,0.10000,0.10000,12,0,396.00000,0,NULL,NULL,NULL,NULL,'','0','',''),(14306,0,'','','',0.00000,0.00000,0.00000,0,0,0.00000,0,NULL,NULL,NULL,NULL,'','0','',''),(14308,0,'','','',0.00000,0.00000,0.00000,0,0,0.00000,0,NULL,NULL,NULL,NULL,'','0','',''),(14310,0,'','','',0.00000,0.00000,0.00000,0,0,0.00000,0,NULL,NULL,NULL,NULL,'','0','',''),(14312,0,'','','',0.00000,0.00000,0.00000,0,0,0.00000,0,NULL,NULL,NULL,NULL,'','0','',''),(14314,0,'','','',0.00000,0.00000,0.00000,0,0,0.00000,0,NULL,NULL,NULL,NULL,'','0','',''),(14316,0,'','','',0.00000,0.00000,0.00000,0,0,0.00000,0,NULL,NULL,NULL,NULL,'','0','',''),(14318,0,'','','',0.00000,0.00000,0.00000,0,0,0.00000,0,NULL,NULL,NULL,NULL,'','0','',''),(14320,0,'','','',0.00000,0.00000,0.00000,0,0,0.00000,0,NULL,NULL,NULL,NULL,'','0','',''),(14322,0,'','','',0.00000,0.00000,0.00000,0,0,0.00000,0,NULL,NULL,NULL,NULL,'','0','',''),(14324,0,'','','',0.00000,0.00000,0.00000,0,0,0.00000,0,NULL,NULL,NULL,NULL,'','0','',''),(14326,0,'','','',0.00000,0.00000,0.00000,0,0,0.00000,0,NULL,NULL,NULL,NULL,'','0','',''),(14328,0,'','','',0.00000,0.00000,0.00000,0,0,0.00000,0,NULL,NULL,NULL,NULL,'','0','',''),(14330,2022,'S.N.C. RENAULT site de Flins Boulevard Pierre LEFAUCHEUX F - 78415 AUBERGENVILLE CEDEX','FR94410206205','NP - 133 - AUBERGENVILLE -FLINS - P - 3.2',0.00000,0.00000,0.00000,0,12,0.00000,0,NULL,NULL,NULL,NULL,'','0','',''),(14331,0,'','','',0.00000,0.00000,0.00000,0,0,0.00000,0,NULL,NULL,NULL,NULL,'','0','',''),(14345,0,'','','',0.00000,0.00000,0.00000,0,0,0.00000,0,NULL,NULL,NULL,NULL,'','0','',''),(14354,2022,'','FR80509378386','3,00002E+13',1367.00000,114.41000,114.41000,0,0,156405.00000,12,NULL,NULL,NULL,NULL,'','0','',''),(14394,2022,'','0','RTE0000001336',0.00000,0.00000,0.00000,1,0,1.00000,0,NULL,NULL,NULL,NULL,'','0','',''),(14397,2022,'','FR94410206205','RTE0000001336',26764.50000,0.10000,42.89000,10,12,2679.00000,0,NULL,NULL,NULL,NULL,'','0','',''),(14403,0,'','','',0.00000,0.00000,0.00000,1,0,-133.00000,0,NULL,NULL,NULL,NULL,'','0','',''),(14436,2022,'','FR94410206205','RTE0000001336',0.00000,0.00000,0.00000,0,12,0.00000,0,NULL,NULL,NULL,NULL,'','0','',''),(14450,2022,'','0','3,00024E+13',5462.82600,43.45000,71.29000,0,0,237363.00000,12,NULL,NULL,NULL,NULL,'','0','',''),(14633,2022,'','0','RTE0000516686',264839.00000,20.30000,0.00000,12,0,5375958.00000,0,264839.00000,0.00000,0.00000,NULL,'','0','',''),(14635,2022,'','0','RTE0000516686',264839.00000,20.30000,1.22000,12,12,5375958.00000,0,264839.00000,279651.00000,322664.00000,NULL,'','0','',''),(14637,2022,'','FR93440252666','ME - SET - TRICAST - P - 6.2',0.00000,0.00000,0.00000,0,6,0.00000,0,0.00000,139881.00000,153382.00000,NULL,'','0','',''),(14649,2022,'','0','3,00024E+13',5458.00000,43.49000,71.35000,0,0,237363.00000,12,0.00000,0.00000,389438.00000,NULL,'','0','',''),(14687,2022,'','0','50000103282956',12372.00000,92.27000,0.00000,11,0,1141606.00000,0,12372.00000,0.00000,0.00000,NULL,'','0','',''),(14780,2022,'Usine GB2 / C1A CC 039 Comptabilité Fournisseurs TSA 10425 94157 RUNGIS Cedex','','RTE0000516686',0.00000,20.30000,0.00000,0,0,0.00000,0,0.00000,0.00000,0.00000,NULL,'','0','',''),(15393,2022,'','0','50000103282956',0.00000,0.00000,0.00000,11,0,0.00000,0,0.00000,0.00000,0.00000,NULL,'','0','',''),(15406,2022,'','FR93440252666','RTE0000516686',0.00000,0.00000,0.00000,0,12,0.00000,0,0.00000,0.00000,0.00000,NULL,'','0','',''),(15420,2022,'','0','30002350173010',0.00000,0.00000,0.00000,0,0,0.00000,12,0.00000,0.00000,0.00000,NULL,'','0','',''),(15483,2022,'','0','30002350173010',5458.00000,43.48901,71.35178,0,0,237363.00000,12,0.00000,0.00000,389438.00000,1626.16667,'','0','',''),(15496,2022,'','FR93440252666','RTE0000516686',0.00000,0.00000,0.00000,0,12,0.00000,0,0.00000,279651.00000,322664.00000,NULL,'','0','',''),(15510,2022,'','0','50000103282956',12372.00000,0.00000,0.00000,11,0,1141606.00000,0,12372.00000,0.00000,0.00000,NULL,'','0','',''),(15527,2022,'','0','RTE0000516686',21565.00000,20.29897,0.00000,1,0,1306878.00000,0,21565.00000,0.00000,0.00000,NULL,'','0','',''),(15563,2022,'','0','RTE0000516686',264839.00000,20.29897,1.21834,12,12,5375958.00000,0,264839.00000,279651.00000,322664.00000,36000.00000,'SOCIETE D\'ENRICHISSEMENT DU TRICASTIN','0','',''),(16373,2022,'ROUTE DE LA BARRE 40220 TARNOS','0','50000103282956',11042.00000,94.50272,0.00000,10,0,1043499.00000,0,11042.00000,0.00000,0.00000,0.00000,'LAMINOIRS DES LANDES','0','',''),(16379,2019,'ROUTE DE LA BARRE 40220 TARNOS','0','50000103282956',1330.00000,73.76466,0.00000,1,0,98107.00000,0,1330.00000,0.00000,0.00000,0.00000,'LAMINOIRS DES LANDES','0','',''),(16386,2022,'','0','RTE0000008527',151854.00000,21.14965,0.00000,12,0,3211659.00000,0,151854.00000,0.00000,0.00000,0.00000,'ORANO CHIMIE-ENRICHISSEMENT','0','',''),(16399,2022,'','0','RTE0000001336',81947.00000,133.53921,0.00000,12,0,10943138.00000,0,81947.00000,0.00000,0.00000,0.00000,'RENAULT FLINS','0','',''),(16412,2022,'Site de VARENNES EN ARGONNE Zone d\'activités rue des Vignes des Cotes 55270 VARENNES - EN - ARGONNEFRANC','FR39847180064','30000420542199',962.00000,47.21518,0.00000,12,0,45421.00000,0,962.00000,0.00000,0.00000,0.00000,'ALK','0','',''),(16425,2022,'Site de VANDEUIL 5 route de Breuil 51140 VANDEUILFRANCE','FR39847180064','30000431032378',2892.00000,47.88935,0.00000,9,0,138496.00000,0,2892.00000,0.00000,0.00000,0.00000,'ALK','0','',''),(16435,2022,'Site de Pithiviers 4 , rue Marc Sangnier 45300 Pithiviers FRANCE','FR71833736101','30000950145154',5691.00000,101.71464,0.00000,8,0,578858.00000,0,5691.00000,0.00000,0.00000,0.00000,'PMC ISOCHEM','0','',''),(16437,2022,'Site de Vert le Petit 32 RUE LAVOISIER 91710 VERT - LE - PETIT France','FR71833736101','30002220435426',3672.00000,103.32190,0.00000,8,0,379398.00000,0,3672.00000,0.00000,0.00000,0.00000,'PMC ISOCHEM','0','',''),(16440,2022,'Site de Gennevilliers 4 avenue Philippe Lebon ZI Val d\'Oise 92230 Gennevilliers FRANCE','FR71833736101','30002150251954',2854.00000,102.61808,0.00000,9,0,292872.00000,0,2854.00000,0.00000,0.00000,0.00000,'PMC ISOCHEM','0','',''),(16463,2021,'6 RUE DES GLIERES ZAE RUMILLY EST 74150 RUMILLY','0','30001950635976',502.00000,61.53785,93.60757,0,0,30892.00000,11,0.00000,0.00000,46991.00000,204.54545,'','0','',''),(16469,2020,'6 RUE DES GLIERES ZAE RUMILLY EST 74150 RUMILLY','0','30001950635976',39.00000,88.84615,129.38462,0,0,3465.00000,1,0.00000,0.00000,5046.00000,200.00000,'','0','',''),(16477,2023,'SALAISONS PHILIS ZONE ARTISANALE LES REGAINS 43100 VIEILLE BRIOUDE','0','30001790495379',549.00000,141.60474,163.24772,0,0,77741.00000,6,0.00000,0.00000,89623.00000,553.00000,'SALAISONS PHILIS','0','',''),(16484,2021,'RUE JULIEN CHAMPCLOS ZAC DE FONTANILLE 63370 LEMPDES','0','50049297534903',700.00000,56.63286,95.51000,0,0,39643.00000,7,0.00000,0.00000,66857.00000,242.85714,'ENTREPOTS FRIGORIFIQUES DES VOLCANS E.F.V.','0','',''),(16492,2020,'41 ROUTE DE FIRMINY 42240 ST MAURICE EN GOURGOIS','0','30001980116836',57.00000,82.84211,159.91228,0,0,4722.00000,2,0.00000,0.00000,9115.00000,67.00000,'','0','',''),(16495,2021,'RUE JEAN BAPTISTE LAMARCK 43700 ST GERMAIN LAPRADE','0','50023733675058',748.00000,51.13904,91.83556,0,0,38252.00000,10,0.00000,0.00000,68693.00000,240.00000,'','0','',''),(16504,2020,'RUE JEAN BAPTISTE LAMARCK 43700 ST GERMAIN LAPRADE','0','50023733675058',60.00000,69.93333,121.63333,0,0,4196.00000,1,0.00000,0.00000,7298.00000,250.00000,'','0','',''),(16508,2021,'ZONE INDUSRIELLE 43700 SAINT GERMAIN LAPRADE','0','30001790436655',706.00000,43.95326,82.04816,0,0,31031.00000,8,0.00000,0.00000,57926.00000,220.75000,'ENTREPOTS FRIGORIFIQUES DU VELAY','0','',''),(16510,2020,'ZONE INDUSRIELLE 43700 SAINT GERMAIN LAPRADE','0','30001790436655',70.00000,55.90000,102.51429,0,0,3913.00000,1,0.00000,0.00000,7176.00000,240.00000,'ENTREPOTS FRIGORIFIQUES DU VELAY','0','',''),(16519,2023,'9 RUE DE NEUWILLER 67330 BOUXWILLER','0','67061 / E2 / 8000147',456.00000,299.12061,321.40570,0,0,136399.00000,2,0.00000,0.00000,146561.00000,666.00000,'','0','',''),(16521,2023,'9 RUE DE NEUWILLER 67330 BOUXWILLER','0','67061 / E1 / 8002240',4.00000,505.75000,594.50000,0,0,2023.00000,2,0.00000,0.00000,2378.00000,0.00000,'','0','',''),(16525,2021,'9 RUE DE NEUWILLER 67330 BOUXWILLER','0','67061 / E2 / 8000147',2759.00000,54.64987,95.27727,0,0,150779.00000,10,0.00000,0.00000,262870.00000,740.00000,'','0','',''),(16527,2021,'9 RUE DE NEUWILLER 67330 BOUXWILLER','0','67061 / E1 / 8002240',19.00000,104.89474,226.47368,0,0,1993.00000,9,0.00000,0.00000,4303.00000,0.00000,'','0','',''),(16542,2020,'9 RUE DE NEUWILLER 67330 BOUXWILLER','0','67061 / E2 / 8000147',228.00000,81.52632,131.28509,0,0,18588.00000,1,0.00000,0.00000,29933.00000,740.00000,'','0','',''),(16548,2022,'103 QUAI JEAN PIERRE FOUGERAT 44220 COUERON','0','30001420404173',199.00000,64.11558,92.38191,0,0,12759.00000,1,0.00000,0.00000,18384.00000,640.00000,'NGK BERYLCO FRANCE','0','',''),(16550,2021,'LACHETEAU LA FREMONDERIE 49230 SEVREMOINE','0','50073371871067',842.00000,34.67102,59.29810,0,0,29193.00000,11,0.00000,0.00000,49929.00000,0.00000,'','0','',''),(16553,2021,'LACHETEAU LA FREMONDERIE 49230 SEVREMOINE','0','50073371871067',91.00000,35.15385,58.40659,0,0,3199.00000,1,0.00000,0.00000,5315.00000,0.00000,'','0','',''),(16563,2021,'LACHETEAU L ETANG DU VIGNON 37210 ROCHECORBON','0','30000971284332',905.00000,47.18453,77.56133,0,0,42702.00000,11,0.00000,0.00000,70193.00000,0.00000,'','0','',''),(16567,2021,'LACHETEAU LA SABLETTE 44330 MOUZILLON','0','30001421868760',1692.00000,47.32801,76.93085,0,0,80079.00000,12,0.00000,0.00000,130167.00000,0.00000,'LACHETEAU','0','',''),(16576,2021,'LACHETEAU L ETANG DU VIGNON 37210 ROCHECORBON','0','30000971284332',71.00000,36.02817,61.08451,0,0,2558.00000,1,0.00000,0.00000,4337.00000,0.00000,'','0','',''),(16582,2021,'LACHETEAU ZI LA SAULAIE 49700 DOUE EN ANJOU','0','30000930386972',1307.00000,38.13542,62.58761,0,0,49843.00000,10,0.00000,0.00000,81802.00000,0.00000,'','0','',''),(16596,2021,'LACHETEAU ZI 37150 BLERE','0','30000971075424',7891.00000,1.22126,2.58091,0,0,9637.00000,13,0.00000,0.00000,20366.00000,1498.84615,'','0','',''),(16616,2021,'1 RUE DU VENDANGEOIR SCHARRACHBERGHEIM IRMSTETT','0','67442 / E2 / 8001072',34.00000,52.26471,112.70588,0,0,1777.00000,8,0.00000,0.00000,3832.00000,21.87500,'','0','',''),(16625,2021,'102 RUE DU GENERAL DE GAULLE MARLENHEIM','0','67282 / E2 / 8000723',1511.00000,47.06155,75.51820,0,0,71110.00000,10,0.00000,0.00000,114108.00000,549.80000,'ARTHUR METZ','0','',''),(16628,2021,'ARTHUR METZ 23 RUE SAINTE MARGUERITE 67680 EPFIG','0','30000631189630',255.00000,44.67843,94.25490,0,0,11393.00000,12,0.00000,0.00000,24035.00000,295.83333,'','0','',''),(16631,2021,'102 RUE DU GENERAL DE GAULLE MARLENHEIM','0','67282 / E2 / 8000723',220.00000,41.12727,62.86818,0,0,9048.00000,1,0.00000,0.00000,13831.00000,584.00000,'ARTHUR METZ','0','',''),(16636,2021,'102 RUE DU GENERAL DE GAULLE MARLENHEIM','0','67282',178.00000,54.81461,88.62360,0,0,9757.00000,1,0.00000,0.00000,15775.00000,584.00000,'ARTHUR METZ','0','',''),(16833,0,'','','',0.00000,0.00000,0.00000,12,0,0.00000,0,0.00000,0.00000,0.00000,0.00000,'','0','',''),(16846,2021,'RUE DE PHALSBOURG SARRE UNION','0','67434 / E1 / 0726535',0.00000,0.00000,0.00000,0,0,0.00000,0,0.00000,0.00000,0.00000,0.00000,'','0','',''),(27780,2021,'RUE DE TOURVILLE 76410 CLEON','0','RTE0000001415',227123.00000,74.90358,0.00000,12,0,17012326.00000,0,227123.00000,0.00000,0.00000,0.00000,'RENAULT SAS','0','EDF',''),(27781,2021,'S.N.C. RENAULT site de Flins Boulevard Pierre LEFAUCHEUX F - 78415 AUBERGENVILLE CEDEX','FR94410206205','RTE0000001336',92850.00000,79.68338,13.63683,12,12,7398602.00000,0,92850.00000,100267.00000,1266180.00000,21000.00000,'RENAULT FLINS','0','EDF','RTE'),(27782,2022,'15 AV PIERRE PIFFAULT 72100 LE MANS','0','RTE0000005307',144372.00000,136.43097,0.00000,12,0,19696812.00000,0,144372.00000,0.00000,0.00000,0.00000,'AUTO CHASSIS INTERNATIONAL','0','EDF',''),(27783,2021,'','FR67421242371','RTE0000005307',146077.00000,74.50029,13.27870,12,12,10882779.00000,0,146077.00000,146077.00000,1939713.00000,37000.00000,'AUTO CHASSIS INTERNATIONAL','0','EDF','RTE'),(27784,2021,'LD LA TOURETTE - 30200 CHUSCLAN','0','RTE0000008679',35400.00000,46.36887,0.00000,12,0,1641458.00000,0,35400.00000,0.00000,0.00000,0.00000,'ORANO RECYCLAGE','0','EDF',''),(27785,2022,'ZONE INDUSTRIELLE 54980 BATILLY','0','RTE0000002364',62921.00000,136.42550,12.32962,12,12,8584029.00000,0,62921.00000,62930.00000,775792.00000,13000.00000,'SOCIETE VEHICULES AUTOMOBILES BATILLY','0','EDF','RTE'),(27786,2021,'60 , avenue du Vermandois 60200 COMPIEGNE','FR55478989668','30002121378810',21268.00000,47.50268,0.00000,12,0,1010287.00000,0,21268.00000,0.00000,0.00000,0.00000,'COLGATE-PALMOLIVE INDUSTRIEL','0','GAZEL',''),(27787,2022,'LAMINOIRS DES LANDES ROUTE DE LA BARRE 40220 TARNOS','FR66479824583','50000103282956',12372.00000,92.27336,22.10790,11,11,1141606.00000,0,12372.00000,1102195.00000,273519.00000,4900.00000,'LAMINOIRS DES LANDES','1','ENGIE','ENEDIS'),(27788,2021,'S.N.C. MAUBEUGE CONSTRUCTIONS AUTOMOBILES Avenue Andr','FR06702023433','RTE0000007590',70369.00000,72.14639,14.54686,12,12,5076869.00000,0,70369.00000,70316.00000,1023648.00000,16900.00000,'RENAULT ELECTRICITY','0','EDF','RTE'),(27789,2022,'21 ROUTE DE BITCHE NIEDERBRONN LES BAINS','0','67324 / E2 / 8007985',15432.00000,0.00000,22.67418,12,12,0.00000,0,15432.00000,15432.00000,349908.00000,3688.41667,'FONDERIE DE NIEDERBRONN','0','ES','ESR'),(27790,2021,'','FR79515275048','RTE0000513980',39455.00000,71.75643,18.81118,12,12,2831150.00000,0,39455.00000,39456.00000,742195.00000,20000.00000,'FONDERIE DE BRETAGNE','0','EDF','RTE'),(27791,2021,'S.A. ORANO RECYCLAGE Site de La Hague 901 Direction technique Route d','FR20817439599','RTE0000001403',500069.00000,49.43762,5.14613,12,12,24722220.00000,0,500069.00000,533691.00000,2573418.00000,75000.00000,'ORANO RECYCLAGE','0','EDF','RTE'),(27792,2021,'S.N.C. RENAULT SANDOUVILLE Usine de SANDOUVILLE Z.I. Portuaire du Havre BP 134 F - 76051 LE HAVRE CEDEX','FR95410206270','RTE0000001416',82931.00000,72.94551,14.04884,12,12,6049444.00000,0,82931.00000,82931.00000,1165084.00000,17500.00000,'RENAULT SANDOUVILLE','0','EDF','RTE'),(27794,2021,'COTELLE SA CARD 600 AVENUE DE L\'INDUSTRIE 69140 RILLIEUX LA PAPE','FR33328202320','30001910437162',5771.00000,47.54861,22.03812,12,12,274403.00000,0,5771.00000,478359.00000,127182.00000,2200.00000,'COTELLE SA','0','GAZEL','ENEDIS'),(27795,2022,'COTELLE SA CARD 600 AVENUE DE L\'INDUSTRIE 69140 RILLIEUX LA PAPE','FR33328202320','30001910437162',5472.00000,80.22058,21.35471,12,11,438967.00000,0,5472.00000,499825.00000,116853.00000,2200.00000,'COTELLE SA','1','GAZEL','ENEDIS'),(27796,2022,'S.N.C. Renault ElectriCity - Manufacture de Douai Sce 9925 56 route de Cuincy F - 59509 DOUAI CEDEX','FR48902925288','RTE0000007541',70264.00000,133.06070,16.43406,12,12,9349377.00000,0,70264.00000,70808.00000,1154723.00000,22000.00000,'RENAULT ELECTRICITY','0','EDF','RTE'),(27797,2021,'Rue des Marguerites 01000 BOURG EN BRESSE','FR82428593230','30001990393798',14807.00000,46.39157,13.01168,11,7,686920.00000,0,14807.00000,0.00000,192664.00000,3500.00000,'NEXANS FRANCE','1','EDF','ENEDIS'),(27798,2022,'NEXANS FRANCE Rue des Marguerites 01000 BOURG EN BRESSE','FR82428593230','30001990393798',17463.00000,59.32331,11.94634,12,7,1035963.00000,0,17463.00000,0.00000,208619.00000,3500.00000,'NEXANS FRANCE','1','EDF','ENEDIS'),(27799,2022,'BD DU MARAIS BP 302 BP 302 62218 LOISON SOUS LENS','0','30000133151713',19386.00000,58.22294,0.00000,12,0,1128710.00000,0,19386.00000,0.00000,0.00000,0.00000,'NEXANS FRANCE','0','EDF',''),(27800,2022,'','FR79515275048','RTE0000513980',50810.00000,138.34200,16.53182,12,12,7029157.00000,0,50810.00000,50816.00000,839982.00000,20000.00000,'FONDERIE DE BRETAGNE','0','EDF','RTE'),(27801,2021,'S.A.S. AMCOR FLEXIBLES PACKAGING FRANCE SAS 453 Boulevard de la R','FR51509628798','3412',7686.00000,16.26789,14.26659,12,12,125035.00000,0,7686.00000,7688.00000,109653.00000,1600.00000,'AMCOR FLEXIBLES PACKAGING FRANCE SAS','0','ENOVOS','RTE'),(27802,2022,'S.A.S. AMCOR FLEXIBLES PACKAGING FRANCE SAS Site de Froges 453 Boulevard de la R','FR51509628798','3412',8390.00000,36.91371,14.94493,12,12,309706.00000,0,8390.00000,8416.00000,125388.00000,1600.00000,'AMCOR FLEXIBLES PACKAGING FRANCE SAS','0','ENOVOS','RTE'),(27803,2022,'USINE DE LOISON SOUS LENS 62218 LOISON SOUS LENS','0','30000130808332',11030.00000,58.91324,0.00000,12,0,649813.00000,0,11030.00000,0.00000,0.00000,0.00000,'NEXANS FRANCE','0','EDF',''),(27804,2022,'S.N.C. Renault ElectriCity 107 Avenue Andr','FR48902925288','RTE0000007590',57347.00000,133.99336,15.83750,12,12,7684117.00000,0,57347.00000,57347.00000,908233.00000,16900.00000,'RENAULT ELECTRICITY','0','EDF','RTE'),(27805,2021,'Site de Villefranche Limas 1 boulevard Edouard Herriot 69400 Limas / Villefranche sur Saone France','FR29 562 038 893','30001990387504',13461.00000,55.44291,0.00000,12,0,746317.00000,0,13461.00000,0.00000,0.00000,0.00000,'BAYER SAS','0','ALPIQ',''),(27806,2021,'INNOSPEC PERFORMANCE CHEMICALS FRANCE ZONE INDUSTRIELLE BP19 55300 HAN SUR MEUSE','FR70377599162','30000520124380',17331.00000,49.13109,17.94801,12,12,851491.00000,0,17331.00000,0.00000,311057.00000,2760.00000,'INNOSPEC PERFORMANCE CHEMICALS FRANCE','0','AXPO','ENEDIS'),(27807,2021,'S.N.C. SOVAB BATILLY API FAC PRL 999 F 54980 BATILLY','FR69319851408','RTE0000002364',70526.00000,75.09985,11.86682,12,12,5296492.00000,0,70526.00000,70525.00000,836919.00000,13141.66667,'SOCIETE VEHICULES AUTOMOBILES BATILLY','0','EDF','RTE'),(27808,2021,'ROUSSELOT SAS * CARD * 00448 RTE DE PERNES 84800 L ISLE SUR LA SORGUE','FR87484870142','30002580044806',28295.00000,41.58353,16.36187,12,12,1176606.00000,0,28295.00000,2291591.00000,462959.00000,4224.00000,'ROUSSELOT ISLE SUR LA SORGUE','0','EDF','ENEDIS'),(27809,2021,'USINE DE LOISON SOUS LENS 62218 LOISON SOUS LENS','0','30000130808332',11187.00000,47.03003,0.00000,12,0,526125.00000,0,11187.00000,0.00000,0.00000,0.00000,'NEXANS FRANCE','0','EDF',''),(27810,2021,'BD DU MARAIS BP 302 BP 302 62218 LOISON SOUS LENS','0','30000133151713',19779.00000,45.95318,0.00000,12,0,908908.00000,0,19779.00000,0.00000,0.00000,0.00000,'NEXANS FRANCE','0','EDF',''),(27811,2022,'RUE PEYREHITTE - 65300 LANNEMEZAN','0','MV000034',74716.00000,46.86427,16.02787,12,12,3501511.00000,0,74716.00000,74716.00000,1197538.00000,9215.00000,'KNAUF INSULATION LANNEMEZAN','0','ESL','ESL'),(27812,2021,'S.A.S. ORANO CHIMIE - ENRICHISSEMENT SITE DU TRICASTIN F - 26700 PIERRELATTE','FR88817439557','RTE0000008527',153176.00000,48.97100,8.16775,12,13,7501182.00000,0,153176.00000,180295.00000,1251103.00000,17291.38462,'ORANO CHIMIE-ENRICHISSEMENT','0','EDF','RTE'),(27813,2021,'S.N.C. RENAULT ELECTRICITY A l\'attention Sce 9925 56 route de Cuincy F - 59509 DOUAI CEDEX','FR48902925288','RTE0000007541',69956.00000,74.26417,17.12359,12,12,5195224.00000,0,69956.00000,64690.00000,1197898.00000,24000.00000,'RENAULT ELECTRICITY','0','EDF','RTE'),(27814,2022,'60 , avenue du Vermandois 60200 COMPIEGNE','FR55478989668','30002121378810',20248.00000,78.94879,0.00000,12,0,1598555.00000,0,20248.00000,0.00000,0.00000,0.00000,'COLGATE-PALMOLIVE INDUSTRIEL','0','GAZEL',''),(27815,2021,'27 RUE DU GENERAL DE GAULLE 68270 WITTENHEIM','0','RTE0000002581',9015.00000,57.36683,0.00000,12,0,517162.00000,0,9015.00000,0.00000,0.00000,0.00000,'K+S FRANCE','0','EDF',''),(27816,2022,'S.A. ORANO RECYCLAGE Site de La Hague 901 Direction technique Route d','FR20817439599','RTE0000001403',555423.00000,19.30040,1.89972,12,12,10719885.00000,0,555423.00000,548433.00000,1055148.00000,75600.00000,'ORANO RECYCLAGE','0','EDF','RTE'),(27817,2022,'LD LA TOURETTE - 30200 CHUSCLAN','0','RTE0000008679',36596.00000,18.84425,0.00000,12,0,689624.00000,0,36596.00000,0.00000,0.00000,0.00000,'ORANO RECYCLAGE','0','EDF',''),(27818,2022,'122 B AV DU GENERAL LECLERC - 76430 SANDOUVILLE','0','RTE0000001416',77734.00000,133.20318,0.00000,12,0,10354416.00000,0,77734.00000,0.00000,0.00000,0.00000,'RENAULT SANDOUVILLE','0','EDF',''),(27819,2021,'S.A.S. SET Soci','FR93440252666','RTE0000516686',284214.00000,45.58971,0.81199,12,12,12957233.00000,0,284214.00000,285035.00000,230779.00000,36000.00000,'SOCIETE D ENRICHISSEMENT DU TRICASTIN','0','EDF','RTE'),(27820,2021,'Site de AUBY rue Jean Jacques Rousseau 59950 AUBY France','FR80509378386','100035',20559.81600,75.25520,0.00000,12,0,1547233.00000,0,20559.81600,0.00000,0.00000,0.00000,'VM BUILDING SOLUTIONS','0','ALPIQ',''),(27821,2022,'Site de AUBY rue Jean Jacques Rousseau 59950 AUBY France','FR80509378386','100035',17343.01600,125.05881,0.00000,12,0,2168897.00000,0,17343.01600,0.00000,0.00000,0.00000,'VM BUILDING SOLUTIONS','0','ALPIQ',''),(27822,2021,'VM BUILDING SOLUTIONS Site de VIVIEZ Giratoire de Laubar','FR80509378386','102972',28870.75800,54.23398,7.56994,12,10,1565776.00000,0,28870.75800,24817.00000,218550.00000,7400.00000,'VM BUILDING SOLUTIONS','1','ALPIQ','RTE'),(27823,2022,'Site de Viviez Avenue Adam Grange 12110 VIVIEZ France','FR80509378386','102972',25352.35600,128.79221,0.00000,12,0,3265186.00000,0,25352.35600,0.00000,0.00000,0.00000,'VM BUILDING SOLUTIONS','0','ALPIQ',''),(27824,2022,'ROUSSELOT SAS * CARD * 00448 RTE DE PERNES 84800 L ISLE SUR LA SORGUE','FR87484870142','30002580044806',25880.00000,56.03679,15.92937,12,12,1450232.00000,0,25880.00000,0.00000,412252.00000,4224.00000,'ROUSSELOT ISLE SUR LA SORGUE','0','VATTENFALL','ENEDIS'),(27832,2021,'LAMINOIRS DES LANDES 40220 TARNOS','FR66479824583','50000103282956',13002.00000,39.41255,21.77888,12,12,512442.00000,0,13002.00000,1008.00000,283169.00000,4900.00000,'LAMINOIRS DES LANDES','0','ENGIE','ENEDIS'),(27833,2021,'FA5 11 RUE JOLIOT CURIE 08440 VIVIER AU COURT','0','30000420000196',18847.00000,55.86348,0.00000,12,0,1052859.00000,0,18847.00000,0.00000,0.00000,0.00000,'LA FONTE ARDENNAISE','0','EDF',''),(27834,2021,'USINE FA 4 08170 HAYBES','0','30000420077771',12078.00000,54.95190,0.00000,12,0,663709.00000,0,12078.00000,0.00000,0.00000,0.00000,'LA FONTE ARDENNAISE','0','EDF',''),(27835,2021,'USINE FA 1, 22 RUE JOLIOT CURIE 08440 VIVIER AU COURT','0','30000420450408',19166.00000,53.53741,0.00000,12,0,1026098.00000,0,19166.00000,0.00000,0.00000,0.00000,'LA FONTE ARDENNAISE','0','EDF',''),(27836,2022,'USINE FA 1, 22 RUE JOLIOT CURIE 08440 VIVIER AU COURT','0','30000420450408',18632.00000,103.33689,0.00000,11,0,1925373.00000,0,18632.00000,0.00000,0.00000,0.00000,'LA FONTE ARDENNAISE','1','EDF',''),(27837,2022,'USINE FA 4 08170 HAYBES','0','30000420077771',12535.00000,103.54152,0.00000,11,0,1297893.00000,0,12535.00000,0.00000,0.00000,0.00000,'LA FONTE ARDENNAISE','1','EDF',''),(27838,2022,'FA5 11 RUE JOLIOT CURIE 08440 VIVIER AU COURT','0','30000420000196',18437.00000,104.48696,0.00000,11,0,1926426.00000,0,18437.00000,0.00000,0.00000,0.00000,'LA FONTE ARDENNAISE','1','EDF',''),(27839,2022,'38 RUE DE VANNES BP 70332 35600 REDON','0','30001441030265',52261.00000,103.83957,0.00000,12,0,5426760.00000,0,52261.00000,0.00000,0.00000,0.00000,'AFC','0','EDF',''),(27840,2021,'38 RUE DE VANNES BP 70332 35600 REDON','0','30001441030265',53719.00000,55.01768,0.00000,12,0,2955495.00000,0,53719.00000,0.00000,0.00000,0.00000,'AFC','0','EDF',''),(27841,2022,'COMMENTRY 1 rue Marcel Lingot 03600 COMMENTRY','0','RTE : 3517',48683.00000,224.96132,0.00000,12,0,10951792.00000,0,48683.00000,0.00000,0.00000,0.00000,'ADISSEO FRANCE S.A.S.','0','ENGIE',''),(27842,2022,'LES ROCHES Avenue Berthelot 38370 SAINT CLAIRE DU RHONE','0','30001949928550',72025.00000,217.84877,0.00000,12,0,15690558.00000,0,72025.00000,0.00000,0.00000,0.00000,'ADISSEO FRANCE S.A.S.','0','ENGIE',''),(27843,2022,'Site de Gennevilliers 4 RUE PHILIPPE LEBON 92230 GENNEVILLIERS France','FR71833736101','30002150251954',3869.00000,103.73326,0.00000,12,0,401344.00000,0,3869.00000,0.00000,0.00000,0.00000,'PMC ISOCHEM','0','ALPIQ',''),(27844,2022,'Site de Vert le Petit 32 RUE LAVOISIER 91710 VERT - LE - PETIT France','FR71833736101','30002220435426',5156.00000,103.62393,0.00000,12,0,534285.00000,0,5156.00000,0.00000,0.00000,0.00000,'PMC ISOCHEM','0','ALPIQ',''),(27845,2022,'Site de Pithiviers 4 RUE MARC SANGNIER 45300 PITHIVIERS France','FR71833736101','30000950145154',8563.00000,102.58905,0.00000,12,0,878470.00000,0,8563.00000,0.00000,0.00000,0.00000,'PMC ISOCHEM','0','ALPIQ',''),(27847,2021,'Site de Gennevilliers 4 avenue Philippe Lebon ZI Val d\'Oise 92230 Gennevilliers FRANCE','FR71833736101','30002150251954',4240.00000,44.52429,0.00000,12,0,188783.00000,0,4240.00000,0.00000,0.00000,0.00000,'PMC ISOCHEM','0','ALPIQ',''),(27848,2021,'Site de Pithiviers 4 , rue Marc Sangnier 45300 Pithiviers FRANCE','FR71833736101','30000950145154',8205.00000,43.84132,0.00000,12,0,359718.00000,0,8205.00000,0.00000,0.00000,0.00000,'PMC ISOCHEM','0','ALPIQ',''),(27849,2021,'Site de Vert le Petit 32 , rue Lavoisier 91710 Vert le Petit FRANCE','FR71833736101','30002220435426',5047.00000,44.67208,0.00000,12,0,225460.00000,0,5047.00000,0.00000,0.00000,0.00000,'PMC ISOCHEM','0','ALPIQ',''),(27850,2021,'3 RUE DU GRAND PRE 60870 VILLERS ST PAUL','FR47820846830','50047866532543',6113.00000,47.06560,24.44397,12,12,287712.00000,0,6113.00000,0.00000,149426.00000,2250.00000,'TG GRISET','0','VALORIS','ENEDIS'),(27851,2021,'Site de VENISSIEUX 10 RUE DE L INDUSTRIE 69200 VENISSIEUX France','FR95 331 292 599','30001910892983',2267.00000,51.43979,0.00000,12,0,116614.00000,0,2267.00000,0.00000,0.00000,0.00000,'SAVOIE REFRACTAIRES','0','ALPIQ',''),(27852,2022,'RUE DU GRAND PRE 60870 VILLERS - SAINT - PAUL','FR47820846830','50047866532543',6857.00000,111.50109,23.55578,12,12,764563.00000,0,6857.00000,758555.00000,161522.00000,2250.00000,'TG GRISET','0','VALORIS','ENEDIS'),(27853,2021,'Site de AMBOISE 2 RUE DES SABLES 37401 AMBOISE France','FR47 669 801 243','30000970178998',2233.00000,50.43350,0.00000,12,0,112618.00000,0,2233.00000,0.00000,0.00000,0.00000,'SAINT-GOBAIN ABRASIFS','0','ALPIQ',''),(27854,2021,'9 rue Andre Sibellas GRENOBLE','0','60004160000156',9684.00000,67.35863,17.28129,12,12,652301.00000,0,9684.00000,9684.00000,167352.00000,1700.00000,'UMICORE SPECIALTY POWDERS FRANCE','0','ALPIQ','ESR'),(27855,2022,'9 rue Andre Sibellas GRENOBLE','0','60004160000156',10059.04700,127.24436,17.33663,12,12,1279957.00000,0,10059.04700,10059.00000,174390.00000,1700.00000,'UMICORE SPECIALTY POWDERS FRANCE','0','ALPIQ','GREENALP'),(27856,2022,'2 RUE DES SABLES 37530 NAZELLES NEGRON','FR47669801243','30000970178998',1902.00000,151.72660,22.07571,12,11,288584.00000,0,1902.00000,0.00000,41988.00000,71378.18182,'SAINT-GOBAIN ABRASIFS','1','ALPIQ','ENEDIS'),(27857,2022,'Site de MORU - PONTPOINT CHEMIN DES CERISIERS 60700 MORU - PONTPOINT France','FR 13 572 134 58','84202868400087',1557.00000,148.83815,0.00000,12,0,231741.00000,0,1557.00000,0.00000,0.00000,0.00000,'SOC D EXPLOITATION DE SABLES ET MINERAUX','0','ALPIQ',''),(28504,2021,'ADISSEO SAS AVENUE BERTHELOT 38370 ST CLAIR DU RHONE','FR82439436569','30001949928550',61057.00000,38.83031,18.17891,12,11,2370862.00000,0,61057.00000,3222187.00000,1109950.00000,17000.00000,'ADISSEO FRANCE S.A.S.','1','ENGIE','ENEDIS'),(28505,2022,'S.A.S. ORANO CHIMIE - ENRICHISSEMENT SITE DU TRICASTIN F - 26700 PIERRELATTE','FR88817439557','RTE0000008527',151854.00000,21.14965,7.28859,12,12,3211659.00000,0,151854.00000,156480.00000,1106802.00000,19682.33333,'ORANO CHIMIE-ENRICHISSEMENT','0','EDF','RTE'),(28506,2022,'RENAULT site de Flins Boulevard Pierre LEFAUCHEUX F - 78415 AUBERGENVILLE CEDEX','FR94410206205','RTE0000001336',81947.00000,133.53921,14.00747,12,12,10943138.00000,0,81947.00000,83511.00000,1147870.00000,21075.00000,'RENAULT FLINS','0','EDF','RTE'),(28507,2022,'DES VIGNES DES COTES - 55270 VARENNES-EN-ARGONNE','FR39847180064','30000420542199',962.00000,47.21518,0.00000,12,0,45421.00000,0,962.00000,0.00000,0.00000,0.00000,'ALK','0','ALPIQ',''),(28508,2022,'( RUE DE BREUIL 51140 VANDEUIL','FR39847180064','30000431032378',3876.00000,45.96414,16.95433,12,12,178157.00000,0,3876.00000,4022.00000,65715.00000,627.00000,'ALK','0','ALPIQ','ENEDIS'),(28509,2022,'S.A.S. SET Soci','FR93440252666','RTE0000516686',264839.00000,20.29897,1.21834,12,12,5375958.00000,0,264839.00000,279651.00000,322664.00000,36000.00000,'SOCIETE D ENRICHISSEMENT DU TRICASTIN','0','EDF','RTE'),(28510,2021,'','FR82439436569','RTE : 3517',57020.00000,38.32101,2.01594,12,12,2185064.00000,0,57020.00000,3481.00000,114949.00000,7694.00000,'ADISSEO FRANCE S.A.S.','0','ENGIE','RTE'),(28585,2022,'INNOSPEC PERFORMANCE CHEMICALS FRANCE ZONE INDUSTRIELLE BP19 55300 HAN SUR MEUSE','FR70377599162','30000520124380',17077.00000,85.55021,18.02682,12,12,1460941.00000,0,17077.00000,1364957.00000,307844.00000,2760.00000,'INNOSPEC PERFORMANCE CHEMICALS FRANCE','0','AXPO','ENEDIS'),(28586,2021,'CARD - SOITEC PDL2 BERNIN CH DES FLANQUES 38190 BERNIN','FR57384711909','30001934024360',59473.00000,41.71453,16.69847,12,12,2480888.00000,0,59473.00000,0.00000,993108.00000,765052.83333,'SOITEC','0','GAZEL','ENEDIS'),(28587,2021,'SOITEC SA Chemin des Fontaines 38190 BERNIN','FR57384711909','50008340736553',10105.00000,41.73102,20.10490,12,12,421692.00000,0,10105.00000,812999.00000,203160.00000,40875.00000,'SOITEC','0','GAZEL','ENEDIS'),(30031,2021,'LD LE PERRIER - 30220 AIGUES-MORTES','0','30002450001032',7747.00000,51.61766,0.00000,12,0,399882.00000,0,7747.00000,0.00000,0.00000,0.00000,'COMPAGNIE DES SALINS DU MIDI ET DES SALINES DE L\'EST','0','AXPO',''),(30032,2021,'4 RUE DES SALINES - 40100 DAX','0','30001640421649',8565.00000,48.41343,0.00000,12,0,414661.00000,0,8565.00000,0.00000,0.00000,0.00000,'COMPAGNIE DES SALINS DU MIDI ET DES SALINES DE L\'EST','0','AXPO',''),(30033,2021,'13129 Salins de Giraud','0','516573',3906.00000,46.52253,0.00000,12,0,181717.00000,0,3906.00000,0.00000,0.00000,0.00000,'COMPAGNIE DES SALINS DU MIDI ET DES SALINES DE L\'EST','0','AXPO',''),(30034,2021,'17 rue Gabriel Peri 54110 Varangeville','0','516572',105725.00000,49.37481,0.00000,12,0,5220152.00000,0,105725.00000,0.00000,0.00000,0.00000,'COMPAGNIE DES SALINS DU MIDI ET DES SALINES DE L\'EST','0','AXPO',''),(30035,2023,'LD LE PERRIER - 30220 AIGUES-MORTES','0','30002450001032',1449.00000,133.18910,0.00000,2,0,192991.00000,0,1449.00000,0.00000,0.00000,0.00000,'COMPAGNIE DES SALINS DU MIDI ET DES SALINES DE L\'EST','0','AXPO',''),(30036,2023,'13129 Salins de Giraud','0','516573',814.00000,133.15479,0.00000,2,0,108388.00000,0,814.00000,0.00000,0.00000,0.00000,'COMPAGNIE DES SALINS DU MIDI ET DES SALINES DE L\'EST','0','AXPO',''),(30037,2023,'4 RUE DES SALINES - 40100 DAX','0','30001640421649',1069.00000,133.08045,0.00000,2,0,142263.00000,0,1069.00000,0.00000,0.00000,0.00000,'COMPAGNIE DES SALINS DU MIDI ET DES SALINES DE L\'EST','0','AXPO',''),(30038,2023,'17 rue Gabriel Peri 54110 Varangeville','0','516572',16829.00000,132.53200,0.00000,2,0,2230381.00000,0,16829.00000,0.00000,0.00000,0.00000,'COMPAGNIE DES SALINS DU MIDI ET DES SALINES DE L\'EST','0','AXPO',''),(30039,2021,'Route de Maixe 54370 EINVILLE','0','30000510120770',4949.00000,48.86765,0.00000,12,0,241846.00000,0,4949.00000,0.00000,0.00000,0.00000,'SOCIETE DE LA SALINE D EINVILLE','0','AXPO',''),(30055,2021,'6 RUE DES GLIERES ZAE RUMILLY EST 74150 RUMILLY','0','30001950635976',502.00000,61.53785,23.74303,0,0,30892.00000,11,0.00000,0.00000,11919.00000,204.54545,'CARBURE DU CHERAN','1','EDF',''),(30057,2022,'Site de Bray et Lu 2 GRANDE RUE 95710 BRAY ET LU FRANCE','FR80509378386','30000220222560',1367.00000,114.41478,25.99195,0,0,156405.00000,12,0.00000,0.00000,35531.00000,640.00000,'VM BUILDING SOLUTIONS','0','ALPIQ',''),(30058,2023,'SALAISONS PHILIS ZONE ARTISANALE LES REGAINS 43100 VIEILLE BRIOUDE','0','30001790495379',670.00000,160.58657,18.30896,0,0,107593.00000,6,0.00000,0.00000,12267.00000,175.00000,'SALAISONS PHILIS','1','ENGIE',''),(30059,2021,'41 ROUTE DE FIRMINY 42240 ST MAURICE EN GOURGOIS','0','30001980116836',452.00000,60.29646,33.74115,0,0,27254.00000,12,0.00000,0.00000,15251.00000,142.50000,'ENTREPOTS FRIGORIFIQUES DU VELAY','0','EDF',''),(30061,2021,'RUE JEAN BAPTISTE LAMARCK 43700 ST GERMAIN LAPRADE','0','50023733675058',874.00000,56.70366,19.47712,0,0,49559.00000,12,0.00000,0.00000,17023.00000,241.66667,'ENTREPOTS FRIGORIFIQUES DU VELAY','0','EDF',''),(30063,2021,'ZONE INDUSRIELLE 43700 SAINT GERMAIN LAPRADE','0','30001790436655',963.00000,48.83178,16.91693,0,0,47025.00000,12,0.00000,0.00000,16291.00000,182.16667,'ENTREPOTS FRIGORIFIQUES DU VELAY','0','PRIMEO',''),(30064,2021,'9 RUE DE NEUWILLER 67330 BOUXWILLER','0','67061 / E2 / 8000147',3016.00000,55.87334,17.71220,0,0,168514.00000,11,0.00000,0.00000,53420.00000,740.00000,'SECO TOOLS TOOLING SYSTEMS','0','ES',''),(30066,2021,'9 RUE DE NEUWILLER 67330 BOUXWILLER','0','67061 / E1 / 8002240',24.00000,102.00000,76.41667,0,0,2448.00000,11,0.00000,0.00000,1834.00000,0.00000,'SECO TOOLS TOOLING SYSTEMS','0','ES',''),(30067,2021,'LACHETEAU LA FREMONDERIE 49230 SEVREMOINE','0','50073371871067',933.00000,34.71811,16.34512,0,0,32392.00000,12,0.00000,0.00000,15250.00000,0.00000,'LACHETEAU','0','ENGIE',''),(30069,2021,'LACHETEAU L ETANG DU VIGNON 37210 ROCHECORBON','0','30000971284332',976.00000,46.37295,20.17623,0,0,45260.00000,12,0.00000,0.00000,19692.00000,0.00000,'LACHETEAU','0','ENGIE',''),(30071,2021,'LACHETEAU LA SABLETTE 44330 MOUZILLON','0','30001421868760',1692.00000,47.32801,19.64421,0,0,80079.00000,12,0.00000,0.00000,33238.00000,0.00000,'LACHETEAU','0','ENGIE',''),(30072,2021,'LACHETEAU ZI LA SAULAIE 49700 DOUE EN ANJOU','0','30000930386972',1391.00000,43.66499,18.44069,0,0,60738.00000,11,0.00000,0.00000,25651.00000,0.00000,'LACHETEAU','0','ENGIE',''),(30074,2021,'LACHETEAU ZI 37150 BLERE','0','30000971075424',7892.44200,1.22104,0.98094,0,0,9637.00000,13,0.00000,0.00000,7742.00000,1498.84615,'LACHETEAU','0','ENGIE',''),(30076,2021,'1 RUE DU VENDANGEOIR SCHARRACHBERGHEIM IRMSTETT','0','67442 / E2 / 8001072',59.00000,54.01695,42.86441,0,0,3187.00000,12,0.00000,0.00000,2529.00000,25.08333,'ARTHUR METZ','0','ES',''),(30078,2021,'102 RUE DU GENERAL DE GAULLE MARLENHEIM','0','67282 / E2 / 8000723',1909.00000,47.10058,19.22315,0,0,89915.00000,12,0.00000,0.00000,36697.00000,555.50000,'ARTHUR METZ','0','ES',''),(30079,2021,'ARTHUR METZ 23 RUE SAINTE MARGUERITE 67680 EPFIG','0','30000631189630',255.00000,44.67843,24.99608,0,0,11393.00000,12,0.00000,0.00000,6374.00000,295.83333,'ARTHUR METZ','0','ENGIE',''),(30081,2022,'ROUTE DE HASLACH 57500 SAINT AVOLD','0','61612792305869',1485.00000,70.57508,20.50034,0,0,104804.00000,12,0.00000,0.00000,30443.00000,268.83333,'SNF COAGULANTS','0','ENERGIS',''),(30082,2021,'Site de LES ORMES SUR VOULZIE 25 ROUTE DE BRAY 77134 LES ORMES SUR VOULZIE France','FR95 331 292 599','30002210000844',1270.00000,49.48976,18.47165,0,0,62852.00000,11,0.00000,0.00000,23459.00000,371.00000,'SAVOIE REFRACTAIRES','0','ALPIQ',''),(30083,2022,'Site de Marcheprime ROUTE DU BARP 33380 MARCHEPRIME FRANCE','FR 13 572 134 58','30001610277707',933.00000,142.63880,27.04287,0,0,133082.00000,12,0.00000,0.00000,25231.00000,503.00000,'SOC D EXPLOITATION DE SABLES ET MINERAUX','0','ALPIQ',''),(30084,2022,'Site de BUTHIERS SITE 2 SABLIERES DE RONCEVEAUX 77760 BUTHIERS FRANCE','FR 13 572 134 58','30002210010634',2774.00000,146.21738,20.28695,0,0,405607.00000,12,0.00000,0.00000,56276.00000,866.00000,'SOC D EXPLOITATION DE SABLES ET MINERAUX','0','ALPIQ',''),(30085,2022,'BELLE ORGE 88110 RAON L ETAPE','0','30000510156970',2532.00000,82.58175,27.44945,0,0,209097.00000,12,0.00000,0.00000,69502.00000,2079.00000,'PTP INDUSTRY','0','ALTERNA',''),(30086,2021,'ROUTE DE HASLACH 57500 SAINT AVOLD','0','61612792305869',1478.00000,41.57375,20.28890,0,0,61446.00000,12,0.00000,0.00000,29987.00000,257.75000,'SNF COAGULANTS','0','ENERGIS',''),(30087,2021,'BELLE ORGE 88110 RAON L ETAPE','FR 95 542 110 556','30000510156970',2551.00000,65.78048,25.65425,0,0,167806.00000,12,0.00000,0.00000,65444.00000,2079.00000,'PTP INDUSTRY','0','GAZEL',''),(30088,2021,'AVENUE JEAN JAURES BP 4 12110 VIVIEZ','0','30002350173010',6795.00000,49.99220,16.77410,0,0,339697.00000,12,0.00000,0.00000,113980.00000,1631.66667,'SOC NOUVELLE D\'AFFINAGE DES METAUX','0','EDF',''),(30089,2021,'RUE DE PHALSBOURG SARRE UNION','0','67434 / E1 / 0726535',98.00000,101.20408,39.38776,0,0,9918.00000,11,0.00000,0.00000,3860.00000,62.18182,'RESEAUX DE CHALEUR URBAINS DE L\'EST','0','ES',''),(30091,2022,'RUE DE LA FONDERIE ANCENIS 44150 ANCENIS ST GEREON','0','30001421073317',5191.00000,144.82778,18.80890,0,0,751801.00000,12,0.00000,0.00000,97637.00000,1444.33333,'GROUPE BOUHYER','0','ALTERNA',''),(30092,2021,'294 CHEMIN DE LAVALETTE 82100 CASTELSARRASIN','0','30002321169375',3758.00000,55.31772,17.57877,0,0,207884.00000,13,0.00000,0.00000,66061.00000,923.00000,'ALUDIUM FRANCE','0','ENI',''),(30093,2022,'294 CHEMIN DE LAVALETTE 82100 CASTELSARRASIN','0','30002321169375',2915.00000,95.33310,21.75129,0,0,277896.00000,12,0.00000,0.00000,63405.00000,0.00000,'ALUDIUM FRANCE','0','ENGIE',''),(30094,1900,'USINE PONT LES BRIE 80200 VILLERS - CARBONNEL','0','80801 / E2 / 0004227',754.00000,53.52520,85.97480,0,0,40358.00000,3,0.00000,0.00000,64825.00000,582.66667,'OVERCHEM','0','',''),(30095,2021,'USINE PONT LES BRIE 80200 VILLERS - CARBONNEL','0','80801 / E2 / 0004227',3398.00000,48.58122,14.83049,0,0,165079.00000,13,0.00000,0.00000,50394.00000,502.30769,'OVERCHEM','0','PROXELIA',''),(30107,2022,'ZI DU RAGNON 18390 ST GERMAIN DU PUY','0','30001770528008',1048.28600,344.00822,19.52425,0,0,360619.00000,12,0.00000,0.00000,20467.00000,5219.83333,'INITIA FOOD SAS','0','SYNELVA',''),(30108,2021,'ZI DU RAGNON 18390 ST GERMAIN DU PUY','FR 65 502 750 565','30001770528008',919.00000,54.12078,21.84875,0,0,49737.00000,12,0.00000,0.00000,20079.00000,153.16667,'INITIA FOOD SAS','0','GAZEL',''),(31144,2022,'AVENUE JEAN JAURES BP 4 12110 VIVIEZ','0','30002350173010',5458.00000,47.34775,21.34097,0,0,258424.00000,12,0.00000,0.00000,116479.00000,1626.16667,'SOC NOUVELLE D\'AFFINAGE DES METAUX','0','EDF',''),(31145,2023,'6 RUE DES GLIERES ZAE RUMILLY EST 74150 RUMILLY','0','30001950635976',437.00000,160.96568,24.13730,0,0,70342.00000,9,0.00000,0.00000,10548.00000,22.22222,'CARBURE DU CHERAN','1','PRIMEO',''),(31146,2020,'9 RUE DE NEUWILLER 67330 BOUXWILLER','0','67061 / E2 / 8000147',228.00000,81.52632,131.28509,0,0,18588.00000,1,0.00000,0.00000,29933.00000,740.00000,'SECO TOOLS TOOLING SYSTEMS','0','ES',''),(31147,2023,'9 RUE DE NEUWILLER 67330 BOUXWILLER','0','67061 / E2 / 8000147',684.00000,315.04678,22.12719,0,0,215492.00000,3,0.00000,0.00000,15135.00000,740.00000,'SECO TOOLS TOOLING SYSTEMS','0','ES',''),(31148,2023,'9 RUE DE NEUWILLER 67330 BOUXWILLER','0','67061 / E1 / 8002240',6.52500,575.78544,77.54789,0,0,3757.00000,3,0.00000,0.00000,506.00000,0.00000,'SECO TOOLS TOOLING SYSTEMS','0','ES',''),(31149,2021,'RUE JULIEN CHAMPCLOS ZAC DE FONTANILLE 63370 LEMPDES','0','50049297534903',793.00000,42.54224,23.66078,0,0,33736.00000,9,0.00000,0.00000,18763.00000,238.88889,'ENTREPOTS FRIGORIFIQUES DES VOLCANS E.F.V.','0','EDF',''),(31574,2021,'ROUTE DE TAULIGNAN 84600 GRILLON','0','30001970386589',6970.00000,56.32669,0.00000,12,0,392597.00000,0,6970.00000,0.00000,0.00000,0.00000,'GERFLOR PROVENCE SNC','0','EDF',''),(31575,2021,'ZI DU BOIS DES LOTS 26130 ST PAUL TROIS CHATEAUX','FR23722980224','50077533486344',58466.00000,54.12176,18.71149,12,12,3164283.00000,0,58466.00000,0.00000,1093986.00000,11828.00000,'GERFLOR PROVENCE SNC','0','EDF','ENEDIS'),(31576,2021,'chemin du Danguin 69170 TARARE','FR00433605128','30001940632492',20495.00000,54.39761,19.30403,12,12,1114879.00000,0,20495.00000,0.00000,395636.00000,5100.00000,'GERFLOR TARARE SNC','0','EDF','ENEDIS'),(31577,2021,'ZI VINDRY 69490 ST LOUP','0','30001940793248',1572.00000,55.07888,0.00000,12,0,86584.00000,0,1572.00000,0.00000,0.00000,0.00000,'GERFLOR TARARE SNC','0','EDF',''),(32665,2021,'','FR42421065467','ME - GIE - CHIMIE SALINDRES - P.3.1',35214.00000,0.00000,4.72065,0,12,0.00000,0,0.00000,35214.00000,166233.00000,6140.00000,'GIE CHIMIE SALINDRES','0','','RTE'),(32666,2021,'','FR14422382168','RA - OSIRIS - GIE - P - 3-2',175388.00000,0.00000,6.67375,0,12,0.00000,0,0.00000,175388.00000,1170495.00000,33022.00000,'OSIRIS','0','','RTE'),(32667,2021,'','FR60998269211','NP - 1388 - CHANTEREINE - CNREI - P - 3.2',137512.00000,0.00000,4.85367,0,12,0.00000,0,0.00000,137512.00000,667438.00000,24100.00000,'SAINT GOBAIN GLASS FRANCE','0','','RTE'),(32668,2022,'PARC INDUSTRIEL DE L ERETTE 44810 HERIC','0','30001421729285',1614.00000,87.56382,25.05328,0,0,141328.00000,11,0.00000,0.00000,40436.00000,508.45455,'CILA CENTRE D\'IMPRESSION LOIRE ATLANTIQUE','0','EDF',''),(32669,2022,'6 ROUTE DE LA FERTE SOUS JOUARRE 77440 MARY SUR MARNE','0','30002210566132',29215.00000,82.11330,16.66233,0,0,2398940.00000,12,0.00000,0.00000,486790.00000,0.00000,'HELIO PRINT','0','EDF',''),(32670,2022,'79 ROUTE DE ROISSY 93290 TREMBLAY EN FRANCE','0','30002252280899',7441.00000,82.18385,23.59575,0,0,611530.00000,12,0.00000,0.00000,175576.00000,0.00000,'L\'IMPRIMERIE','0','EDF',''),(32671,2022,'ZAC DU POLE ACTIF LIEU DIT LAURE 30660 GALLARGUES','0','30002451123310',2873.00000,82.26662,22.84859,0,0,236352.00000,12,0.00000,0.00000,65644.00000,1013.66667,'MIDI PRINT','0','EDF',''),(32672,2022,'1 BOULEVARD D ITALIE 77127 LIEUSAINT','0','50031947448205',6106.00000,82.14510,18.25729,0,0,501578.00000,12,0.00000,0.00000,111479.00000,1144.75000,'NEWSPRINT','0','EDF',''),(32673,2022,'30 RUE RASPAIL 93120 LA COURNEUVE','0','30002252244010',3205.00000,82.26115,21.34914,0,0,263647.00000,12,0.00000,0.00000,68424.00000,838.83333,'PARIS OFFSET PRINT','0','EDF',''),(32674,2022,'103 QUAI JEAN PIERRE FOUGERAT 44220 COUERON','0','30001420404173',2367.00000,189.04098,20.16561,0,0,447460.00000,12,0.00000,0.00000,47732.00000,800.00000,'NGK BERYLCO FRANCE','0','EDF',''),(32675,2021,'FRANCOIS MARTENOT RD 974 21190 MEURSAULT','0','30001220438446',2083.00000,44.09794,17.49352,0,0,91856.00000,12,0.00000,0.00000,36439.00000,0.00000,'FRANCOIS MARTENOT','0','ENGIE',''),(32676,2021,'FRANCOIS MARTENOT ZI BEAUNE VIGNOLES 21200 VIGNOLES','0','30001220122127',1270.00000,48.91260,20.07402,0,0,62119.00000,12,0.00000,0.00000,25494.00000,0.00000,'FRANCOIS MARTENOT','0','ENGIE',''),(32677,2021,'ROUTE DE BALIZAC 33720 LANDIRAS','0','30001610979357',12149.00000,50.19689,18.40736,0,0,609842.00000,11,0.00000,0.00000,223631.00000,0.00000,'LES GRANDS CHAIS DE FRANCE','0','ENGIE',''),(32678,2021,'LA MAISON DU VIGNERON ROUTE DE CHAMPAGNOLE 39570 HAUTEROCHE','0','30000650209570',1752.00000,52.13527,18.61244,0,0,91341.00000,12,0.00000,0.00000,32609.00000,0.00000,'LA MAISON DU VIGNERON','0','ENGIE',''),(32679,2021,'1 RUE DE LA DIVISION LECLERC PETERSBACH','0','67370 / E2 / 8000973',9400.00000,46.82319,17.27670,0,0,440138.00000,12,0.00000,0.00000,162401.00000,1374.00000,'LES GRANDS CHAIS DE FRANCE','0','ES',''),(32680,2021,'RUE DES VERGERS PETERSBACH','0','67370 / E1 / 8004374',566.00000,49.11131,33.88516,0,0,27797.00000,12,0.00000,0.00000,19179.00000,26.58333,'LES GRANDS CHAIS DE FRANCE','0','ES',''),(32681,2021,'21 RUE DES FRERES LUMIERE 77100 MEAUX','0','30002210481101',430.00000,93.09302,45.84419,0,0,40030.00000,12,0.00000,0.00000,19713.00000,0.00000,'COMITEC','0','ENGIE',''),(32682,2021,'PAUL SAPIN RN6 LA VERCHERE 71570 LA CHAPELLE DE GUINCHAY','0','30001210915650',1259.00000,51.50596,19.53058,0,0,64846.00000,12,0.00000,0.00000,24589.00000,0.00000,'PAUL SAPIN SA','0','ENGIE',''),(32683,2021,'PARC INDUSTRIEL PLAINE DE L AIN 01150 ST VULBAS','0','30001991206196',983.00000,48.61750,26.61750,0,0,47791.00000,13,0.00000,0.00000,26165.00000,662.00000,'C I R A CENTRE D IMPRESSION RHONE ALPES','0','EDF',''),(32684,2021,'SARL CAROD 26340 VERCHENY','0','30001974068709',822.00000,47.26521,21.78345,0,0,38852.00000,12,0.00000,0.00000,17906.00000,0.00000,'CAROD','0','ENGIE',''),(32685,2021,'PARC INDUSTRIEL DE L ERETTE 44810 HERIC','0','30001421729285',1533.00000,45.46445,27.25179,0,0,69697.00000,10,0.00000,0.00000,41777.00000,620.90000,'CILA CENTRE D\'IMPRESSION LOIRE ATLANTIQUE','0','EDF',''),(32686,2021,'ZAC DU POLE ACTIF LIEU DIT LAURE 30660 GALLARGUES','0','30002451123310',2973.00000,45.90582,22.19677,0,0,136478.00000,12,0.00000,0.00000,65991.00000,1250.91667,'MIDI PRINT','0','EDF',''),(32687,2021,'1 BOULEVARD D ITALIE 77127 LIEUSAINT','0','50031947448205',6699.00000,45.54023,17.68070,0,0,305074.00000,12,0.00000,0.00000,118443.00000,1310.75000,'NEWSPRINT','0','EDF',''),(32688,2021,'1 , avenue de l\'Europe 49230 ST GERMAIN SUR MOINE','0','30000931459339',1279.00000,60.82877,22.29007,0,0,77800.00000,11,0.00000,0.00000,28509.00000,185.90909,'PACK ALIM','0','ENI',''),(32689,2021,'SALAISONS PHILIS ZONE ARTISANALE LES REGAINS 43100 VIEILLE BRIOUDE','0','30001790495379',1690.00000,53.13609,27.94379,0,0,89800.00000,12,0.00000,0.00000,47225.00000,282.00000,'SALAISONS PHILIS','0','ENGIE',''),(32691,2021,'ZONE ARTISANALE 25410 VELESMES ESSARTS','FR 63 521 718 882','30000654066517',777.00000,53.81338,25.56628,0,0,41813.00000,12,0.00000,0.00000,19865.00000,234.91667,'ATLANTIDE ENVIRONNEMENT','0','GAZEL',''),(32692,2021,'1 RUE DE LA SALINE 54110 DOMBASLE SUR MEURTHE','0','30000510248773',1939.00000,59.92264,19.04848,0,0,116190.00000,12,0.00000,0.00000,36935.00000,424.00000,'K+S FRANCE','0','EDF',''),(32693,2021,'Site de Bray et Lu 2 GRANDE RUE 95710 BRAY ET LU FRANCE','FR80509378386','30000220222560',1912.00000,53.70188,21.01412,0,0,102678.00000,12,0.00000,0.00000,40179.00000,640.00000,'VM BUILDING SOLUTIONS','0','ALPIQ',''),(32694,2021,'6 ROUTE DE LA FERTE SOUS JOUARRE 77440 MARY SUR MARNE','0','30002210566132',28610.00000,45.97885,16.81181,0,0,1315455.00000,12,0.00000,0.00000,480986.00000,2494.08333,'HELIO PRINT','0','EDF',''),(32695,2021,'ST GOBAIN PAM CANALISATION SITE DE PONT A MOUSSON 23 Avenue Camille Cavalier F - 54700 PONT A MOUSSON','FR93815145347','FE - St Gobain - Pont a Mousson - P - 3.2',128990.00000,0.00000,12.96933,0,12,0.00000,0,0.00000,128990.00000,1672914.00000,30000.00000,'SAINT-GOBAIN PAM HOLDING','0','','RTE'),(32709,0,'','','',0.00000,0.00000,0.00000,0,0,0.00000,0,0.00000,0.00000,0.00000,0.00000,'','0','',''),(32710,2020,'ROUTE DE LA BARRE 40220 TARNOS','FR66479824583','50000103282956',0.00000,0.00000,0.00000,0,1,0.00000,0,0.00000,0.00000,22887.00000,4900.00000,'LAMINOIRS DES LANDES','0','','ENEDIS'),(32711,2020,'Rue des Marguerites 01000 BOURG EN BRESSE','FR82428593230','30001990393798',0.00000,0.00000,0.00000,0,1,0.00000,0,0.00000,0.00000,26752.00000,3500.00000,'NEXANS FRANCE','0','','ENEDIS'),(32788,2022,'1 AVENUE DE L EUROPE 49450 SEVREMOINE','0','30000931459339',1193.00000,125.02934,19.19782,0,0,149160.00000,12,0.00000,0.00000,22903.00000,282.00000,'PACK ALIM','0','ENI',''),(32789,2021,'ROUTE DE SONGY 51300 PRINGY','FR31487991648','30000430794403',11097.00000,48.25520,19.93647,5,6,535488.00000,0,11097.00000,0.00000,221235.00000,101679.50000,'MALTEUROP FRANCE','0','EDF','ENEDIS'),(32791,2022,'ROUTE DE SONGY 51300 PRINGY','FR31487991648','30000430794403',13000.00000,94.98231,14.85477,7,6,1234770.00000,0,13000.00000,0.00000,193112.00000,40642.00000,'MALTEUROP FRANCE','0','EDF','ENEDIS'),(32792,2021,'21 ROUTE DE BITCHE NIEDERBRONN LES BAINS','0','67324 / E2 / 8007985',12042.00000,0.00000,23.48065,0,10,0.00000,0,0.00000,12042.00000,282754.00000,5160.00000,'FONDERIE DE NIEDERBRONN','0','','ESR'),(32795,0,'','','',0.00000,0.00000,0.00000,0,0,0.00000,0,0.00000,0.00000,0.00000,0.00000,'','0','',''),(32797,0,'','','',0.00000,0.00000,0.00000,0,0,0.00000,0,0.00000,0.00000,0.00000,0.00000,'','0','',''),(32799,0,'','','',0.00000,0.00000,0.00000,0,0,0.00000,0,0.00000,0.00000,0.00000,0.00000,'','0','',''),(32801,0,'','','',0.00000,0.00000,0.00000,0,0,0.00000,0,0.00000,0.00000,0.00000,0.00000,'','0','',''),(32803,0,'','','',0.00000,0.00000,0.00000,0,0,0.00000,0,0.00000,0.00000,0.00000,0.00000,'','0','',''),(32805,0,'','','',0.00000,0.00000,0.00000,0,0,0.00000,0,0.00000,0.00000,0.00000,0.00000,'','0','',''),(32807,0,'','','',0.00000,0.00000,0.00000,0,0,0.00000,0,0.00000,0.00000,0.00000,0.00000,'','0','',''),(32809,0,'','','',0.00000,0.00000,0.00000,0,0,0.00000,0,0.00000,0.00000,0.00000,0.00000,'','0','',''),(32811,0,'','','',0.00000,0.00000,0.00000,0,0,0.00000,0,0.00000,0.00000,0.00000,0.00000,'','0','',''),(32813,0,'','','',0.00000,0.00000,0.00000,0,0,0.00000,0,0.00000,0.00000,0.00000,0.00000,'','0','',''),(32815,0,'','','',0.00000,0.00000,0.00000,0,0,0.00000,0,0.00000,0.00000,0.00000,0.00000,'','0','',''),(32817,0,'','','',0.00000,0.00000,0.00000,0,0,0.00000,0,0.00000,0.00000,0.00000,0.00000,'','0','',''),(32964,2022,'','FR42421065467','ME - GIE - CHIMIE SALINDRES - P.3.1',46400.00000,0.00000,11.85558,0,11,0.00000,0,0.00000,46400.00000,550099.00000,8330.18182,'GIE CHIMIE SALINDRES','0','','RTE'),(32965,2022,'','FR60998269211','NP - 1388 - CHANTEREINE - CNREI - P - 3.2',128839.00000,0.00000,11.79125,0,11,0.00000,0,0.00000,128839.00000,1519173.00000,24100.00000,'SAINT GOBAIN GLASS FRANCE','0','','RTE'),(32966,2022,'S.A. SOBEGI Plateforme Induslacq RD 817 F - 64170 LACQ','FR25300881265','SO - 14080 - LACQ - LACQ5 - P - 3.2',67721.00000,0.00000,12.31949,0,12,0.00000,0,0.00000,67721.00000,834288.00000,28690.00000,'STE BEARNAISE DE GESTION INDUSTRIELLE','0','','RTE'),(32967,2022,'','FR20639804566','4513',348540.05800,94.28396,4.23497,12,12,32861737.00000,0,348540.05800,103499.00000,1476055.00000,32000.00000,'SYLVAMO FRANCE SA','0','ALPIQ','RTE'),(32968,0,'','','',0.00000,0.00000,0.00000,0,0,0.00000,0,0.00000,0.00000,0.00000,0.00000,'','0','',''),(32969,2022,'* CARD * SAINT GOBAIN ABRASIFS rue de l\'ambassadeur 78700 CONFLANS STE HONORINE','FR47669801243','30002110594354',5933.10000,0.00000,20.44462,0,9,0.00000,0,0.00000,5933.10000,121300.00000,1840.00000,'SAINT-GOBAIN ABRASIFS','0','','ENEDIS'),(32970,2022,'( RUE PEYREHITTE - 65300 LANNEMEZAN -','0','MV000045',6888.00000,0.00000,19.24710,0,1,0.00000,0,0.00000,6888.00000,132574.00000,9700.00000,'SOCIETE D\'ENRICHISSEMENT DU TRICASTIN','0','','ESL'),(33035,2023,'CARD - SOITEC PDL2 BERNIN CH DES FLANQUES 38190 BERNIN','FR57384711909','30001934024360',57587.00000,179.46464,18.90960,11,12,10334830.00000,0,57587.00000,59582.00000,1088947.00000,484447.75000,'SOITEC','0','GAZEL','ENEDIS'),(33036,2023,'Route de Maixe 54370 EINVILLE','FR01765801287','30000510120770',128.00000,162.54688,0.00000,1,0,20806.00000,0,128.00000,0.00000,0.00000,0.00000,'SOCIETE DE LA SALINE D EINVILLE','0','AXPO',''),(33037,2023,'43 BOULEVARD GARIBALDI 69170 TARARE','0','30001940632492',21900.00000,240.29548,0.00000,13,0,5262471.00000,0,21900.00000,0.00000,0.00000,0.00000,'GERFLOR TARARE SNC','0','EDF',''),(33038,2022,'203 RUE DE WERVICK - BP 17 59560 COMINES','0','30000110336494',1073.00000,153.86859,0.00000,1,0,165101.00000,0,1073.00000,0.00000,0.00000,0.00000,'VENATOR PIGMENTS FRANCE SAS','0','SOLVAY',''),(33039,2023,'14 AVENUE BERTHELOT 38370 ST CLAIR DU RHONE','0','50070442312583',5368.00000,208.34817,16.37835,0,0,1118413.00000,8,0.00000,0.00000,87919.00000,1165.00000,'PRAYON','0','EDF',''),(33040,2021,'14 AVENUE BERTHELOT 38370 ST CLAIR DU RHONE','0','50070442312583',8813.00000,46.43152,16.36242,0,0,409201.00000,12,0.00000,0.00000,144202.00000,1327.50000,'PRAYON','0','EDF',''),(33191,2023,'1 AVENUE DE L EUROPE 49450 SEVREMOINE','0','30000931459339',1020.00000,205.13922,17.57843,0,0,209242.00000,10,0.00000,0.00000,17930.00000,282.00000,'PACK ALIM','0','ENI',''),(33192,0,'','','',0.00000,0.00000,0.00000,0,0,0.00000,0,0.00000,0.00000,0.00000,0.00000,'','0','',''),(33193,2021,'','FR20639804566','4513',332881.66500,52.10413,4.32627,12,12,17344508.00000,0,332881.66500,102316.00000,1440137.00000,32000.00000,'SYLVAMO FRANCE SA','0','ALPIQ','RTE'),(33752,2021,'S.A.S. SUD OUEST LEGUMES ALLIANCE SOLEAL SITE DE BORDERES ET LAMENSANS 239 ROUTE DE CASTANDET F - 40270 BORDERES ET LAMENSAN','FR31352468292','RTE0000516819',12913.00000,42.58522,14.09123,13,12,549903.00000,0,12913.00000,13347.00000,181960.00000,2701.00000,'SUD OUEST LEGUMES ALLIANCE SOLEAL','0','EDF','RTE'),(33754,2022,'S.A.S. SUD OUEST LEGUMES ALLIANCE SOLEAL 239 ROUTE DE CASTANDET SITE DE BORDERES ET LAMENSANS F - 40270 BORDERES ET LAMENSAN','FR31352468292','RTE0000516819',12980.00000,38.62080,13.43713,14,12,501298.00000,0,12980.00000,12980.00000,174414.00000,2701.00000,'SUD OUEST LEGUMES ALLIANCE SOLEAL','0','EDF','RTE'),(33755,2023,'S.A.S. SUD OUEST LEGUMES ALLIANCE SOLEAL SITE DE BORDERES ET LAMENSANS 239 ROUTE DE CASTANDET F - 40270 BORDERES ET LAMENSAN','FR31352468292','RTE0000516819',9796.00000,78.54716,7.84351,9,10,769448.00000,0,9796.00000,11923.00000,76835.00000,2679.90000,'SUD OUEST LEGUMES ALLIANCE SOLEAL','0','EDF','RTE'),(33756,2021,'SOLEAL SAS LAGUNAGE SITE DE BORDERES 239 ROUTE DE CASTANDET . 40270 BORDERES ET LAMENSANS','FR31352468292','30001640573617',1910.00000,39.28639,21.98010,14,12,75037.00000,0,1910.00000,179.00000,41982.00000,79109.25000,'SUD OUEST LEGUMES ALLIANCE SOLEAL','0','EDF','ENEDIS'),(33757,2022,'SOLEAL SAS LAGUNAGE SITE DE BORDERES 239 ROUTE DE CASTANDET 40270 BORDERES ET LAMENSANS','FR31352468292','30001640573617',1032.00000,55.82849,33.08915,14,12,57615.00000,0,1032.00000,0.00000,34148.00000,71860.25000,'SUD OUEST LEGUMES ALLIANCE SOLEAL','0','EDF','ENEDIS'),(33758,2023,'SOLEAL SAS LAGUNAGE SITE DE BORDERES 239 ROUTE DE CASTANDET 40270 BORDERES ET LAMENSANS','FR31352468292','30001640573617',1253.00000,68.95770,23.71269,10,10,86404.00000,0,1253.00000,0.00000,29712.00000,71528.40000,'SUD OUEST LEGUMES ALLIANCE SOLEAL','0','EDF','ENEDIS'),(34064,2021,'ROND POINT DE LONDRES 34000 MONTPELLIER','0','30002431093460',7017.00000,45.08950,16.85079,0,0,316393.00000,12,0.00000,0.00000,118242.00000,1510.00000,'SOC EQUIPEMENT REGION MONTPELLIERAINE','0','EDF',''),(34065,2021,'1 PLACE F. PONGE 34000 MONTPELLIER','0','50063965259910',4209.00000,45.12735,18.48563,0,0,189941.00000,12,0.00000,0.00000,77806.00000,1298.00000,'SOC EQUIPEMENT REGION MONTPELLIERAINE','0','EDF',''),(34066,2021,'RUE DE VALENCAY 34000 MONTPELLIER','0','30002431106522',3592.00000,45.13697,11.69905,0,0,162132.00000,12,0.00000,0.00000,42023.00000,898.00000,'SOC EQUIPEMENT REGION MONTPELLIERAINE','0','EDF',''),(34295,2021,'Site SMRC BLAINVILLE SUR ORNE 1 USINE PAUL DURLACH 14550 BLAINVILLE SUR ORNE','0','30000241279506',208.00000,52.00481,137.17308,0,0,10817.00000,12,0.00000,0.00000,28532.00000,0.00000,'SMRC AUTOMOTIVE MODULES FRANCE SAS','0','GAZEL',''),(34309,2021,'','0','30000130150560',12244.00000,50.80170,83.10005,0,0,622016.00000,12,0.00000,0.00000,1017477.00000,0.00000,'SMRC AUTOMOTIVE MODULES FRANCE SAS','0','GAZEL',''),(34323,2021,'SMRC HARNES 62440 HARNES','0','30000130887736',1262.00000,51.04041,87.42948,0,0,64413.00000,12,0.00000,0.00000,110336.00000,425.00000,'SMRC AUTOMOTIVE MODULES FRANCE SAS','0','GAZEL',''),(34337,0,'','','',0.00000,0.00000,0.00000,0,0,0.00000,0,0.00000,0.00000,0.00000,0.00000,'','0','',''),(34351,0,'','','',0.00000,0.00000,0.00000,0,0,0.00000,0,0.00000,0.00000,0.00000,0.00000,'','0','',''),(34364,0,'','','',0.00000,0.00000,0.00000,0,0,0.00000,0,0.00000,0.00000,0.00000,0.00000,'','0','',''),(34578,2022,'ZI DU BOIS DES LOTS 26130 ST PAUL TROIS CHATEAUX','0','30001940632492',21166.00000,66.46239,0.00000,12,0,1406743.00000,0,21166.00000,0.00000,0.00000,0.00000,'GERFLOR TARARE SNC','0','EDF',''),(34579,2022,'ZI DU BOIS DES LOTS 26130 ST PAUL TROIS CHATEAUX','FR23722980224','50077533486344',57728.00000,66.11866,18.44370,12,12,3816898.00000,0,57728.00000,57973.00000,1064718.00000,12064.00000,'GERFLOR PROVENCE SNC','0','EDF','ENEDIS'),(34823,2021,'SMRC BLAINVILLE SUR ORNE 1 USINE PAUL DURLACH 14550 BLAINVILLE SUR ORNE','0','30000241279506',208.00000,52.00481,69.09135,0,0,10817.00000,12,0.00000,0.00000,14371.00000,0.00000,'SMRC AUTOMOTIVE MODULES FRANCE SAS','0','GAZEL',''),(34824,2021,'','0','30000130150560',12244.00000,50.80170,20.04917,0,0,622016.00000,12,0.00000,0.00000,245482.00000,0.00000,'SMRC AUTOMOTIVE MODULES FRANCE SAS','0','GAZEL',''),(34825,2021,'SMRC HARNES CENTRE TECHNIQUE 62440 HARNES','0','30000130887736',1262.00000,51.04041,23.34390,0,0,64413.00000,12,0.00000,0.00000,29460.00000,425.00000,'SMRC AUTOMOTIVE MODULES FRANCE SAS','0','GAZEL',''),(34826,2021,'SMRC UNITE 1 ROUGEGOUTTE 4 Route de Chaux BP 21 90200 ROUGEGOUTTE','0','30000640158810',5875.00000,50.82519,21.87166,0,0,298598.00000,12,0.00000,0.00000,128496.00000,0.00000,'SMRC AUTOMOTIVE MODULES FRANCE SAS','0','GAZEL',''),(34828,2021,'SMRC UNITE 2 ROUGEGOUTTE','0','30000640402840',6045.00000,50.83921,21.31232,0,0,307323.00000,12,0.00000,0.00000,128833.00000,0.00000,'SMRC AUTOMOTIVE MODULES FRANCE SAS','0','GAZEL',''),(34829,2021,'','0','50033096242420',38.50900,51.62430,64.99779,0,0,1988.00000,12,0.00000,0.00000,2503.00000,3.00000,'SMRC AUTOMOTIVE MODULES FRANCE SAS','0','GAZEL',''),(34911,2023,'SITE DU TRICASTIN 26700 PIERRELATTE','FR88817439557','RTE0000008527',154164.00000,132.05080,3.73511,12,12,20357480.00000,0,154164.00000,158734.00000,575819.00000,25160.83333,'ORANO CHIMIE-ENRICHISSEMENT','0','EDF','RTE'),(34912,2023,'RTE DEPARTEMENTALE 901 - 50440 LA HAGUE','FR93440252666','RTE0000516686',269021.00000,125.19518,0.76489,12,12,33680133.00000,0,269021.00000,269046.00000,205771.00000,36000.00000,'SOCIETE D ENRICHISSEMENT DU TRICASTIN','0','EDF','RTE'),(35462,2023,'SOITEC SA Chemin des Fontaines 38190 BERNIN','FR57384711909','50008340736553',14669.00000,179.54646,19.76590,12,12,2633767.00000,0,14669.00000,14669.00000,289946.00000,82182.83333,'SOITEC','0','GAZEL','ENEDIS'),(35463,2023,'3 RUE DU GRAND PRE 60870 VILLERS ST PAUL','FR47820846830','50047866532543',7199.00000,114.56952,24.06848,12,12,824786.00000,0,7199.00000,6699.00000,173269.00000,2250.00000,'TG GRISET','0','VALORIS','ENEDIS'),(35464,2023,'9 rue Andre Sibellas GRENOBLE','0','60004160000156',9087.00000,64.26136,17.25102,12,12,583943.00000,0,9087.00000,9087.00000,156760.00000,1700.00000,'UMICORE SPECIALTY POWDERS FRANCE','0','ALPIQ','GREENALP'),(35465,2023,'ROUSSELOT SAS * CARD * 00448 RTE DE PERNES 84800 L ISLE SUR LA SORGUE','FR87484870142','30002580044806',29481.00000,211.64347,16.41203,12,12,6239461.00000,0,29481.00000,28596.00000,483843.00000,3872.00000,'ROUSSELOT ISLE SUR LA SORGUE','0','VATTENFALL','ENEDIS'),(35466,2023,'ROUTE DE HASLACH 57500 SAINT AVOLD','0','61612792305869',1462.00000,140.34473,21.38782,0,0,205184.00000,12,0.00000,0.00000,31269.00000,258.41667,'SNF COAGULANTS','0','ENERGIS',''),(35467,2023,'AVENUE JEAN JAURES BP 4 12110 VIVIEZ','0','30002350173010',5943.00000,51.77116,20.02255,0,0,307676.00000,11,0.00000,0.00000,118994.00000,1654.00000,'SOC NOUVELLE D\'AFFINAGE DES METAUX','1','EDF',''),(35530,2023,'GROUPE BOUHYER rue de la fonderie 44150 ANCENIS','0','30001421073317',4737.00000,667.71311,23.96981,0,0,3162957.00000,10,0.00000,0.00000,113545.00000,1728.00000,'GROUPE BOUHYER','1','ALTERNA',''),(35531,2023,'GROUPE BOUHYER rue waldeck rousseau 08500 REVIN','0','30000420096562',1100.00000,642.37364,31.18273,0,0,706611.00000,10,0.00000,0.00000,34301.00000,600.00000,'GROUPE BOUHYER','0','ALTERNA',''),(35605,2023,'RTE DEPARTEMENTALE 901 - 50440 LA HAGUE','FR20817439599','RTE0000001403',551337.00000,78.68289,1.07790,12,12,43380788.00000,0,551337.00000,554180.00000,594286.00000,75600.00000,'ORANO RECYCLAGE','0','EDF','RTE'),(35651,2023,'LD LA TOURETTE - 30200 CHUSCLAN','0','RTE0000008679',36046.00000,84.43675,0.00000,12,0,3043607.00000,0,36046.00000,0.00000,0.00000,0.00000,'ORANO RECYCLAGE','0','EDF',''),(35728,2023,'21 ROUTE DE BITCHE NIEDERBRONN LES BAINS','0','67324 / E2 / 8007985',14994.00000,0.00000,26.28885,12,12,0.00000,0,14994.00000,14994.00000,394175.00000,3270.08333,'FONDERIE DE NIEDERBRONN','0','ES','ESR'),(36197,2023,'Site de BUTHIERS SITE 2 SABLIERES DE RONCEVEAUX 77760 BUTHIERS FRANCE','FR 13 572 134 58','30002210010634',2412.00000,113.43035,21.92081,0,0,273594.00000,12,0.00000,0.00000,52873.00000,866.00000,'SOC D EXPLOITATION DE SABLES ET MINERAUX','0','ALPIQ',''),(36198,2023,'Site de BUTHIERS SITE 1 SABLIERES DE RONCEVEAUX 77760 BUTHIERS France','FR 13 572 134 58','30002211777958',335.00000,114.79104,35.43582,0,0,38455.00000,12,0.00000,0.00000,11871.00000,250.00000,'SOC D EXPLOITATION DE SABLES ET MINERAUX','0','ALPIQ',''),(36199,2023,'Site de Marcheprime ROUTE DU BARP 33380 MARCHEPRIME FRANCE','FR 13 572 134 58','30001610277707',1053.00000,111.70275,28.30389,0,0,117623.00000,12,0.00000,0.00000,29804.00000,503.00000,'SOC D EXPLOITATION DE SABLES ET MINERAUX','0','ALPIQ',''),(36200,2023,'Site de Roche en Regnier 1683 route de la chance 43810 ROCHE EN REGNIER FRANCE','FR 13 572 134 58','30001790105698',832.00000,117.80409,35.65505,0,0,98013.00000,12,0.00000,0.00000,29665.00000,588.83333,'SOC D EXPLOITATION DE SABLES ET MINERAUX','0','ALPIQ',''),(36201,2023,'Site de CHATILLON EN MICHAILLE BROYAGE CALCAIRE - TACON 01200 CHATILLON EN MICHAILLE France','FR 13 572 134 58','30001950316499',997.00000,106.81545,28.44032,0,0,106495.00000,12,0.00000,0.00000,28355.00000,671.00000,'SOC D EXPLOITATION DE SABLES ET MINERAUX','0','ALPIQ',''),(36202,2023,'Site de ST GERMAIN DE JOUX CARRIERE SOUS PLAGNE 01130 ST GERMAIN DE JOUX France','FR 13 572 134 58','30001950316051',66.43900,112.68984,48.69128,0,0,7487.00000,12,0.00000,0.00000,3235.00000,70.75000,'SOC D EXPLOITATION DE SABLES ET MINERAUX','0','ALPIQ',''),(36203,2023,'Site de Les Pennes Mirabeau QUARTIER JAS DE RHODES 13170 LES PENNES MIRABEAU FRANCE','FR 13 572 134 58','30002521632129',123.00000,113.96748,50.14634,0,0,14018.00000,12,0.00000,0.00000,6168.00000,320.00000,'SOC D EXPLOITATION DE SABLES ET MINERAUX','0','ALPIQ',''),(36204,2023,'Site de Les Pennes Mirabeau QUARTIER JAS DE RHODES 13170 LES PENNES MIRABEAU FRANCE','FR 13 572 134 58','30002520128225',221.00000,126.59276,39.63801,0,0,27977.00000,12,0.00000,0.00000,8760.00000,184.00000,'SOC D EXPLOITATION DE SABLES ET MINERAUX','0','ALPIQ',''),(36205,2023,'CHEMIN DES CERISIERS 60700 MORU - PONTPOINT France','FR 13 572 134 58','84202868400087',1495.00000,109.40803,0.00000,12,0,163565.00000,0,1495.00000,0.00000,0.00000,0.00000,'SOC D EXPLOITATION DE SABLES ET MINERAUX','0','ALPIQ',''),(36206,2023,'Rozet St Albin 02210 ROZET ST ALBIN France','FR 13 572 134 58','30000410251150',365.00000,122.93973,0.00000,12,0,44873.00000,0,365.00000,0.00000,0.00000,0.00000,'SOC D EXPLOITATION DE SABLES ET MINERAUX','0','ALPIQ',''),(36470,2023,'38 RUE DE VANNES 35600 REDON','FR50306473679','30001400000000',53157.00000,206.34133,20.50313,12,12,10968486.00000,0,53157.00000,54607.00000,1089885.00000,13500.00000,'AFC','0','EDF','ENEDIS'),(36471,2023,'( CARD ) LA FONTE ARDENNAISE FA1 USINE FA 1,22 RUE JOLIOT CURIE 08440 VIVIER AU COURT','FR14785820507','30000400000000',17483.00000,203.04021,19.14854,12,12,3549752.00000,0,17483.00000,16166.00000,334774.00000,363852.66667,'LA FONTE ARDENNAISE','0','EDF','ENEDIS'),(36472,2023,'LA FONTE ARDENNAISE 4 USINE FA 4 08170 HAYBES','FR14785820507','30000400000000',10941.00000,207.84718,24.85961,12,12,2274056.00000,0,10941.00000,10180.00000,271989.00000,203534.50000,'LA FONTE ARDENNAISE','0','EDF','ENEDIS'),(36473,2023,'22 RUE JOLIOT CURIE 08440 VIVIER AU COURT','0','30000420000196',17824.00000,204.26919,0.00000,12,0,3640894.00000,0,17824.00000,0.00000,0.00000,0.00000,'LA FONTE ARDENNAISE','0','EDF',''),(36710,2023,'ZI DU BOIS DES LOTS 26130 ST PAUL TROIS CHATEAUX','FR23722980224','50077533486344',56145.00000,239.48033,19.07862,12,12,13445623.00000,0,56145.00000,58898.00000,1071169.00000,12064.00000,'GERFLOR PROVENCE SNC','0','EDF','ENEDIS'),(36798,2023,'','FR79515275048','RTE0000513980',51583.00000,499.90586,8.15141,12,12,25786644.00000,0,51583.00000,51583.00000,420474.00000,20000.00000,'FONDERIE DE BRETAGNE','0','EDF','RTE'),(36799,2023,'37 RUE D \' ENSISHEIM 68190 UNGERSHEIM','0','MV000034',70980.00000,212.04356,0.00000,12,0,15050852.00000,0,70980.00000,0.00000,0.00000,0.00000,'KNAUF INSULATION LANNEMEZAN','0','ESL',''),(36877,2023,'31 rue Giffard , 38230 Pont - de - Ch','FR20955508817','30001940000275',14678.00000,61.94304,0.00000,12,0,909200.00000,0,14678.00000,0.00000,0.00000,0.00000,'ETABLISSEMENTS GINDRE DUCHAVANY','0','VATTENFALL',''),(36954,2023,'203 ROUTE DE WERVICQ 59560 COMINES CARD VENATOR PIGMENTS FRANCE SA 203 ROUTE DE COMINES','FR07403227317','30000110336494',9414.79200,0.00000,21.50371,0,12,0.00000,0,0.00000,9414.79200,202453.00000,1333.33333,'VENATOR PIGMENTS FRANCE SAS','0','','ENEDIS'),(37183,2023,'38 RUE DE VANNES 35600 REDON','FR50306473679','3,00014E+13',54607.00000,0.00000,19.95870,0,12,0.00000,0,0.00000,54607.00000,1089885.00000,13500.00000,'','0','','ENEDIS'),(37196,2023,'FA5 08440 VIVIER AU COURT','FR14785820507','30000400000000',16745.00000,0.00000,21.32177,0,12,0.00000,0,0.00000,16745.00000,357033.00000,4018.00000,'LA FONTE ARDENNAISE','0','','ENEDIS'),(37197,2023,'3 BD DE LA PRIMAUDIERE BP 65 BP 65 72300 SABLE SUR SARTHE','0','30000910354801',9805.00000,270.45691,27.07088,0,0,2651830.00000,12,0.00000,0.00000,265430.00000,5906.66667,'GRANDRY TECHNICAST','0','EDF',''),(37198,2023,'Route Des Jardins HERMILLON 73300 LA TOUR EN MAURIENNE','0','30001960310774',3165.00000,297.77472,25.21517,0,0,942457.00000,12,0.00000,0.00000,79806.00000,1270.33333,'POUDRES HERMILLON','0','EDF',''),(37731,2023,'RUE NATIONALE 16270 TERRES DE HAUTE CHARENTE','FR18562110346','30001510250825',19239.98000,65.72538,11.73795,12,12,1264555.00000,0,19239.98000,12791.00000,225838.00000,3447.00000,'TERREAL','0','ALPIQ','ENEDIS'),(37733,2023,'LE TOUPINIER 24700 MONTPON MENESTEROL','FR18562110346','30001620358713',1947.00000,71.21109,22.71803,12,12,138648.00000,0,1947.00000,1947.00000,44232.00000,580.00000,'TERREAL','0','ALPIQ','ENEDIS'),(37735,2023,'TERREAL ROUTE DE PIBRAC 31770 COLOMIERS','FR18562110346','30002314747389',12004.89000,71.68954,20.71123,12,12,860625.00000,0,12004.89000,10826.00000,248636.00000,2883.00000,'TERREAL','0','ALPIQ','ENEDIS'),(37737,2023,'LIEU DIT RIEUQUESSEL 81240 ST AMANS SOULT','FR18562110346','30002321256124',2346.00000,71.47698,23.58184,12,12,167685.00000,0,2346.00000,2244.00000,55323.00000,41846.41667,'TERREAL','0','ALPIQ','ENEDIS'),(37739,2023,'LA ROUBINARIE 81200 AIGUEFONDE','0','30002321549172',343.00000,72.81341,31.90379,0,0,24975.00000,12,0.00000,0.00000,10943.00000,222.33333,'LAHERA PRODUCTIONS','0','EDF',''),(37750,2023,'S.A. SOBEGI Plateforme Induslacq RD 817 F - 64170 LACQ','FR25300881265','SO - 14080 - LACQ - LACQ5 - P - 3.2',86387.00000,0.00000,5.78210,0,12,0.00000,0,0.00000,86387.00000,499498.00000,28690.00000,'STE BEARNAISE DE GESTION INDUSTRIELLE','0','','RTE'),(37794,2023,'LAMINOIRS DES LANDES ROUTE DE LA BARRE 40220 TARNOS','FR66479824583','50000103282956',13261.00000,0.00000,23.92934,12,12,0.00000,0,13261.00000,12670.00000,317327.00000,4900.00000,'LAMINOIRS DES LANDES','0','ENDESA','ENEDIS'),(37947,2023,'Site de Chaumont 941 Chemin des Cailloux 52000 CHAUMONT FRANCE','FR14311284673','30000524038799',2682.00000,152.27778,28.58240,0,0,408409.00000,12,0.00000,0.00000,76658.00000,1100.00000,'SOLYFI SOREMO','0','ALPIQ',''),(37949,2023,'29 BOULEVARD JOFFRERY 31600 MURET','FR51700802994','30002311153185',11293.00000,0.00000,24.70415,12,12,0.00000,0,11293.00000,11297639.00000,278984.00000,4100.00000,'FONDERIES DECHAUMONT','0','SAS GEG','ENEDIS'),(37989,2022,'EUROPORT SAINT - AVOLD NORD 57500 SAINT AVOLD','0','61613777978954',420.00000,168.83810,23.32381,0,0,70912.00000,1,0.00000,0.00000,9796.00000,502.00000,'URSA FRANCE','0','ENERGIS',''),(37990,2023,'EUROPORT SAINT - AVOLD NORD 57500 SAINT AVOLD','0','61613777978954',4393.00000,165.80901,16.00569,0,0,728399.00000,11,0.00000,0.00000,70313.00000,736.36364,'URSA FRANCE','0','ENERGIS',''),(38135,2023,'USINE DU PONT - DU - ROY 64490 ACCOUS','0','30001650274714',6654.00000,219.22828,18.39615,0,0,1458745.00000,11,0.00000,0.00000,122408.00000,1339.63636,'TOYAL EUROPE','0','EDF',''),(38174,2023,'42 RUE DE LA BEAUCE 28110 LUCE HATEAUROUX','0','60003740000095',11924.00000,104.45111,0.00000,12,0,1245475.00000,0,11924.00000,0.00000,0.00000,0.00000,'HYDRO EXTRUSION LUCE/CHATEAUROUX','0','EDF',''),(38581,2021,'( CARD ) LABORATOIRE ALK RUE DE BREUIL 51140 VANDEUIL','FR39847180064','30000431032378',3941.00000,49.13195,17.06394,12,12,193629.00000,0,3941.00000,3540.00000,67249.00000,627.00000,'ALK','0','EDF','ENEDIS'),(38582,2023,'( CARD ) LABORATOIRE ALK RUE DE BREUIL 51140 VANDEUIL','FR39847180064','30000431032378',3761.00000,41.30152,14.23132,12,10,155335.00000,0,3761.00000,3271.00000,53524.00000,627.00000,'ALK','0','EDF','ENEDIS'),(38583,2023,'RUE DE BREUIL 51140 VANDEUIL','FR39847180064','30000431032378',307.00000,0.00000,25.37459,0,1,0.00000,0,0.00000,307.00000,7790.00000,627.00000,'','0','','ENEDIS'),(38585,2023,'RUE DE BREUIL 51140 VANDEUIL','FR39847180064','30000431032380',334.00000,0.00000,12.25449,0,1,0.00000,0,0.00000,334.00000,4093.00000,627.00000,'','0','','ENEDIS'),(38796,2022,'ROUTE DE BOURBOURG 59 59210 COUDEKERQUE BRANCHE','167203610','30000150122354',2206.00000,120.35630,22.97869,0,0,265506.00000,11,0.00000,0.00000,50691.00000,684.90909,'BORAX FRANCAIS','0','EDF',''),(38797,2021,'ROUTE DE BOURBOURG','0','30000150122354',2497.00000,53.68843,31.15979,0,0,134060.00000,12,0.00000,0.00000,77806.00000,683.33333,'BORAX FRANCAIS','0','EDF',''),(38798,2023,'89 ROUTE DE BOURBOURG 59210 COUDEKERQUE BRANCHE','0','30000150122354',1948.00000,466.38963,0.00000,12,0,908527.00000,0,1948.00000,0.00000,0.00000,0.00000,'BORAX FRANCAIS','0','EDF',''),(38799,2021,'ZI DES GAILLETROUS - BP.5-41260','0','30000960535207',1287.00000,61.10101,19.15074,0,0,78637.00000,12,0.00000,0.00000,24647.00000,268.41667,'EPMO','0','EDF',''),(38801,2023,'1 RUE MICKAEL FARADAY BP 5 41260 LA CHAUSSEE ST','0','30000960535207',144.00000,419.83333,31.67361,0,0,60456.00000,2,0.00000,0.00000,4561.00000,158.00000,'EPMO','0','EDF',''),(38803,0,'','','',307.00000,0.00000,0.00000,0,1,0.00000,0,0.00000,307.00000,7790.00000,627.00000,'','0','',''),(38804,2023,'RUE DE BREUIL 51140 VANDEUIL','FR39847180064','30000431032378',3761.00000,41.30152,14.23132,12,10,155335.00000,0,3761.00000,3271.00000,53524.00000,627.00000,'ALK','0','EDF','ENEDIS'),(38815,2023,'RUE DE BREUIL 51140 VANDEUIL','FR39847180064','30000431032378',307.00000,0.00000,25.37459,0,1,0.00000,0,0.00000,307.00000,7790.00000,627.00000,'ALK','0','','ENEDIS'),(38817,2023,'RUE DE BREUIL 51140 VANDEUIL','FR39847180064','30000431032378',334.00000,0.00000,12.25449,0,1,0.00000,0,0.00000,334.00000,4093.00000,627.00000,'ALK','0','','ENEDIS'),(39082,2023,'4 ALLEE DE L ARCHE 92400 COURBEVOIE','0','30000133151713',18132.00000,201.73340,0.00000,12,0,3657830.00000,0,18132.00000,0.00000,0.00000,0.00000,'NEXANS FRANCE','0','EDF',''),(39083,2023,'4 ALLEE DE L ARCHE 92400 COURBEVOIE','0','30000130808332',10826.00000,201.92416,0.00000,12,0,2186031.00000,0,10826.00000,0.00000,0.00000,0.00000,'NEXANS FRANCE','0','EDF',''),(39084,2023,'Rue des Marguerites 01000 BOURG EN BRESSE','FR82428593230','30001990393798',16636.00000,204.14829,21.08500,12,12,3396211.00000,0,16636.00000,16636.00000,350770.00000,3500.00000,'NEXANS FRANCE','0','EDF','ENEDIS'),(39085,2023,'INNOSPEC PERFORMANCE CHEMICALS FRANCE ZONE INDUSTRIELLE BP19 55300 HAN SUR MEUSE','FR70377599162','30000520124380',15727.00000,85.55230,19.86711,12,12,1345481.00000,0,15727.00000,15610.00000,312450.00000,2760.00000,'INNOSPEC PERFORMANCE CHEMICALS FRANCE','0','AXPO','ENEDIS'),(39086,2023,'294 , CHEMIN DE LAVALETTE 82100 CASTELSARRASIN','0','30002321169375',2656.00000,253.04367,20.86220,0,0,672084.00000,11,0.00000,0.00000,55410.00000,789.81818,'ALUDIUM FRANCE','0','EDF',''),(39131,2023,'RUE DE BREUIL 51140 VANDEUIL','FR39847180064','30000431032378',307.00000,0.00000,25.37459,0,1,0.00000,0,0.00000,307.00000,7790.00000,627.00000,'ALK','0','','ENEDIS'),(39132,2023,'RUE DE BREUIL 51140 VANDEUIL','FR39847180064','30000431032378',334.00000,0.00000,12.25449,0,1,0.00000,0,0.00000,334.00000,4093.00000,627.00000,'ALK','0','','ENEDIS'),(39209,2023,'ROUTE DE BOURBOURG 59210 COUDEKERQUE BRANCHE','0','30000150122354',2124.00000,405.52872,22.21045,0,0,861343.00000,12,0.00000,0.00000,47175.00000,713.91667,'BORAX FRANCAIS','0','EDF',''),(39280,2022,'ZONE DE CADAUX 81370 ST SULPICE LA POINTE','0','30002321097040',7304.00000,99.35159,15.95961,0,0,725664.00000,11,0.00000,0.00000,116569.00000,1367.27273,'BORMIOLI PHARMA FRANCE','0','EDF',''),(39282,2023,'81370','0','30002321097040',8414.00000,240.90480,16.42132,0,0,2026973.00000,11,0.00000,0.00000,138169.00000,1294.54545,'BORMIOLI PHARMA FRANCE','0','EDF',''),(39430,2023,'600 AVENUE DE L INDUSTRIE CS 90121 69143 RILLIEUX CEDEX','FR33328202320','30001910437162',4894.00000,266.17205,27.12383,12,12,1302646.00000,0,4894.00000,4894.00000,132744.00000,2200.00000,'COTELLE SA','0','GAZEL','ENEDIS'),(39431,2022,'1 RUE DE LA SALINE 54110 DOMBASLE SUR MEURTHE','0','30000510248773',1945.00000,84.71517,19.25861,0,0,164771.00000,10,0.00000,0.00000,37458.00000,445.20000,'K+S FRANCE','0','EDF',''),(39470,2023,'1 RTE DES CLOSEAUX 50140 ROMAGNY FONTENAY France','0','30000250234407',37162.00000,146.18287,19.55231,12,12,5432448.00000,0,37162.00000,4894.00000,726603.00000,7483.33333,'ACOME','0','ALPIQ','ENEDIS');

--
-- Table structure for table `vtiger_factureannuellegaz`
--

CREATE TABLE `vtiger_factureannuellegaz` (
  `factureannuellegazid` int(19) NOT NULL,
  `name` varchar(255) DEFAULT NULL,
  `factureannuellegazno` varchar(100) DEFAULT NULL,
  `tags` varchar(1) DEFAULT NULL,
  `cf_accounts_id` int(19) DEFAULT NULL,
  PRIMARY KEY (`factureannuellegazid`),
  KEY `cf_accounts_id_index` (`cf_accounts_id`) USING BTREE
) ENGINE=InnoDB DEFAULT CHARSET=utf8;

--
-- Dumping data for table `vtiger_factureannuellegaz`
--

INSERT INTO `vtiger_factureannuellegaz` VALUES (15434,'PMC ISOCHEM_G1096396_2022','FA1','',0),(15438,'PMC ISOCHEM_GI096396_2022','FA2','',15451),(15466,'PMC ISOCHEM_G1096396_2022','FA3','',15467),(15470,'PMC ISOCHEM_GI096396_2022','FA4','',15467),(16859,'ROUSSELOT ISLE SUR LA SORGUE_GI102799_2021','FA5','',15633),(16872,'BAYER SAS_GI095704_2021','FA6','',15804),(16875,'BAYER SAS_G1095704_2021','FA7','',0),(16886,'LGCDF LANDIRAS_GI101063_2021','FA8','',14882),(16899,'ROUSSELOT ISLE SUR LA SORGUE_GI102799_2022','FA9','',15633),(16912,'R-CUE_GI147448_2021','FA10','',16858),(16914,'R-CUE_G1147448_2021','FA11','',16858),(26534,'PMC ISOCHEM_GI101476_2021','FA12','',0),(26540,'PMC ISOCHEM_GI087341_2021','FA13','',0),(27777,'ROUSSELOT ANGOULEME_ACI15115_2021','FA14','',15632),(27778,'ROUSSELOT ANGOULEME_ACI15116_2021','FA15','',15632),(27779,'ROUSSELOT ISLE SUR LA SORGUE_GI102799_2021','FA16','',15633),(27826,'CORIANCE MAEV_Gl097086_2021','FA17','',0),(27827,'CORIANCE MAEV_GI097086_2021','FA18','',0),(27828,'DS SMITH PAPER KAYSERSBERG_LI0533_2021','FA19','',0),(27829,'RCUE_GI147448_2021','FA20','',0),(27831,'RCUE_Gl147448_2021','FA21','',0),(27858,'CORIANCE MAEV_Gl097086_2021','FA22','',16021),(27859,'DS SMITH PAPER KAYSERSBERG_LI0533_2021','FA23','',15714),(27860,'RCUE_Gl147448_2021','FA24','',27830),(28499,'SERM POLYGONE_GI095218_2021','FA25','',15615),(28500,'SERM ANTIGONE_Gl097342_2021','FA26','',15613),(28501,'LEJAY LAGOUTE_GI129789_2021','FA27','',14794),(28503,'LAMINOIRS DES LANDES_GI119785_2021','FA28','',15511),(30028,'PMC ISOCHEM_GI087341_2022','FA29','',16093),(30029,'PMC ISOCHEM_GI101476_2022','FA30','',16092),(30030,'PMC ISOCHEM_GI096396_2022','FA31','',15467),(30052,'NOVASEP PROCESS_GI121243_2022','FA32','',15197),(30053,'LAMINOIRS DES LANDES_GI119785_2022','FA33','',15511),(30054,'DESORGUES_GI136604_2022','FA34','',15377),(30098,'BAYER SAS_GI095704_2021','FA35','',15804),(30099,'BAYER SAS_Gl095704_2021','FA36','',0),(30100,'DESORGUES_GI136604_2021','FA37','',15377),(30101,'BAYER SEEDS SAS_GI098696_2021','FA38','',0),(30102,'BAYER SEEDS SAS_Gl098696_2021','FA39','',0),(30103,'LAMINOIR DES LANDES_GI119785_2021','FA40','',15511),(30104,'BAYER SEEDS SAS_GI098696_2021','FA41','',15294),(34654,'GERFLOR PROVENCE SNC_GI096096_2022','FA42','',15940),(34655,'GERFLOR TARARE SNC_GI146359_2022','FA43','',15354),(34804,'SAMIN MARCHEPRIME_GI027134_2021','FA44','',15940),(34805,'SAMIN MARCHEPRIME_G1027134_2021','FA45','',15940),(34806,'Saint-Gobain Abrasifs Amboise_G1093174_2021','FA46','',15905),(34807,'Saint-Gobain Abrasifs Amboise_GI093174_2021','FA47','',15905),(34808,'Saint-Gobain Abrasifs Amboise_Gl093174_2021','FA48','',15905),(34809,'Saint-Gobain Abrasifs Amboise_GI093174_2022','FA49','',15905),(34810,'Saint-Gobain Abrasifs Amboise_GI027134_2022','FA50','',15905),(34812,'Saint-Gobain Abrasifs Amboise_G1027134_2022','FA51','',15905),(36711,'GERFLOR PROVENCE SNC_G1096096_2023','FA52','',15940),(36712,'GERFLOR PROVENCE SNC_GI096096_2023','FA53','',15940),(36713,'GERFLOR PROVENCE SNC_G1096096_2021','FA54','',15940),(36714,'GERFLOR PROVENCE SNC_G1096096_2020','FA55','',15940),(37746,'TERREAL COLOMIERS_PIC45_2023','FA56','',37736),(37747,'TERREAL ROUMAZIERES_LI0863_2023','FA57','',37732),(37748,'TERREAL RIEUSSEQUEL_GI106357_2023','FA58','',37738),(37749,'TERREAL MONTPON_GI096516_2023','FA59','',37734),(38625,'ALK ABELLO VANDEUIL_GI103290_2020','FA60','',16104),(38626,'ALK ABELLO VANDEUIL_GI103290_2021','FA61','',16104),(38627,'ALK ABELLO VANDEUIL_GI103290_2023','FA62','',16104),(38628,'ALK ABELLO VANDEUIL_GI103290_2022','FA63','',16104);

--
-- Table structure for table `vtiger_factureannuellegazcf`
--

CREATE TABLE `vtiger_factureannuellegazcf` (
  `factureannuellegazid` int(19) NOT NULL,
  `cf_1385` int(4) DEFAULT NULL,
  `cf_1388` varchar(255) DEFAULT '',
  `cf_1390` varchar(255) DEFAULT '',
  `cf_1394` varchar(255) DEFAULT '',
  `cf_1396` decimal(65,5) DEFAULT NULL,
  `cf_1402` decimal(65,5) DEFAULT NULL,
  `cf_1404` decimal(65,5) DEFAULT NULL,
  `cf_1406` decimal(15,5) DEFAULT NULL,
  `cf_1408` decimal(15,5) DEFAULT NULL,
  `cf_1410` decimal(65,5) DEFAULT NULL,
  `cf_1412` decimal(65,5) DEFAULT NULL,
  PRIMARY KEY (`factureannuellegazid`)
) ENGINE=InnoDB DEFAULT CHARSET=utf8;

--
-- Dumping data for table `vtiger_factureannuellegazcf`
--

INSERT INTO `vtiger_factureannuellegazcf` VALUES (15434,0,'','','',0.00000,0.00000,0.00000,0.00000,0.00000,0.00000,0.00000),(15438,2022,'Site de Gennevilliers 4 avenue Philippe Lebon ZI Val d\'Oise 92230 Gennevilliers FRANCE','PMC ISOCHEM','GI096396',3082.00000,0.00000,40.00000,16.36000,9.14000,50432.00000,28166.00000),(15466,2022,'Site de Gennevilliers 4 avenue Philippe Lebon ZI Val d\'Oise 92230 Gennevilliers FRANCE','PMC ISOCHEM','G1096396',0.00000,0.00000,40.00000,0.00000,0.00000,0.00000,0.00000),(15470,2022,'Site de Gennevilliers 4 RUE PHILIPPE LEBON 92230 GENNEVILLIERS France','PMC ISOCHEM','G1096396',5708.00000,0.00000,40.00000,16.35669,7.55781,93364.00000,43140.00000),(16859,2021,'Chemin Moulin Premier 84800 Isle sur la Sorgue','ROUSSELOT SORGUE','GI102799',0.00000,0.00000,0.00000,14.36737,3.71978,0.00000,0.00000),(16872,2021,'1 Avenue Edouard Herriot - 69400 Villefranche Sur Sa','BAYER SAS','GI095704',27600.00000,29099.00000,214.00000,0.00000,7.02236,0.00000,193817.00000),(16875,0,'','','',0.00000,0.00000,0.00000,0.00000,0.00000,0.00000,0.00000),(16886,2021,'1 ROUTE DE BALIZAC 33720 LANDIRAS','LGCDF LANDIRAS','GI101063',6197.00000,0.00000,53959.00000,25.26981,5.22495,156597.00000,32379.00000),(16899,2022,'Chemin Moulin Premier 84800 Isle sur la Sorgue','ROUSSELOT ISLE SUR LA SORGUE','GI102799',67086.00000,0.00000,1.00000,113.97387,4.07176,7646051.00000,273158.00000),(16912,2021,'RUE DE PHALSBOURG SARRE UNION','R-CUE','GI147448',33494.00000,39286181.00000,0.00000,0.00000,7.34266,0.00000,245935.00000),(16914,2021,'RUE DE PHALSBOURG SARRE UNION','R-CUE','G1147448',0.00000,39286181.00000,0.00000,0.00000,0.00000,0.00000,0.00000),(26534,0,'','','',0.00000,0.00000,0.00000,0.00000,0.00000,0.00000,0.00000),(26540,0,'','','',0.00000,0.00000,0.00000,0.00000,0.00000,0.00000,0.00000),(27777,2021,'Rue de Saint Michel 16000 Angoul','ROUSSELOT ANGOULEME','ACI15115',75654.00000,0.00000,0.00000,14.59972,1.96384,1104527.00000,148572.00000),(27778,2021,'Rue de Saint Michel 16000 Angoul','ROUSSELOT ANGOULEME','ACI15116',200.00000,0.00000,9.00000,12153.32000,32.04000,2430664.00000,6408.00000),(27779,2021,'Chemin Moulin Premier 84800 Isle sur la Sorgue','ROUSSELOT ISLE SUR LA SORGUE','GI102799',79276.00000,0.00000,0.00000,14.36737,3.71978,1138988.00000,294889.00000),(27826,0,'','','',0.00000,0.00000,0.00000,0.00000,0.00000,0.00000,0.00000),(27827,0,'','','',0.00000,0.00000,0.00000,0.00000,0.00000,0.00000,0.00000),(27828,0,'','','',0.00000,0.00000,0.00000,0.00000,0.00000,0.00000,0.00000),(27829,0,'','','',0.00000,0.00000,0.00000,0.00000,0.00000,0.00000,0.00000),(27831,0,'','','',0.00000,0.00000,0.00000,0.00000,0.00000,0.00000,0.00000),(27858,2021,'BOULEVARD ANDRE SIEGFRIED 76130 MONT ST AIGNAN','MONT-SAINT-AIGNAN ENERGIE VERTE','Gl097086',35674.00000,83936653.00000,0.00000,0.00000,6.56999,0.00000,234378.00000),(27859,2021,'DS SMITH PAPER KAYSERSBERG Kaysersberg','DS SMITH PAPER KAYSERSBERG','LI0533',270.00000,0.00000,1.40000,0.00000,2449.11852,0.00000,661262.00000),(27860,2021,'60 RUE DE PHALSBOURG 67260 SARRE UNION','RESEAUX DE CHALEUR URBAINS DE L\'EST','Gl147448',33494.00000,39286181.00000,0.00000,0.00000,7.34266,0.00000,245935.00000),(28499,2021,'MONTPELLIERAINE','SOC EQUIPEMENT REGION MONTPELLIERAINE','GI095218',48929.00000,77480029.00000,400000.00000,25.21501,5.12046,1233745.00000,250539.00000),(28500,2021,'ALLEE DE CORFOU 34000 MONTPELLIER','SOC EQUIPEMENT REGION MONTPELLIERAINE','Gl097342',17201.00000,42232437.00000,200000.00000,29.31353,9.10982,504222.00000,156698.00000),(28501,2021,'3-5 RUE ETIENNE DOLET F - 21000 DIJON','LEJAY LAGOUTE','GI129789',772.00000,0.00000,5.00000,0.00000,9.51684,0.00000,7347.00000),(28503,2021,'0 ZI BOUCAU TARNOS 40220 TARNOS O ZI BOUCAU TARNOS 40220 TARNOS ZI BOUCAU TARNOS , 2 , 1','LAMINOIRS DES LANDES','GI119785',33269.00000,0.00000,0.00000,11.27079,4.48769,374968.00000,149301.00000),(30028,2022,'Site de Vert le Petit 32 RUE LAVOISIER 91710 VERT - LE - PETIT France','PMC ISOCHEM','GI087341',4807.00000,0.00000,32.00000,16.35365,7.96796,78612.00000,38302.00000),(30029,2022,'Site de Pithiviers 4 , rue Marc Sangnier 45300 Pithiviers FRANCE','PMC ISOCHEM','GI101476',15308.00000,0.00000,90.00000,16.34466,7.92651,250204.00000,121339.00000),(30030,2022,'Site de Gennevilliers 4 RUE PHILIPPE LEBON 92230 GENNEVILLIERS France','PMC ISOCHEM','GI096396',5708.00000,0.00000,40.00000,16.35669,7.55781,93364.00000,43140.00000),(30052,2022,'54340 GROUPE NOVASEP','NOVASEP PROCESS','GI121243',2187.00000,2666598.00000,0.00000,162.26612,11.69913,354876.00000,25586.00000),(30053,2022,'666 Route de la Barre - 40220 TARNOS France','LAMINOIRS DES LANDES','GI119785',33409.00000,55122.00000,370.00000,0.00000,1.04553,0.00000,34930.00000),(30054,2022,'Quartier du Grand Barraly - 13670 Saint Andiol France','DESORGUES ET FILS','GI136604',28043.00000,31083.00000,126.00000,0.00000,25.98064,0.00000,728575.00000),(30098,2021,'1 Avenue Ecouard Herr\'o','BAYER SAS','GI095704',27600.00000,31191.00000,214.00000,0.00000,3.62514,0.00000,100054.00000),(30099,0,'','','',0.00000,0.00000,0.00000,0.00000,0.00000,0.00000,0.00000),(30100,2021,'Quartier du Grand Barraly - 13670 Saint Andiol France','DESORGUES ET FILS','GI136604',21294.00000,36651.00000,126.00000,0.00000,16.82230,0.00000,358214.00000),(30101,0,'','','',0.00000,0.00000,0.00000,0.00000,0.00000,0.00000,0.00000),(30102,0,'','','',0.00000,0.00000,0.00000,0.00000,0.00000,0.00000,0.00000),(30103,2021,'666 Route de la Barre - 40220 TARNOS France','LAMINOIRS DES LANDES','GI119785',22176.00000,56885.00000,370.00000,0.00000,1.25731,0.00000,27882.00000),(30104,2021,'LES BRUYERES DE L ETANG - 45500 AUTRY LE CHATEL France','BAYER SEEDS SAS','GI098696',5922.00000,13389.00000,199.00000,0.00000,6.54154,0.00000,38739.00000),(34654,2022,'SAINT - PAUL GAZ ZI DU BOIS DES LOTS 26130 ST PAUL TROIS CHATEAUX','GERFLOR PROVENCE SNC','GI096096',48064.00000,0.00000,0.00000,20.68367,7.17909,994140.00000,345056.00000),(34655,2022,'','GERFLOR TARARE SNC','GI146359',26533.00000,28000000.00000,155.00000,19.37983,5.39321,514205.00000,143098.00000),(34804,2021,'RUE DU VAL DE L EYRE - 33380 MARCHEPRIME France','GERFLOR PROVENCE SNC','GI027134',343.00000,413.00000,1.00000,0.00000,10.11370,0.00000,3469.00000),(34805,2021,'RUE DU VAL DE LEYRE - 33380 MARCHEPRIME France','GERFLOR PROVENCE SNC','G1027134',36.00000,413.00000,1.00000,0.00000,8.33333,0.00000,300.00000),(34806,2021,'2 RUE DES SABLES NAZELLES NEGRON - 37530 AMBOISE France','SAINT-GOBAIN ABRASIFS','G1093174',307.00000,1703.00000,29.00000,0.00000,6.19218,0.00000,1901.00000),(34807,2021,'2 RUE DES SABLES NAZELLES NEGRON - 37530 AMBOISE France','SAINT-GOBAIN ABRASIFS','GI093174',1409.00000,1685.00000,29.00000,0.00000,16.84386,0.00000,23733.00000),(34808,2021,'2 RUE DES SABLES NAZELLES NEGRON - 37530 AMBOISE France','SAINT-GOBAIN ABRASIFS','Gl093174',1.00000,1685.00000,29.00000,0.00000,85.00000,0.00000,85.00000),(34809,2022,'2 RUE DES SABLES NAZELLES NEGRON - 37530 AMBOISE France','SAINT-GOBAIN ABRASIFS','GI093174',1228.00000,1459.00000,25.00000,0.00000,14.01221,0.00000,17207.00000),(34810,2022,'RUE DU VAL DE L EYRE - 33380 MARCHEPRIME France','SAINT-GOBAIN ABRASIFS','GI027134',533.00000,364.00000,945.00000,0.00000,17.75985,0.00000,9466.00000),(34812,2022,'RUE DU VAL DE L EYRE - 33380 MARCHEPRIME France .','SAINT-GOBAIN ABRASIFS','G1027134',114.00000,364.00000,945.00000,0.00000,19.00877,0.00000,2167.00000),(36711,2023,'ZI DU BOIS DES LOTS 26130 ST PAUL TROIS CHATEAUX','GERFLOR PROVENCE SNC','G1096096',109890.00000,46482701.00000,283.00000,18.61277,2.20167,2045357.00000,241941.00000),(36712,2023,'ZI DU BOIS DES LOTS 26130 ST PAUL TROIS CHATEAUX','GERFLOR PROVENCE SNC','GI096096',14567.00000,47730968.00000,283.00000,79.74662,5.60122,1161669.00000,81593.00000),(36713,2021,'ZI DU BOIS DES LOTS 26130 ST PAUL TROIS CHATEAUX','GERFLOR PROVENCE SNC','G1096096',45253.00000,0.00000,340.00000,24.91598,6.94480,1127523.00000,314273.00000),(36714,2020,'ZI DU BOIS DES LOTS 26130 ST PAUL TROIS CHATEAUX','GERFLOR PROVENCE SNC','G1096096',2919.00000,0.00000,340.00000,30.92532,10.41041,90271.00000,30388.00000),(37746,2023,'11 ROUTE DE PIBRAC 31770 COLOMIERS FRANCE','TERREAL','PIC45',58744.00000,0.00000,420.00000,92.52589,1.55495,5435341.00000,91344.00000),(37747,2023,'Site de ROUMAZIERES 16270 ROUMAZIERES FRANCE','TERREAL','LI0863',126022.00000,0.00000,1.00000,94.68917,1.73296,11932918.00000,218391.00000),(37748,2023,'Site de RIEUSSEQUEL Lieu - dit RIEUSSEQUEL RN 112 81240 SAINT AMANS SOULT FRANCE','TERREAL','GI106357',15164.00000,0.00000,125.00000,87.56766,9.44579,1327876.00000,143236.00000),(37749,2023,'Site de MONTPON 24700 MONTPON FRANCE','TERREAL','GI096516',9620.00000,0.00000,55.00000,95.01143,5.50624,914010.00000,52970.00000),(38625,2020,'','ALK','GI103290',331.00000,4187225001.00000,0.00000,0.00000,0.03927,0.00000,13.00000),(38626,2021,'','ALK','GI103290',2668.00000,4187225001.00000,0.00000,6.49400,8.16342,17326.00000,21780.00000),(38627,2023,'','ALK','GI103290',3160.00000,4187225001.00000,0.00000,51.07437,5.19019,161395.00000,16401.00000),(38628,2022,'','ALK','GI103290',3072.00000,4187225001.00000,0.00000,24.80566,21.79883,76203.00000,66966.00000);

--
-- Table structure for table `vtiger_facturecf`
--

CREATE TABLE `vtiger_facturecf` (
  `factureid` int(19) NOT NULL,
  PRIMARY KEY (`factureid`)
) ENGINE=InnoDB DEFAULT CHARSET=utf8;

--
-- Dumping data for table `vtiger_facturecf`
--


--
-- Table structure for table `vtiger_facturefourniachemi`
--

CREATE TABLE `vtiger_facturefourniachemi` (
  `facturefourniachemiid` int(19) NOT NULL,
  `name` varchar(255) DEFAULT NULL,
  `facturefourniachemino` varchar(100) DEFAULT NULL,
  `tags` varchar(1) DEFAULT NULL,
  `cf_accounts_id` int(19) DEFAULT NULL,
  `cf_factureannuelle_id` int(19) DEFAULT NULL,
  PRIMARY KEY (`facturefourniachemiid`),
  KEY `cf_accounts_id_index` (`cf_accounts_id`) USING BTREE,
  KEY `cf_factureannuelle_id_index` (`cf_factureannuelle_id`) USING BTREE
) ENGINE=InnoDB DEFAULT CHARSET=utf8;

--
-- Dumping data for table `vtiger_facturefourniachemi`
--

INSERT INTO `vtiger_facturefourniachemi` VALUES (13992,'aaaaa','FA1','',0,12413),(13993,'zzz','FA2','',0,12413),(14333,'Facture_EDF_SNAM_2201.pdf','FA3','',14332,14331),(14334,'Facture_EDF_SNAM_2202.pdf','FA4','',14332,14331),(14335,'Facture_EDF_SNAM_2203.pdf','FA5','',14332,14331),(14336,'Facture_EDF_SNAM_2204.pdf','FA6','',14332,14331),(14337,'Facture_EDF_SNAM_2205.pdf','FA7','',14332,14331),(14338,'Facture_EDF_SNAM_2206.pdf','FA8','',14332,14331),(14339,'Facture_EDF_SNAM_2207.pdf','FA9','',14332,14331),(14340,'Facture_EDF_SNAM_2208.pdf','FA10','',14332,14331),(14341,'Facture_EDF_SNAM_2209.pdf','FA11','',14332,14331),(14342,'Facture_EDF_SNAM_2210.pdf','FA12','',14332,14331),(14343,'Facture_EDF_SNAM_2211.pdf','FA13','',14332,14331),(14344,'Facture_EDF_SNAM_2212.pdf','FA14','',14332,14331),(14347,'engie avril 2023.pdf','FA15','',14346,14345),(14348,'engie fevrier 2023.pdf','FA16','',14346,14345),(14349,'engie janvier 1 2023.pdf','FA17','',14346,14345),(14350,'engie janvier 2 2023.pdf','FA18','',14346,14345),(14351,'engie mars 2023.pdf','FA19','',14346,14345),(14352,'facture engie juin 2023.pdf','FA20','',14346,14345),(14353,'facture engie mai 2023.pdf','FA21','',14346,14345),(14356,'VM BUILDING SOLUTIONS SAS BRAY - FR100156956 - janvier 2022.pdf','FA22','',14355,14354),(14357,'VM BUILDING SOLUTIONS SAS BRAY - FR100158287 -fevrier 2022.pdf','FA23','',14355,14354),(14358,'VM BUILDING SOLUTIONS SAS BRAY - FR100162647 - mars 2022.pdf','FA24','',14355,14354),(14359,'VM BUILDING SOLUTIONS SAS BRAY - FR100164397 - avril 2022.pdf','FA25','',14355,14354),(14360,'VM BUILDING SOLUTIONS SAS BRAY - FR100168006 - mai 2022.pdf','FA26','',14355,14354),(14361,'VM BUILDING SOLUTIONS SAS BRAY - FR100169627 - juin 2022.pdf','FA27','',14355,14354),(14362,'VM BUILDING SOLUTIONS SAS BRAY - FR100172192 - Juillet 2022.pdf','FA28','',14355,14354),(14363,'VM BUILDING SOLUTIONS SAS BRAY - FR100174470 - aout 2022.pdf','FA29','',14355,14354),(14364,'VM BUILDING SOLUTIONS SAS BRAY - FR100177073 - septembre 2022.pdf','FA30','',14355,14354),(14365,'VM BUILDING SOLUTIONS SAS BRAY - FR100180892 - octobre 2022.pdf','FA31','',14355,14354),(14366,'VM BUILDING SOLUTIONS SAS BRAY - FR100183685 - novembre 2022.pdf','FA32','',14355,14354),(14367,'VM BUILDING SOLUTIONS SAS BRAY - FR100186299 - decembre 2022.pdf','FA33','',14355,14354),(14452,'Facture_EDF_SNAM_2201.pdf','FA34','',14451,14450),(14453,'Facture_EDF_SNAM_2202.pdf','FA35','',14451,14450),(14454,'Facture_EDF_SNAM_2203.pdf','FA36','',14451,14450),(14455,'Facture_EDF_SNAM_2204.pdf','FA37','',14451,14450),(14456,'Facture_EDF_SNAM_2205.pdf','FA38','',14451,14450),(14457,'Facture_EDF_SNAM_2206.pdf','FA39','',14451,14450),(14458,'Facture_EDF_SNAM_2207.pdf','FA40','',14451,14450),(14459,'Facture_EDF_SNAM_2208.pdf','FA41','',14451,14450),(14460,'Facture_EDF_SNAM_2209.pdf','FA42','',14451,14450),(14461,'Facture_EDF_SNAM_2210.pdf','FA43','',14451,14450),(14462,'Facture_EDF_SNAM_2211.pdf','FA44','',14451,14450),(14463,'Facture_EDF_SNAM_2212.pdf','FA45','',14451,14450),(14651,'Facture_EDF_SNAM_2201.pdf','FA46','',14650,14649),(14652,'Facture_EDF_SNAM_2202.pdf','FA47','',14650,14649),(14653,'Facture_EDF_SNAM_2203.pdf','FA48','',14650,14649),(14654,'Facture_EDF_SNAM_2204.pdf','FA49','',14650,14649),(14655,'Facture_EDF_SNAM_2205.pdf','FA50','',14650,14649),(14656,'Facture_EDF_SNAM_2206.pdf','FA51','',14650,14649),(14657,'Facture_EDF_SNAM_2207.pdf','FA52','',14650,14649),(14658,'Facture_EDF_SNAM_2208.pdf','FA53','',14650,14649),(14659,'Facture_EDF_SNAM_2209.pdf','FA54','',14650,14649),(14660,'Facture_EDF_SNAM_2210.pdf','FA55','',14650,14649),(14661,'Facture_EDF_SNAM_2211.pdf','FA56','',14650,14649),(14662,'Facture_EDF_SNAM_2212.pdf','FA57','',14650,14649),(15421,'Facture_EDF_SNAM_2201.pdf','FA58','',0,15420),(15422,'Facture_EDF_SNAM_2202.pdf','FA59','',0,15420),(15423,'Facture_EDF_SNAM_2203.pdf','FA60','',0,15420),(15424,'Facture_EDF_SNAM_2204.pdf','FA61','',0,15420),(15425,'Facture_EDF_SNAM_2205.pdf','FA62','',0,15420),(15426,'Facture_EDF_SNAM_2206.pdf','FA63','',0,15420),(15427,'Facture_EDF_SNAM_2207.pdf','FA64','',0,15420),(15428,'Facture_EDF_SNAM_2208.pdf','FA65','',0,15420),(15429,'Facture_EDF_SNAM_2209.pdf','FA66','',0,15420),(15430,'Facture_EDF_SNAM_2210.pdf','FA67','',0,15420),(15431,'Facture_EDF_SNAM_2211.pdf','FA68','',0,15420),(15432,'Facture_EDF_SNAM_2212.pdf','FA69','',0,15420),(15484,'Facture_EDF_SNAM_2201.pdf','FA70','',0,15483),(15485,'Facture_EDF_SNAM_2202.pdf','FA71','',0,15483),(15486,'Facture_EDF_SNAM_2203.pdf','FA72','',0,15483),(15487,'Facture_EDF_SNAM_2204.pdf','FA73','',0,15483),(15488,'Facture_EDF_SNAM_2205.pdf','FA74','',0,15483),(15489,'Facture_EDF_SNAM_2206.pdf','FA75','',0,15483),(15490,'Facture_EDF_SNAM_2207.pdf','FA76','',0,15483),(15491,'Facture_EDF_SNAM_2208.pdf','FA77','',0,15483),(15492,'Facture_EDF_SNAM_2209.pdf','FA78','',0,15483),(15493,'Facture_EDF_SNAM_2210.pdf','FA79','',0,15483),(15494,'Facture_EDF_SNAM_2211.pdf','FA80','',0,15483),(15495,'Facture_EDF_SNAM_2212.pdf','FA81','',0,15483),(16464,'CARBURE DU CHERAN 2021_Partie3.pdf','FA82','',16823,16463),(16465,'CARBURE DU CHERAN 2021_Partie7.pdf','FA83','',16823,16463),(16466,'CARBURE DU CHERAN 2021_Partie11.pdf','FA84','',16823,16463),(16467,'CARBURE DU CHERAN 2021_Partie4.pdf','FA85','',16823,16463),(16468,'CARBURE DU CHERAN 2021_Partie8.pdf','FA86','',16823,16463),(16470,'CARBURE DU CHERAN 2021_Partie12.pdf','FA87','',16823,16469),(16471,'CARBURE DU CHERAN 2021_Partie5.pdf','FA88','',16823,16463),(16472,'CARBURE DU CHERAN 2021_Partie9.pdf','FA89','',16823,16463),(16473,'CARBURE DU CHERAN 2021_Partie2.pdf','FA90','',16823,16463),(16474,'CARBURE DU CHERAN 2021_Partie6.pdf','FA91','',16823,16463),(16475,'CARBURE DU CHERAN 2021_Partie1.pdf','FA92','',16823,16463),(16476,'CARBURE DU CHERAN 2021_Partie10.pdf','FA93','',16823,16463),(16478,'engie janvier 1 2023.pdf','FA94','',15747,16477),(16479,'facture engie mai 2023.pdf','FA95','',15747,16477),(16480,'engie janvier 2 2023.pdf','FA96','',15747,16477),(16481,'engie avril 2023.pdf','FA97','',15747,16477),(16482,'engie mars 2023.pdf','FA98','',15747,16477),(16483,'engie fevrier 2023.pdf','FA99','',15747,16477),(16485,'EFV 63 Facture_EDF_01.11.21.pdf','FA100','',16121,16484),(16486,'EFV 63 Facture_EDF_03.08.21.pdf','FA101','',16121,16484),(16487,'EFV 63 Facture_EDF_01.04.21.pdf','FA102','',16121,16484),(16488,'EFV 63 Facture_EDF_01.05.21.pdf','FA103','',16121,16484),(16489,'EFV 63 Facture_EDF_01.06.21.pdf','FA104','',16121,16484),(16490,'EFV 63 Facture_EDF_01.03.21.pdf','FA105','',16121,16484),(16491,'EFV 63 Facture_EDF_01.09.21.pdf','FA106','',16121,16484),(16493,'EFV 43 SITE 3 Facture_EDF_04.01.21.pdf','FA107','',16824,16492),(16494,'EFV 43 SITE 3 Facture_EDF_01.02.21.pdf','FA108','',16824,16492),(16496,'EFV 43 SITE 2 Facture_EDF_01.09.21.pdf','FA109','',16825,16495),(16497,'EFV 43 SITE 2 Facture_EDF_03.08.21.pdf','FA110','',16825,16495),(16498,'EFV 43 SITE 2 Facture_EDF_15.12.21.pdf','FA111','',16825,16495),(16499,'EFV 43 SITE 2 Facture_EDF_01.10.21.pdf','FA112','',16825,16495),(16500,'EFV SITE 2 Facture_EDF_01.04.21.pdf','FA113','',16825,16495),(16501,'EFV 43 SITE 2 Facture_EDF_01.11.21.pdf','FA114','',16825,16495),(16502,'EFV 43 SITE 2 Facture_EDF_01.06.21.pdf','FA115','',16825,16495),(16503,'EFV 43 SITE 2 Facture_EDF_01.03.21.pdf','FA116','',16825,16495),(16505,'EFV 43 SITE 2 Facture_EDF_01.01.21.pdf','FA117','',16825,16504),(16506,'EFV 43 SITE 2 Facture_EDF_01.05.21.pdf','FA118','',16825,16495),(16507,'EFV 43 SITE 2 Facture_EDF_01.02.21.pdf','FA119','',16825,16495),(16509,'EFV 43 SITE 1 Facture_EDF_01.10.21.pdf','FA120','',15038,16508),(16511,'EFV43 SITE1 Facture_EDF_01.01.21.pdf','FA121','',15038,16510),(16512,'EFV 43 SITE 1 Facture_EDF_01.11.21.pdf','FA122','',15038,16508),(16513,'EFV 43 SITE 1 Facture_EDF_03.08.21.pdf','FA123','',15038,16508),(16514,'EFV 43 SITE 1 Facture_EDF_01.09.21.pdf','FA124','',15038,16508),(16515,'EFV SITE 1 Facture_EDF_01.02.21.pdf','FA125','',15038,16508),(16516,'EFV 43 SITE 1 Facture_EDF_01.06.21.pdf','FA126','',15038,16508),(16517,'EFV 43 SITE 1 Facture_EDF_01.07.21.pdf','FA127','',15038,16508),(16518,'EFV 43 SITE 1 Facture_EDF_01.03.21.pdf','FA128','',15038,16508),(16520,'ES - 06-2023.pdf','FA129','',16826,16519),(16522,'e6137fc4-acc3-407b-9182-7831b6f50904.pdf','FA130','',16826,16521),(16523,'77f166c7-ee44-4ac8-aa66-e1e02b1f2a2a.pdf','FA131','',16826,16519),(16524,'ES - 04-2023.pdf','FA132','',16826,16521),(16526,'ES ELECTRICITE 27288418S 031221.pdf','FA133','',16826,16525),(16528,'ES ELECTRICITE 26840676S 041021.pdf','FA134','',16826,16527),(16529,'ES ELECTRICITE 25957718S 030621.pdf','FA135','',16826,16525),(16530,'ES ELECTRICITE 27273019S 021221.pdf','FA136','',16826,16527),(16531,'ES ELECTRICITE 26419889S 050821.pdf','FA137','',16826,16525),(16532,'ES ELECTRICITE 26853647S 051021.pdf','FA138','',16826,16525),(16533,'ES ELECTRICITE 26169062S 020721.pdf','FA139','',16826,16527),(16534,'ES ELECTRICITE 25733051S 050521.pdf','FA140','',16826,16525),(16535,'ES ELECTRICITE 27051026S 031121.pdf','FA141','',16826,16527),(16536,'ES ELECTRICITE 26183670S 050721.pdf','FA142','',16826,16525),(16537,'ES ELECTRICITE 26616024S 030921.pdf','FA143','',16826,16525),(16538,'ES ELECTRICITE 25951643S 020621.pdf','FA144','',16826,16527),(16539,'ES ELECTRICITE 27062581S 041121.pdf','FA145','',16826,16525),(16540,'ES ELECTRICITE 26387625S 030821.pdf','FA146','',16826,16527),(16541,'ES ELECTRICITE 25717982S 040521.pdf','FA147','',16826,16527),(16543,'ES ELECTRICITE 24884856S 120121.pdf','FA148','',16826,16542),(16544,'ES ELECTRICITE 25094917S 040221.pdf','FA149','',16826,16527),(16545,'ES ELECTRICITE 25518816S 070421.pdf','FA150','',16826,16527),(16546,'ES ELECTRICITE 25117679S 080221.pdf','FA151','',16826,16525),(16547,'ES ELECTRICITE 25523654S 070421.pdf','FA152','',16826,16525),(16549,'eDF_Facture_20230222_181134-2022-03.pdf','FA153','',15935,16548),(16551,'7. Factures elec 2021 - LACHETEAU Sevremoine_Partie11.pdf','FA154','',16827,16550),(16552,'7. Factures elec 2021 - LACHETEAU Sevremoine_Partie4.pdf','FA155','',16827,16550),(16554,'7. Factures elec 2021 - LACHETEAU Sevremoine_Partie8.pdf','FA156','',16827,16553),(16555,'7. Factures elec 2021 - LACHETEAU Sevremoine_Partie12.pdf','FA157','',16827,16550),(16556,'7. Factures elec 2021 - LACHETEAU Sevremoine_Partie5.pdf','FA158','',16827,16550),(16557,'7. Factures elec 2021 - LACHETEAU Sevremoine_Partie9.pdf','FA159','',16827,16550),(16558,'7. Factures elec 2021 - LACHETEAU Sevremoine_Partie2.pdf','FA160','',16827,16550),(16559,'7. Factures elec 2021 - LACHETEAU Sevremoine_Partie6.pdf','FA161','',16827,16550),(16560,'7. Factures elec 2021 - LACHETEAU Sevremoine_Partie10.pdf','FA162','',16827,16550),(16561,'7. Factures elec 2021 - LACHETEAU Sevremoine_Partie3.pdf','FA163','',16827,16550),(16562,'7. Factures elec 2021 - LACHETEAU Sevremoine_Partie7.pdf','FA164','',16827,16550),(16564,'7. Factures elec 2021 - LACHETEAU Rochecorbon_Partie10.pdf','FA165','',16828,16563),(16565,'7. Factures elec 2021 - LACHETEAU Rochecorbon_Partie3.pdf','FA166','',16828,16563),(16566,'7. Factures elec 2021 - LACHETEAU Rochecorbon_Partie9.pdf','FA167','',16828,16563),(16568,'7. Factures elec 2021 - LACHETEAU Mouzillon_Partie8.pdf','FA168','',15109,16567),(16569,'7. Factures elec 2021 - LACHETEAU Rochecorbon_Partie11.pdf','FA169','',16828,16563),(16570,'7. Factures elec 2021 - LACHETEAU Rochecorbon_Partie6.pdf','FA170','',16828,16563),(16571,'7. Factures elec 2021 - LACHETEAU Sevremoine_Partie1.pdf','FA171','',16827,16550),(16572,'7. Factures elec 2021 - LACHETEAU Rochecorbon_Partie4.pdf','FA172','',16828,16563),(16573,'7. Factures elec 2021 - LACHETEAU Mouzillon_Partie9.pdf','FA173','',15109,16567),(16574,'7. Factures elec 2021 - LACHETEAU Rochecorbon_Partie12.pdf','FA174','',16828,16563),(16575,'7. Factures elec 2021 - LACHETEAU Rochecorbon_Partie7.pdf','FA175','',16828,16563),(16577,'7. Factures elec 2021 - LACHETEAU Rochecorbon_Partie5.pdf','FA176','',16828,16563),(16578,'7. Factures elec 2021 - LACHETEAU Rochecorbon_Partie1.pdf','FA177','',16828,16563),(16579,'7. Factures elec 2021 - LACHETEAU Rochecorbon_Partie2.pdf','FA178','',16828,16563),(16580,'7. Factures elec 2021 - LACHETEAU Rochecorbon_Partie8.pdf','FA179','',16828,16563),(16581,'7. Factures elec 2021 - LACHETEAU Mouzillon_Partie4.pdf','FA180','',15109,16567),(16583,'7. Factures elec 2021 - LACHETEAU Douee en Anjou_Partie9.pdf','FA181','',16829,16582),(16584,'7. Factures elec 2021 - LACHETEAU Mouzillon_Partie12.pdf','FA182','',15109,16567),(16585,'7. Factures elec 2021 - LACHETEAU Douee en Anjou_Partie6.pdf','FA183','',16829,16582),(16586,'7. Factures elec 2021 - LACHETEAU Mouzillon_Partie5.pdf','FA184','',15109,16567),(16587,'7. Factures elec 2021 - LACHETEAU Mouzillon_Partie1.pdf','FA185','',15109,16567),(16588,'7. Factures elec 2021 - LACHETEAU Mouzillon_Partie2.pdf','FA186','',15109,16567),(16589,'7. Factures elec 2021 - LACHETEAU Douee en Anjou_Partie7.pdf','FA187','',16829,16582),(16590,'7. Factures elec 2021 - LACHETEAU Mouzillon_Partie6.pdf','FA188','',15109,16567),(16591,'7. Factures elec 2021 - LACHETEAU Mouzillon_Partie10.pdf','FA189','',15109,16567),(16592,'7. Factures elec 2021 - LACHETEAU Mouzillon_Partie3.pdf','FA190','',15109,16567),(16593,'7. Factures elec 2021 - LACHETEAU Douee en Anjou_Partie8.pdf','FA191','',16829,16582),(16594,'7. Factures elec 2021 - LACHETEAU Mouzillon_Partie7.pdf','FA192','',15109,16567),(16595,'7. Factures elec 2021 - LACHETEAU Mouzillon_Partie11.pdf','FA193','',15109,16567),(16597,'7. Factures elec 2021 - LACHETEAU Blere_Partie9.pdf','FA194','',16830,16596),(16598,'7. Factures elec 2021 - LACHETEAU Douee en Anjou_Partie2.pdf','FA195','',16829,16582),(16599,'7. Factures elec 2021 - LACHETEAU Blere_Partie6.pdf','FA196','',16830,16596),(16600,'7. Factures elec 2021 - LACHETEAU Blere_Partie3.pdf','FA197','',16830,16596),(16601,'7. Factures elec 2021 - LACHETEAU Douee en Anjou_Partie3.pdf','FA198','',16829,16582),(16602,'7. Factures elec 2021 - LACHETEAU Blere_Partie7.pdf','FA199','',16830,16596),(16603,'7. Factures elec 2021 - LACHETEAU Douee en Anjou_Partie10.pdf','FA200','',16829,16582),(16604,'7. Factures elec 2021 - LACHETEAU Blere_Partie4.pdf','FA201','',16830,16596),(16605,'7. Factures elec 2021 - LACHETEAU Douee en Anjou_Partie4.pdf','FA202','',16829,16582),(16606,'7. Factures elec 2021 - LACHETEAU Blere_Partie8.pdf','FA203','',16830,16596),(16607,'7. Factures elec 2021 - LACHETEAU Douee en Anjou_Partie11.pdf','FA204','',16829,16582),(16608,'7. Factures elec 2021 - LACHETEAU Blere_Partie5.pdf','FA205','',16830,16596),(16609,'7. Factures elec 2021 - LACHETEAU Douee en Anjou_Partie5.pdf','FA206','',16829,16582),(16610,'7. Factures elec 2021 - LACHETEAU Blere_Partie2.pdf','FA207','',16830,16596),(16611,'7. Factures elec 2021 - LACHETEAU Blere_Partie11.pdf','FA208','',16830,16596),(16612,'7. Factures elec 2021 - LACHETEAU Blere_Partie12.pdf','FA209','',16830,16596),(16613,'7. Factures elec 2021 - LACHETEAU Blere_Partie1.pdf','FA210','',16830,16596),(16614,'7. Factures elec 2021 - LACHETEAU Blere_Partie13.pdf','FA211','',16830,16596),(16615,'7. Factures elec 2021 - LACHETEAU Blere_Partie10.pdf','FA212','',16830,16596),(16617,'facture_27288268S.pdf','FA213','',16831,16616),(16618,'facture_26615659S.pdf','FA214','',16831,16616),(16619,'facture_27670351S.pdf','FA215','',16831,16616),(16620,'facture_25957405S.pdf','FA216','',16831,16616),(16621,'facture_26853405S.pdf','FA217','',16831,16616),(16622,'facture_27061842S.pdf','FA218','',16831,16616),(16623,'facture_25523402S.pdf','FA219','',16831,16616),(16624,'facture_26407551S.pdf','FA220','',16831,16616),(16626,'Marlenheim_Part9.pdf','FA221','',15910,16625),(16627,'Marlenheim_Part2.pdf','FA222','',15910,16625),(16629,'2021-10 AM Epfig.pdf','FA223','',16832,16628),(16630,'Marlenheim_Part6.pdf','FA224','',15910,16625),(16632,'Marlenheim_Part10.pdf','FA225','',15910,16625),(16633,'Marlenheim_Part3.pdf','FA226','',15910,16625),(16634,'2021-11 AM Epfig.pdf','FA227','',16832,16628),(16635,'Marlenheim_Part7.pdf','FA228','',15910,16625),(16637,'Marlenheim_Part11.pdf','FA229','',15910,16625),(16638,'Marlenheim_Part4.pdf','FA230','',15910,16625),(16639,'2021-12 AM Epfig.pdf','FA231','',16832,16628),(16640,'Marlenheim_Part8.pdf','FA232','',15910,16625),(16641,'Marlenheim_Part12.pdf','FA233','',15910,16625),(16642,'Marlenheim_Part5.pdf','FA234','',15910,16625),(16643,'Marlenheim_Part1.pdf','FA235','',15910,16625),(16644,'2021-04 AM Epfig.pdf','FA236','',16832,16628),(16645,'2021-07 AM Epfig.pdf','FA237','',16832,16628),(16646,'2021-01 AM Epfig.pdf','FA238','',16832,16628),(16647,'2021-08 AM Epfig.pdf','FA239','',16832,16628),(16648,'2021-02 AM Epfig.pdf','FA240','',16832,16628),(16649,'2021-05 AM Epfig.pdf','FA241','',16832,16628),(16650,'2021-09 AM Epfig.pdf','FA242','',16832,16628),(16651,'2021-03 AM Epfig.pdf','FA243','',16832,16628),(16652,'2021-06 AM Epfig.pdf','FA244','',16832,16628),(16847,'SUC_Factures electricite_2021_Partie1.pdf','FA245','',16858,16846),(16848,'SUC_Factures electricite_2021_Partie10.pdf','FA246','',16858,16846),(16849,'SUC_Factures electricite_2021_Partie11.pdf','FA247','',16858,16846),(16850,'SUC_Factures electricite_2021_Partie2.pdf','FA248','',16858,16846),(16851,'SUC_Factures electricite_2021_Partie3.pdf','FA249','',16858,16846),(16852,'SUC_Factures electricite_2021_Partie4.pdf','FA250','',16858,16846),(16853,'SUC_Factures electricite_2021_Partie5.pdf','FA251','',16858,16846),(16854,'SUC_Factures electricite_2021_Partie6.pdf','FA252','',16858,16846),(16855,'SUC_Factures electricite_2021_Partie7.pdf','FA253','',16858,16846),(16856,'SUC_Factures electricite_2021_Partie8.pdf','FA254','',16858,16846),(16857,'SUC_Factures electricite_2021_Partie9.pdf','FA255','',16858,16846);

--
-- Table structure for table `vtiger_facturefourniachemicf`
--

CREATE TABLE `vtiger_facturefourniachemicf` (
  `facturefourniachemiid` int(19) NOT NULL,
  `cf_1191` varchar(255) DEFAULT '',
  `cf_1194` varchar(255) DEFAULT '',
  `cf_1196` varchar(255) DEFAULT '',
  `cf_1200` varchar(255) DEFAULT '',
  `cf_1202` varchar(255) DEFAULT '',
  `cf_1204` varchar(255) DEFAULT '',
  `cf_1206` varchar(255) DEFAULT '',
  `cf_1208` varchar(255) DEFAULT '',
  `cf_1210` int(4) DEFAULT NULL,
  `cf_1212` varchar(2) DEFAULT '',
  `cf_1214` decimal(65,5) DEFAULT NULL,
  `cf_1220` decimal(64,5) DEFAULT NULL,
  `cf_1223` varchar(255) DEFAULT '',
  `cf_1225` decimal(65,5) DEFAULT NULL,
  `cf_1227` decimal(65,5) DEFAULT NULL,
  `cf_1229` decimal(65,5) DEFAULT NULL,
  `cf_1231` decimal(65,5) DEFAULT NULL,
  `cf_1233` decimal(65,5) DEFAULT NULL,
  `cf_1235` decimal(65,5) DEFAULT NULL,
  `cf_1237` decimal(65,5) DEFAULT NULL,
  `cf_1239` decimal(65,5) DEFAULT NULL,
  `cf_1241` decimal(65,5) DEFAULT NULL,
  `cf_1243` decimal(65,5) DEFAULT NULL,
  `cf_1245` decimal(65,5) DEFAULT NULL,
  `cf_1247` decimal(65,5) DEFAULT NULL,
  `cf_1249` decimal(65,5) DEFAULT NULL,
  `cf_1251` decimal(65,5) DEFAULT NULL,
  `cf_1277` decimal(65,5) DEFAULT NULL,
  `cf_1279` decimal(65,5) DEFAULT NULL,
  `cf_1317` decimal(65,5) DEFAULT NULL,
  `cf_1414` decimal(65,5) DEFAULT NULL,
  `cf_1416` decimal(5,2) DEFAULT NULL,
  `cf_1430` varchar(255) DEFAULT '',
  PRIMARY KEY (`facturefourniachemiid`)
) ENGINE=InnoDB DEFAULT CHARSET=utf8;

--
-- Dumping data for table `vtiger_facturefourniachemicf`
--

INSERT INTO `vtiger_facturefourniachemicf` VALUES (13992,'','','','','','','','',0,'',0.00000,0.00000,'',0.00000,150.00000,0.00000,0.00000,0.00000,0.00000,0.00000,0.00000,0.00000,0.00000,0.00000,0.00000,0.00000,0.00000,NULL,NULL,NULL,NULL,NULL,''),(13993,'','','','','','','','',0,'',0.00000,0.00000,'',0.00000,650.00000,0.00000,0.00000,0.00000,0.00000,0.00000,0.00000,0.00000,0.00000,0.00000,0.00000,0.00000,0.00000,NULL,NULL,NULL,NULL,NULL,''),(14333,'STE NOUVELLE AFFINAGE DES METAUX_3,00024E+13_2022_1_FA','3,00024E+13','','0','10143403428','1 - CC7R34X','Créer formule','01/01/202231/01/2022',2022,'1',565.00000,0.00000,'HTA5',0.00000,35171.00000,35171.00000,4851.00000,4238.00000,0.00000,0.00000,13596.00000,0.00000,0.00000,0.00000,0.00000,0.00000,613.00000,NULL,NULL,NULL,NULL,NULL,''),(14334,'STE NOUVELLE AFFINAGE DES METAUX_3,00024E+13_2022_1_FA','3,00024E+13','','0','10145065722','1 - CC7R34X','Créer formule','01/01/202231/01/2022',2022,'1',562.00000,0.00000,'HTA5',0.00000,31812.00000,31812.00000,835.00000,281.00000,0.00000,0.00000,13196.00000,0.00000,0.00000,0.00000,0.00000,0.00000,553.00000,NULL,NULL,NULL,NULL,NULL,''),(14335,'STE NOUVELLE AFFINAGE DES METAUX_3,00024E+13_2022_3_FA','3,00024E+13','','0','10147049498','1 - CC7R34X','Créer formule','01/03/202231/03/2022',2022,'3',-144.00000,0.00000,'HTA5',0.00000,-7695.00000,-6761.00000,541.00000,-382.00000,0.00000,0.00000,14113.00000,0.00000,0.00000,0.00000,0.00000,0.00000,613.00000,NULL,NULL,NULL,NULL,NULL,''),(14336,'STE NOUVELLE AFFINAGE DES METAUX_3,00024E+13_2022_4_FA','3,00024E+13','','0','10148792371','1 - CC7R34X','Créer formule','01/04/202230/04/2022',2022,'4',564.00000,0.00000,'HTA5',0.00000,22313.00000,22313.00000,875.00000,282.00000,0.00000,0.00000,7482.00000,0.00000,0.00000,0.00000,0.00000,0.00000,593.00000,NULL,NULL,NULL,NULL,NULL,''),(14337,'STE NOUVELLE AFFINAGE DES METAUX_3,00024E+13_2022_5_FA','3,00024E+13','','0','10150658378','1 - CC7R34X','Créer formule','01/05/202231/05/2022',2022,'5',502.00000,0.00000,'HTA5',0.00000,19599.00000,19599.00000,864.00000,251.00000,0.00000,0.00000,7028.00000,0.00000,0.00000,0.00000,0.00000,0.00000,613.00000,NULL,NULL,NULL,NULL,NULL,''),(14338,'STE NOUVELLE AFFINAGE DES METAUX_3,00024E+13_2022_6_FA','3,00024E+13','','0','10152418197','1 - CC7R34X','Créer formule','01/06/202230/06/2022',2022,'6',531.00000,0.00000,'HTA5',0.00000,21213.00000,21213.00000,859.00000,265.00000,0.00000,0.00000,7218.00000,0.00000,0.00000,0.00000,0.00000,0.00000,593.00000,NULL,NULL,NULL,NULL,NULL,''),(14339,'STE NOUVELLE AFFINAGE DES METAUX_3,00024E+13_2022_7_FA','3,00024E+13','','0','10154396397','1 - CC7R34X','Créer formule','01/07/202231/07/2022',2022,'7',492.00000,0.00000,'HTA5',0.00000,19382.00000,19382.00000,961.00000,246.00000,0.00000,0.00000,7421.00000,0.00000,0.00000,0.00000,0.00000,0.00000,714.00000,NULL,NULL,NULL,NULL,NULL,''),(14340,'STE NOUVELLE AFFINAGE DES METAUX_3,00024E+13_2022_8_FA','3,00024E+13','','0','10156140904','1 - CC7R34X','Créer formule','01/08/202231/08/2022',2022,'8',193.00000,0.00000,'HTA5',0.00000,7629.00000,7629.00000,814.00000,96.00000,0.00000,0.00000,4728.00000,0.00000,0.00000,0.00000,0.00000,0.00000,718.00000,NULL,NULL,NULL,NULL,NULL,''),(14341,'STE NOUVELLE AFFINAGE DES METAUX_3,00024E+13_2022_9_FA','3,00024E+13','','0','10158088949','1 - CC7R34X','Créer formule','01/09/202230/09/2022',2022,'9',528.00000,0.00000,'HTA5',0.00000,0.00000,21061.00000,959.00000,264.00000,0.00000,30.00000,7159.00000,0.00000,0.00000,0.00000,0.00000,0.00000,264.00000,NULL,NULL,NULL,NULL,NULL,''),(14342,'STE NOUVELLE AFFINAGE DES METAUX_3,00024E+13_2022_10_FA','3,00024E+13','','0','10159951306','1 - CC7R34X','Créer formule','01/10/202231/10/2022',2022,'10',576.00000,0.00000,'HTA5',0.00000,22523.00000,22523.00000,1006.00000,288.00000,0.00000,0.00000,7590.00000,0.00000,0.00000,0.00000,0.00000,0.00000,718.00000,NULL,NULL,NULL,NULL,NULL,''),(14343,'STE NOUVELLE AFFINAGE DES METAUX_3,00024E+13_2022_11_FA','3,00024E+13','','0','10162060091','1 - CC7R34X','Créer formule','01/11/202230/11/2022',2022,'11',582.00000,0.00000,'HTA5',0.00000,35718.00000,29954.00000,986.00000,291.00000,0.00000,0.00000,13972.00000,0.00000,0.00000,0.00000,0.00000,0.00000,694.00000,NULL,NULL,NULL,NULL,NULL,''),(14344,'STE NOUVELLE AFFINAGE DES METAUX_3,00024E+13_2022_12_FA','3,00024E+13','','0','10164099701','1 - CC7R34X','Créer formule','01/12/202231/12/2022',2022,'12',507.00000,0.00000,'HTA5',0.00000,29698.00000,25282.00000,971.00000,253.00000,0.00000,0.00000,12976.00000,0.00000,0.00000,0.00000,0.00000,0.00000,718.00000,NULL,NULL,NULL,NULL,NULL,''),(14347,'SALAISONS PHILIS_3,00018E+13_2023_4_FA','3,00018E+13','','0','6,20001E+11','3,00002E+11','Créer formule','01/04/202330/04/2023',2023,'4',109.00000,0.00000,'0',0.00000,25534.00000,26453.00000,185.00000,54.00000,0.00000,0.00000,1415.00000,537.00000,0.00000,0.00000,26.00000,30.00000,130.00000,NULL,NULL,NULL,NULL,NULL,''),(14348,'SALAISONS PHILIS_3,00018E+13_2023_2_FA','3,00018E+13','','0','020039439462','3,00002E+11','Créer formule','01/02/202328/02/2023',2023,'2',99.00000,0.00000,'0',0.00000,7556.00000,6402.00000,171.00000,49.00000,0.00000,0.00000,2511.00000,501.00000,0.00000,0.00000,24.00000,28.00000,121.00000,NULL,NULL,NULL,NULL,NULL,''),(14349,'SALAISONS PHILIS_3,00018E+13_2023_1_FA','3,00018E+13','','0','020039437593','3,00002E+11','Créer formule','01/01/202303/01/2023',2023,'1',11.00000,0.00000,'0',0.00000,824.00000,708.00000,18.00000,5.00000,0.00000,0.00000,276.00000,53.00000,0.00000,0.00000,2.00000,3.00000,13.00000,NULL,NULL,NULL,NULL,NULL,''),(14350,'SALAISONS PHILIS_3,00018E+13_2023_1_FA','3,00018E+13','','0','020039438425','3,00002E+11','Créer formule','04/01/202331/01/2023',2023,'1',98.00000,0.00000,'0',0.00000,7487.00000,6344.00000,171.00000,49.00000,0.00000,0.00000,2493.00000,501.00000,0.00000,0.00000,24.00000,28.00000,121.00000,NULL,NULL,NULL,NULL,NULL,''),(14351,'SALAISONS PHILIS_3,00018E+13_2023_3_FA','3,00018E+13','','0','8,20005E+11','3,00002E+11','Créer formule','01/03/202331/03/2023',2023,'3',113.00000,0.00000,'HTA',0.00000,8652.00000,7319.00000,191.00000,56.00000,0.00000,0.00000,2735.00000,555.00000,0.00000,0.00000,27.00000,32.00000,134.00000,NULL,NULL,NULL,NULL,NULL,''),(14352,'SALAISONS PHILIS_3,00018E+13_2023_6_FA','3,00018E+13','','0','9,80005E+11','3,00002E+11','Créer formule','01/06/202330/06/2023',2023,'6',132.00000,0.00000,'0',0.00000,30676.00000,31775.00000,196.00000,66.00000,0.00000,0.00000,1599.00000,0.00000,0.00000,0.00000,26.00000,30.00000,130.00000,NULL,NULL,NULL,NULL,NULL,''),(14353,'SALAISONS PHILIS_3,00018E+13_2023_5_FA','3,00018E+13','','0','970005360868-5','3,00002E+11','Créer formule','01/05/202331/05/2023',2023,'5',119.00000,0.00000,'0',0.00000,27688.00000,28681.00000,194.00000,59.00000,0.00000,0.00000,1514.00000,555.00000,0.00000,0.00000,27.00000,32.00000,134.00000,NULL,NULL,NULL,NULL,NULL,''),(14356,'VM BUILDING SOLUTIONS SAS_3,00002E+13_2022_1_FA','3,00002E+13','','FR80509378386','FR100156956','0','Créer formule','01/01/2022-31/01/2022',2022,'1',186.00000,180.71000,'HTALU5',640.00000,25275.00000,25275.00000,1877.00000,1398.00000,111.00000,165.00000,6182.00000,0.00000,0.00000,0.00000,0.00000,0.00000,243.00000,NULL,NULL,NULL,NULL,NULL,''),(14357,'VM BUILDING SOLUTIONS SAS_3,00002E+13_2022_2_FA','3,00002E+13','','FR80509378386','FR100158287','0','Créer formule','01/02/2022-28/02/2022',2022,'2',154.00000,0.00000,'HTALU5',640.00000,-289.00000,19548.00000,282.00000,77.00000,92.00000,165.00000,4513.00000,-111.00000,0.00000,0.00000,0.00000,0.00000,-15.00000,NULL,NULL,NULL,NULL,NULL,''),(14358,'VM BUILDING SOLUTIONS SAS_3,00002E+13_2022_3_FA','3,00002E+13','','FR80509378386','FR100162647','0','Créer formule','01/03/2022-31/03/2022',2022,'3',151.00000,0.00000,'HTALU5',640.00000,26857.00000,26857.00000,319.00000,75.00000,90.00000,165.00000,4583.00000,0.00000,0.00000,0.00000,0.00000,0.00000,243.00000,NULL,NULL,NULL,NULL,NULL,''),(14359,'VM BUILDING SOLUTIONS SAS_3,00002E+13_2022_4_FA','3,00002E+13','','FR80509378386','FR100164397','0','Créer formule','01/04/2022-30/04/2022',2022,'4',131.00000,0.00000,'HTALU5',640.00000,17318.00000,17318.00000,301.00000,65.00000,78.00000,165.00000,2180.00000,0.00000,0.00000,0.00000,0.00000,0.00000,235.00000,NULL,NULL,NULL,NULL,NULL,''),(14360,'VM BUILDING SOLUTIONS SAS_3,00002E+13_2022_5_FA','3,00002E+13','','FR80509378386','FR100168006','0','Créer formule','01/05/2022-31/05/2022',2022,'5',98.00000,0.00000,'HTALU5',640.00000,10201.00000,10201.00000,292.00000,49.00000,59.00000,165.00000,1939.00000,0.00000,0.00000,0.00000,0.00000,0.00000,-235.00000,NULL,NULL,NULL,NULL,NULL,''),(14361,'VM BUILDING SOLUTIONS SAS_3,00002E+13_2022_6_FA','3,00002E+13','','FR80509378386','FR100169627','0','Créer formule','01/06/2022-30/06/2022',2022,'6',91.00000,0.00000,'HTALUS',640.00000,11947.00000,11947.00000,281.00000,45.00000,54.00000,165.00000,1845.00000,0.00000,0.00000,0.00000,0.00000,0.00000,235.00000,NULL,NULL,NULL,NULL,NULL,''),(14362,'VM BUILDING SOLUTIONS SAS_3,00002E+13_2022_7_FA','3,00002E+13','','FR80509378386','FR100172192','0','Créer formule','01/07/2022-31/07/2022',2022,'7',85.00000,0.00000,'HTALU5',640.00000,16189.00000,16189.00000,325.00000,42.00000,51.00000,165.00000,2010.00000,0.00000,0.00000,0.00000,0.00000,0.00000,243.00000,NULL,NULL,NULL,NULL,NULL,''),(14363,'VM BUILDING SOLUTIONS SAS_3,00002E+13_2022_8_FA','3,00002E+13','','FR80509378386','FR100174470','0','Créer formule','01/08/2022-31/08/2022',2022,'8',69.00000,0.00000,'HTALU5',640.00000,2592.00000,2592.00000,318.00000,34.00000,41.00000,165.00000,1813.00000,0.00000,0.00000,0.00000,0.00000,0.00000,284.00000,NULL,NULL,NULL,NULL,NULL,''),(14364,'VM BUILDING SOLUTIONS SAS_3,00002E+13_2022_9_FA','3,00002E+13','','FR80509378386','FR100177073','0','Créer formule','01/09/2022-30/09/2022',2022,'9',98.00000,0.00000,'HTALU5',640.00000,16122.00000,16122.00000,324.00000,49.00000,58.00000,165.00000,1994.00000,0.00000,0.00000,0.00000,0.00000,0.00000,274.00000,NULL,NULL,NULL,NULL,NULL,''),(14365,'VM BUILDING SOLUTIONS SAS_3,00002E+13_2022_10_FA','3,00002E+13','','FR80509378386','FR100180892','0','Créer formule','01/10/2022-31/10/2022',2022,'10',87.00000,0.00000,'HTALU5',640.00000,7380.00000,7380.00000,328.00000,43.00000,52.00000,165.00000,1952.00000,0.00000,0.00000,0.00000,0.00000,0.00000,284.00000,NULL,NULL,NULL,NULL,NULL,''),(14366,'VM BUILDING SOLUTIONS SAS_3,00002E+13_2022_11_FA','3,00002E+13','','FR80509378386','FR100183685','0','Créer formule','01/11/2022-30/11/2022',2022,'11',103.00000,0.00000,'HTALU5',640.00000,9883.00000,9883.00000,326.00000,51.00000,62.00000,165.00000,3818.00000,0.00000,0.00000,0.00000,0.00000,0.00000,274.00000,NULL,NULL,NULL,NULL,NULL,''),(14367,'VM BUILDING SOLUTIONS SAS_3,00002E+13_2022_12_FA','3,00002E+13','','FR80509378386','FR100186299','0','Créer formule','01/12/2022-31/12/2022',2022,'12',114.00000,0.00000,'HTALUS',640.00000,12930.00000,12930.00000,66.00000,57.00000,68.00000,165.00000,2702.00000,0.00000,0.00000,0.00000,0.00000,0.00000,284.00000,NULL,NULL,NULL,NULL,NULL,''),(14452,'STE NOUVELLE AFFINAGE DES METAUX_30002350173010_2022_1_FA','3,00024E+13','','0','10143403428','1 - CC7R34X','EDF - SA','01/01/202231/01/2022',2022,'1',565.12500,94.88000,'HTA5',0.00000,35171.00000,35171.00000,0.00000,4238.00000,0.00000,0.00000,13596.00000,0.00000,0.00000,0.00000,0.00000,0.00000,613.00000,NULL,NULL,NULL,NULL,NULL,''),(14453,'STE NOUVELLE AFFINAGE DES METAUX_30002350173010_2022_1_FA','3,00024E+13','','0','10145065722','1 - CC7R34X','EDF - SA','01/01/202231/01/2022',2022,'1',562.35600,81.52000,'HTA5',0.00000,31812.00000,31812.00000,0.00000,281.00000,0.00000,0.00000,13196.00000,0.00000,0.00000,0.00000,0.00000,0.00000,553.00000,NULL,NULL,NULL,NULL,NULL,''),(14454,'STE NOUVELLE AFFINAGE DES METAUX_30002350173010_2022_3_FA','3,00024E+13','','0','10147049498','1 - CC7R34X','EDF - SA','01/03/202231/03/2022',2022,'3',-144.11500,-48.29000,'HTA5',0.00000,-7695.00000,-6761.00000,0.00000,-382.00000,0.00000,0.00000,14113.00000,0.00000,0.00000,0.00000,0.00000,0.00000,613.00000,NULL,NULL,NULL,NULL,NULL,''),(14455,'STE NOUVELLE AFFINAGE DES METAUX_30002350173010_2022_4_FA','3,00024E+13','','0','10148792371','1 - CC7R34X','EDF - SA','01/04/202230/04/2022',2022,'4',564.50600,54.33000,'HTA5',0.00000,22313.00000,22313.00000,0.00000,282.00000,0.00000,0.00000,7482.00000,0.00000,0.00000,0.00000,0.00000,0.00000,593.00000,NULL,NULL,NULL,NULL,NULL,''),(14456,'STE NOUVELLE AFFINAGE DES METAUX_30002350173010_2022_5_FA','3,00024E+13','','0','10150658378','1 - CC7R34X','EDF - SA','01/05/202231/05/2022',2022,'5',502.60300,54.70000,'HTA5',0.00000,19599.00000,19599.00000,0.00000,251.00000,0.00000,0.00000,7028.00000,0.00000,0.00000,0.00000,0.00000,0.00000,613.00000,NULL,NULL,NULL,NULL,NULL,''),(14457,'STE NOUVELLE AFFINAGE DES METAUX_30002350173010_2022_6_FA','3,00024E+13','','0','10152418197','1 - CC7R34X','EDF - SA','01/06/202230/06/2022',2022,'6',531.39200,55.12000,'HTA5',0.00000,21213.00000,21213.00000,0.00000,265.00000,0.00000,0.00000,7218.00000,0.00000,0.00000,0.00000,0.00000,0.00000,593.00000,NULL,NULL,NULL,NULL,NULL,''),(14458,'STE NOUVELLE AFFINAGE DES METAUX_30002350173010_2022_7_FA','3,00024E+13','','0','10154396397','1 - CC7R34X','EDF - SA','01/07/202231/07/2022',2022,'7',492.79100,56.34000,'HTA5',0.00000,19382.00000,19382.00000,0.00000,246.00000,0.00000,0.00000,7421.00000,0.00000,0.00000,0.00000,0.00000,0.00000,714.00000,NULL,NULL,NULL,NULL,NULL,''),(14459,'STE NOUVELLE AFFINAGE DES METAUX_30002350173010_2022_8_FA','3,00024E+13','','0','10156140904','1 - CC7R34X','EDF - SA','01/08/202231/08/2022',2022,'8',193.45200,68.09000,'HTA5',0.00000,7629.00000,7629.00000,0.00000,96.00000,0.00000,0.00000,4728.00000,0.00000,0.00000,0.00000,0.00000,0.00000,718.00000,NULL,NULL,NULL,NULL,NULL,''),(14460,'STE NOUVELLE AFFINAGE DES METAUX_30002350173010_2022_9_FA','3,00024E+13','','0','10158088949','1 - CC7R34X','EDF - SA','01/09/202230/09/2022',2022,'9',528.22700,55.24000,'HTA5',0.00000,0.00000,21061.00000,0.00000,264.00000,0.00000,30.00000,7159.00000,0.00000,0.00000,0.00000,0.00000,0.00000,264.00000,NULL,NULL,NULL,NULL,NULL,''),(14461,'STE NOUVELLE AFFINAGE DES METAUX_30002350173010_2022_10_FA','3,00024E+13','','0','10159951306','1 - CC7R34X','EDF - SA','01/10/202231/10/2022',2022,'10',576.37000,53.99000,'HTA5',0.00000,22523.00000,22523.00000,0.00000,288.00000,0.00000,0.00000,7590.00000,0.00000,0.00000,0.00000,0.00000,0.00000,718.00000,NULL,NULL,NULL,NULL,NULL,''),(14462,'STE NOUVELLE AFFINAGE DES METAUX_30002350173010_2022_11_FA','3,00024E+13','','0','10162060091','1 - CC7R34X','EDF - SA','01/11/202230/11/2022',2022,'11',582.41700,87.01000,'HTA5',0.00000,35718.00000,29954.00000,0.00000,291.00000,0.00000,0.00000,13972.00000,0.00000,0.00000,0.00000,0.00000,0.00000,694.00000,NULL,NULL,NULL,NULL,NULL,''),(14463,'STE NOUVELLE AFFINAGE DES METAUX_30002350173010_2022_12_FA','3,00024E+13','','0','10164099701','1 - CC7R34X','EDF - SA','01/12/202231/12/2022',2022,'12',507.70200,85.97000,'HTA5',0.00000,29698.00000,25282.00000,0.00000,253.00000,0.00000,0.00000,12976.00000,0.00000,0.00000,0.00000,0.00000,0.00000,718.00000,NULL,NULL,NULL,NULL,NULL,''),(14651,'STE NOUVELLE AFFINAGE DES METAUX_30002350173010_2022_1_FA','3,00024E+13','','0','10143403428','1 - CC7R34X','EDF','01/01/202231/01/2022',2022,'1',565.00000,94.90000,'HTA5',1654.00000,35171.00000,35171.00000,4851.00000,4238.00000,0.00000,0.00000,13596.00000,0.00000,10800.00000,0.00000,0.00000,0.00000,613.00000,53620.00000,64344.00000,NULL,NULL,NULL,''),(14652,'STE NOUVELLE AFFINAGE DES METAUX_30002350173010_2022_1_FA','3,00024E+13','','0','10145065722','1 - CC7R34X','EDF','01/01/202231/01/2022',2022,'1',562.00000,81.57000,'HTA5',1654.00000,31812.00000,31812.00000,835.00000,281.00000,0.00000,0.00000,13196.00000,0.00000,10671.00000,0.00000,0.00000,0.00000,553.00000,45844.00000,55013.00000,NULL,NULL,NULL,''),(14653,'STE NOUVELLE AFFINAGE DES METAUX_30002350173010_2022_3_FA','3,00024E+13','','0','10147049498','1 - CC7R34X','EDF','01/03/202231/03/2022',2022,'3',-144.00000,-48.33000,'HTA5',1654.00000,-7695.00000,-6761.00000,541.00000,-382.00000,0.00000,0.00000,14113.00000,0.00000,11317.00000,0.00000,0.00000,0.00000,613.00000,6959.00000,8351.00000,NULL,NULL,NULL,''),(14654,'STE NOUVELLE AFFINAGE DES METAUX_30002350173010_2022_4_FA','3,00024E+13','','0','10148792371','1 - CC7R34X','EDF','01/04/202230/04/2022',2022,'4',564.00000,54.38000,'HTA5',1654.00000,22313.00000,22313.00000,875.00000,282.00000,0.00000,0.00000,7482.00000,0.00000,4776.00000,0.00000,0.00000,0.00000,593.00000,30672.00000,36806.00000,NULL,NULL,NULL,''),(14655,'STE NOUVELLE AFFINAGE DES METAUX_30002350173010_2022_5_FA','3,00024E+13','','0','10150658378','1 - CC7R34X','EDF','01/05/202231/05/2022',2022,'5',502.00000,54.76000,'HTA5',1654.00000,19599.00000,19599.00000,864.00000,251.00000,0.00000,0.00000,7028.00000,0.00000,4232.00000,0.00000,0.00000,0.00000,613.00000,27492.00000,32990.00000,NULL,NULL,NULL,''),(14656,'STE NOUVELLE AFFINAGE DES METAUX_30002350173010_2022_6_FA','3,00024E+13','','0','10152418197','1 - CC7R34X','EDF','01/06/202230/06/2022',2022,'6',531.00000,55.16000,'HTA5',1654.00000,21213.00000,21213.00000,859.00000,265.00000,0.00000,0.00000,7218.00000,0.00000,7162.00000,0.00000,0.00000,0.00000,593.00000,29291.00000,35150.00000,NULL,NULL,NULL,''),(14657,'STE NOUVELLE AFFINAGE DES METAUX_30002350173010_2022_7_FA','3,00024E+13','','0','10154396397','1 - CC7R34X','EDF','01/07/202231/07/2022',2022,'7',492.00000,56.43000,'HTA5',1654.00000,19382.00000,19382.00000,961.00000,246.00000,0.00000,0.00000,7421.00000,0.00000,4162.00000,0.00000,0.00000,0.00000,714.00000,27764.00000,33317.00000,NULL,NULL,NULL,''),(14658,'STE NOUVELLE AFFINAGE DES METAUX_30002350173010_2022_8_FA','3,00024E+13','','0','10156140904','1 - CC7R34X','EDF','01/08/202231/08/2022',2022,'8',193.00000,68.25000,'HTA5',1654.00000,7629.00000,7629.00000,814.00000,96.00000,0.00000,0.00000,4728.00000,0.00000,4566.00000,0.00000,0.00000,0.00000,718.00000,13173.00000,15808.00000,NULL,NULL,NULL,''),(14659,'STE NOUVELLE AFFINAGE DES METAUX_30002350173010_2022_9_FA','3,00024E+13','','0','10158088949','1 - CC7R34X','EDF','01/09/202230/09/2022',2022,'9',528.00000,55.27000,'HTA5',1320.00000,0.00000,21061.00000,959.00000,264.00000,0.00000,30.00000,7159.00000,0.00000,8667.00000,0.00000,0.00000,0.00000,264.00000,29180.00000,35016.00000,NULL,NULL,NULL,''),(14660,'STE NOUVELLE AFFINAGE DES METAUX_30002350173010_2022_10_FA','3,00024E+13','','0','10159951306','1 - CC7R34X','EDF','01/10/202231/10/2022',2022,'10',576.00000,54.03000,'HTA5',1654.00000,22523.00000,22523.00000,1006.00000,288.00000,0.00000,0.00000,7590.00000,0.00000,7427.00000,0.00000,0.00000,0.00000,718.00000,31120.00000,37344.00000,NULL,NULL,NULL,''),(14661,'STE NOUVELLE AFFINAGE DES METAUX_30002350173010_2022_11_FA','3,00024E+13','','0','10162060091','1 - CC7R34X','EDF','01/11/202230/11/2022',2022,'11',582.00000,87.07000,'HTA5',1654.00000,35718.00000,29954.00000,986.00000,291.00000,0.00000,0.00000,13972.00000,0.00000,10803.00000,0.00000,0.00000,0.00000,694.00000,50677.00000,60812.00000,NULL,NULL,NULL,''),(14662,'STE NOUVELLE AFFINAGE DES METAUX_30002350173010_2022_12_FA','3,00024E+13','','0','10164099701','1 - CC7R34X','EDF','01/12/202231/12/2022',2022,'12',507.00000,86.09000,'HTA5',1654.00000,29698.00000,25282.00000,971.00000,253.00000,0.00000,0.00000,12976.00000,0.00000,9701.00000,0.00000,0.00000,0.00000,718.00000,43646.00000,52376.00000,NULL,NULL,NULL,''),(15421,'STE NOUVELLE AFFINAGE DES METAUX_30002350173010_2022_1_FA','30002350173010','0','0','10143403428','1 - CC7R34X','EDF','01/01/202231/01/2022',2022,'1',565.00000,94.90000,'HTA5',1654.00000,35171.00000,35171.00000,4851.00000,4238.00000,0.00000,0.00000,13596.00000,0.00000,10800.00000,0.00000,0.00000,0.00000,613.00000,53620.00000,64344.00000,NULL,NULL,NULL,''),(15422,'STE NOUVELLE AFFINAGE DES METAUX_30002350173010_2022_1_FA','30002350173010','','0','10145065722','1 - CC7R34X','EDF','01/01/202231/01/2022',2022,'1',562.00000,81.57000,'HTA5',1654.00000,31812.00000,31812.00000,835.00000,281.00000,0.00000,0.00000,13196.00000,0.00000,10671.00000,0.00000,0.00000,0.00000,553.00000,45844.00000,55013.00000,NULL,NULL,NULL,''),(15423,'STE NOUVELLE AFFINAGE DES METAUX_30002350173010_2022_3_FA','30002350173010','','0','10147049498','1 - CC7R34X','EDF','01/03/202231/03/2022',2022,'3',-144.00000,-48.33000,'HTA5',1654.00000,-7695.00000,-6761.00000,541.00000,-382.00000,0.00000,0.00000,14113.00000,0.00000,11317.00000,0.00000,0.00000,0.00000,613.00000,6959.00000,8351.00000,NULL,NULL,NULL,''),(15424,'STE NOUVELLE AFFINAGE DES METAUX_30002350173010_2022_4_FA','30002350173010','','0','10148792371','1 - CC7R34X','EDF','01/04/202230/04/2022',2022,'4',564.00000,54.38000,'HTA5',1654.00000,22313.00000,22313.00000,875.00000,282.00000,0.00000,0.00000,7482.00000,0.00000,4776.00000,0.00000,0.00000,0.00000,593.00000,30672.00000,36806.00000,NULL,NULL,NULL,''),(15425,'STE NOUVELLE AFFINAGE DES METAUX_30002350173010_2022_5_FA','30002350173010','','0','10150658378','1 - CC7R34X','EDF','01/05/202231/05/2022',2022,'5',502.00000,54.76000,'HTA5',1654.00000,19599.00000,19599.00000,864.00000,251.00000,0.00000,0.00000,7028.00000,0.00000,4232.00000,0.00000,0.00000,0.00000,613.00000,27492.00000,32990.00000,NULL,NULL,NULL,''),(15426,'STE NOUVELLE AFFINAGE DES METAUX_30002350173010_2022_6_FA','30002350173010','','0','10152418197','1 - CC7R34X','EDF','01/06/202230/06/2022',2022,'6',531.00000,55.16000,'HTA5',1654.00000,21213.00000,21213.00000,859.00000,265.00000,0.00000,0.00000,7218.00000,0.00000,7162.00000,0.00000,0.00000,0.00000,593.00000,29291.00000,35150.00000,NULL,NULL,NULL,''),(15427,'STE NOUVELLE AFFINAGE DES METAUX_30002350173010_2022_7_FA','30002350173010','','0','10154396397','1 - CC7R34X','EDF','01/07/202231/07/2022',2022,'7',492.00000,56.43000,'HTA5',1654.00000,19382.00000,19382.00000,961.00000,246.00000,0.00000,0.00000,7421.00000,0.00000,4162.00000,0.00000,0.00000,0.00000,714.00000,27764.00000,33317.00000,NULL,NULL,NULL,''),(15428,'STE NOUVELLE AFFINAGE DES METAUX_30002350173010_2022_8_FA','30002350173010','','0','10156140904','1 - CC7R34X','EDF','01/08/202231/08/2022',2022,'8',193.00000,68.25000,'HTA5',1654.00000,7629.00000,7629.00000,814.00000,96.00000,0.00000,0.00000,4728.00000,0.00000,4566.00000,0.00000,0.00000,0.00000,718.00000,13173.00000,15808.00000,NULL,NULL,NULL,''),(15429,'STE NOUVELLE AFFINAGE DES METAUX_30002350173010_2022_9_FA','30002350173010','','0','10158088949','1 - CC7R34X','EDF','01/09/202230/09/2022',2022,'9',528.00000,55.27000,'HTA5',1320.00000,0.00000,21061.00000,959.00000,264.00000,0.00000,30.00000,7159.00000,0.00000,8667.00000,0.00000,0.00000,0.00000,264.00000,29180.00000,35016.00000,NULL,NULL,NULL,''),(15430,'STE NOUVELLE AFFINAGE DES METAUX_30002350173010_2022_10_FA','30002350173010','','0','10159951306','1 - CC7R34X','EDF','01/10/202231/10/2022',2022,'10',576.00000,54.03000,'HTA5',1654.00000,22523.00000,22523.00000,1006.00000,288.00000,0.00000,0.00000,7590.00000,0.00000,7427.00000,0.00000,0.00000,0.00000,718.00000,31120.00000,37344.00000,NULL,NULL,NULL,''),(15431,'STE NOUVELLE AFFINAGE DES METAUX_30002350173010_2022_11_FA','30002350173010','','0','10162060091','1 - CC7R34X','EDF','01/11/202230/11/2022',2022,'11',582.00000,87.07000,'HTA5',1654.00000,35718.00000,29954.00000,986.00000,291.00000,0.00000,0.00000,13972.00000,0.00000,10803.00000,0.00000,0.00000,0.00000,694.00000,50677.00000,60812.00000,NULL,NULL,NULL,''),(15432,'STE NOUVELLE AFFINAGE DES METAUX_30002350173010_2022_12_FA','30002350173010','','0','10164099701','1 - CC7R34X','EDF','01/12/202231/12/2022',2022,'12',507.00000,86.09000,'HTA5',1654.00000,29698.00000,25282.00000,971.00000,253.00000,0.00000,0.00000,12976.00000,0.00000,9701.00000,0.00000,0.00000,0.00000,718.00000,43646.00000,52376.00000,NULL,NULL,NULL,''),(15484,'STE NOUVELLE AFFINAGE DES METAUX_30002350173010_2022_1_FA','30002350173010','0','0','10143403428','1 - CC7R34X','EDF','01/01/202231/01/2022',2022,'1',565.00000,94.90265,'HTA5',1654.00000,35171.00000,35171.00000,4851.00000,4238.00000,0.00000,0.00000,13596.00000,0.00000,10800.00000,0.00000,0.00000,0.00000,613.00000,53620.00000,64344.00000,0.00000,10724.00000,20.00,''),(15485,'STE NOUVELLE AFFINAGE DES METAUX_30002350173010_2022_1_FA','30002350173010','','0','10145065722','1 - CC7R34X','EDF','01/01/202231/01/2022',2022,'1',562.00000,81.57295,'HTA5',1654.00000,31812.00000,31812.00000,835.00000,281.00000,0.00000,0.00000,13196.00000,0.00000,10671.00000,0.00000,0.00000,0.00000,553.00000,45844.00000,55013.00000,0.00000,9168.00000,20.00,''),(15486,'STE NOUVELLE AFFINAGE DES METAUX_30002350173010_2022_3_FA','30002350173010','','0','10147049498','1 - CC7R34X','EDF','01/03/202231/03/2022',2022,'3',-144.00000,-48.32639,'HTA5',1654.00000,-7695.00000,-6761.00000,541.00000,-382.00000,0.00000,0.00000,14113.00000,0.00000,11317.00000,0.00000,0.00000,0.00000,613.00000,6959.00000,8351.00000,-7013.00000,1391.00000,20.00,''),(15487,'STE NOUVELLE AFFINAGE DES METAUX_30002350173010_2022_4_FA','30002350173010','','0','10148792371','1 - CC7R34X','EDF','01/04/202230/04/2022',2022,'4',564.00000,54.38298,'HTA5',1654.00000,22313.00000,22313.00000,875.00000,282.00000,0.00000,0.00000,7482.00000,0.00000,4776.00000,0.00000,0.00000,0.00000,593.00000,30672.00000,36806.00000,0.00000,6134.00000,20.00,''),(15488,'STE NOUVELLE AFFINAGE DES METAUX_30002350173010_2022_5_FA','30002350173010','','0','10150658378','1 - CC7R34X','EDF','01/05/202231/05/2022',2022,'5',502.00000,54.76494,'HTA5',1654.00000,19599.00000,19599.00000,864.00000,251.00000,0.00000,0.00000,7028.00000,0.00000,4232.00000,0.00000,0.00000,0.00000,613.00000,27492.00000,32990.00000,0.00000,5498.00000,20.00,''),(15489,'STE NOUVELLE AFFINAGE DES METAUX_30002350173010_2022_6_FA','30002350173010','','0','10152418197','1 - CC7R34X','EDF','01/06/202230/06/2022',2022,'6',531.00000,55.16196,'HTA5',1654.00000,21213.00000,21213.00000,859.00000,265.00000,0.00000,0.00000,7218.00000,0.00000,7162.00000,0.00000,0.00000,0.00000,593.00000,29291.00000,35150.00000,0.00000,5858.00000,20.00,''),(15490,'STE NOUVELLE AFFINAGE DES METAUX_30002350173010_2022_7_FA','30002350173010','','0','10154396397','1 - CC7R34X','EDF','01/07/202231/07/2022',2022,'7',492.00000,56.43089,'HTA5',1654.00000,19382.00000,19382.00000,961.00000,246.00000,0.00000,0.00000,7421.00000,0.00000,4162.00000,0.00000,0.00000,0.00000,714.00000,27764.00000,33317.00000,0.00000,5552.00000,20.00,''),(15491,'STE NOUVELLE AFFINAGE DES METAUX_30002350173010_2022_8_FA','30002350173010','','0','10156140904','1 - CC7R34X','EDF','01/08/202231/08/2022',2022,'8',193.00000,68.25389,'HTA5',1654.00000,7629.00000,7629.00000,814.00000,96.00000,0.00000,0.00000,4728.00000,0.00000,4566.00000,0.00000,0.00000,0.00000,718.00000,13173.00000,15808.00000,0.00000,2634.00000,20.00,''),(15492,'STE NOUVELLE AFFINAGE DES METAUX_30002350173010_2022_9_FA','30002350173010','','0','10158088949','1 - CC7R34X','EDF','01/09/202230/09/2022',2022,'9',528.00000,55.26515,'HTA5',1320.00000,0.00000,21061.00000,959.00000,264.00000,0.00000,30.00000,7159.00000,0.00000,8667.00000,0.00000,0.00000,0.00000,264.00000,29180.00000,35016.00000,0.00000,5836.00000,20.00,''),(15493,'STE NOUVELLE AFFINAGE DES METAUX_30002350173010_2022_10_FA','30002350173010','','0','10159951306','1 - CC7R34X','EDF','01/10/202231/10/2022',2022,'10',576.00000,54.02778,'HTA5',1654.00000,22523.00000,22523.00000,1006.00000,288.00000,0.00000,0.00000,7590.00000,0.00000,7427.00000,0.00000,0.00000,0.00000,718.00000,31120.00000,37344.00000,0.00000,6224.00000,20.00,''),(15494,'STE NOUVELLE AFFINAGE DES METAUX_30002350173010_2022_11_FA','30002350173010','','0','10162060091','1 - CC7R34X','EDF','01/11/202230/11/2022',2022,'11',582.00000,87.07388,'HTA5',1654.00000,35718.00000,29954.00000,986.00000,291.00000,0.00000,0.00000,13972.00000,0.00000,10803.00000,0.00000,0.00000,0.00000,694.00000,50677.00000,60812.00000,5764.00000,10135.00000,20.00,''),(15495,'STE NOUVELLE AFFINAGE DES METAUX_30002350173010_2022_12_FA','30002350173010','','0','10164099701','1 - CC7R34X','EDF','01/12/202231/12/2022',2022,'12',507.00000,86.08679,'HTA5',1654.00000,29698.00000,25282.00000,971.00000,253.00000,0.00000,0.00000,12976.00000,0.00000,9701.00000,0.00000,0.00000,0.00000,718.00000,43646.00000,52376.00000,4415.00000,8729.00000,20.00,''),(16464,'CARBURE DU CHERAN_30001950635976_2021_9_FA','30001950635976','6 RUE DES GLIERES ZAE RUMILLY EST 74150 RUMILLY','0','10136461530','1-8JU6D58','EDF','du 01/09/2021 au 30/09/2021',2021,'9',45.00000,73.28889,'HTA5',200.00000,2084.00000,0.00000,376.00000,342.00000,0.00000,96.00000,837.00000,0.00000,703.00000,0.00000,0.00000,0.00000,34.00000,3298.00000,3958.00000,0.00000,659.00000,20.00,''),(16465,'CARBURE DU CHERAN_30001950635976_2021_5_FA','30001950635976','6 RUE DES GLIERES ZAE RUMILLY EST 74150 RUMILLY','0','10129982415','1-8JU6D58','EDF','du 01/05/2021 au 31/05/2021',2021,'5',54.00000,69.85185,'HTA5',200.00000,2265.00000,0.00000,446.00000,409.00000,0.00000,96.00000,1060.00000,0.00000,1889.00000,0.00000,0.00000,0.00000,36.00000,3772.00000,4527.00000,0.00000,754.00000,20.00,''),(16466,'CARBURE DU CHERAN_30001950635976_2021_1_FA','30001950635976','6 RUE DES GLIERES ZAE RUMILLY EST 74150 RUMILLY','0','10123806883','1-8JU6D58','EDF','du 01/01/2021 au 31/01/2021',2021,'1',41.00000,135.95122,'HTA5',150.00000,3939.00000,0.00000,349.00000,312.00000,0.00000,96.00000,1285.00000,0.00000,3024.00000,0.00000,0.00000,0.00000,36.00000,5574.00000,6689.00000,0.00000,1114.00000,20.00,''),(16467,'CARBURE DU CHERAN_30001950635976_2021_8_FA','30001950635976','6 RUE DES GLIERES ZAE RUMILLY EST 74150 RUMILLY','0','10134702884','1-8JU6D58','EDF','du 01/08/2021 au 31/08/2021',2021,'8',17.00000,82.23529,'HTA5',200.00000,822.00000,0.00000,163.00000,127.00000,0.00000,96.00000,412.00000,0.00000,251.00000,0.00000,0.00000,0.00000,35.00000,1398.00000,1677.00000,0.00000,279.00000,20.00,''),(16468,'CARBURE DU CHERAN_30001950635976_2021_5_FA','30001950635976','6 RUE DES GLIERES ZAE RUMILLY EST 74150 RUMILLY','0','10128403490','1-8JU6D58','EDF','du 01/05/2021 au 31/05/2021',2021,'5',50.00000,71.58000,'HTA5',250.00000,2160.00000,0.00000,417.00000,381.00000,0.00000,96.00000,1001.00000,0.00000,823.00000,0.00000,0.00000,0.00000,35.00000,3579.00000,4295.00000,0.00000,715.00000,20.00,''),(16470,'CARBURE DU CHERAN_30001950635976_2020_12_FA','30001950635976','6 RUE DES GLIERES ZAE RUMILLY EST 74150 RUMILLY','0','10122046234','1-8JU6D58','EDF','du 01/12/2020 au 31/12/2020',2020,'12',39.00000,129.38462,'HTA5',200.00000,3465.00000,0.00000,335.00000,299.00000,0.00000,96.00000,1245.00000,0.00000,2742.00000,0.00000,0.00000,0.00000,36.00000,5046.00000,6055.00000,0.00000,1009.00000,20.00,''),(16471,'CARBURE DU CHERAN_30001950635976_2021_7_FA','30001950635976','6 RUE DES GLIERES ZAE RUMILLY EST 74150 RUMILLY','0','10133174986','1-8JU6D58','EDF','du 01/07/2021 au 31/07/2021',2021,'7',52.00000,71.80769,'HTA5',200.00000,2240.00000,0.00000,435.00000,391.00000,0.00000,96.00000,1058.00000,0.00000,897.00000,0.00000,0.00000,0.00000,42.00000,3734.00000,4481.00000,0.00000,746.00000,20.00,''),(16472,'CARBURE DU CHERAN_30001950635976_2021_4_FA','30001950635976','6 RUE DES GLIERES ZAE RUMILLY EST 74150 RUMILLY','0','10127148990','1-8JU6D58','EDF','du 01/04/2021 au 30/04/2021',2021,'4',62.00000,122.32258,'HTA5',200.00000,5266.00000,0.00000,503.00000,467.00000,0.00000,96.00000,1814.00000,0.00000,2270.00000,0.00000,0.00000,0.00000,36.00000,7584.00000,9101.00000,0.00000,1516.00000,20.00,''),(16473,'CARBURE DU CHERAN_30001950635976_2021_10_FA','30001950635976','6 RUE DES GLIERES ZAE RUMILLY EST 74150 RUMILLY','0','10138065781','1-8JU6D58','EDF','du 01/10/2021 au 31/10/2021',2021,'10',41.00000,73.60976,'HTA5',250.00000,1895.00000,0.00000,345.00000,310.00000,0.00000,96.00000,776.00000,0.00000,615.00000,0.00000,0.00000,0.00000,35.00000,3018.00000,3622.00000,0.00000,603.00000,20.00,''),(16474,'CARBURE DU CHERAN_30001950635976_2021_6_FA','30001950635976','6 RUE DES GLIERES ZAE RUMILLY EST 74150 RUMILLY','0','10131260979','1-8JU6D58','EDF','du 01/06/2021 au 30/06/2021',2021,'6',52.00000,71.86538,'HTA5',200.00000,2266.00000,0.00000,431.00000,396.00000,0.00000,96.00000,1039.00000,0.00000,2162.00000,0.00000,0.00000,0.00000,35.00000,3737.00000,4485.00000,0.00000,747.00000,20.00,''),(16475,'CARBURE DU CHERAN_30001950635976_2021_11_FA','30001950635976','6 RUE DES GLIERES ZAE RUMILLY EST 74150 RUMILLY','0','10139952222','1-8JU6D58','EDF','du 01/11/2021 au 30/11/2021',2021,'11',40.00000,123.80000,'HTA5',200.00000,3454.00000,0.00000,305.00000,305.00000,0.00000,3.00000,1192.00000,0.00000,1192.00000,0.00000,0.00000,0.00000,0.00000,4952.00000,5942.00000,0.00000,990.00000,20.00,''),(16476,'CARBURE DU CHERAN_30001950635976_2021_3_FA','30001950635976','6 RUE DES GLIERES ZAE RUMILLY EST 74150 RUMILLY','0','10125398920','1-8JU6D58','EDF','du 01/03/2021 au 31/03/2021',2021,'3',48.00000,132.18750,'HTA5',200.00000,4501.00000,0.00000,398.00000,365.00000,0.00000,96.00000,1445.00000,0.00000,3545.00000,0.00000,0.00000,0.00000,33.00000,6345.00000,7615.00000,0.00000,1269.00000,20.00,''),(16478,'SALAISONS PHILIS_30001790495379_2023_1_FA','30001790495379','SALAISONS PHILIS ZONE ARTISANALE LES REGAINS 43100 VIEILLE BRIOUDE','0','020039437593','300002457967','ENGIE','du 01/01/2023 au 03/01/2023',2023,'1',11.00000,101.72727,'0',2438.00000,824.00000,708.00000,18.00000,5.00000,0.00000,0.00000,276.00000,53.00000,0.00000,0.00000,2.00000,3.00000,13.00000,1119.00000,1343.00000,115.00000,223.00000,20.00,'SALAISONS PHILIS'),(16479,'SALAISONS PHILIS_30001790495379_2023_5_FA','30001790495379','SALAISONS PHILIS ZONE ARTISANALE LES REGAINS 43100 VIEILLE BRIOUDE','0','970005360868-5','300002457967','ENGIE','du 01/05/2023 au 31/05/2023',2023,'5',119.00000,247.03361,'0',158.00000,27688.00000,28681.00000,194.00000,59.00000,0.00000,0.00000,1514.00000,555.00000,0.00000,0.00000,27.00000,32.00000,134.00000,29397.00000,35277.00000,-992.00000,5879.00000,20.00,'SALAISONS PHILIS'),(16480,'SALAISONS PHILIS_30001790495379_2023_1_FA','30001790495379','SALAISONS PHILIS ZONE ARTISANALE LES REGAINS 43100 VIEILLE BRIOUDE','0','020039438425','300002457967','ENGIE','du 04/01/2023 au 31/01/2023',2023,'1',98.00000,103.59184,'0',170.00000,7487.00000,6344.00000,171.00000,49.00000,0.00000,0.00000,2493.00000,501.00000,412.00000,0.00000,24.00000,28.00000,121.00000,10152.00000,12182.00000,276.00000,2030.00000,20.00,'SALAISONS PHILIS'),(16481,'SALAISONS PHILIS_30001790495379_2023_4_FA','30001790495379','SALAISONS PHILIS ZONE ARTISANALE LES REGAINS 43100 VIEILLE BRIOUDE','0','620000759589','300002457967','ENGIE','du 01/04/2023 au 30/04/2023',2023,'4',109.00000,248.95413,'0',220.00000,25534.00000,26453.00000,185.00000,54.00000,0.00000,0.00000,1415.00000,537.00000,0.00000,0.00000,26.00000,30.00000,130.00000,27136.00000,32563.00000,-422.00000,5427.00000,20.00,'SALAISONS PHILIS'),(16482,'SALAISONS PHILIS_30001790495379_2023_3_FA','30001790495379','SALAISONS PHILIS ZONE ARTISANALE LES REGAINS 43100 VIEILLE BRIOUDE','0','820005337816','300002457967','ENGIE','du 01/03/2023 au 31/03/2023',2023,'3',113.00000,102.47788,'HTA',220.00000,8652.00000,7319.00000,191.00000,56.00000,0.00000,0.00000,2735.00000,555.00000,613.00000,0.00000,27.00000,32.00000,134.00000,11580.00000,13896.00000,1333.00000,2316.00000,20.00,'SALAISONS PHILIS'),(16483,'SALAISONS PHILIS_30001790495379_2023_2_FA','30001790495379','SALAISONS PHILIS ZONE ARTISANALE LES REGAINS 43100 VIEILLE BRIOUDE','0','020039439462','300002457967','ENGIE','du 01/02/2023 au 28/02/2023',2023,'2',99.00000,103.42424,'0',112.00000,7556.00000,6402.00000,171.00000,49.00000,0.00000,0.00000,2511.00000,501.00000,417.00000,0.00000,24.00000,28.00000,121.00000,10239.00000,12287.00000,1153.00000,2047.00000,20.00,'SALAISONS PHILIS'),(16485,'EF DES VOLCANS_50049297534903_2021_10_FA','50049297534903','RUE JULIEN CHAMPCLOS ZAC DE FONTANILLE 63370 LEMPDES','0','10138717189','1 - CYSIKWQ','EDF','du 01/10/2021 au 12/11/2021',2021,'10',141.00000,79.02837,'HTA5',250.00000,7952.00000,7584.00000,3191.00000,3191.00000,0.00000,108.00000,0.00000,0.00000,0.00000,0.00000,0.00000,0.00000,0.00000,11143.00000,13371.00000,367.00000,2228.00000,20.00,'ENTREPOTS FRIGORIFIQUES DES VOLCANS E.F.V.'),(16486,'EF DES VOLCANS_50049297534903_2021_7_FA','50049297534903','RUE JULIEN CHAMPCLOS ZAC DE FONTANILLE 63370 LEMPDES','0','10133170033','1 - CYSIKWQ','EDF','du 01/07/2021 au 31/07/2021',2021,'7',109.00000,90.21101,'HTA5',250.00000,5369.00000,5369.00000,2501.00000,2458.00000,0.00000,108.00000,1962.00000,0.00000,1793.00000,0.00000,0.00000,0.00000,42.00000,9833.00000,11800.00000,0.00000,1966.00000,20.00,'ENTREPOTS FRIGORIFIQUES DES VOLCANS E.F.V.'),(16487,'EF DES VOLCANS_50049297534903_2021_4_FA','50049297534903','RUE JULIEN CHAMPCLOS ZAC DE FONTANILLE 63370 LEMPDES','0','10127143861','1 - CYSIKWQ','EDF','du 01/04/2021 au 30/04/2021',2021,'4',82.00000,123.58537,'HTA5',200.00000,6007.00000,5350.00000,1895.00000,1859.00000,0.00000,108.00000,2230.00000,0.00000,2095.00000,0.00000,0.00000,0.00000,36.00000,10134.00000,12161.00000,657.00000,2026.00000,20.00,'ENTREPOTS FRIGORIFIQUES DES VOLCANS E.F.V.'),(16488,'EF DES VOLCANS_50049297534903_2021_4_FA','50049297534903','RUE JULIEN CHAMPCLOS ZAC DE FONTANILLE 63370 LEMPDES','0','10128398318','1 - CYSIKWQ','EDF','du 01/04/2021 au 30/04/2021',2021,'4',81.00000,90.20988,'HTA5',250.00000,3990.00000,3990.00000,1872.00000,1836.00000,0.00000,108.00000,1445.00000,0.00000,1312.00000,0.00000,0.00000,0.00000,35.00000,7307.00000,8769.00000,0.00000,1461.00000,20.00,'ENTREPOTS FRIGORIFIQUES DES VOLCANS E.F.V.'),(16489,'EF DES VOLCANS_50049297534903_2021_5_FA','50049297534903','RUE JULIEN CHAMPCLOS ZAC DE FONTANILLE 63370 LEMPDES','0','10129978563','1 - CYSIKWQ','EDF','du 01/05/2021 au 31/05/2021',2021,'5',100.00000,89.42000,'HTA5',250.00000,4891.00000,4891.00000,2295.00000,2259.00000,0.00000,108.00000,1754.00000,0.00000,1618.00000,0.00000,0.00000,0.00000,36.00000,8942.00000,10730.00000,0.00000,1788.00000,20.00,'ENTREPOTS FRIGORIFIQUES DES VOLCANS E.F.V.'),(16490,'EF DES VOLCANS_50049297534903_2021_2_FA','50049297534903','RUE JULIEN CHAMPCLOS ZAC DE FONTANILLE 63370 LEMPDES','0','10125393536','1 - CYSIKWQ','EDF','du 01/02/2021 au 28/02/2021',2021,'2',75.00000,129.20000,'HTA5',250.00000,5922.00000,5077.00000,1725.00000,1692.00000,0.00000,108.00000,2042.00000,0.00000,1920.00000,0.00000,0.00000,0.00000,33.00000,9690.00000,11628.00000,844.00000,1938.00000,20.00,'ENTREPOTS FRIGORIFIQUES DES VOLCANS E.F.V.'),(16491,'EF DES VOLCANS_50049297534903_2021_8_FA','50049297534903','RUE JULIEN CHAMPCLOS ZAC DE FONTANILLE 63370 LEMPDES','0','10134694687','1 - CYSIKWQ','EDF','du 01/08/2021 au 31/08/2021',2021,'8',112.00000,87.57143,'HTA5',250.00000,5512.00000,5512.00000,2562.00000,2527.00000,0.00000,108.00000,1733.00000,0.00000,1556.00000,0.00000,0.00000,0.00000,35.00000,9808.00000,11770.00000,0.00000,1961.00000,20.00,'ENTREPOTS FRIGORIFIQUES DES VOLCANS E.F.V.'),(16493,'EF DU VELAY_30001980116836_2020_11_FA','30001980116836','41 ROUTE DE FIRMINY 42240 ST MAURICE EN GOURGOIS','0','10122141829','1-1HKJVFL','EDF','du 08/11/2020',2020,'11',31.00000,159.48387,'0',134.00000,2579.00000,2579.00000,869.00000,711.00000,0.00000,40.00000,1496.00000,0.00000,1301.00000,0.00000,0.00000,0.00000,52.00000,4944.00000,5933.00000,0.00000,988.00000,20.00,''),(16494,'EF DU VELAY_30001980116836_2020_12_FA','30001980116836','41 ROUTE DE FIRMINY 42240 ST MAURICE EN GOURGOIS','0','10123928785','1-1HKJVFL','EDF','du 08/12/2020 au 04/02/2021',2020,'12',26.00000,160.42308,'0',0.00000,2143.00000,2143.00000,730.00000,589.00000,0.00000,40.00000,1297.00000,0.00000,1095.00000,0.00000,0.00000,0.00000,54.00000,4171.00000,5006.00000,0.00000,834.00000,20.00,''),(16496,'EF DU VELAY_50023733675058_2021_8_FA','50023733675058','RUE JEAN BAPTISTE LAMARCK 43700 ST GERMAIN LAPRADE','0','10134709260','1-7JSDYTK','EDF','du 01/08/2021 au 31/08/2021',2021,'8',58.00000,86.25862,'HTA5',200.00000,2625.00000,2625.00000,1419.00000,1316.00000,0.00000,69.00000,958.00000,0.00000,489.00000,0.00000,0.00000,-30.00000,102.00000,5003.00000,6003.00000,0.00000,1000.00000,20.00,''),(16497,'EF DU VELAY_50023733675058_2021_7_FA','50023733675058','RUE JEAN BAPTISTE LAMARCK 43700 ST GERMAIN LAPRADE','0','10133169761','1-7JSDYTK','EDF','du 01/07/2021 au 31/07/2021',2021,'7',66.00000,86.89394,'HTA5',250.00000,3013.00000,3013.00000,1627.00000,1501.00000,0.00000,69.00000,1094.00000,0.00000,627.00000,0.00000,0.00000,0.00000,122.00000,5735.00000,6882.00000,0.00000,1147.00000,20.00,''),(16498,'EF DU VELAY_50023733675058_2021_10_FA','50023733675058','RUE JEAN BAPTISTE LAMARCK 43700 ST GERMAIN LAPRADE','0','10140867469','1-7JSDYTK','EDF','du 01/10/2021 au 31/10/2021',2021,'10',117.00000,75.74359,'HTA5',250.00000,5200.00000,5200.00000,2656.00000,2652.00000,0.00000,2.00000,1005.00000,0.00000,-210.00000,0.00000,0.00000,0.00000,3.00000,8862.00000,10634.00000,0.00000,1772.00000,20.00,''),(16499,'EF DU VELAY_50023733675058_2021_9_FA','50023733675058','RUE JEAN BAPTISTE LAMARCK 43700 ST GERMAIN LAPRADE','0','10136455002','1-7JSDYTK','EDF','du 01/09/2021 au 30/09/2021',2021,'9',77.00000,83.48052,'HTA5',250.00000,3477.00000,3477.00000,1839.00000,1739.00000,0.00000,69.00000,1111.00000,0.00000,649.00000,0.00000,0.00000,0.00000,99.00000,6428.00000,7713.00000,0.00000,1285.00000,20.00,''),(16500,'EF DU VELAY_50023733675058_2021_3_FA','50023733675058','RUE JEAN BAPTISTE LAMARCK 43700 ST GERMAIN LAPRADE','0','10127153951','1-7JSDYTK','EDF','du 01/03/2021 au 31/03/2021',2021,'3',53.00000,122.41509,'HTA5',250.00000,3668.00000,3215.00000,1329.00000,1214.00000,0.00000,69.00000,1489.00000,0.00000,978.00000,0.00000,0.00000,0.00000,115.00000,6488.00000,7785.00000,453.00000,1297.00000,20.00,''),(16501,'EF DU VELAY_50023733675058_2021_10_FA','50023733675058','RUE JEAN BAPTISTE LAMARCK 43700 ST GERMAIN LAPRADE','0','10138073765','1-7JSDYTK','EDF','du 01/10/2021 au 31/10/2021',2021,'10',100.00000,82.66000,'HTA5',250.00000,4519.00000,4519.00000,2368.00000,2265.00000,0.00000,69.00000,1378.00000,0.00000,846.00000,0.00000,0.00000,0.00000,102.00000,8266.00000,9919.00000,0.00000,1653.00000,20.00,''),(16502,'EF DU VELAY_50023733675058_2021_5_FA','50023733675058','RUE JEAN BAPTISTE LAMARCK 43700 ST GERMAIN LAPRADE','0','10129986960','1-7JSDYTK','EDF','du 01/05/2021 au 31/05/2021',2021,'5',92.00000,83.42391,'HTA5',250.00000,4169.00000,4169.00000,2206.00000,2091.00000,0.00000,69.00000,1299.00000,0.00000,873.00000,0.00000,0.00000,-30.00000,115.00000,7675.00000,9211.00000,0.00000,1535.00000,20.00,''),(16503,'EF DU VELAY_50023733675058_2021_2_FA','50023733675058','RUE JEAN BAPTISTE LAMARCK 43700 ST GERMAIN LAPRADE','0','10125404182','1-7JSDYTK','EDF','du 01/02/2021 au 28/02/2021',2021,'2',53.00000,126.84906,'HTA5',250.00000,3974.00000,3284.00000,1307.00000,1203.00000,0.00000,69.00000,1441.00000,0.00000,1024.00000,0.00000,0.00000,0.00000,103.00000,6723.00000,8068.00000,690.00000,1344.00000,20.00,''),(16505,'EF DU VELAY_50023733675058_2020_12_FA','50023733675058','RUE JEAN BAPTISTE LAMARCK 43700 ST GERMAIN LAPRADE','0','10122053485','1-7JSDYTK','EDF','du 01/12/2020 au 31/12/2020',2020,'12',60.00000,121.63333,'HTA5',250.00000,4196.00000,3703.00000,1471.00000,1356.00000,0.00000,69.00000,1630.00000,0.00000,1159.00000,0.00000,0.00000,0.00000,115.00000,7298.00000,8758.00000,493.00000,1459.00000,20.00,''),(16506,'EF DU VELAY_50023733675058_2021_4_FA','50023733675058','RUE JEAN BAPTISTE LAMARCK 43700 ST GERMAIN LAPRADE','0','10128408855','1-7JSDYTK','EDF','du 01/04/2021 au 30/04/2021',2021,'4',78.00000,84.79487,'HTA5',200.00000,3572.00000,3572.00000,1886.00000,1775.00000,0.00000,69.00000,1155.00000,0.00000,743.00000,0.00000,0.00000,0.00000,111.00000,6614.00000,7937.00000,0.00000,1322.00000,20.00,''),(16507,'EF DU VELAY_50023733675058_2021_1_FA','50023733675058','RUE JEAN BAPTISTE LAMARCK 43700 ST GERMAIN LAPRADE','0','10123812086','1-7JSDYTK','EDF','du 01/01/2021 au 31/01/2021',2021,'1',54.00000,127.75926,'HTA5',250.00000,4035.00000,3348.00000,1351.00000,1236.00000,0.00000,69.00000,1511.00000,0.00000,1041.00000,0.00000,0.00000,0.00000,115.00000,6899.00000,8279.00000,687.00000,1379.00000,20.00,''),(16509,'EF DU VELAY_30001790436655_2021_9_FA','30001790436655','ZONE INDUSRIELLE 43700 SAINT GERMAIN LAPRADE','0','10136448184','1-7JSDYTK','EDF','du 01/09/2021 au 30/09/2021',2021,'9',105.00000,78.70476,'HTA5',240.00000,4452.00000,4452.00000,2474.00000,2371.00000,0.00000,69.00000,1336.00000,0.00000,865.00000,0.00000,0.00000,0.00000,103.00000,8264.00000,9916.00000,0.00000,1652.00000,20.00,'ENTREPOTS FRIGORIFIQUES DU VELAY'),(16511,'EF DU VELAY_30001790436655_2020_12_FA','30001790436655','ZONE INDUSRIELLE 43700 SAINT GERMAIN LAPRADE','0','10122026943','1-7JSDYTK','EDF','du 01/12/2020 au 31/12/2020',2020,'12',70.00000,102.51429,'HTA5',240.00000,3913.00000,3697.00000,1706.00000,1582.00000,0.00000,69.00000,1556.00000,0.00000,1097.00000,0.00000,0.00000,0.00000,124.00000,7176.00000,8612.00000,216.00000,1435.00000,20.00,'ENTREPOTS FRIGORIFIQUES DU VELAY'),(16512,'EF DU VELAY_30001790436655_2021_10_FA','30001790436655','ZONE INDUSRIELLE 43700 SAINT GERMAIN LAPRADE','0','10138104309','1-7JSDYTK','EDF','du 01/10/2021 au 31/10/2021',2021,'10',83.00000,70.98795,'HTA5',240.00000,3331.00000,3331.00000,1872.00000,1869.00000,0.00000,2.00000,687.00000,0.00000,672.00000,0.00000,0.00000,0.00000,3.00000,5892.00000,7071.00000,0.00000,1178.00000,20.00,'ENTREPOTS FRIGORIFIQUES DU VELAY'),(16513,'EF DU VELAY_30001790436655_2021_7_FA','30001790436655','ZONE INDUSRIELLE 43700 SAINT GERMAIN LAPRADE','0','10133158016','1-7JSDYTK','EDF','du 01/07/2021 au 31/07/2021',2021,'7',130.00000,79.76923,'HTA5',146.00000,5576.00000,5576.00000,3065.00000,2935.00000,0.00000,69.00000,1728.00000,0.00000,1208.00000,0.00000,0.00000,-30.00000,127.00000,10370.00000,12444.00000,0.00000,2074.00000,20.00,'ENTREPOTS FRIGORIFIQUES DU VELAY'),(16514,'EF DU VELAY_30001790436655_2021_8_FA','30001790436655','ZONE INDUSRIELLE 43700 SAINT GERMAIN LAPRADE','0','10134674028','1-7JSDYTK','EDF','du 01/08/2021 au 31/08/2021',2021,'8',127.00000,78.79528,'HTA5',180.00000,5460.00000,5460.00000,2983.00000,2877.00000,0.00000,69.00000,1563.00000,0.00000,1056.00000,0.00000,0.00000,0.00000,106.00000,10007.00000,12008.00000,0.00000,2001.00000,20.00,'ENTREPOTS FRIGORIFIQUES DU VELAY'),(16515,'EF DU VELAY_30001790436655_2021_1_FA','30001790436655','ZONE INDUSRIELLE 43700 SAINT GERMAIN LAPRADE','0','10123775141','1-7JSDYTK','EDF','du 01/01/2021 au 31/01/2021',2021,'1',55.00000,103.83636,'HTA5',240.00000,3057.00000,2848.00000,1363.00000,1239.00000,0.00000,69.00000,1290.00000,0.00000,830.00000,0.00000,0.00000,0.00000,124.00000,5711.00000,6853.00000,208.00000,1142.00000,20.00,'ENTREPOTS FRIGORIFIQUES DU VELAY'),(16516,'EF DU VELAY_30001790436655_2021_5_FA','30001790436655','ZONE INDUSRIELLE 43700 SAINT GERMAIN LAPRADE','0','10129963955','1-7JSDYTK','EDF','du 01/05/2021 au 31/05/2021',2021,'5',72.00000,80.20833,'HTA5',240.00000,2897.00000,2897.00000,1764.00000,1640.00000,0.00000,69.00000,1114.00000,0.00000,624.00000,0.00000,0.00000,0.00000,124.00000,5775.00000,6931.00000,0.00000,1155.00000,20.00,'ENTREPOTS FRIGORIFIQUES DU VELAY'),(16517,'EF DU VELAY_30001790436655_2021_6_FA','30001790436655','ZONE INDUSRIELLE 43700 SAINT GERMAIN LAPRADE','0','10131243874','1-7JSDYTK','EDF','du 01/06/2021 au 30/06/2021',2021,'6',80.00000,79.52500,'HTA5',240.00000,3269.00000,3269.00000,1921.00000,1801.00000,0.00000,69.00000,1171.00000,0.00000,757.00000,0.00000,0.00000,0.00000,120.00000,6362.00000,7635.00000,0.00000,1272.00000,20.00,'ENTREPOTS FRIGORIFIQUES DU VELAY'),(16518,'EF DU VELAY_30001790436655_2021_2_FA','30001790436655','ZONE INDUSRIELLE 43700 SAINT GERMAIN LAPRADE','0','10125366096','1-7JSDYTK','EDF','du 01/02/2021 au 28/02/2021',2021,'2',54.00000,102.68519,'HTA5',240.00000,2989.00000,2792.00000,1328.00000,1216.00000,0.00000,69.00000,1227.00000,0.00000,812.00000,0.00000,0.00000,0.00000,112.00000,5545.00000,6654.00000,197.00000,1109.00000,20.00,'ENTREPOTS FRIGORIFIQUES DU VELAY'),(16520,'SECO TOOLS_67061 / E2 / 8000147_2023_5_FA','67061 / E2 / 8000147','9 RUE DE NEUWILLER 67330 BOUXWILLER','0','32224582S','0','ES','du 01/05/2023 au 01/06/2023 :',2023,'5',228.00000,249.84649,'HTA Pointe Fixe LU',592.00000,53311.00000,0.00000,434.00000,114.00000,0.00000,0.00000,3219.00000,1402.00000,1747.00000,0.00000,26.00000,31.00000,320.00000,56965.00000,68358.00000,1165.00000,11393.00000,20.00,''),(16522,'SECO TOOLS_67061 / E1 / 8002240_2023_4_FA','67061 / E1 / 8002240','9 RUE DE NEUWILLER 67330 BOUXWILLER','0','32011540S','8002240','ES','du 01/04/2023 au 01/05/2023 :',2023,'4',2.00000,204.00000,'0',0.00000,265.00000,0.00000,18.00000,1.00000,0.00000,0.00000,123.00000,44.00000,0.00000,0.00000,20.00000,15.00000,17.00000,408.00000,490.00000,17.00000,81.00000,20.00,''),(16523,'SECO TOOLS_67061 / E2 / 8000147_2023_2_FA','67061 / E2 / 8000147','9 RUE DE NEUWILLER 67330 BOUXWILLER','0','31504495S','215082','ES','du 01/02/2023 au 01/03/2023 :',2023,'2',228.00000,392.96491,'0',740.00000,83088.00000,0.00000,434.00000,114.00000,0.00000,0.00000,6073.00000,1402.00000,4612.00000,0.00000,26.00000,31.00000,320.00000,89596.00000,107515.00000,1165.00000,17919.00000,20.00,''),(16524,'SECO TOOLS_67061 / E1 / 8002240_2023_2_FA','67061 / E1 / 8002240','9 RUE DE NEUWILLER 67330 BOUXWILLER','0','31504565S','215082','ES','du 01/02/2023 au 01/03/2023 :',2023,'2',2.00000,985.00000,'0',0.00000,1758.00000,0.00000,18.00000,1.00000,0.00000,0.00000,192.00000,44.00000,1694.00000,0.00000,20.00000,15.00000,17.00000,1970.00000,2364.00000,20.00000,394.00000,20.00,''),(16526,'SECO TOOLS_67061 / E2 / 8000147_2021_11_FA','67061 / E2 / 8000147','9 RUE DE NEUWILLER 67330 BOUXWILLER','0','27288418S','1565999','ES','du 01/11/2021 au 01/12/2021 :',2021,'11',266.00000,118.04887,'HTA Pointe Fixe LU',740.00000,17921.00000,0.00000,6277.00000,6003.00000,0.00000,0.00000,7202.00000,1193.00000,16303.00000,0.00000,26.00000,30.00000,274.00000,31401.00000,37682.00000,1455.00000,6280.00000,20.00,''),(16528,'SECO TOOLS_67061 / E1 / 8002240_2021_9_FA','67061 / E1 / 8002240','9 RUE DE NEUWILLER 67330 BOUXWILLER','0','26840676S','1106391','ES','du 01/09/2021 au 01/10/2021 :',2021,'9',2.00000,186.00000,'0',0.00000,172.00000,0.00000,76.00000,52.00000,0.00000,0.00000,124.00000,40.00000,49.00000,0.00000,19.00000,15.00000,16.00000,372.00000,447.00000,10.00000,74.00000,20.00,''),(16529,'SECO TOOLS_67061 / E2 / 8000147_2021_5_FA','67061 / E2 / 8000147','9 RUE DE NEUWILLER 67330 BOUXWILLER','0','25957718S','1565999','ES','du 01/05/2021 au 01/06/2021 :',2021,'5',246.00000,86.98780,'HTA Pointe Fixe LU',740.00000,12113.00000,0.00000,5847.00000,5554.00000,0.00000,0.00000,3438.00000,0.00000,1708.00000,0.00000,47.00000,30.00000,292.00000,21399.00000,25679.00000,1455.00000,4279.00000,20.00,''),(16530,'SECO TOOLS_67061 / E1 / 8002240_2021_11_FA','67061 / E1 / 8002240','9 RUE DE NEUWILLER 67330 BOUXWILLER','0','27273019S','1106391','ES','du 01/11/2021 au 01/12/2021 :',2021,'11',2.00000,286.50000,'0',0.00000,280.00000,0.00000,88.00000,62.00000,0.00000,0.00000,205.00000,40.00000,129.00000,0.00000,19.00000,15.00000,16.00000,573.00000,688.00000,12.00000,114.00000,20.00,''),(16531,'SECO TOOLS_67061 / E2 / 8000147_2021_7_FA','67061 / E2 / 8000147','9 RUE DE NEUWILLER 67330 BOUXWILLER','0','26419889S','1565999','ES','du 01/07/2021 au 01/08/2021 :',2021,'7',284.00000,86.11972,'HTA Pointe Fixe LU',740.00000,13952.00000,0.00000,6703.00000,6410.00000,0.00000,0.00000,3802.00000,1005.00000,0.00000,0.00000,47.00000,30.00000,292.00000,24458.00000,29350.00000,1455.00000,4891.00000,20.00,''),(16532,'SECO TOOLS_67061 / E2 / 8000147_2021_9_FA','67061 / E2 / 8000147','9 RUE DE NEUWILLER 67330 BOUXWILLER','0','268536475','1565999','ES','du 01/09/2021 au 01/10/2021 :',2021,'9',289.00000,85.72318,'HTA Pointe Fixe LU',740.00000,14252.00000,0.00000,6787.00000,6512.00000,0.00000,0.00000,3735.00000,0.00000,2481.00000,0.00000,26.00000,30.00000,274.00000,24774.00000,29729.00000,1455.00000,4954.00000,20.00,''),(16533,'SECO TOOLS_67061 / E1 / 8002240_2021_6_FA','67061 / E1 / 8002240','9 RUE DE NEUWILLER 67330 BOUXWILLER','0','261690625','1106391','ES','du 01/06/2021 au 01/07/2021 :',2021,'6',2.00000,198.00000,'0',0.00000,172.00000,0.00000,84.00000,53.00000,0.00000,0.00000,138.00000,36.00000,50.00000,0.00000,36.00000,15.00000,23.00000,396.00000,475.00000,10.00000,79.00000,20.00,''),(16534,'SECO TOOLS_67061 / E2 / 8000147_2021_4_FA','67061 / E2 / 8000147','9 RUE DE NEUWILLER 67330 BOUXWILLER','0','25733051S','1565999','ES','du 01/04/2021 au 01/05/2021 :',2021,'4',256.00000,86.46875,'HTA Pointe Fixe LU',740.00000,12541.00000,0.00000,6063.00000,5770.00000,0.00000,0.00000,3531.00000,0.00000,664.00000,0.00000,47.00000,30.00000,292.00000,22136.00000,26563.00000,1455.00000,4427.00000,20.00,''),(16535,'SECO TOOLS_67061 / E1 / 8002240_2021_10_FA','67061 / E1 / 8002240','9 RUE DE NEUWILLER 67330 BOUXWILLER','0','27051026S','1106391','ES','du 01/10/2021 au 01/11/2021 :',2021,'10',2.00000,204.50000,'0',0.00000,192.00000,0.00000,84.00000,59.00000,0.00000,0.00000,132.00000,40.00000,41.00000,0.00000,19.00000,15.00000,16.00000,409.00000,491.00000,11.00000,81.00000,20.00,''),(16536,'SECO TOOLS_67061 / E2 / 8000147_2021_6_FA','67061 / E2 / 8000147','9 RUE DE NEUWILLER 67330 BOUXWILLER','0','26183670S','1565999','ES','du 01/06/2021 au 01/07/2021 :',2021,'6',325.00000,85.73538,'HTA Pointe Fixe LU',740.00000,15599.00000,0.00000,7619.00000,7326.00000,0.00000,0.00000,4645.00000,0.00000,0.00000,0.00000,47.00000,30.00000,292.00000,27864.00000,33436.00000,1455.00000,5572.00000,20.00,''),(16537,'SECO TOOLS_67061 / E2 / 8000147_2021_8_FA','67061 / E2 / 8000147','9 RUE DE NEUWILLER 67330 BOUXWILLER','0','26616024S','1565999','ES','du 01/08/2021 au 01/09/2021 :',2021,'8',252.00000,87.28968,'HTA Pointe Fixe LU',740.00000,12614.00000,0.00000,5966.00000,5691.00000,0.00000,0.00000,3417.00000,0.00000,2166.00000,0.00000,26.00000,30.00000,274.00000,21997.00000,26397.00000,1455.00000,4399.00000,20.00,''),(16538,'SECO TOOLS_67061 / E1 / 8002240_2021_5_FA','67061 / E1 / 8002240','9 RUE DE NEUWILLER 67330 BOUXWILLER','0','25951643S','1106391','ES','du 01/05/2021 au 01/06/2021 :',2021,'5',2.00000,223.50000,'0',0.00000,199.00000,0.00000,98.00000,64.00000,0.00000,0.00000,149.00000,36.00000,61.00000,0.00000,36.00000,15.00000,23.00000,447.00000,537.00000,11.00000,89.00000,20.00,''),(16539,'SECO TOOLS_67061 / E2 / 8000147_2021_10_FA','67061 / E2 / 8000147','9 RUE DE NEUWILLER 67330 BOUXWILLER','0','27062581S','1565999','ES','du 01/10/2021 au 01/11/2021 :',2021,'10',272.00000,86.09559,'HTA Pointe Fixe LU',740.00000,13428.00000,0.00000,6404.00000,6130.00000,0.00000,0.00000,3585.00000,1193.00000,2329.00000,0.00000,26.00000,30.00000,274.00000,23418.00000,28102.00000,1455.00000,4683.00000,20.00,''),(16540,'SECO TOOLS_67061 / E1 / 8002240_2021_7_FA','67061 / E1 / 8002240','9 RUE DE NEUWILLER 67330 BOUXWILLER','0','26387625S','1106391','ES','du 01/07/2021 au 01/08/2021 :',2021,'7',1.00000,354.00000,'BT > 36 kVA CU',0.00000,150.00000,0.00000,74.00000,44.00000,0.00000,0.00000,130.00000,36.00000,41.00000,0.00000,36.00000,15.00000,23.00000,354.00000,425.00000,7.00000,70.00000,20.00,''),(16541,'SECO TOOLS_67061 / E1 / 8002240_2021_4_FA','67061 / E1 / 8002240','9 RUE DE NEUWILLER 67330 BOUXWILLER','0','25717982S','1106391','ES','du 01/04/2021 au 01/05/2021 :',2021,'4',2.00000,197.50000,'0',0.00000,171.00000,0.00000,84.00000,53.00000,0.00000,0.00000,138.00000,0.00000,50.00000,0.00000,36.00000,15.00000,23.00000,395.00000,474.00000,9.00000,79.00000,20.00,''),(16543,'SECO TOOLS_67061 / E2 / 8000147_2020_12_FA','67061 / E2 / 8000147','9 RUE DE NEUWILLER 67330 BOUXWILLER','0','24884856S','1391158','ES','du 01/12/2020 au 01/01/2021 :',2020,'12',228.00000,131.28509,'HTA Pointe Fixe LU',740.00000,18588.00000,0.00000,5443.00000,5150.00000,0.00000,0.00000,5901.00000,1005.00000,4664.00000,0.00000,47.00000,30.00000,30.00000,29933.00000,35919.00000,776.00000,5986.00000,20.00,''),(16544,'SECO TOOLS_67061 / E1 / 8002240_2021_1_FA','67061 / E1 / 8002240','9 RUE DE NEUWILLER 67330 BOUXWILLER','0','25094917S','0','ES','du 01/01/2021 au 01/02/2021 :',2021,'1',3.00000,246.00000,'0',0.00000,361.00000,0.00000,120.00000,84.00000,0.00000,0.00000,256.00000,36.00000,167.00000,0.00000,36.00000,15.00000,23.00000,738.00000,886.00000,17.00000,147.00000,20.00,''),(16545,'SECO TOOLS_67061 / E1 / 8002240_2021_3_FA','67061 / E1 / 8002240','9 RUE DE NEUWILLER 67330 BOUXWILLER','0','25518816S','215082','ES','du 01/03/2021 au 01/04/2021 :',2021,'3',3.00000,206.33333,'BT > 36 kVA CU',0.00000,296.00000,0.00000,101.00000,68.00000,0.00000,0.00000,221.00000,36.00000,101.00000,0.00000,36.00000,15.00000,23.00000,619.00000,743.00000,13.00000,123.00000,20.00,''),(16546,'SECO TOOLS_67061 / E2 / 8000147_2021_1_FA','67061 / E2 / 8000147','9 RUE DE NEUWILLER 67330 BOUXWILLER','0','25117679S','1565999','ES','du 01/01/2021 au 01/02/2021 :',2021,'1',268.00000,117.33209,'HTA Pointe Fixe LU',740.00000,18496.00000,0.00000,6337.00000,6044.00000,0.00000,0.00000,6611.00000,0.00000,14985.00000,0.00000,47.00000,30.00000,292.00000,31445.00000,37734.00000,1455.00000,6289.00000,20.00,''),(16547,'SECO TOOLS_67061 / E2 / 8000147_2021_3_FA','67061 / E2 / 8000147','9 RUE DE NEUWILLER 67330 BOUXWILLER','0','25523654S','1565999','ES','du 01/03/2021 au 01/04/2021 :',2021,'3',301.00000,112.88372,'HTA Pointe Fixe LU',740.00000,19863.00000,0.00000,7074.00000,6781.00000,0.00000,0.00000,7040.00000,0.00000,18407.00000,0.00000,47.00000,30.00000,292.00000,33978.00000,40774.00000,1455.00000,6795.00000,20.00,''),(16549,'NGK BERYLCO_30001420404173_2022_2_FA','30001420404173','103 QUAI JEAN PIERRE FOUGERAT 44220 COUERON','0','10145126983','2010005063590','EDF','du 01/02/2022 au 28/02/2022',2022,'2',199.00000,92.38191,'HTA5',640.00000,12759.00000,11101.00000,371.00000,99.00000,0.00000,96.00000,5252.00000,0.00000,4012.00000,0.00000,0.00000,0.00000,272.00000,18384.00000,22061.00000,1436.00000,3676.00000,20.00,'NGK BERYLCO FRANCE'),(16551,'LACHETEAU_50073371871067_2021_11_FA','50073371871067','LACHETEAU LA FREMONDERIE 49230 SEVREMOINE','0','40014889724','300002446157','ENGIE','du 01/11/21 au 30/11/21',2021,'11',109.00000,48.90826,'Tarif HTA à 5 plages temporelles à pointe fixe , Longue utilisation . Segment C2',0.00000,3155.00000,0.00000,509.00000,396.00000,0.00000,0.00000,1666.00000,461.00000,960.00000,0.00000,25.00000,30.00000,113.00000,5331.00000,6398.00000,580.00000,1066.00000,20.00,''),(16552,'LACHETEAU_50073371871067_2021_4_FA','50073371871067','LACHETEAU LA FREMONDERIE 49230 SEVREMOINE','0','40014291704','300002446157','ENGIE','du 01/04/21 au 30/04/21',2021,'4',37.00000,69.08108,'Tarif HTA à 5 plages temporelles à pointe fixe , Longue utilisation . Segment C2',0.00000,1313.00000,0.00000,411.00000,282.00000,0.00000,0.00000,831.00000,399.00000,354.00000,0.00000,46.00000,30.00000,128.00000,2556.00000,3067.00000,0.00000,511.00000,20.00,''),(16554,'LACHETEAU CHEZ LES GRANDS CHAIS DE F_50073371871067_2021_8_FA','50073371871067','LACHETEAU LA FREMONDERIE 49230 SEVREMOINE','0','220006266959','300002446157','ENGIE','du 01/08/21 au 31/08/21',2021,'8',91.00000,58.40659,'Tarif HTA à 5 plages temporelles à pointe fixe , Longue utilisation . Segment C2',0.00000,3199.00000,0.00000,806.00000,688.00000,0.00000,0.00000,1309.00000,477.00000,773.00000,0.00000,26.00000,31.00000,117.00000,5315.00000,6378.00000,0.00000,1063.00000,20.00,''),(16555,'LACHETEAU_50073371871067_2021_12_FA','50073371871067','LACHETEAU LA FREMONDERIE 49230 SEVREMOINE','0','220006584061','300002446157','ENGIE','du 01/12/21 au 31/12/21',2021,'12',109.00000,28.37615,'Tarif HTA à 5 plages temporelles à pointe fixe , Longue utilisation . Segment C2',0.00000,1688.00000,0.00000,328.00000,211.00000,0.00000,0.00000,1075.00000,477.00000,540.00000,0.00000,26.00000,31.00000,117.00000,3093.00000,3712.00000,72.00000,618.00000,20.00,''),(16556,'LACHETEAU_50073371871067_2021_5_FA','50073371871067','LACHETEAU LA FREMONDERIE 49230 SEVREMOINE','0','40014378562','300002446157','ENGIE','du 01/05/21 au 31/05/21',2021,'5',84.00000,58.96429,'Tarif HTA à 5 plages temporelles à pointe fixe , Longue utilisation . Segment C2',0.00000,2907.00000,0.00000,763.00000,630.00000,0.00000,0.00000,1282.00000,412.00000,790.00000,0.00000,47.00000,31.00000,133.00000,4953.00000,5944.00000,0.00000,990.00000,20.00,''),(16557,'LACHETEAU_50073371871067_2021_9_FA','50073371871067','LACHETEAU LA FREMONDERIE 49230 SEVREMOINE','0','220006335654','300002446157','ENGIE','du 01/09/21 au 30/09/21',2021,'9',125.00000,57.23200,'Tarif HTA à 5 plages temporelles à pointe fixe , Longue utilisation . Segment C2',0.00000,4444.00000,0.00000,1055.00000,941.00000,0.00000,0.00000,1655.00000,461.00000,1064.00000,0.00000,25.00000,30.00000,113.00000,7154.00000,8585.00000,0.00000,1430.00000,20.00,''),(16558,'LACHETEAU_50073371871067_2021_2_FA','50073371871067','LACHETEAU LA FREMONDERIE 49230 SEVREMOINE','0','320005191325','300002446157','ENGIE','du 01/02/21 au 28/02/21',2021,'2',7.00000,346.42857,'Tarif HTA à 5 plages temporelles à pointe fixe , Longue utilisation . Segment C2',0.00000,1278.00000,0.00000,275.00000,155.00000,0.00000,0.00000,871.00000,372.00000,97.00000,0.00000,43.00000,28.00000,120.00000,2425.00000,2910.00000,62.00000,485.00000,20.00,''),(16559,'LACHETEAU_50073371871067_2021_6_FA','50073371871067','LACHETEAU LA FREMONDERIE 49230 SEVREMOINE','0','420004655791','300002446157','ENGIE','du 01/06/21 au 30/06/21',2021,'6',101.00000,58.20792,'Tarif HTA à 5 plages temporelles à pointe fixe , Longue utilisation . Segment C2',0.00000,3552.00000,0.00000,891.00000,762.00000,0.00000,0.00000,1435.00000,399.00000,959.00000,0.00000,46.00000,30.00000,128.00000,5879.00000,7054.00000,0.00000,1175.00000,20.00,''),(16560,'LACHETEAU_50073371871067_2021_10_FA','50073371871067','LACHETEAU LA FREMONDERIE 49230 SEVREMOINE','0','220006415094','300002446157','ENGIE','du 01/10/21 au 31/10/21',2021,'10',109.00000,57.38532,'Tarif HTA à 5 plages temporelles à pointe fixe , Longue utilisation . Segment C2',0.00000,3812.00000,0.00000,937.00000,820.00000,0.00000,0.00000,1506.00000,477.00000,921.00000,0.00000,26.00000,31.00000,117.00000,6255.00000,7507.00000,0.00000,1251.00000,20.00,''),(16561,'LACHETEAU_50073371871067_2021_3_FA','50073371871067','LACHETEAU LA FREMONDERIE 49230 SEVREMOINE','0','220005922343','300002446157','ENGIE','du 01/03/21 au 31/03/21',2021,'3',16.00000,129.18750,'Tarif HTA à 5 plages temporelles à pointe fixe , Longue utilisation . Segment C2',0.00000,1012.00000,0.00000,253.00000,120.00000,0.00000,0.00000,801.00000,412.00000,303.00000,0.00000,47.00000,31.00000,133.00000,2067.00000,2481.00000,200.00000,413.00000,20.00,''),(16562,'LACHETEAU_50073371871067_2021_7_FA','50073371871067','LACHETEAU LA FREMONDERIE 49230 SEVREMOINE','0','120007331881','300002446157','ENGIE','du 01/07/21 au 31/07/21',2021,'7',110.00000,58.02727,'Tarif HTA à 5 plages temporelles à pointe fixe , Longue utilisation . Segment C2',0.00000,3867.00000,0.00000,963.00000,830.00000,0.00000,0.00000,1552.00000,412.00000,1044.00000,0.00000,47.00000,31.00000,133.00000,6383.00000,7660.00000,0.00000,1276.00000,20.00,''),(16564,'LACHETEAU_30000971284332_2021_10_FA','30000971284332','LACHETEAU L ETANG DU VIGNON 37210 ROCHECORBON','0','220006415095','300002446159','ENGIE','du 01/10/21 au 31/10/21',2021,'10',73.00000,60.61644,'Tarif HTA à 5 plages temporelles à pointe fixe , Longue utilisation . Segment C2',0.00000,2643.00000,0.00000,661.00000,553.00000,0.00000,0.00000,1120.00000,433.00000,628.00000,0.00000,26.00000,31.00000,107.00000,4425.00000,5310.00000,0.00000,885.00000,20.00,''),(16565,'LACHETEAU_30000971284332_2021_3_FA','30000971284332','LACHETEAU L ETANG DU VIGNON 37210 ROCHECORBON','0','220005922344','300002446159','ENGIE','du 01/03/21 au 31/03/21',2021,'3',57.00000,105.94737,'Tarif HTA à 5 plages temporelles à pointe fixe , Longue utilisation . Segment C2',0.00000,3880.00000,0.00000,555.00000,434.00000,0.00000,0.00000,1603.00000,368.00000,164.00000,0.00000,47.00000,31.00000,120.00000,6039.00000,7246.00000,835.00000,1207.00000,20.00,''),(16566,'LACHETEAU_30000971284332_2021_9_FA','30000971284332','LACHETEAU L ETANG DU VIGNON 37210 ROCHECORBON','0','220006335655','300002446159','ENGIE','du 01/09/21 au 30/09/21',2021,'9',96.00000,59.05208,'Tarif HTA à 5 plages temporelles à pointe fixe , Longue utilisation . Segment C2',0.00000,3489.00000,0.00000,831.00000,727.00000,0.00000,0.00000,1348.00000,419.00000,827.00000,0.00000,25.00000,30.00000,104.00000,5669.00000,6803.00000,0.00000,1133.00000,20.00,''),(16568,'LACHETEAU_30001421868760_2021_8_FA','30001421868760','LACHETEAU LA SABLETTE 44330 MOUZILLON','0','220006266963','300002446169','ENGIE','du 01/08/21 au 31/08/21',2021,'8',140.00000,60.19286,'Tarif HTA à 5 plages temporelles à pointe fixe , Longue utilisation . Segment C2',0.00000,5163.00000,0.00000,1233.00000,1053.00000,0.00000,0.00000,2029.00000,763.00000,1208.00000,0.00000,26.00000,31.00000,180.00000,8427.00000,10113.00000,0.00000,1685.00000,20.00,'LACHETEAU'),(16569,'LACHETEAU_30000971284332_2021_11_FA','30000971284332','LACHETEAU L ETANG DU VIGNON 37210 ROCHECORBON','0','40014889725','300002446159','ENGIE','du 01/11/21 au 30/11/21',2021,'11',71.00000,100.59155,'Tarif HTA à 5 plages temporelles à pointe fixe , Longue utilisation . Segment C2',0.00000,4592.00000,0.00000,640.00000,535.00000,0.00000,0.00000,1909.00000,419.00000,1359.00000,0.00000,25.00000,30.00000,104.00000,7142.00000,8571.00000,938.00000,1428.00000,20.00,''),(16570,'LACHETEAU_30000971284332_2021_6_FA','30000971284332','LACHETEAU L ETANG DU VIGNON 37210 ROCHECORBON','0','420004655792','300002446159','ENGIE','du 01/06/21 au 30/06/21',2021,'6',115.00000,60.85217,'Tarif HTA à 5 plages temporelles à pointe fixe , Longue utilisation . Segment C2',0.00000,4175.00000,0.00000,983.00000,866.00000,0.00000,0.00000,1839.00000,356.00000,1103.00000,0.00000,46.00000,30.00000,117.00000,6998.00000,8398.00000,0.00000,1399.00000,20.00,''),(16571,'LACHETEAU_50073371871067_2021_1_FA','50073371871067','LACHETEAU LA FREMONDERIE 49230 SEVREMOINE','0','120006899466','300002446157','ENGIE','du 01/01/21 au 31/01/21',2021,'1',35.00000,109.51429,'Tarif HTA à 5 plages temporelles à pointe fixe , Longue utilisation . Segment C2',0.00000,2165.00000,0.00000,400.00000,267.00000,0.00000,0.00000,1267.00000,412.00000,695.00000,0.00000,47.00000,31.00000,133.00000,3833.00000,4600.00000,101.00000,766.00000,20.00,''),(16572,'LACHETEAU_30000971284332_2021_4_FA','30000971284332','LACHETEAU L ETANG DU VIGNON 37210 ROCHECORBON','0','40014291705','300002446159','ENGIE','du 01/04/21 au 30/04/21',2021,'4',59.00000,63.86441,'Tarif HTA à 5 plages temporelles à pointe fixe , Longue utilisation . Segment C2',0.00000,2198.00000,0.00000,564.00000,447.00000,0.00000,0.00000,1005.00000,356.00000,572.00000,0.00000,46.00000,30.00000,117.00000,3768.00000,4521.00000,0.00000,753.00000,20.00,''),(16573,'LACHETEAU_30001421868760_2021_9_FA','30001421868760','LACHETEAU LA SABLETTE 44330 MOUZILLON','0','220006335657','300002446169','ENGIE','du 01/09/21 au 30/09/21',2021,'9',172.00000,58.81395,'Tarif HTA à 5 plages temporelles à pointe fixe , Longue utilisation . Segment C2',0.00000,6347.00000,0.00000,1466.00000,1292.00000,0.00000,0.00000,2301.00000,738.00000,1483.00000,0.00000,25.00000,30.00000,174.00000,10116.00000,12139.00000,0.00000,2023.00000,20.00,'LACHETEAU'),(16574,'LACHETEAU_30000971284332_2021_12_FA','30000971284332','LACHETEAU L ETANG DU VIGNON 37210 ROCHECORBON','0','220006578868','300002446159','ENGIE','du 01/12/21 au 31/12/21',2021,'12',56.00000,119.85714,'Tarif HTA à 5 plages temporelles à pointe fixe , Longue utilisation . Segment C2',0.00000,3649.00000,0.00000,1374.00000,1266.00000,0.00000,0.00000,1688.00000,433.00000,1153.00000,0.00000,26.00000,31.00000,107.00000,6712.00000,8054.00000,183.00000,1342.00000,20.00,''),(16575,'LACHETEAU_30000971284332_2021_7_FA','30000971284332','LACHETEAU L ETANG DU VIGNON 37210 ROCHECORBON','0','120007331882','300002446159','ENGIE','du 01/07/21 au 31/07/21',2021,'7',104.00000,61.13462,'Tarif HTA à 5 plages temporelles à pointe fixe , Longue utilisation . Segment C2',0.00000,3765.00000,0.00000,906.00000,785.00000,0.00000,0.00000,1686.00000,368.00000,998.00000,0.00000,47.00000,31.00000,120.00000,6358.00000,7630.00000,0.00000,1271.00000,20.00,''),(16577,'LACHETEAU_30000971284332_2021_5_FA','30000971284332','LACHETEAU L ETANG DU VIGNON 37210 ROCHECORBON','0','40014378563','300002446159','ENGIE','du 01/05/21 au 31/05/21',2021,'5',71.00000,61.08000,'Tarif HTA à 5 plages temporelles à pointe fixe , Longue utilisation . Segment C2',0.00000,2558.00000,0.00000,654.00000,533.00000,0.00000,0.00000,1124.00000,368.00000,677.00000,0.00000,47.00000,31.00000,120.00000,4337.00000,5204.00000,0.00000,867.00000,20.00,''),(16578,'LACHETEAU_30000971284332_2021_1_FA','30000971284332','LACHETEAU L ETANG DU VIGNON 37210 ROCHECORBON','0','120006899467','300002446159','ENGIE','du 01/01/21 au 31/01/21',2021,'1',93.00000,101.39785,'Tarif HTA à 5 plages temporelles à pointe fixe , Longue utilisation . Segment C2',0.00000,5885.00000,0.00000,820.00000,699.00000,0.00000,0.00000,2723.00000,368.00000,1879.00000,0.00000,47.00000,31.00000,120.00000,9430.00000,11316.00000,302.00000,1886.00000,20.00,''),(16579,'LACHETEAU_30000971284332_2021_2_FA','30000971284332','LACHETEAU L ETANG DU VIGNON 37210 ROCHECORBON','0','320005191326','300002446159','ENGIE','du 01/02/21 au 28/02/21',2021,'2',67.00000,103.02985,'Tarif HTA à 5 plages temporelles à pointe fixe , Longue utilisation . Segment C2',0.00000,4309.00000,0.00000,614.00000,505.00000,0.00000,0.00000,1979.00000,332.00000,1370.00000,0.00000,43.00000,28.00000,109.00000,6903.00000,8283.00000,220.00000,1380.00000,20.00,''),(16580,'LACHETEAU_30000971284332_2021_8_FA','30000971284332','LACHETEAU L ETANG DU VIGNON 37210 ROCHECORBON','0','220006266960','300002446159','ENGIE','du 01/08/21 au 31/08/21',2021,'8',114.00000,59.20175,'Tarif HTA à 5 plages temporelles à pointe fixe , Longue utilisation . Segment C2',0.00000,4117.00000,0.00000,964.00000,0.00000,0.00000,0.00000,1668.00000,433.00000,974.00000,0.00000,26.00000,31.00000,107.00000,6749.00000,8099.00000,0.00000,1349.00000,20.00,''),(16581,'LACHETEAU_30001421868760_2021_4_FA','30001421868760','LACHETEAU LA SABLETTE 44330 MOUZILLON','0','40014291708','300002446169','ENGIE','du 01/04/21 au 30/04/21',2021,'4',132.00000,61.25000,'Tarif HTA à 5 plages temporelles à pointe fixe , Longue utilisation . Segment C2',0.00000,4913.00000,0.00000,1185.00000,993.00000,0.00000,0.00000,1986.00000,634.00000,1275.00000,0.00000,46.00000,30.00000,192.00000,8085.00000,9702.00000,0.00000,1617.00000,20.00,'LACHETEAU'),(16583,'LACHETEAU_30000930386972_2021_10_FA','30000930386972','LACHETEAU ZI LA SAULAIE 49700 DOUE EN ANJOU','0','20036639602','300002609256','ENGIE','du 01/10/21 au 31/10/21',2021,'10',139.00000,57.00719,'Tarif HTA à 5 plages temporelles à pointe fixe , Longue utilisation . Segment C2',0.00000,4942.00000,0.00000,1180.00000,1045.00000,0.00000,0.00000,1801.00000,557.00000,1181.00000,0.00000,26.00000,31.00000,134.00000,7924.00000,9509.00000,0.00000,1584.00000,20.00,''),(16584,'LACHETEAU_30001421868760_2021_12_FA','30001421868760','LACHETEAU LA SABLETTE 44330 MOUZILLON','0','420005061525','300002446169','ENGIE','du 01/12/21 au 31/12/21',2021,'12',141.00000,116.15603,'Tarif HTA à 5 plages temporelles à pointe fixe , Longue utilisation . Segment C2',0.00000,9037.00000,0.00000,3371.00000,3191.00000,0.00000,0.00000,3968.00000,763.00000,2868.00000,0.00000,26.00000,31.00000,180.00000,16378.00000,19653.00000,442.00000,3275.00000,20.00,'LACHETEAU'),(16585,'LACHETEAU_30000930386972_2021_7_FA','30000930386972','LACHETEAU ZI LA SAULAIE 49700 DOUE EN ANJOU','0','420004731668','300002609256','ENGIE','du 01/07/21 au 31/07/21',2021,'7',164.00000,57.87195,'Tarif HTA à 5 plages temporelles à pointe fixe , Longue utilisation . Segment C2',0.00000,5840.00000,0.00000,1385.00000,1235.00000,0.00000,0.00000,2265.00000,473.00000,1562.00000,0.00000,47.00000,31.00000,149.00000,9491.00000,11389.00000,0.00000,1898.00000,20.00,''),(16586,'LACHETEAU_30001421868760_2021_5_FA','30001421868760','LACHETEAU LA SABLETTE 44330 MOUZILLON','0','40014378566','300002446169','ENGIE','du 01/05/21 au 31/05/21',2021,'5',132.00000,54.01515,'Tarif HTA à 5 plages temporelles à pointe fixe , Longue utilisation . Segment C2',0.00000,4225.00000,0.00000,1063.00000,864.00000,0.00000,0.00000,1840.00000,655.00000,1106.00000,0.00000,47.00000,31.00000,198.00000,7130.00000,8556.00000,0.00000,1426.00000,20.00,'LACHETEAU'),(16587,'LACHETEAU_30001421868760_2021_1_FA','30001421868760','LACHETEAU LA SABLETTE 44330 MOUZILLON','0','120006899470','300002446169','ENGIE','du 01/01/21 au 31/01/21',2021,'1',140.00000,102.50000,'Tarif HTA à 5 plages temporelles à pointe fixe , Longue utilisation . Segment C2',0.00000,9048.00000,0.00000,1253.00000,1054.00000,0.00000,0.00000,4048.00000,655.00000,2872.00000,0.00000,47.00000,31.00000,198.00000,14350.00000,17220.00000,465.00000,2870.00000,20.00,'LACHETEAU'),(16588,'LACHETEAU_30001421868760_2021_2_FA','30001421868760','LACHETEAU LA SABLETTE 44330 MOUZILLON','0','320005191329','300002446169','ENGIE','du 01/02/21 au 28/02/21',2021,'2',112.00000,102.64286,'Tarif HTA à 5 plages temporelles à pointe fixe , Longue utilisation . Segment C2',0.00000,7284.00000,0.00000,1022.00000,842.00000,0.00000,0.00000,3189.00000,592.00000,2308.00000,0.00000,43.00000,28.00000,179.00000,11496.00000,13795.00000,376.00000,2299.00000,20.00,'LACHETEAU'),(16589,'LACHETEAU_30000930386972_2021_8_FA','30000930386972','LACHETEAU ZI LA SAULAIE 49700 DOUE EN ANJOU','0','40014619929','300002609256','ENGIE','du 01/08/21 au 31/08/21',2021,'8',139.00000,56.99281,'Tarif HTA à 5 plages temporelles à pointe fixe , Longue utilisation . Segment C2',0.00000,4944.00000,0.00000,1180.00000,1045.00000,0.00000,0.00000,1797.00000,557.00000,1182.00000,0.00000,26.00000,31.00000,134.00000,7922.00000,9507.00000,0.00000,1584.00000,20.00,''),(16590,'LACHETEAU_30001421868760_2021_6_FA','30001421868760','LACHETEAU LA SABLETTE 44330 MOUZILLON','0','420004655795','300002446169','ENGIE','du 01/06/21 au 30/06/21',2021,'6',115.00000,80.69565,'Tarif HTA à 5 plages temporelles à pointe fixe , Longue utilisation . Segment C2',0.00000,5700.00000,0.00000,1357.00000,1164.00000,0.00000,0.00000,2222.00000,634.00000,1490.00000,0.00000,46.00000,30.00000,192.00000,9280.00000,11136.00000,0.00000,1856.00000,20.00,'LACHETEAU'),(16591,'LACHETEAU_30001421868760_2021_10_FA','30001421868760','LACHETEAU LA SABLETTE 44330 MOUZILLON','0','220006415098','300002446169','ENGIE','du 01/10/21 au 31/10/21',2021,'10',172.00000,40.89535,'Tarif HTA à 5 plages temporelles à pointe fixe , Longue utilisation . Segment C2',0.00000,4195.00000,0.00000,1036.00000,856.00000,0.00000,0.00000,1803.00000,763.00000,981.00000,0.00000,26.00000,31.00000,180.00000,7034.00000,8441.00000,0.00000,1406.00000,20.00,'LACHETEAU'),(16592,'LACHETEAU_30001421868760_2021_3_FA','30001421868760','LACHETEAU LA SABLETTE 44330 MOUZILLON','0','220005922347','300002446169','ENGIE','du 01/03/21 au 31/03/21',2021,'3',143.00000,103.50350,'Tarif HTA à 5 plages temporelles à pointe fixe , Longue utilisation . Segment C2',0.00000,9594.00000,0.00000,1278.00000,1079.00000,0.00000,0.00000,3928.00000,655.00000,2824.00000,0.00000,47.00000,31.00000,198.00000,14801.00000,17761.00000,2050.00000,2960.00000,20.00,'LACHETEAU'),(16593,'LACHETEAU_30000930386972_2021_9_FA','30000930386972','LACHETEAU ZI LA SAULAIE 49700 DOUE EN ANJOU','0','120007465944','300002609256','ENGIE','du 01/09/21 au 30/09/21',2021,'9',131.00000,57.53435,'Tarif HTA à 5 plages temporelles à pointe fixe , Longue utilisation . Segment C2',0.00000,4706.00000,0.00000,1116.00000,985.00000,0.00000,0.00000,1714.00000,539.00000,1118.00000,0.00000,25.00000,30.00000,130.00000,7537.00000,9044.00000,0.00000,1507.00000,20.00,''),(16594,'LACHETEAU_30001421868760_2021_7_FA','30001421868760','LACHETEAU LA SABLETTE 44330 MOUZILLON','0','120007331885','300002446169','ENGIE','du 01/07/21 au 31/07/21',2021,'7',164.00000,59.93293,'Tarif HTA à 5 plages temporelles à pointe fixe , Longue utilisation . Segment C2',0.00000,6032.00000,0.00000,1429.00000,1230.00000,0.00000,0.00000,2367.00000,655.00000,1575.00000,0.00000,47.00000,31.00000,198.00000,9829.00000,11794.00000,0.00000,1965.00000,20.00,'LACHETEAU'),(16595,'LACHETEAU_30001421868760_2021_11_FA','30001421868760','LACHETEAU LA SABLETTE 44330 MOUZILLON','0','40014889728','300002446169','ENGIE','du 01/11/21 au 30/11/21',2021,'11',129.00000,102.64341,'Tarif HTA à 5 plages temporelles à pointe fixe , Longue utilisation . Segment C2',0.00000,8541.00000,0.00000,1143.00000,969.00000,0.00000,0.00000,3557.00000,738.00000,2503.00000,0.00000,25.00000,30.00000,174.00000,13241.00000,15890.00000,1806.00000,2648.00000,20.00,'LACHETEAU'),(16597,'LACHETEAU_30000971075424_2021_8_FA','30000971075424','LACHETEAU ZI 37150 BLERE','0','320005680589','300002446172','ENGIE','du 19/08/21 au 18/09/21',2021,'8',33.00000,73.75758,'Tarif BT > 36 kVA à 4 plages temporelles , Courte utilisation . Segment C4',0.00000,1196.00000,0.00000,389.00000,248.00000,0.00000,0.00000,847.00000,106.00000,705.00000,0.00000,19.00000,15.00000,31.00000,2434.00000,2920.00000,0.00000,486.00000,20.00,''),(16598,'LACHETEAU_30000930386972_2021_3_FA','30000930386972','LACHETEAU ZI LA SAULAIE 49700 DOUE EN ANJOU','0','120007036571','300002609256','ENGIE','du 01/03/21 au 31/03/21',2021,'3',90.00000,107.15556,'Tarif HTA à 5 plages temporelles à pointe fixe , Longue utilisation . Segment C2',0.00000,6004.00000,0.00000,824.00000,675.00000,0.00000,0.00000,2815.00000,473.00000,1767.00000,0.00000,47.00000,31.00000,149.00000,9644.00000,11573.00000,1284.00000,1928.00000,20.00,''),(16599,'LACHETEAU_30000971075424_2021_5_FA','30000971075424','LACHETEAU ZI 37150 BLERE','0','420004632885','300002446172','ENGIE','du 20/05/21 au 18/06/21',2021,'5',29.00000,76.96552,'Tarif BT > 36 kVA à 4 plages temporelles , Courte utilisation . Segment C4',0.00000,1083.00000,0.00000,361.00000,223.00000,0.00000,0.00000,787.00000,92.00000,643.00000,0.00000,36.00000,15.00000,38.00000,2232.00000,2679.00000,0.00000,446.00000,20.00,''),(16600,'LACHETEAU_30000971075424_2021_2_FA','30000971075424','LACHETEAU ZI 37150 BLERE','0','40014182355','300002446172','ENGIE','du 18/02/21 au 19/03/21',2021,'2',7.00000,155.42857,'Tarif BT > 36 kVA à 4 plages temporelles , Courte utilisation . Segment C4',0.00000,487.00000,0.00000,121.00000,57.00000,0.00000,0.00000,479.00000,92.00000,335.00000,0.00000,36.00000,15.00000,38.00000,1088.00000,1305.00000,103.00000,217.00000,20.00,''),(16601,'LACHETEAU_30000930386972_2021_4_FA','30000930386972','LACHETEAU ZI LA SAULAIE 49700 DOUE EN ANJOU','0','40014292593','300002609256','ENGIE','du 01/04/21 au 30/04/21',2021,'4',111.00000,59.89189,'Tarif HTA à 5 plages temporelles à pointe fixe , Longue utilisation . Segment C2',0.00000,4039.00000,0.00000,977.00000,832.00000,0.00000,0.00000,1632.00000,457.00000,1062.00000,0.00000,46.00000,30.00000,144.00000,6648.00000,7978.00000,0.00000,1329.00000,20.00,''),(16602,'LACHETEAU_30000971075424_2021_6_FA','30000971075424','LACHETEAU ZI 37150 BLERE','0','120007291946','300002446172','ENGIE','du 19/06/21 au 18/07/21',2021,'6',29.00000,75.34483,'Tarif BT > 36 kVA à 4 plages temporelles , Courte utilisation . Segment C4',0.00000,1057.00000,0.00000,355.00000,219.00000,0.00000,0.00000,773.00000,92.00000,629.00000,0.00000,36.00000,15.00000,38.00000,2185.00000,2622.00000,0.00000,437.00000,20.00,''),(16603,'LACHETEAU_30000930386972_2021_5_FA','30000930386972','LACHETEAU ZI LA SAULAIE 49700 DOUE EN ANJOU','0','420004597757','300002609256','ENGIE','du 01/05/21 au 31/05/21',2021,'5',116.00000,58.38793,'Tarif HTA à 5 plages temporelles à pointe fixe , Longue utilisation . Segment C2',0.00000,4102.00000,0.00000,1019.00000,870.00000,0.00000,0.00000,1651.00000,473.00000,1098.00000,0.00000,47.00000,31.00000,149.00000,6773.00000,8127.00000,0.00000,1354.00000,20.00,''),(16604,'LACHETEAU_30000971075424_2021_3_FA','30000971075424','LACHETEAU ZI 37150 BLERE','0','120007071128','300002446172','ENGIE','du 20/03/21 au 17/04/21',2021,'3',8.00000,110.37500,'Tarif BT > 36 kVA à 4 plages temporelles , Courte utilisation . Segment C4',1645.00000,376.00000,0.00000,126.00000,61.00000,0.00000,0.00000,380.00000,89.00000,241.00000,0.00000,34.00000,14.00000,37.00000,883.00000,1060.00000,39.00000,176.00000,20.00,''),(16605,'LACHETEAU_30000930386972_2021_5_FA','30000930386972','LACHETEAU ZI LA SAULAIE 49700 DOUE EN ANJOU','0','420004597757','300002609256','ENGIE','du 01/05/21 au 31/05/21',2021,'5',116.00000,58.38793,'Tarif HTA à 5 plages temporelles à pointe fixe , Longue utilisation . Segment C2',0.00000,4102.00000,0.00000,1019.00000,870.00000,0.00000,0.00000,1651.00000,473.00000,1098.00000,0.00000,47.00000,31.00000,149.00000,6773.00000,8127.00000,0.00000,1354.00000,20.00,''),(16606,'LACHETEAU_30000971075424_2021_7_FA','30000971075424','LACHETEAU ZI 37150 BLERE','0','120007366394','300002446172','ENGIE','du 19/07/21 au 18/08/21',2021,'7',29.00000,76.89655,'Tarif BT > 36 kVA à 4 plages temporelles , Courte utilisation . Segment C4',5965.00000,1084.00000,0.00000,359.00000,224.00000,0.00000,0.00000,786.00000,40.00000,543.00000,0.00000,11.00000,6.00000,18.00000,2230.00000,2676.00000,0.00000,446.00000,20.00,''),(16607,'LACHETEAU_30000930386972_2021_12_FA','30000930386972','LACHETEAU ZI LA SAULAIE 49700 DOUE EN ANJOU','0','20036907709','300002609256','ENGIE','du 01/12/21 au 31/12/21',2021,'12',139.00000,70.60432,'Tarif HTA à 5 plages temporelles à pointe fixe , Longue utilisation . Segment C2',0.00000,5407.00000,0.00000,2067.00000,1932.00000,0.00000,0.00000,2338.00000,557.00000,1723.00000,0.00000,26.00000,31.00000,134.00000,9814.00000,11777.00000,265.00000,1962.00000,20.00,''),(16608,'LACHETEAU_30000971075424_2021_4_FA','30000971075424','LACHETEAU ZI 37150 BLERE','0','420004570068','300002446172','ENGIE','du 18/04/21 au 19/05/21',2021,'4',21.00000,79.23810,'Tarif BT > 36 kVA à 4 plages temporelles , Courte utilisation . Segment C4',5910.00000,777.00000,0.00000,272.00000,159.00000,0.00000,0.00000,614.00000,98.00000,461.00000,0.00000,38.00000,16.00000,41.00000,1664.00000,1997.00000,0.00000,332.00000,20.00,''),(16609,'LACHETEAU_30000930386972_2021_6_FA','30000930386972','LACHETEAU ZI LA SAULAIE 49700 DOUE EN ANJOU','0','120007245148','300002609256','ENGIE','du 01/06/21 au 30/06/21',2021,'6',162.00000,57.25926,'Tarif HTA à 5 plages temporelles à pointe fixe , Longue utilisation . Segment C2',0.00000,5757.00000,0.00000,1363.00000,1218.00000,0.00000,0.00000,2155.00000,457.00000,1540.00000,0.00000,46.00000,30.00000,144.00000,9276.00000,11131.00000,0.00000,1855.00000,20.00,''),(16610,'LACHETEAU_30000971075424_2021_1_FA','30000971075424','LACHETEAU ZI 37150 BLERE','0','40014097914','300002446172','ENGIE','du 19/01/21 au 17/02/21',2021,'1',8.00000,142.00000,'Tarif BT > 36 kVA à 4 plages temporelles , Courte utilisation . Segment C4',0.00000,513.00000,0.00000,126.00000,60.00000,0.00000,0.00000,497.00000,92.00000,353.00000,0.00000,36.00000,15.00000,38.00000,1136.00000,1364.00000,108.00000,227.00000,20.00,''),(16611,'LACHETEAU_30000971075424_2021_10_FA','30000971075424','LACHETEAU ZI 37150 BLERE','0','420004965794','300002446172','ENGIE','du 20/10/21 au 17/11/21',2021,'10',10.00000,174.60000,'Tarif BT > 36 kVA à 4 plages temporelles , Courte utilisation . Segment C4',5965.00000,839.00000,0.00000,220.00000,132.00000,0.00000,0.00000,685.00000,99.00000,387.00000,0.00000,18.00000,14.00000,29.00000,1746.00000,2095.00000,97.00000,349.00000,20.00,''),(16612,'LACHETEAU_30000971075424_2021_12_FA','30000971075424','LACHETEAU ZI 37150 BLERE','0','420005061526','300002446172','ENGIE','du 19/12/21 au 31/12/21',2021,'12',10.00000,49.00000,'Tarif BT > 36 kVA à 4 plages temporelles , Courte utilisation . Segment C4',0.00000,195.00000,0.00000,93.00000,70.00000,0.00000,0.00000,201.00000,44.00000,142.00000,0.00000,8.00000,6.00000,13.00000,490.00000,588.00000,38.00000,98.00000,20.00,''),(16613,'LACHETEAU_30000971075424_2021_1_FA','30000971075424','LACHETEAU ZI 37150 BLERE','0','220005759232','300002446172','ENGIE','du 01/01/21 au 18/01/21',2021,'1',7.00000,141.00000,'Tarif BT > 36 kVA à 4 plages temporelles , Courte utilisation . Segment C4',0.00000,472.00000,0.00000,103.00000,55.00000,0.00000,0.00000,411.00000,55.00000,325.00000,0.00000,21.00000,9.00000,23.00000,987.00000,1185.00000,99.00000,197.00000,20.00,''),(16614,'LACHETEAU_30000971075424_2021_11_FA','30000971075424','LACHETEAU ZI 37150 BLERE','0','420005037693','300002446172','ENGIE','du 18/11/21 au 18/12/21',2021,'11',7671.00000,0.14288,'Tarif BT > 36 kVA à 4 plages temporelles , Courte utilisation . Segment C4',0.00000,489.00000,0.00000,114.00000,57.00000,0.00000,0.00000,492.00000,106.00000,270.00000,0.00000,19.00000,15.00000,31.00000,1096.00000,1316.00000,103.00000,219.00000,20.00,''),(16615,'LACHETEAU_30000971075424_2021_9_FA','30000971075424','LACHETEAU ZI 37150 BLERE','0','320005745671','300002446172','ENGIE','du 19/09/21 au 19/10/21',2021,'9',29.00000,75.68966,'Tarif BT > 36 kVA à 4 plages temporelles , Courte utilisation . Segment C4',0.00000,1069.00000,0.00000,352.00000,222.00000,0.00000,0.00000,772.00000,106.00000,630.00000,0.00000,19.00000,15.00000,31.00000,2195.00000,2634.00000,0.00000,439.00000,20.00,''),(16617,'ARTHUR METZ_67442 / E2 / 8001072_2021_11_FA','67442 / E2 / 8001072','1 RUE DU VENDANGEOIR SCHARRACHBERGHEIM IRMSTETT','0','27288268S','1561520','ES','du 01/11/2021 au 01/12/2021 :',2021,'11',6.00000,116.66667,'HTA Pointe Fixe CU',25.00000,347.00000,0.00000,85.00000,49.00000,0.00000,0.00000,267.00000,26.00000,313.00000,0.00000,26.00000,30.00000,18.00000,700.00000,840.00000,21.00000,140.00000,20.00,''),(16618,'ARTHUR METZ_67442 / E2 / 8001072_2021_8_FA','67442 / E2 / 8001072','1 RUE DU VENDANGEOIR SCHARRACHBERGHEIM IRMSTETT','0','266156595','1561520','ES','du 01/08/2021 au 01/09/2021 :',2021,'8',3.00000,100.33333,'HTA Pointe Fixe CU',12.00000,125.00000,0.00000,49.00000,22.00000,0.00000,0.00000,126.00000,0.00000,44.00000,0.00000,26.00000,30.00000,18.00000,301.00000,362.00000,10.00000,60.00000,20.00,''),(16619,'ARTHUR METZ_67442 / E2 / 8001072_2021_12_FA','67442 / E2 / 8001072','1 RUE DU VENDANGEOIR SCHARRACHBERGHEIM IRMSTETT','0','27670351S','1561520','ES','du 01/12/2021 au 01/01/2022 :',2021,'12',6.00000,124.00000,'HTA Pointe Fixe CU',64.00000,375.00000,0.00000,87.00000,51.00000,0.00000,0.00000,281.00000,26.00000,235.00000,0.00000,26.00000,30.00000,18.00000,744.00000,893.00000,5.00000,148.00000,20.00,''),(16620,'ARTHUR METZ_67442 / E2 / 8001072_2021_5_FA','67442 / E2 / 8001072','1 RUE DU VENDANGEOIR SCHARRACHBERGHEIM IRMSTETT','0','25957405S','1561520','ES','du 01/05/2021 au 01/06/2021 :',2021,'5',3.00000,124.66667,'HTA Pointe Fixe CU',0.00000,155.00000,0.00000,63.00000,28.00000,0.00000,0.00000,155.00000,0.00000,17.00000,0.00000,47.00000,30.00000,24.00000,374.00000,449.00000,12.00000,74.00000,20.00,''),(16621,'ARTHUR METZ_67442 / E2 / 8001072_2021_9_FA','67442 / E2 / 8001072','1 RUE DU VENDANGEOIR SCHARRACHBERGHEIM IRMSTETT','0','268534055','1561520','ES','du 01/09/2021 au 01/10/2021 :',2021,'9',3.00000,104.33333,'HTA Pointe Fixe CU',12.00000,132.00000,0.00000,51.00000,24.00000,0.00000,0.00000,129.00000,0.00000,46.00000,0.00000,26.00000,30.00000,18.00000,313.00000,376.00000,10.00000,62.00000,20.00,''),(16622,'ARTHUR METZ_67442 / E2 / 8001072_2021_10_FA','67442 / E2 / 8001072','1 RUE DU VENDANGEOIR SCHARRACHBERGHEIM IRMSTETT','0','27061842S','1561520','ES','du 01/10/2021 au 01/11/2021 :',2021,'10',4.00000,99.75000,'HTA Pointe Fixe CU',12.00000,186.00000,0.00000,65.00000,35.00000,0.00000,0.00000,147.00000,0.00000,0.00000,0.00000,26.00000,30.00000,18.00000,399.00000,479.00000,14.00000,79.00000,20.00,''),(16623,'ARTHUR METZ_67442 / E2 / 8001072_2021_3_FA','67442 / E2 / 8001072','1 RUE DU VENDANGEOIR SCHARRACHBERGHEIM IRMSTETT','0','25523402S','1561520','ES','du 01/03/2021 au 01/04/2021 :',2021,'3',6.00000,112.16667,'HTA Pointe Fixe CU',25.00000,330.00000,0.00000,88.00000,46.00000,0.00000,0.00000,255.00000,0.00000,163.00000,0.00000,47.00000,30.00000,24.00000,673.00000,808.00000,20.00000,134.00000,20.00,''),(16624,'ARTHUR METZ_67442 / E2 / 8001072_2021_7_FA','67442 / E2 / 8001072','1 RUE DU VENDANGEOIR SCHARRACHBERGHEIM IRMSTETT','0','26407551S','1561520','ES','du 01/07/2021 au 01/08/2021 :',2021,'7',3.00000,109.33333,'HTA Pointe Fixe CU',25.00000,127.00000,0.00000,56.00000,23.00000,0.00000,0.00000,144.00000,0.00000,10.00000,0.00000,47.00000,30.00000,24.00000,328.00000,394.00000,11.00000,65.00000,20.00,''),(16626,'ARTHUR METZ_67282 / E2 / 8000723_2021_9_FA','67282 / E2 / 8000723','102 RUE DU GENERAL DE GAULLE MARLENHEIM','0','26853335S','1561494','ES','du 01/09/2021 au 01/10/2021 :',2021,'9',233.00000,63.78970,'HTA Pointe Fixe LU',584.00000,9601.00000,0.00000,1967.00000,1747.00000,0.00000,0.00000,3294.00000,0.00000,1987.00000,0.00000,26.00000,30.00000,0.00000,14863.00000,17835.00000,839.00000,2972.00000,20.00,'ARTHUR METZ'),(16627,'ARTHUR METZ_67282 / E2 / 8000723_2021_2_FA','67282 / E2 / 8000723','102 RUE DU GENERAL DE GAULLE MARLENHEIM','0','25297396S','1561494','ES','du 01/02/2021 au 01/03/2021 :',2021,'2',129.00000,93.41860,'HTA Pointe Fixe LU',584.00000,7332.00000,0.00000,1203.00000,969.00000,0.00000,0.00000,3516.00000,785.00000,3466.00000,0.00000,47.00000,30.00000,233.00000,12051.00000,14461.00000,123.00000,2410.00000,20.00,'ARTHUR METZ'),(16629,'ARTHUR METZ_30000631189630_2021_10_FA','30000631189630','ARTHUR METZ 23 RUE SAINTE MARGUERITE 67680 EPFIG','0','420004943787','300002537990','ENGIE','du 01/10/21 au 31/10/21',2021,'10',75.00000,74.97333,'Tarif HTA à 5 plages temporelles à pointe fixe , Courte utilisation . Segment C2',238.00000,2690.00000,0.00000,1728.00000,0.00000,1694.00000,0.00000,1204.00000,98.00000,1047.00000,0.00000,26.00000,31.00000,1694.00000,5623.00000,6747.00000,0.00000,1124.00000,20.00,''),(16630,'ARTHUR METZ_67282 / E2 / 8000723_2021_6_FA','67282 / E2 / 8000723','102 RUE DU GENERAL DE GAULLE MARLENHEIM','0','26183608S','1561494','ES','du 01/06/2021 au 01/07/2021 :',2021,'6',172.00000,65.55233,'HTA Pointe Fixe LU',584.00000,7207.00000,0.00000,1525.00000,0.00000,0.00000,0.00000,2541.00000,0.00000,2944.00000,0.00000,47.00000,30.00000,233.00000,11275.00000,13530.00000,663.00000,2255.00000,20.00,'ARTHUR METZ'),(16632,'ARTHUR METZ_67282 / E2 / 8000723_2021_10_FA','67282 / E2 / 8000723','102 RUE DU GENERAL DE GAULLE MARLENHEIM','0','27062388S','1561494','ES','du 01/10/2021 au 01/11/2021 :',2021,'10',220.00000,62.87000,'HTA Pointe Fixe LU',584.00000,9048.00000,0.00000,1875.00000,1655.00000,0.00000,0.00000,2907.00000,0.00000,1326.00000,0.00000,26.00000,30.00000,219.00000,13831.00000,16598.00000,776.00000,2766.00000,20.00,'ARTHUR METZ'),(16633,'ARTHUR METZ_67282 / E2 / 8000723_2021_3_FA','67282 / E2 / 8000723','102 RUE DU GENERAL DE GAULLE MARLENHEIM','0','25535952S','1561494','ES','du 01/03/2021 au 01/04/2021 :',2021,'3',160.00000,89.28125,'HTA Pointe Fixe LU',584.00000,8867.00000,0.00000,1439.00000,1206.00000,0.00000,0.00000,3978.00000,0.00000,3115.00000,0.00000,47.00000,30.00000,233.00000,14285.00000,17142.00000,625.00000,2857.00000,20.00,'ARTHUR METZ'),(16634,'ARTHUR METZ_30000631189630_2021_11_FA','30000631189630','ARTHUR METZ 23 RUE SAINTE MARGUERITE 67680 EPFIG','0','220006500377','300002537990','ENGIE','du 01/11/21 au 30/11/21',2021,'11',22.00000,121.95455,'Tarif HTA à 5 plages temporelles à pointe fixe , Courte utilisation . Segment C2',238.00000,1355.00000,0.00000,536.00000,502.00000,0.00000,0.00000,792.00000,95.00000,640.00000,0.00000,25.00000,30.00000,33.00000,2683.00000,3220.00000,252.00000,536.00000,20.00,''),(16635,'ARTHUR METZ_67282 / E2 / 8000723_2021_7_FA','67282 / E2 / 8000723','102 RUE DU GENERAL DE GAULLE MARLENHEIM','0','26407467S','0','ES','du 01/07/2021 au 01/08/2021 :',2021,'7',172.00000,64.64535,'HTA Pointe Fixe LU',470.00000,7087.00000,0.00000,1527.00000,1293.00000,0.00000,0.00000,2504.00000,0.00000,1641.00000,0.00000,47.00000,30.00000,233.00000,11119.00000,13343.00000,613.00000,2223.00000,20.00,'ARTHUR METZ'),(16637,'ARTHUR METZ_67282 / E2 / 8000723_2021_11_FA','67282','102 RUE DU GENERAL DE GAULLE MARLENHEIM','0','27288505S','1561494','ENGIE','du 01/11/2021 au 01/12/2021 :',2021,'11',178.00000,88.62000,'HTA Pointe Fixe LU',584.00000,9757.00000,0.00000,1561.00000,1341.00000,0.00000,0.00000,4456.00000,0.00000,8825.00000,0.00000,26.00000,30.00000,219.00000,15775.00000,18930.00000,664.00000,3155.00000,20.00,'ARTHUR METZ'),(16638,'ARTHUR METZ_67282 / E2 / 8000723_2021_4_FA','67282 / E2 / 8000723','102 RUE DU GENERAL DE GAULLE MARLENHEIM','0','25733044S','1561494','ES','du 01/04/2021 au 01/05/2021 :',2021,'4',95.00000,71.44211,'HTA Pointe Fixe LU',470.00000,4049.00000,0.00000,952.00000,719.00000,0.00000,0.00000,1785.00000,0.00000,923.00000,0.00000,47.00000,30.00000,233.00000,6787.00000,8145.00000,384.00000,1357.00000,20.00,'ARTHUR METZ'),(16639,'ARTHUR METZ_30000631189630_2021_12_FA','30000631189630','ARTHUR METZ 23 RUE SAINTE MARGUERITE 67680 EPFIG','0','40014984311','300002537990','ENGIE','du 01/12/21 au 31/12/21',2021,'12',12.00000,144.33333,'Tarif HTA à 5 plages temporelles à pointe fixe , Courte utilisation . Segment C2',238.00000,891.00000,0.00000,309.00000,275.00000,0.00000,0.00000,531.00000,98.00000,375.00000,0.00000,26.00000,31.00000,34.00000,1732.00000,2078.00000,113.00000,346.00000,20.00,''),(16640,'ARTHUR METZ_67282 / E2 / 8000723_2021_8_FA','67282 / E2 / 8000723','102 RUE DU GENERAL DE GAULLE MARLENHEIM','0','26615690S','1561494','ES','du 01/08/2021 au 01/09/2021 :',2021,'8',188.00000,63.79787,'HTA Pointe Fixe LU',470.00000,7749.00000,0.00000,1635.00000,1415.00000,0.00000,0.00000,2609.00000,0.00000,0.00000,0.00000,26.00000,30.00000,219.00000,11994.00000,14393.00000,668.00000,2398.00000,20.00,'ARTHUR METZ'),(16641,'ARTHUR METZ_67282 / E2 / 8000723_2021_12_FA','67282 / E2 / 8000723','102 RUE DU GENERAL DE GAULLE MARLENHEIM','0','27670387S','1561494','ES','du 01/12/2021 au 01/01/2022 :',2021,'12',146.00000,93.05479,'HTA Pointe Fixe LU',584.00000,8289.00000,0.00000,1316.00000,1096.00000,0.00000,0.00000,3980.00000,945.00000,3883.00000,0.00000,26.00000,30.00000,219.00000,13586.00000,16303.00000,138.00000,2717.00000,20.00,'ARTHUR METZ'),(16642,'ARTHUR METZ_67282 / E2 / 8000723_2021_5_FA','67282 / E2 / 8000723','102 RUE DU GENERAL DE GAULLE MARLENHEIM','0','25957631S','1561494','ES','du 01/05/2021 au 01/06/2021 :',2021,'5',99.00000,70.54545,'HTA Pointe Fixe LU',584.00000,4190.00000,0.00000,976.00000,743.00000,0.00000,0.00000,1817.00000,0.00000,954.00000,0.00000,47.00000,30.00000,233.00000,6984.00000,8381.00000,399.00000,1396.00000,20.00,'ARTHUR METZ'),(16643,'ARTHUR METZ_67282 / E2 / 8000723_2021_1_FA','67282 / E2 / 8000723','102 RUE DU GENERAL DE GAULLE MARLENHEIM','0','25116416S','1561494','ES','du 01/01/2021 au 01/02/2021 :',2021,'1',117.00000,95.41880,'HTA Pointe Fixe LU',584.00000,6739.00000,0.00000,1114.00000,881.00000,0.00000,0.00000,3310.00000,785.00000,3103.00000,0.00000,47.00000,30.00000,233.00000,11164.00000,13397.00000,118.00000,2232.00000,20.00,'ARTHUR METZ'),(16644,'ARTHUR METZ_30000631189630_2021_4_FA','30000631189630','ARTHUR METZ 23 RUE SAINTE MARGUERITE 67680 EPFIG','0','420004528459','300002537990','ENGIE','du 01/04/21 au 30/04/21',2021,'4',9.00000,100.44444,'Tarif HTA à 5 plages temporelles à pointe fixe , Courte utilisation . Segment C3',238.00000,358.00000,0.00000,250.00000,215.00000,0.00000,0.00000,295.00000,52.00000,167.00000,0.00000,46.00000,30.00000,34.00000,904.00000,1085.00000,0.00000,180.00000,20.00,''),(16645,'ARTHUR METZ_30000631189630_2021_7_FA','30000631189630','ARTHUR METZ 23 RUE SAINTE MARGUERITE 67680 EPFIG','0','40014547966','300002537990','ENGIE','du 01/07/21 au 31/07/21',2021,'7',7.00000,110.42857,'Tarif HTA à 5 plages temporelles à pointe fixe , Courte utilisation . Segment C2',238.00000,291.00000,0.00000,213.00000,177.00000,0.00000,0.00000,268.00000,53.00000,135.00000,0.00000,47.00000,31.00000,35.00000,773.00000,927.00000,0.00000,154.00000,20.00,''),(16646,'ARTHUR METZ_30000631189630_2021_1_FA','30000631189630','ARTHUR METZ 23 RUE SAINTE MARGUERITE 67680 EPFIG','0','220005788944','300002537990','ENGIE','du 01/01/21 au 31/01/21',2021,'1',9.00000,146.66667,'Tarif HTA à 5 plages temporelles à pointe fixe , Courte utilisation . Segment C3',238.00000,681.00000,0.00000,247.00000,211.00000,0.00000,0.00000,391.00000,53.00000,258.00000,0.00000,47.00000,31.00000,35.00000,1320.00000,1584.00000,96.00000,264.00000,20.00,''),(16647,'ARTHUR METZ_30000631189630_2021_8_FA','30000631189630','ARTHUR METZ 23 RUE SAINTE MARGUERITE 67680 EPFIG','0','420004786654','300002537990','ENGIE','du 01/08/21 au 31/08/21',2021,'8',27.00000,79.51852,'Tarif HTA à 5 plages temporelles à pointe fixe , Courte utilisation . Segment C2',238.00000,970.00000,0.00000,643.00000,608.00000,0.00000,0.00000,534.00000,98.00000,378.00000,0.00000,26.00000,31.00000,34.00000,2147.00000,2577.00000,0.00000,429.00000,20.00,''),(16648,'ARTHUR METZ_30000631189630_2021_2_FA','30000631189630','ARTHUR METZ 23 RUE SAINTE MARGUERITE 67680 EPFIG','0','20035536853','300002537990','ENGIE','du 01/02/21 au 28/02/21',2021,'2',10.00000,142.40000,'Tarif HTA à 5 plages temporelles à pointe fixe , Courte utilisation . Segment C3',238.00000,756.00000,0.00000,263.00000,230.00000,0.00000,0.00000,405.00000,48.00000,285.00000,0.00000,43.00000,28.00000,32.00000,1424.00000,1709.00000,104.00000,284.00000,20.00,''),(16649,'ARTHUR METZ_30000631189630_2021_5_FA','30000631189630','ARTHUR METZ 23 RUE SAINTE MARGUERITE 67680 EPFIG','0','320005408089','300002537990','ENGIE','du 01/05/21 au 31/05/21',2021,'5',9.00000,103.55556,'Tarif HTA à 5 plages temporelles à pointe fixe , Courte utilisation . Segment C3',932.00000,369.00000,0.00000,258.00000,222.00000,0.00000,0.00000,305.00000,53.00000,172.00000,0.00000,47.00000,31.00000,35.00000,932.00000,1118.00000,0.00000,186.00000,20.00,''),(16650,'ARTHUR METZ_30000631189630_2021_9_FA','30000631189630','ARTHUR METZ 23 RUE SAINTE MARGUERITE 67680 EPFIG','0','420004866482','300002537990','ENGIE','du 01/09/21 au 30/09/21',2021,'9',56.00000,76.60714,'Tarif HTA à 5 plages temporelles à pointe fixe , Courte utilisation . Segment C2',238.00000,2038.00000,0.00000,1304.00000,0.00000,1271.00000,0.00000,947.00000,95.00000,795.00000,0.00000,25.00000,30.00000,1271.00000,4290.00000,5149.00000,0.00000,858.00000,20.00,''),(16651,'ARTHUR METZ_30000631189630_2021_3_FA','30000631189630','ARTHUR METZ 23 RUE SAINTE MARGUERITE 67680 EPFIG','0','20035754707','300002537990','ENGIE','du 01/03/21 au 31/03/21',2021,'3',10.00000,134.00000,'Tarif HTA à 5 plages temporelles à pointe fixe , Courte utilisation . Segment C3',238.00000,654.00000,0.00000,270.00000,234.00000,0.00000,0.00000,415.00000,53.00000,282.00000,0.00000,47.00000,31.00000,35.00000,1340.00000,1608.00000,128.00000,268.00000,20.00,''),(16652,'ARTHUR METZ_30000631189630_2021_6_FA','30000631189630','ARTHUR METZ 23 RUE SAINTE MARGUERITE 67680 EPFIG','0','40014453155','300002537990','ENGIE','du 01/06/21 au 30/06/21',2021,'6',9.00000,96.33333,'Tarif HTA à 5 plages temporelles à pointe fixe , Courte utilisation . Segment C2',238.00000,340.00000,0.00000,240.00000,205.00000,0.00000,0.00000,287.00000,52.00000,158.00000,0.00000,46.00000,30.00000,34.00000,867.00000,1041.00000,0.00000,173.00000,20.00,''),(16847,'R-CUE_67434 / E1 / 0726535_2021_1_FA','67434 / E1 / 0726535','RUE DE PHALSBOURG SARRE UNION','0','25255270S','1747805','ES','du 01/01/2021 au 01/02/2021 :',2021,'1',0.00000,0.00000,'HTA Pointe Fixe CU',120.00000,126.00000,0.00000,30.00000,1.00000,0.00000,120.00000,106.00000,26.00000,5.00000,0.00000,47.00000,30.00000,28.00000,264.00000,316.00000,0.00000,52.00000,20.00,''),(16848,'R-CUE_67434 / E1 / 0726535_2021_11_FA','67434 / E1 / 0726535','RUE DE PHALSBOURG SARRE UNION','0','274441215','1747805','ES','du 01/11/2021 au 01/12/2021 :',2021,'11',11.00000,0.00000,'HTA Pointe Fixe CU',0.00000,1037.00000,0.00000,339.00000,248.00000,0.00000,65.00000,393.00000,30.00000,964.00000,0.00000,26.00000,30.00000,19.00000,1769.00000,2123.00000,4.00000,353.00000,20.00,''),(16849,'R-CUE_67434 / E1 / 0726535_2021_12_FA','67434 / E1 / 0726535','RUE DE PHALSBOURG SARRE UNION','0','276358275','1747805','ES','du 01/12/2021 au 01/01/2022 :',2021,'12',28.00000,0.00000,'HTA Pointe Fixe CU',0.00000,3534.00000,0.00000,851.00000,646.00000,0.00000,0.00000,1400.00000,58.00000,3328.00000,0.00000,19.00000,15.00000,20.00000,5787.00000,6944.00000,312.00000,1157.00000,20.00,''),(16850,'R-CUE_67434 / E1 / 0726535_2021_2_FA','67434 / E1 / 0726535','RUE DE PHALSBOURG SARRE UNION','0','25498264S','1747805','ES','du 01/02/2021 au 01/03/2021',2021,'2',0.00000,0.00000,'HTA Pointe Fixe CU',72.00000,124.00000,0.00000,29.00000,0.00000,0.00000,0.00000,105.00000,26.00000,2.00000,0.00000,47.00000,30.00000,0.00000,259.00000,311.00000,0.00000,51.00000,20.00,''),(16851,'R-CUE_67434 / E1 / 0726535_2021_3_FA','67434 / E1 / 0726535','RUE DE PHALSBOURG SARRE UNION','0','256782145','1747805','ES','du 01/03/2021 au 01/04/2021 :',2021,'3',0.00000,0.00000,'HTA Pointe Fixe CU',96.00000,163.00000,0.00000,44.00000,12.00000,0.00000,0.00000,119.00000,26.00000,14.00000,0.00000,47.00000,30.00000,28.00000,327.00000,393.00000,1.00000,65.00000,20.00,''),(16852,'R-CUE_67434 / E1 / 0726535_2021_4_FA','67434 / E1 / 0726535','RUE DE PHALSBOURG SARRE UNION','0','259069685','1747805','ES','du 01/04/2021 au 01/05/2021 :',2021,'4',10.00000,0.00000,'HTA Pointe Fixe CU',96.00000,590.00000,0.00000,325.00000,230.00000,0.00000,120.00000,271.00000,26.00000,166.00000,0.00000,47.00000,30.00000,28.00000,1186.00000,1424.00000,29.00000,237.00000,20.00,''),(16853,'R-CUE_67434 / E1 / 0726535_2021_5_FA','67434 / E1 / 0726535','RUE DE PHALSBOURG SARRE UNION','0','261340455','1747805','ES','du 01/05/2021 au 01/06/2021 :',2021,'5',11.00000,0.00000,'HTA Pointe Fixe CU',120.00000,635.00000,0.00000,356.00000,255.00000,0.00000,120.00000,287.00000,26.00000,183.00000,0.00000,47.00000,30.00000,28.00000,1280.00000,1536.00000,31.00000,256.00000,20.00,''),(16854,'R-CUE_67434 / E1 / 0726535_2021_6_FA','67434 / E1 / 0726535','RUE DE PHALSBOURG SARRE UNION','0','264994865','1747805','ES','du 01/06/2021 au 01/07/2021 9',2021,'6',0.00000,0.00000,'HTA Pointe Fixe CU',120.00000,553.00000,0.00000,305.00000,216.00000,0.00000,0.00000,253.00000,24.00000,47.00000,0.00000,43.00000,28.00000,26.00000,1112.00000,1335.00000,27.00000,222.00000,20.00,''),(16855,'R-CUE_67434 / E1 / 0726535_2021_7_FA','67434 / E1 / 0726535','RUE DE PHALSBOURG SARRE UNION','0','26817064S','1747805','ES','du 01/07/2021 au 01/09/2021',2021,'7',20.00000,0.00000,'HTA Pointe Fixe CU',0.00000,1624.00000,0.00000,633.00000,456.00000,0.00000,0.00000,491.00000,17.00000,161.00000,0.00000,50.00000,32.00000,26.00000,2750.00000,3300.00000,8.00000,550.00000,20.00,''),(16856,'R-CUE_67434 / E1 / 0726535_2021_9_FA','67434 / E1 / 0726535','RUE DE PHALSBOURG SARRE UNION','0','26981608S','1747805','ES','du 01/09/2021 au 01/10/2021 :',2021,'9',10.00000,0.00000,'HTA Pointe Fixe CU',15.00000,841.00000,0.00000,324.00000,237.00000,0.00000,0.00000,232.00000,30.00000,145.00000,0.00000,26.00000,30.00000,19.00000,1399.00000,1678.00000,4.00000,279.00000,20.00,''),(16857,'R-CUE_67434 / E1 / 0726535_2021_10_FA','67434 / E1 / 0726535','RUE DE PHALSBOURG SARRE UNION','0','27258974S','1747805','ES','du 01/10/2021 au 01/11/2021 :',2021,'10',8.00000,0.00000,'HTA Pointe Fixe CU',45.00000,691.00000,0.00000,267.00000,192.00000,0.00000,0.00000,203.00000,30.00000,116.00000,0.00000,26.00000,30.00000,19.00000,1162.00000,1394.00000,3.00000,232.00000,20.00,'');

--
