--
-- Host: localhost    Database: devagile_recital
-- ------------------------------------------------------


--
-- Current Database: `devagile_recital`
--

CREATE DATABASE /*!32312 IF NOT EXISTS*/ `devagile_recital` /*!40100 DEFAULT CHARACTER SET utf8 */;

USE `devagile_recital`;

--
-- Table structure for table `com_vtiger_workflow_activatedonce`
--

CREATE TABLE `com_vtiger_workflow_activatedonce` (
  `workflow_id` int(11) NOT NULL,
  `entity_id` int(11) NOT NULL,
  PRIMARY KEY (`workflow_id`,`entity_id`)
) ENGINE=InnoDB DEFAULT CHARSET=utf8;

--
-- Dumping data for table `com_vtiger_workflow_activatedonce`
--


--
-- Table structure for table `com_vtiger_workflow_tasktypes`
--

CREATE TABLE `com_vtiger_workflow_tasktypes` (
  `id` int(11) NOT NULL,
  `tasktypename` varchar(255) NOT NULL,
  `label` varchar(255) DEFAULT NULL,
  `classname` varchar(255) DEFAULT NULL,
  `classpath` varchar(255) DEFAULT NULL,
  `templatepath` varchar(255) DEFAULT NULL,
  `modules` varchar(500) DEFAULT NULL,
  `sourcemodule` varchar(255) DEFAULT NULL
) ENGINE=InnoDB DEFAULT CHARSET=utf8;

--
-- Dumping data for table `com_vtiger_workflow_tasktypes`
--

INSERT INTO `com_vtiger_workflow_tasktypes` VALUES (1,'VTEmailTask','Send Mail','VTEmailTask','modules/com_vtiger_workflow/tasks/VTEmailTask.inc','modules/Settings/Workflows/Tasks/VTEmailTask.tpl','{\"include\":[],\"exclude\":[]}',''),(2,'VTEntityMethodTask','Invoke Custom Function','VTEntityMethodTask','modules/com_vtiger_workflow/tasks/VTEntityMethodTask.inc','modules/Settings/Workflows/Tasks/VTEntityMethodTask.tpl','{\"include\":[],\"exclude\":[]}',''),(3,'VTCreateTodoTask','Create Todo','VTCreateTodoTask','modules/com_vtiger_workflow/tasks/VTCreateTodoTask.inc','modules/Settings/Workflows/Tasks/VTCreateTodoTask.tpl','{\"include\":[\"Leads\",\"Accounts\",\"Potentials\",\"Contacts\",\"HelpDesk\",\"Campaigns\",\"Quotes\",\"PurchaseOrder\",\"SalesOrder\",\"Invoice\",\"Project\",\"Facture\",\"Dtailsfacture\",\"Factures\",\"FactureAnnuelle\",\"FactureFourniture\",\"FactureAcheminement\",\"FactureAcheminement\",\"FactureFourniAchemi\",\"FactureFourniAchemi\",\"FactureAnnuelleGaz\",\"FactureFournitureGaz\",\"ElecFourniture\",\"ElecAcheminement\",\"ElecFourniAchemi\",\"GazFourniture\",\"SIRET\",\"CodeNAF\",\"Formesjuridiques\"],\"exclude\":[\"Calendar\",\"FAQ\",\"Events\"]}',''),(4,'VTCreateEventTask','Create Event','VTCreateEventTask','modules/com_vtiger_workflow/tasks/VTCreateEventTask.inc','modules/Settings/Workflows/Tasks/VTCreateEventTask.tpl','{\"include\":[\"Leads\",\"Accounts\",\"Potentials\",\"Contacts\",\"HelpDesk\",\"Campaigns\",\"Project\",\"Facture\",\"Dtailsfacture\",\"Factures\",\"FactureAnnuelle\",\"FactureFourniture\",\"FactureAcheminement\",\"FactureAcheminement\",\"FactureFourniAchemi\",\"FactureFourniAchemi\",\"FactureAnnuelleGaz\",\"FactureFournitureGaz\",\"ElecFourniture\",\"ElecAcheminement\",\"ElecFourniAchemi\",\"GazFourniture\",\"SIRET\",\"CodeNAF\",\"Formesjuridiques\"],\"exclude\":[\"Calendar\",\"FAQ\",\"Events\"]}',''),(5,'VTUpdateFieldsTask','Update Fields','VTUpdateFieldsTask','modules/com_vtiger_workflow/tasks/VTUpdateFieldsTask.inc','modules/Settings/Workflows/Tasks/VTUpdateFieldsTask.tpl','{\"include\":[],\"exclude\":[]}',''),(6,'VTCreateEntityTask','Create Entity','VTCreateEntityTask','modules/com_vtiger_workflow/tasks/VTCreateEntityTask.inc','modules/Settings/Workflows/Tasks/VTCreateEntityTask.tpl','{\"include\":[],\"exclude\":[]}',''),(7,'VTSMSTask','SMS Task','VTSMSTask','modules/com_vtiger_workflow/tasks/VTSMSTask.inc','modules/Settings/Workflows/Tasks/VTSMSTask.tpl','{\"include\":[],\"exclude\":[]}','SMSNotifier'),(8,'VTERollupTask','Rollup/Calculate Fields Task','VTERollupTask','modules/VTERollup/workflow/VTERollupTask.inc','modules/Settings/Workflows/Tasks/VTERollupTask.tpl','{\"include\":[],\"exclude\":[]}','VTERollup'),(9,'VTERollupTask','Rollup/Calculate Fields Task','VTERollupTask','modules/VTERollup/workflow/VTERollupTask.inc','modules/VTERollup/taskforms/VTERollupTask.tpl','{\"include\":[],\"exclude\":[]}','VTERollup');

--
-- Table structure for table `com_vtiger_workflow_tasktypes_seq`
--

CREATE TABLE `com_vtiger_workflow_tasktypes_seq` (
  `id` int(11) NOT NULL
) ENGINE=InnoDB DEFAULT CHARSET=utf8;

--
-- Dumping data for table `com_vtiger_workflow_tasktypes_seq`
--

INSERT INTO `com_vtiger_workflow_tasktypes_seq` VALUES (9);

--
-- Table structure for table `com_vtiger_workflows`
--

CREATE TABLE `com_vtiger_workflows` (
  `workflow_id` int(11) NOT NULL AUTO_INCREMENT,
  `module_name` varchar(100) DEFAULT NULL,
  `summary` varchar(400) NOT NULL,
  `test` text,
  `execution_condition` int(11) NOT NULL,
  `defaultworkflow` int(1) DEFAULT NULL,
  `type` varchar(255) DEFAULT NULL,
  `filtersavedinnew` int(1) DEFAULT NULL,
  `schtypeid` int(10) DEFAULT NULL,
  `schdayofmonth` varchar(100) DEFAULT NULL,
  `schdayofweek` varchar(100) DEFAULT NULL,
  `schannualdates` varchar(100) DEFAULT NULL,
  `schtime` varchar(50) DEFAULT NULL,
  `nexttrigger_time` datetime DEFAULT NULL,
  `status` tinyint(1) DEFAULT '1',
  `workflowname` varchar(100) DEFAULT NULL,
  PRIMARY KEY (`workflow_id`),
  UNIQUE KEY `com_vtiger_workflows_idx` (`workflow_id`)
) ENGINE=InnoDB AUTO_INCREMENT=70 DEFAULT CHARSET=utf8;

--
-- Dumping data for table `com_vtiger_workflows`
--

INSERT INTO `com_vtiger_workflows` VALUES (1,'Invoice','UpdateInventoryProducts On Every Save','[{\"fieldname\":\"subject\",\"operation\":\"does not contain\",\"value\":\"`!`\"}]',3,1,'basic',5,NULL,NULL,NULL,NULL,NULL,NULL,1,'UpdateInventoryProducts On Every Save'),(2,'Accounts','Send Email to user when Notifyowner is True','[{\"fieldname\":\"notify_owner\",\"operation\":\"is\",\"value\":\"true:boolean\"}]',2,1,'basic',5,NULL,NULL,NULL,NULL,NULL,NULL,0,'Send Email to user when Notifyowner is True'),(3,'Contacts','Send Email to user when Notifyowner is True','[{\"fieldname\":\"notify_owner\",\"operation\":\"is\",\"value\":\"true:boolean\"}]',2,1,'basic',5,NULL,NULL,NULL,NULL,NULL,NULL,1,'Send Email to user when Notifyowner is True'),(4,'Contacts','Send Email to user when Portal User is True','[{\"fieldname\":\"portal\",\"operation\":\"is\",\"value\":\"1\",\"valuetype\":\"rawtext\",\"joincondition\":\"and\",\"groupjoin\":\"and\",\"groupid\":\"0\"},{\"fieldname\":\"email\",\"operation\":\"is not empty\",\"value\":\"\",\"valuetype\":\"rawtext\",\"joincondition\":\"\",\"groupjoin\":\"and\",\"groupid\":\"0\"}]',3,1,'basic',6,NULL,NULL,NULL,NULL,NULL,NULL,1,'Send Email to user when Portal User is True'),(5,'Potentials','Send Email to users on Potential creation',NULL,1,1,'basic',5,NULL,NULL,NULL,NULL,NULL,NULL,1,'Send Email to users on Potential creation'),(6,'Contacts','Workflow for Contact Creation or Modification','',3,1,'basic',5,NULL,NULL,NULL,NULL,NULL,NULL,1,'Workflow for Contact Creation or Modification'),(7,'HelpDesk','Ticket Creation From Portal : Send Email to Record Owner and Contact','[{\"fieldname\":\"from_portal\",\"operation\":\"is\",\"value\":1,\"valuetype\":\"rawtext\",\"joincondition\":\"and\",\"groupjoin\":\"and\",\"groupid\":0}]',1,1,'basic',6,NULL,NULL,NULL,NULL,NULL,NULL,0,'Ticket Creation From Portal : Send Email to Record Owner and Contact'),(9,'HelpDesk','Send Email to Contact on Ticket Update','[{\"fieldname\":\"(contact_id : (Contacts) emailoptout)\",\"operation\":\"is\",\"value\":\"0\",\"valuetype\":\"rawtext\",\"joincondition\":\"and\",\"groupjoin\":\"and\",\"groupid\":\"0\"},{\"fieldname\":\"from_portal\",\"operation\":\"is\",\"value\":0,\"valuetype\":\"rawtext\",\"joincondition\":\"and\",\"groupjoin\":\"and\",\"groupid\":0},{\"fieldname\":\"ticketstatus\",\"operation\":\"has changed to\",\"value\":\"Closed\",\"valuetype\":\"rawtext\",\"joincondition\":\"or\",\"groupjoin\":\"and\",\"groupid\":\"1\"},{\"fieldname\":\"solution\",\"operation\":\"has changed\",\"value\":\"\",\"valuetype\":\"\",\"joincondition\":\"or\",\"groupjoin\":\"and\",\"groupid\":\"1\"},{\"fieldname\":\"description\",\"operation\":\"has changed\",\"value\":\"\",\"valuetype\":\"\",\"joincondition\":\"or\",\"groupjoin\":\"and\",\"groupid\":\"1\"}]',3,1,'basic',6,NULL,NULL,NULL,NULL,NULL,NULL,0,'Send Email to Contact on Ticket Update'),(10,'Events','Workflow for Events when Send Notification is True','[{\"fieldname\":\"sendnotification\",\"operation\":\"is\",\"value\":\"true:boolean\"}]',3,1,'basic',5,NULL,NULL,NULL,NULL,NULL,NULL,0,'Workflow for Events when Send Notification is True'),(11,'Calendar','Workflow for Calendar Todos when Send Notification is True','[{\"fieldname\":\"sendnotification\",\"operation\":\"is\",\"value\":\"true:boolean\"}]',3,1,'basic',5,NULL,NULL,NULL,NULL,NULL,NULL,1,'Workflow for Calendar Todos when Send Notification is True'),(12,'Potentials','Calculate or Update forecast amount','',3,1,'basic',5,NULL,NULL,NULL,NULL,NULL,NULL,1,'Calculate or Update forecast amount'),(13,'Events','Workflow for Events when Send Notification is True','[{\"fieldname\":\"sendnotification\",\"operation\":\"is\",\"value\":\"true:boolean\"}]',3,1,'basic',5,NULL,NULL,NULL,NULL,NULL,NULL,0,'Workflow for Events when Send Notification is True'),(14,'Calendar','Workflow for Calendar Todos when Send Notification is True','[{\"fieldname\":\"sendnotification\",\"operation\":\"is\",\"value\":\"true:boolean\"}]',3,1,'basic',5,NULL,NULL,NULL,NULL,NULL,NULL,1,'Workflow for Calendar Todos when Send Notification is True'),(15,'HelpDesk','Comment Added From CRM : Send Email to Organization','[{\"fieldname\":\"_VT_add_comment\",\"operation\":\"is added\",\"value\":\"\",\"valuetype\":\"rawtext\",\"joincondition\":\"\",\"groupjoin\":\"and\",\"groupid\":\"0\"},{\"fieldname\":\"from_portal\",\"operation\":\"is\",\"value\":\"0\",\"valuetype\":\"rawtext\",\"joincondition\":\"\",\"groupjoin\":\"and\",\"groupid\":\"0\"},{\"fieldname\":\"(parent_id : (Accounts) emailoptout)\",\"operation\":\"is\",\"value\":\"0\",\"valuetype\":\"rawtext\",\"joincondition\":\"and\",\"groupjoin\":\"and\",\"groupid\":\"0\"}]',3,1,'basic',6,NULL,NULL,NULL,NULL,NULL,NULL,0,'Comment Added From CRM : Send Email to Organization'),(16,'PurchaseOrder','Update Inventory Products On Every Save',NULL,3,1,'basic',5,NULL,NULL,NULL,NULL,NULL,NULL,1,'Update Inventory Products On Every Save'),(17,'HelpDesk','Comment Added From Portal : Send Email to Record Owner','[{\"fieldname\":\"_VT_add_comment\",\"operation\":\"is added\",\"value\":\"\",\"valuetype\":\"rawtext\",\"joincondition\":\"\",\"groupjoin\":\"and\",\"groupid\":\"0\"},{\"fieldname\":\"from_portal\",\"operation\":\"is\",\"value\":\"1\",\"valuetype\":\"rawtext\",\"joincondition\":\"\",\"groupjoin\":\"and\",\"groupid\":\"0\"}]',3,1,'basic',6,NULL,NULL,NULL,NULL,NULL,NULL,0,'Comment Added From Portal : Send Email to Record Owner'),(18,'HelpDesk','Comment Added From CRM : Send Email to Contact, where Contact is not a Portal User','[{\"fieldname\":\"(contact_id : (Contacts) portal)\",\"operation\":\"is\",\"value\":\"0\",\"valuetype\":\"rawtext\",\"joincondition\":\"and\",\"groupjoin\":\"and\",\"groupid\":\"0\"},{\"fieldname\":\"_VT_add_comment\",\"operation\":\"is added\",\"value\":\"\",\"valuetype\":\"rawtext\",\"joincondition\":\"\",\"groupjoin\":\"and\",\"groupid\":\"0\"},{\"fieldname\":\"from_portal\",\"operation\":\"is\",\"value\":\"0\",\"valuetype\":\"rawtext\",\"joincondition\":\"\",\"groupjoin\":\"and\",\"groupid\":\"0\"},{\"fieldname\":\"(contact_id : (Contacts) emailoptout)\",\"operation\":\"is\",\"value\":\"0\",\"valuetype\":\"rawtext\",\"joincondition\":\"and\",\"groupjoin\":\"and\",\"groupid\":\"0\"}]',3,1,'basic',6,NULL,NULL,NULL,NULL,NULL,NULL,0,'Comment Added From CRM : Send Email to Contact, where Contact is not a Portal User'),(19,'HelpDesk','Comment Added From CRM : Send Email to Contact, where Contact is Portal User','[{\"fieldname\":\"(contact_id : (Contacts) portal)\",\"operation\":\"is\",\"value\":\"1\",\"valuetype\":\"rawtext\",\"joincondition\":\"and\",\"groupjoin\":\"and\",\"groupid\":\"0\"},{\"fieldname\":\"_VT_add_comment\",\"operation\":\"is added\",\"value\":\"\",\"valuetype\":\"rawtext\",\"joincondition\":\"\",\"groupjoin\":\"and\",\"groupid\":\"0\"},{\"fieldname\":\"from_portal\",\"operation\":\"is\",\"value\":\"0\",\"valuetype\":\"rawtext\",\"joincondition\":\"\",\"groupjoin\":\"and\",\"groupid\":\"0\"},{\"fieldname\":\"(contact_id : (Contacts) emailoptout)\",\"operation\":\"is\",\"value\":\"0\",\"valuetype\":\"rawtext\",\"joincondition\":\"and\",\"groupjoin\":\"and\",\"groupid\":\"0\"}]',3,1,'basic',6,NULL,NULL,NULL,NULL,NULL,NULL,0,'Comment Added From CRM : Send Email to Contact, where Contact is Portal User'),(20,'HelpDesk','Send Email to Record Owner on Ticket Update','[{\"fieldname\":\"from_portal\",\"operation\":\"is\",\"value\":0,\"valuetype\":\"rawtext\",\"joincondition\":\"and\",\"groupjoin\":\"and\",\"groupid\":0},{\"fieldname\":\"ticketstatus\",\"operation\":\"has changed to\",\"value\":\"Closed\",\"valuetype\":\"rawtext\",\"joincondition\":\"or\",\"groupjoin\":\"and\",\"groupid\":\"1\"},{\"fieldname\":\"solution\",\"operation\":\"has changed\",\"value\":\"\",\"valuetype\":\"\",\"joincondition\":\"or\",\"groupjoin\":\"and\",\"groupid\":\"1\"},{\"fieldname\":\"assigned_user_id\",\"operation\":\"has changed\",\"value\":\"\",\"valuetype\":\"\",\"joincondition\":\"or\",\"groupjoin\":\"and\",\"groupid\":\"1\"},{\"fieldname\":\"description\",\"operation\":\"has changed\",\"value\":\"\",\"valuetype\":\"\",\"joincondition\":\"or\",\"groupjoin\":\"and\",\"groupid\":\"1\"}]',3,1,'basic',6,NULL,NULL,NULL,NULL,NULL,NULL,0,'Send Email to Record Owner on Ticket Update'),(21,'HelpDesk','Ticket Creation From CRM : Send Email to Record Owner','[{\"fieldname\":\"from_portal\",\"operation\":\"is\",\"value\":\"0\",\"valuetype\":\"rawtext\",\"joincondition\":\"\",\"groupjoin\":\"and\",\"groupid\":\"0\"}]',1,1,'basic',6,NULL,NULL,NULL,NULL,NULL,NULL,0,'Ticket Creation From CRM : Send Email to Record Owner'),(22,'HelpDesk','Send Email to Organization on Ticket Update','[{\"fieldname\":\"(parent_id : (Accounts) emailoptout)\",\"operation\":\"is\",\"value\":\"0\",\"valuetype\":\"rawtext\",\"joincondition\":\"and\",\"groupjoin\":\"and\",\"groupid\":\"0\"},{\"fieldname\":\"from_portal\",\"operation\":\"is\",\"value\":0,\"valuetype\":\"rawtext\",\"joincondition\":\"and\",\"groupjoin\":\"and\",\"groupid\":0},{\"fieldname\":\"ticketstatus\",\"operation\":\"has changed to\",\"value\":\"Closed\",\"valuetype\":\"rawtext\",\"joincondition\":\"or\",\"groupjoin\":\"and\",\"groupid\":\"1\"},{\"fieldname\":\"solution\",\"operation\":\"has changed\",\"value\":\"\",\"valuetype\":\"\",\"joincondition\":\"or\",\"groupjoin\":\"and\",\"groupid\":\"1\"},{\"fieldname\":\"description\",\"operation\":\"has changed\",\"value\":\"\",\"valuetype\":\"\",\"joincondition\":\"or\",\"groupjoin\":\"and\",\"groupid\":\"1\"}]',3,1,'basic',6,NULL,NULL,NULL,NULL,NULL,NULL,0,'Send Email to Organization on Ticket Update'),(23,'HelpDesk','Ticket Creation From CRM : Send Email to Organization','[{\"fieldname\":\"(parent_id : (Accounts) emailoptout)\",\"operation\":\"is\",\"value\":\"0\",\"valuetype\":\"rawtext\",\"joincondition\":\"and\",\"groupjoin\":\"and\",\"groupid\":\"0\"},{\"fieldname\":\"from_portal\",\"operation\":\"is\",\"value\":\"0\",\"valuetype\":\"rawtext\",\"joincondition\":\"\",\"groupjoin\":\"and\",\"groupid\":\"0\"}]',1,1,'basic',6,NULL,NULL,NULL,NULL,NULL,NULL,0,'Ticket Creation From CRM : Send Email to Organization'),(24,'HelpDesk','Ticket Creation From CRM : Send Email to Contact','[{\"fieldname\":\"(contact_id : (Contacts) emailoptout)\",\"operation\":\"is\",\"value\":\"0\",\"valuetype\":\"rawtext\",\"joincondition\":\"and\",\"groupjoin\":\"and\",\"groupid\":\"0\"},{\"fieldname\":\"from_portal\",\"operation\":\"is\",\"value\":\"0\",\"valuetype\":\"rawtext\",\"joincondition\":\"\",\"groupjoin\":\"and\",\"groupid\":\"0\"}]',1,1,'basic',6,NULL,NULL,NULL,NULL,NULL,NULL,0,'Ticket Creation From CRM : Send Email to Contact'),(27,'FactureFourniture','','[]',3,NULL,'basic',6,NULL,NULL,NULL,NULL,NULL,NULL,1,'F_Mise à jour F_annuelle'),(28,'FactureFourniture','','[{\"fieldname\":\"cf_1062\",\"operation\":\"does not equal\",\"value\":\"0\",\"valuetype\":\"rawtext\",\"joincondition\":\"\",\"groupjoin\":\"and\",\"groupid\":\"0\"}]',3,NULL,'basic',6,NULL,NULL,NULL,NULL,NULL,NULL,1,'F - Prix unitaire Calcul'),(30,'FactureAnnuelle','','[]',3,NULL,'basic',6,NULL,NULL,NULL,NULL,NULL,NULL,1,'Agrege Nb factures'),(35,'FactureAcheminement','','[]',3,NULL,'basic',6,NULL,NULL,NULL,NULL,NULL,NULL,1,'A_Mise à jour F_annuelle'),(41,'FactureAcheminement','','[{\"fieldname\":\"cf_1118\",\"operation\":\"does not equal\",\"value\":\"0\",\"valuetype\":\"rawtext\",\"joincondition\":\"\",\"groupjoin\":\"and\",\"groupid\":\"0\"}]',3,NULL,'basic',6,NULL,NULL,NULL,NULL,NULL,NULL,1,'A_Prix unitaire'),(42,'FactureAnnuelle','On vient faire la somme de total ELEC, montant total HT, et consommation, pour avoir les données permettant de calculer le prix fourniture','[{\"fieldname\":\"cf_1255\",\"operation\":\"does not equal\",\"value\":\"0\",\"valuetype\":\"rawtext\",\"joincondition\":\"\",\"groupjoin\":\"and\",\"groupid\":\"0\"}]',3,NULL,'basic',6,NULL,NULL,NULL,NULL,NULL,NULL,1,'Annuelle - FA Aggrégation Total elec, montant HT ach, et conso'),(43,'FactureAnnuelle','On vient faire la somme de total ELEC, montant total HT, et consommation, pour avoir les données permettant de calculer le prix fourniture','[{\"fieldname\":\"cf_1157\",\"operation\":\"does not equal\",\"value\":\"0\",\"valuetype\":\"rawtext\",\"joincondition\":\"and\",\"groupjoin\":\"and\",\"groupid\":\"0\"},{\"fieldname\":\"cf_1159\",\"operation\":\"does not equal\",\"value\":\"0\",\"valuetype\":\"rawtext\",\"joincondition\":\"\",\"groupjoin\":\"and\",\"groupid\":\"0\"}]',3,NULL,'basic',6,NULL,NULL,NULL,NULL,NULL,NULL,1,'Annuelle - F+A Agrégation total Elec, montant HT ache, et conso'),(44,'FactureAnnuelle','','[{\"fieldname\":\"cf_1030\",\"operation\":\"does not equal\",\"value\":\"0\",\"valuetype\":\"rawtext\",\"joincondition\":\"\",\"groupjoin\":\"and\",\"groupid\":\"0\"}]',3,NULL,'basic',6,NULL,NULL,NULL,NULL,NULL,NULL,1,'Annuelle_Prix unitaire'),(45,'FactureFourniAchemi','','[]',3,NULL,'basic',6,NULL,NULL,NULL,NULL,NULL,NULL,1,'FA_Mise à jour F_annuelle'),(46,'FactureFourniAchemi','','[{\"fieldname\":\"cf_1214\",\"operation\":\"does not equal\",\"value\":\"0\",\"valuetype\":\"rawtext\",\"joincondition\":\"\",\"groupjoin\":\"and\",\"groupid\":\"0\"}]',3,NULL,'basic',6,NULL,NULL,NULL,NULL,NULL,NULL,1,'FA_Prix unitaire'),(47,'FactureAnnuelle','','[{\"fieldname\":\"cf_1157\",\"operation\":\"does not equal\",\"value\":\"0\",\"valuetype\":\"rawtext\",\"joincondition\":\"and\",\"groupjoin\":\"and\",\"groupid\":\"0\"},{\"fieldname\":\"cf_1159\",\"operation\":\"equal to\",\"value\":\"0\",\"valuetype\":\"rawtext\",\"joincondition\":\"\",\"groupjoin\":\"and\",\"groupid\":\"0\"}]',3,NULL,'basic',6,NULL,NULL,NULL,NULL,NULL,NULL,1,'Annuelle - F Agrégation total Elec, montant HT ache, et conso'),(48,'FactureAnnuelle','','[{\"fieldname\":\"cf_1157\",\"operation\":\"equal to\",\"value\":\"0\",\"valuetype\":\"rawtext\",\"joincondition\":\"and\",\"groupjoin\":\"and\",\"groupid\":\"0\"},{\"fieldname\":\"cf_1159\",\"operation\":\"does not equal\",\"value\":\"0\",\"valuetype\":\"rawtext\",\"joincondition\":\"\",\"groupjoin\":\"and\",\"groupid\":\"0\"}]',3,NULL,'basic',6,NULL,NULL,NULL,NULL,NULL,NULL,1,'Annuelle - A Aggrégation Total elec, montant HT ach, et conso'),(50,'FactureFourniture','','[{\"fieldname\":\"cf_accounts_id\",\"operation\":\"is not empty\",\"value\":null,\"valuetype\":\"rawtext\",\"joincondition\":\"\",\"groupjoin\":\"and\",\"groupid\":\"0\"}]',3,NULL,'basic',6,NULL,NULL,NULL,NULL,NULL,NULL,1,'F - Nom client'),(51,'FactureAcheminement','','[{\"fieldname\":\"cf_accounts_id\",\"operation\":\"is not empty\",\"value\":null,\"valuetype\":\"rawtext\",\"joincondition\":\"\",\"groupjoin\":\"and\",\"groupid\":\"0\"}]',3,NULL,'basic',6,NULL,NULL,NULL,NULL,NULL,NULL,1,'A - Nom client'),(52,'FactureFourniAchemi','','[{\"fieldname\":\"cf_accounts_id\",\"operation\":\"is not empty\",\"value\":null,\"valuetype\":\"rawtext\",\"joincondition\":\"\",\"groupjoin\":\"and\",\"groupid\":\"0\"}]',3,NULL,'basic',6,NULL,NULL,NULL,NULL,NULL,NULL,1,'FA - Nom Client'),(53,'FactureFournitureGaz','','[]',3,NULL,'basic',6,NULL,NULL,NULL,NULL,NULL,NULL,1,'F_Mise à jour F_annuelle gaz'),(54,'FactureAnnuelleGaz','','[]',3,NULL,'basic',6,NULL,NULL,NULL,NULL,NULL,NULL,1,'Annuelle Gaz _ F agrégation Total fourniture, acheminement et consommation'),(55,'FactureAnnuelleGaz','','[{\"fieldname\":\"cf_1396\",\"operation\":\"does not equal\",\"value\":\"0\",\"valuetype\":\"rawtext\",\"joincondition\":\"\",\"groupjoin\":\"and\",\"groupid\":\"0\"}]',3,NULL,'basic',6,NULL,NULL,NULL,NULL,NULL,NULL,1,'Annuelle Gaz - Prix unitaire Fourniture et Acheminement'),(56,'FactureFournitureGaz','','[{\"fieldname\":\"cf_1347\",\"operation\":\"does not equal\",\"value\":\"0\",\"valuetype\":\"rawtext\",\"joincondition\":\"\",\"groupjoin\":\"and\",\"groupid\":\"0\"}]',3,NULL,'basic',6,NULL,NULL,NULL,NULL,NULL,NULL,1,'F Gaz - Prix unitaire Fourniture et Acheminement'),(57,'FactureFournitureGaz','','[{\"fieldname\":\"cf_accounts_id\",\"operation\":\"is not empty\",\"value\":null,\"valuetype\":\"rawtext\",\"joincondition\":\"\",\"groupjoin\":\"and\",\"groupid\":\"0\"}]',3,NULL,'basic',6,NULL,NULL,NULL,NULL,NULL,NULL,1,'F Gaz Nom compte'),(58,'ElecFourniture','','[]',3,NULL,'basic',6,NULL,NULL,NULL,NULL,NULL,NULL,1,'EF_Mise à jour F_annuelle'),(59,'ElecFourniture','','[{\"fieldname\":\"cf_1500\",\"operation\":\"does not equal\",\"value\":\"0\",\"valuetype\":\"rawtext\",\"joincondition\":\"\",\"groupjoin\":\"and\",\"groupid\":\"0\"}]',3,NULL,'basic',6,2,NULL,NULL,NULL,'09:45:00','2023-11-23 09:45:00',0,'EF - Prix unitaire Calcul'),(60,'ElecFourniture','','[{\"fieldname\":\"cf_accounts_id\",\"operation\":\"is not empty\",\"value\":null,\"valuetype\":\"rawtext\",\"joincondition\":\"\",\"groupjoin\":\"and\",\"groupid\":\"0\"}]',3,NULL,'basic',6,NULL,NULL,NULL,NULL,NULL,NULL,0,'EF - Nom client'),(61,'ElecAcheminement','','[]',3,NULL,'basic',6,NULL,NULL,NULL,NULL,NULL,NULL,1,'EA_Mise à jour F_annuelle'),(62,'ElecAcheminement','','[{\"fieldname\":\"cf_1548\",\"operation\":\"does not equal\",\"value\":\"0\",\"valuetype\":\"rawtext\",\"joincondition\":\"\",\"groupjoin\":\"and\",\"groupid\":\"0\"}]',3,NULL,'basic',6,NULL,NULL,NULL,NULL,NULL,NULL,0,'EA_Prix unitaire'),(63,'ElecAcheminement','','[{\"fieldname\":\"cf_accounts_id\",\"operation\":\"is not empty\",\"value\":null,\"valuetype\":\"rawtext\",\"joincondition\":\"\",\"groupjoin\":\"and\",\"groupid\":\"0\"}]',3,NULL,'basic',6,NULL,NULL,NULL,NULL,NULL,NULL,0,'EA - Nom client'),(64,'ElecFourniAchemi','','[]',3,NULL,'basic',6,NULL,NULL,NULL,NULL,NULL,NULL,1,'EFA_Mise à jour F_annuelle'),(65,'ElecFourniAchemi','','[{\"fieldname\":\"cf_1610\",\"operation\":\"does not equal\",\"value\":\"0\",\"valuetype\":\"rawtext\",\"joincondition\":\"\",\"groupjoin\":\"and\",\"groupid\":\"0\"}]',3,NULL,'basic',6,NULL,NULL,NULL,NULL,NULL,NULL,0,'EFA_Prix unitaire'),(66,'ElecFourniAchemi','','[{\"fieldname\":\"cf_accounts_id\",\"operation\":\"is not empty\",\"value\":null,\"valuetype\":\"rawtext\",\"joincondition\":\"\",\"groupjoin\":\"and\",\"groupid\":\"0\"}]',3,NULL,'basic',6,NULL,NULL,NULL,NULL,NULL,NULL,0,'EFA - Nom Client'),(67,'GazFourniture','','[]',3,NULL,'basic',6,NULL,NULL,NULL,NULL,NULL,NULL,1,'GF_Mise à jour F_annuelle gaz'),(68,'GazFourniture','','[{\"fieldname\":\"cf_1680\",\"operation\":\"does not equal\",\"value\":\"0\",\"valuetype\":\"rawtext\",\"joincondition\":\"\",\"groupjoin\":\"and\",\"groupid\":\"0\"}]',3,NULL,'basic',6,NULL,NULL,NULL,NULL,NULL,NULL,0,'GF - Prix unitaire Fourniture et Acheminement'),(69,'GazFourniture','','[{\"fieldname\":\"cf_accounts_id\",\"operation\":\"is not empty\",\"value\":null,\"valuetype\":\"rawtext\",\"joincondition\":\"\",\"groupjoin\":\"and\",\"groupid\":\"0\"}]',3,NULL,'basic',6,NULL,NULL,NULL,NULL,NULL,NULL,0,'GF - Nom compte');

--
-- Table structure for table `com_vtiger_workflows_seq`
--

CREATE TABLE `com_vtiger_workflows_seq` (
  `id` int(11) NOT NULL
) ENGINE=InnoDB DEFAULT CHARSET=utf8;

--
-- Dumping data for table `com_vtiger_workflows_seq`
--

INSERT INTO `com_vtiger_workflows_seq` VALUES (82);

--
-- Table structure for table `com_vtiger_workflowtask_queue`
--

CREATE TABLE `com_vtiger_workflowtask_queue` (
  `task_id` int(11) DEFAULT NULL,
  `entity_id` varchar(100) DEFAULT NULL,
  `do_after` int(11) DEFAULT NULL,
  `relatedinfo` varchar(255) DEFAULT NULL,
  `task_contents` text
) ENGINE=InnoDB DEFAULT CHARSET=utf8;

--
-- Dumping data for table `com_vtiger_workflowtask_queue`
--


--
-- Table structure for table `com_vtiger_workflowtasks`
--

CREATE TABLE `com_vtiger_workflowtasks` (
  `task_id` int(11) NOT NULL AUTO_INCREMENT,
  `workflow_id` int(11) DEFAULT NULL,
  `summary` varchar(400) NOT NULL,
  `task` text,
  PRIMARY KEY (`task_id`),
  UNIQUE KEY `com_vtiger_workflowtasks_idx` (`task_id`)
) ENGINE=InnoDB AUTO_INCREMENT=82 DEFAULT CHARSET=utf8;

--
-- Dumping data for table `com_vtiger_workflowtasks`
--

INSERT INTO `com_vtiger_workflowtasks` VALUES (1,1,'','O:18:\"VTEntityMethodTask\":6:{s:18:\"executeImmediately\";b:1;s:10:\"workflowId\";i:1;s:7:\"summary\";s:0:\"\";s:6:\"active\";b:1;s:10:\"methodName\";s:15:\"UpdateInventory\";s:2:\"id\";i:1;}'),(2,2,'An account has been created ','O:11:\"VTEmailTask\":9:{s:18:\"executeImmediately\";s:0:\"\";s:10:\"workflowId\";s:1:\"2\";s:7:\"summary\";s:28:\"An account has been created \";s:6:\"active\";s:1:\"1\";s:10:\"methodName\";s:11:\"NotifyOwner\";s:9:\"recepient\";s:36:\"$(assigned_user_id : (Users) email1)\";s:7:\"subject\";s:26:\"Regarding Account Creation\";s:7:\"content\";s:301:\"An Account has been assigned to you on vtigerCRM<br>Details of account are :<br><br>AccountId:<b>$account_no</b><br>AccountName:<b>$accountname</b><br>Rating:<b>$rating</b><br>Industry:<b>$industry</b><br>AccountType:<b>$accounttype</b><br>Description:<b>$description</b><br><br><br>Thank You<br>Admin\";s:2:\"id\";s:1:\"2\";}'),(3,3,'An contact has been created ','O:11:\"VTEmailTask\":9:{s:18:\"executeImmediately\";s:0:\"\";s:10:\"workflowId\";s:1:\"3\";s:7:\"summary\";s:28:\"An contact has been created \";s:6:\"active\";s:1:\"1\";s:10:\"methodName\";s:11:\"NotifyOwner\";s:9:\"recepient\";s:36:\"$(assigned_user_id : (Users) email1)\";s:7:\"subject\";s:26:\"Regarding Contact Creation\";s:7:\"content\";s:305:\"An Contact has been assigned to you on vtigerCRM<br>Details of Contact are :<br><br>Contact Id:<b>$contact_no</b><br>LastName:<b>$lastname</b><br>FirstName:<b>$firstname</b><br>Lead Source:<b>$leadsource</b><br>Department:<b>$department</b><br>Description:<b>$description</b><br><br><br>Thank You<br>Admin\";s:2:\"id\";s:1:\"3\";}'),(4,4,'Email Customer Portal Login Details','O:18:\"VTEntityMethodTask\":6:{s:18:\"executeImmediately\";b:1;s:10:\"workflowId\";i:4;s:7:\"summary\";s:35:\"Email Customer Portal Login Details\";s:6:\"active\";b:1;s:10:\"methodName\";s:22:\"SendPortalLoginDetails\";s:2:\"id\";i:4;}'),(5,5,'An Potential has been created ','O:11:\"VTEmailTask\":8:{s:18:\"executeImmediately\";s:0:\"\";s:10:\"workflowId\";s:1:\"5\";s:7:\"summary\";s:30:\"An Potential has been created \";s:6:\"active\";s:1:\"1\";s:9:\"recepient\";s:36:\"$(assigned_user_id : (Users) email1)\";s:7:\"subject\";s:30:\"Regarding Potential Assignment\";s:7:\"content\";s:342:\"An Potential has been assigned to you on vtigerCRM<br>Details of Potential are :<br><br>Potential No:<b>$potential_no</b><br>Potential Name:<b>$potentialname</b><br>Amount:<b>$amount</b><br>Expected Close Date:<b>$closingdate ($_DATE_FORMAT_)</b><br>Type:<b>$opportunity_type</b><br><br><br>Description :$description<br><br>Thank You<br>Admin\";s:2:\"id\";s:1:\"5\";}'),(6,6,'An contact has been created ','O:11:\"VTEmailTask\":8:{s:18:\"executeImmediately\";s:0:\"\";s:10:\"workflowId\";s:1:\"6\";s:7:\"summary\";s:28:\"An contact has been created \";s:6:\"active\";s:1:\"1\";s:9:\"recepient\";s:36:\"$(assigned_user_id : (Users) email1)\";s:7:\"subject\";s:28:\"Regarding Contact Assignment\";s:7:\"content\";s:384:\"An Contact has been assigned to you on vtigerCRM<br>Details of Contact are :<br><br>Contact Id:<b>$contact_no</b><br>LastName:<b>$lastname</b><br>FirstName:<b>$firstname</b><br>Lead Source:<b>$leadsource</b><br>Department:<b>$department</b><br>Description:<b>$description</b><br><br><br>And <b>CustomerPortal Login Details</b> is sent to the EmailID :-$email<br><br>Thank You<br>Admin\";s:2:\"id\";s:1:\"6\";}'),(7,7,'Notify Related Contact when Ticket is created from Portal','O:11:\"VTEmailTask\":9:{s:18:\"executeImmediately\";s:1:\"0\";s:7:\"summary\";s:57:\"Notify Related Contact when Ticket is created from Portal\";s:6:\"active\";s:1:\"1\";s:2:\"id\";s:1:\"7\";s:10:\"workflowId\";s:1:\"7\";s:9:\"fromEmail\";s:93:\"$(general : (__VtigerMeta__) supportName)&lt;$(general : (__VtigerMeta__) supportEmailId)&gt;\";s:9:\"recepient\";s:33:\",$(contact_id : (Contacts) email)\";s:7:\"subject\";s:93:\"[From Portal] $ticket_no [ Ticket Id : $(general : (__VtigerMeta__) recordId) ] $ticket_title\";s:7:\"content\";s:158:\"Ticket No : $ticket_no<br>\n							  Ticket ID : $(general : (__VtigerMeta__) recordId)<br>\n							  Ticket Title : $ticket_title<br><br>\n							  $description\";}'),(10,9,'Send Email to Contact on Ticket Update','O:11:\"VTEmailTask\":9:{s:18:\"executeImmediately\";s:1:\"0\";s:7:\"summary\";s:38:\"Send Email to Contact on Ticket Update\";s:6:\"active\";s:1:\"1\";s:2:\"id\";s:2:\"10\";s:9:\"fromEmail\";s:93:\"$(general : (__VtigerMeta__) supportName)&lt;$(general : (__VtigerMeta__) supportEmailId)&gt;\";s:9:\"recepient\";s:33:\",$(contact_id : (Contacts) email)\";s:7:\"subject\";s:79:\"$ticket_no [ Ticket Id : $(general : (__VtigerMeta__) recordId) ] $ticket_title\";s:7:\"content\";s:624:\"Ticket ID : $(general : (__VtigerMeta__) recordId)<br>Ticket Title : $ticket_title<br><br>\n								Dear $(contact_id : (Contacts) lastname) $(contact_id : (Contacts) firstname),<br><br>\n								The Ticket is replied the details are :<br><br>\n								Ticket No : $ticket_no<br>\n								Status : $ticketstatus<br>\n								Category : $ticketcategories<br>\n								Severity : $ticketseverities<br>\n								Priority : $ticketpriorities<br><br>\n								Description : <br>$description<br><br>\n								Solution : <br>$solution<br>\n								The comments are : <br>\n								$allComments<br><br>\n								Regards<br>Support Administrator\";s:10:\"workflowId\";s:1:\"9\";}'),(13,12,'update forecast amount','O:18:\"VTUpdateFieldsTask\":7:{s:18:\"executeImmediately\";b:1;s:43:\"\0VTUpdateFieldsTask\0referenceFieldFocusList\";a:0:{}s:10:\"workflowId\";i:12;s:7:\"summary\";s:22:\"update forecast amount\";s:6:\"active\";b:1;s:19:\"field_value_mapping\";s:95:\"[{\"fieldname\":\"forecast_amount\",\"valuetype\":\"expression\",\"value\":\"amount * probability / 100\"}]\";s:2:\"id\";i:13;}'),(14,13,'Send Notification Email to Record Owner','O:11:\"VTEmailTask\":8:{s:18:\"executeImmediately\";s:0:\"\";s:10:\"workflowId\";s:2:\"13\";s:7:\"summary\";s:39:\"Send Notification Email to Record Owner\";s:6:\"active\";s:1:\"1\";s:9:\"recepient\";s:36:\"$(assigned_user_id : (Users) email1)\";s:7:\"subject\";s:17:\"Event :  $subject\";s:7:\"content\";s:771:\"$(assigned_user_id : (Users) last_name) $(assigned_user_id : (Users) first_name) ,<br/><b>Activity Notification Details:</b><br/>Subject             : $subject<br/>Start date and time : $date_start ($(general : (__VtigerMeta__) usertimezone))<br/>End date and time   : $due_date ($(general : (__VtigerMeta__) usertimezone)) <br/>Status              : $eventstatus <br/>Priority            : $taskpriority <br/>Related To          : $(parent_id : (Leads) lastname) $(parent_id : (Leads) firstname) $(parent_id : (Accounts) accountname) $(parent_id : (Potentials) potentialname) $(parent_id : (HelpDesk) ticket_title) $(parent_id : (Campaigns) campaignname) <br/>Contacts List       : $contact_id <br/>Location            : $location <br/>Description         : $description\";s:2:\"id\";s:2:\"14\";}'),(15,14,'Send Notification Email to Record Owner','O:11:\"VTEmailTask\":8:{s:18:\"executeImmediately\";s:0:\"\";s:10:\"workflowId\";s:2:\"14\";s:7:\"summary\";s:39:\"Send Notification Email to Record Owner\";s:6:\"active\";s:1:\"1\";s:9:\"recepient\";s:36:\"$(assigned_user_id : (Users) email1)\";s:7:\"subject\";s:16:\"Task :  $subject\";s:7:\"content\";s:689:\"$(assigned_user_id : (Users) last_name) $(assigned_user_id : (Users) first_name) ,<br/><b>Task Notification Details:</b><br/>Subject : $subject<br/>Start date and time : $date_start ($(general : (__VtigerMeta__) usertimezone))<br/>End date and time   : $due_date ($_DATE_FORMAT_) <br/>Status              : $taskstatus <br/>Priority            : $taskpriority <br/>Related To          : $(parent_id : (Leads) lastname) $(parent_id : (Leads) firstname) $(parent_id : (Accounts) accountname) $(parent_id : (Potentials) potentialname) $(parent_id : (HelpDesk) ticket_title) $(parent_id : (Campaigns) campaignname) <br/>Contacts List       : $contact_id <br/>Description         : $description\";s:2:\"id\";s:2:\"15\";}'),(18,16,'Update Inventory Products','O:18:\"VTEntityMethodTask\":6:{s:18:\"executeImmediately\";b:1;s:10:\"workflowId\";i:16;s:7:\"summary\";s:25:\"Update Inventory Products\";s:6:\"active\";b:1;s:10:\"methodName\";s:15:\"UpdateInventory\";s:2:\"id\";i:18;}'),(19,17,'Comment Added From Portal : Send Email to Record Owner','O:11:\"VTEmailTask\":9:{s:18:\"executeImmediately\";s:1:\"0\";s:7:\"summary\";s:54:\"Comment Added From Portal : Send Email to Record Owner\";s:6:\"active\";s:1:\"1\";s:2:\"id\";s:2:\"19\";s:10:\"workflowId\";s:2:\"17\";s:9:\"fromEmail\";s:112:\"$(contact_id : (Contacts) lastname) $(contact_id : (Contacts) firstname)&lt;$(contact_id : (Contacts) email)&gt;\";s:9:\"recepient\";s:37:\",$(assigned_user_id : (Users) email1)\";s:7:\"subject\";s:92:\"Respond to Ticket ID## $(general : (__VtigerMeta__) recordId) ## in Customer Portal - URGENT\";s:7:\"content\";s:325:\"Dear $(assigned_user_id : (Users) last_name) $(assigned_user_id : (Users) first_name),<br><br>\n								Customer has provided the following additional information to your reply:<br><br>\n								<b>$lastComment</b><br><br>\n								Kindly respond to above ticket at the earliest.<br><br>\n								Regards<br>Support Administrator\";}'),(20,18,'Comment Added From CRM : Send Email to Contact, where Contact is not a Portal User','O:11:\"VTEmailTask\":9:{s:18:\"executeImmediately\";s:1:\"0\";s:7:\"summary\";s:82:\"Comment Added From CRM : Send Email to Contact, where Contact is not a Portal User\";s:6:\"active\";s:1:\"1\";s:2:\"id\";s:2:\"20\";s:10:\"workflowId\";s:2:\"18\";s:9:\"fromEmail\";s:93:\"$(general : (__VtigerMeta__) supportName)&lt;$(general : (__VtigerMeta__) supportEmailId)&gt;\";s:9:\"recepient\";s:33:\",$(contact_id : (Contacts) email)\";s:7:\"subject\";s:79:\"$ticket_no [ Ticket Id : $(general : (__VtigerMeta__) recordId) ] $ticket_title\";s:7:\"content\";s:514:\"Dear $(contact_id : (Contacts) lastname) $(contact_id : (Contacts) firstname),<br><br>\n							The Ticket is replied the details are :<br><br>\n							Ticket No : $ticket_no<br>\n							Status : $ticketstatus<br>\n							Category : $ticketcategories<br>\n							Severity : $ticketseverities<br>\n							Priority : $ticketpriorities<br><br>\n							Description : <br>$description<br><br>\n							Solution : <br>$solution<br>\n							The comments are : <br>\n							$allComments<br><br>\n							Regards<br>Support Administrator\";}'),(21,19,'Comment Added From CRM : Send Email to Contact, where Contact is Portal User','O:11:\"VTEmailTask\":9:{s:18:\"executeImmediately\";s:1:\"0\";s:7:\"summary\";s:76:\"Comment Added From CRM : Send Email to Contact, where Contact is Portal User\";s:6:\"active\";s:1:\"1\";s:2:\"id\";s:2:\"21\";s:10:\"workflowId\";s:2:\"19\";s:9:\"fromEmail\";s:93:\"$(general : (__VtigerMeta__) supportName)&lt;$(general : (__VtigerMeta__) supportEmailId)&gt;\";s:9:\"recepient\";s:33:\",$(contact_id : (Contacts) email)\";s:7:\"subject\";s:79:\"$ticket_no [ Ticket Id : $(general : (__VtigerMeta__) recordId) ] $ticket_title\";s:7:\"content\";s:547:\"Ticket No : $ticket_no<br>\n										Ticket Id : $(general : (__VtigerMeta__) recordId)<br>\n										Subject : $ticket_title<br><br>\n										Dear $(contact_id : (Contacts) lastname) $(contact_id : (Contacts) firstname),<br><br>\n										There is a reply to <b>$ticket_title</b> in the \"Customer Portal\" at VTiger.\n										You can use the following link to view the replies made:<br>\n										<a href=\"$(general : (__VtigerMeta__) portaldetailviewurl)\">Ticket Details</a><br><br>\n										Thanks<br>$(general : (__VtigerMeta__) supportName)\";}'),(22,15,'Comment Added From CRM : Send Email to Organization','O:11:\"VTEmailTask\":9:{s:18:\"executeImmediately\";s:1:\"0\";s:7:\"summary\";s:51:\"Comment Added From CRM : Send Email to Organization\";s:6:\"active\";s:1:\"1\";s:2:\"id\";s:2:\"22\";s:10:\"workflowId\";s:2:\"15\";s:9:\"fromEmail\";s:93:\"$(general : (__VtigerMeta__) supportName)&lt;$(general : (__VtigerMeta__) supportEmailId)&gt;\";s:9:\"recepient\";s:34:\",$(parent_id : (Accounts) email1),\";s:7:\"subject\";s:79:\"$ticket_no [ Ticket Id : $(general : (__VtigerMeta__) recordId) ] $ticket_title\";s:7:\"content\";s:589:\"Ticket ID : $(general : (__VtigerMeta__) recordId)<br>Ticket Title : $ticket_title<br><br>\n								Dear $(parent_id : (Accounts) accountname),<br><br>\n								The Ticket is replied the details are :<br><br>\n								Ticket No : $ticket_no<br>\n								Status : $ticketstatus<br>\n								Category : $ticketcategories<br>\n								Severity : $ticketseverities<br>\n								Priority : $ticketpriorities<br><br>\n								Description : <br>$description<br><br>\n								Solution : <br>$solution<br>\n								The comments are : <br>\n								$allComments<br><br>\n								Regards<br>Support Administrator\";}'),(23,7,'Notify Record Owner when Ticket is created from Portal','O:11:\"VTEmailTask\":9:{s:18:\"executeImmediately\";s:1:\"0\";s:7:\"summary\";s:54:\"Notify Record Owner when Ticket is created from Portal\";s:6:\"active\";s:1:\"1\";s:2:\"id\";s:2:\"23\";s:10:\"workflowId\";s:1:\"7\";s:9:\"fromEmail\";s:124:\"$(contact_id : (Contacts) lastname) $(contact_id : (Contacts) firstname)&lt;$(general : (__VtigerMeta__) supportEmailId)&gt;\";s:9:\"recepient\";s:37:\",$(assigned_user_id : (Users) email1)\";s:7:\"subject\";s:93:\"[From Portal] $ticket_no [ Ticket Id : $(general : (__VtigerMeta__) recordId) ] $ticket_title\";s:7:\"content\";s:158:\"Ticket No : $ticket_no<br>\n							  Ticket ID : $(general : (__VtigerMeta__) recordId)<br>\n							  Ticket Title : $ticket_title<br><br>\n							  $description\";}'),(24,20,'Send Email to Record Owner on Ticket Update','O:11:\"VTEmailTask\":9:{s:18:\"executeImmediately\";s:1:\"0\";s:7:\"summary\";s:43:\"Send Email to Record Owner on Ticket Update\";s:6:\"active\";s:1:\"1\";s:2:\"id\";s:2:\"24\";s:10:\"workflowId\";s:2:\"20\";s:9:\"fromEmail\";s:93:\"$(general : (__VtigerMeta__) supportName)&lt;$(general : (__VtigerMeta__) supportEmailId)&gt;\";s:9:\"recepient\";s:37:\",$(assigned_user_id : (Users) email1)\";s:7:\"subject\";s:40:\"Ticket Number : $ticket_no $ticket_title\";s:7:\"content\";s:596:\"Ticket ID : $(general : (__VtigerMeta__) recordId)<br>Ticket Title : $ticket_title<br><br>\n								Dear $(assigned_user_id : (Users) last_name) $(assigned_user_id : (Users) first_name),<br><br>\n								The Ticket is replied the details are :<br><br>\n								Ticket No : $ticket_no<br>\n								Status : $ticketstatus<br>\n								Category : $ticketcategories<br>\n								Severity : $ticketseverities<br>\n								Priority : $ticketpriorities<br><br>\n								Description : <br>$description<br><br>\n								Solution : <br>$solution\n								$allComments<br><br>\n								Regards<br>Support Administrator\";}'),(25,21,'Ticket Creation From CRM : Send Email to Record Owner','O:11:\"VTEmailTask\":9:{s:18:\"executeImmediately\";s:1:\"0\";s:7:\"summary\";s:53:\"Ticket Creation From CRM : Send Email to Record Owner\";s:6:\"active\";s:1:\"1\";s:2:\"id\";s:2:\"25\";s:10:\"workflowId\";s:2:\"21\";s:9:\"fromEmail\";s:93:\"$(general : (__VtigerMeta__) supportName)&lt;$(general : (__VtigerMeta__) supportEmailId)&gt;\";s:9:\"recepient\";s:37:\",$(assigned_user_id : (Users) email1)\";s:7:\"subject\";s:40:\"Ticket Number : $ticket_no $ticket_title\";s:7:\"content\";s:596:\"Ticket ID : $(general : (__VtigerMeta__) recordId)<br>Ticket Title : $ticket_title<br><br>\n								Dear $(assigned_user_id : (Users) last_name) $(assigned_user_id : (Users) first_name),<br><br>\n								The Ticket is replied the details are :<br><br>\n								Ticket No : $ticket_no<br>\n								Status : $ticketstatus<br>\n								Category : $ticketcategories<br>\n								Severity : $ticketseverities<br>\n								Priority : $ticketpriorities<br><br>\n								Description : <br>$description<br><br>\n								Solution : <br>$solution\n								$allComments<br><br>\n								Regards<br>Support Administrator\";}'),(26,22,'Send Email to Organization on Ticket Update','O:11:\"VTEmailTask\":9:{s:18:\"executeImmediately\";s:1:\"0\";s:7:\"summary\";s:43:\"Send Email to Organization on Ticket Update\";s:6:\"active\";s:1:\"1\";s:2:\"id\";s:2:\"26\";s:9:\"fromEmail\";s:93:\"$(general : (__VtigerMeta__) supportName)&lt;$(general : (__VtigerMeta__) supportEmailId)&gt;\";s:9:\"recepient\";s:33:\",$(parent_id : (Accounts) email1)\";s:7:\"subject\";s:79:\"$ticket_no [ Ticket Id : $(general : (__VtigerMeta__) recordId) ] $ticket_title\";s:7:\"content\";s:589:\"Ticket ID : $(general : (__VtigerMeta__) recordId)<br>Ticket Title : $ticket_title<br><br>\n								Dear $(parent_id : (Accounts) accountname),<br><br>\n								The Ticket is replied the details are :<br><br>\n								Ticket No : $ticket_no<br>\n								Status : $ticketstatus<br>\n								Category : $ticketcategories<br>\n								Severity : $ticketseverities<br>\n								Priority : $ticketpriorities<br><br>\n								Description : <br>$description<br><br>\n								Solution : <br>$solution<br>\n								The comments are : <br>\n								$allComments<br><br>\n								Regards<br>Support Administrator\";s:10:\"workflowId\";s:2:\"22\";}'),(27,23,'Ticket Creation From CRM : Send Email to Organization','O:11:\"VTEmailTask\":9:{s:18:\"executeImmediately\";s:1:\"0\";s:7:\"summary\";s:53:\"Ticket Creation From CRM : Send Email to Organization\";s:6:\"active\";s:1:\"1\";s:2:\"id\";s:2:\"27\";s:9:\"fromEmail\";s:93:\"$(general : (__VtigerMeta__) supportName)&lt;$(general : (__VtigerMeta__) supportEmailId)&gt;\";s:9:\"recepient\";s:33:\",$(parent_id : (Accounts) email1)\";s:7:\"subject\";s:79:\"$ticket_no [ Ticket Id : $(general : (__VtigerMeta__) recordId) ] $ticket_title\";s:7:\"content\";s:589:\"Ticket ID : $(general : (__VtigerMeta__) recordId)<br>Ticket Title : $ticket_title<br><br>\n								Dear $(parent_id : (Accounts) accountname),<br><br>\n								The Ticket is replied the details are :<br><br>\n								Ticket No : $ticket_no<br>\n								Status : $ticketstatus<br>\n								Category : $ticketcategories<br>\n								Severity : $ticketseverities<br>\n								Priority : $ticketpriorities<br><br>\n								Description : <br>$description<br><br>\n								Solution : <br>$solution<br>\n								The comments are : <br>\n								$allComments<br><br>\n								Regards<br>Support Administrator\";s:10:\"workflowId\";s:2:\"23\";}'),(28,24,'Ticket Creation From CRM : Send Email to Contact','O:11:\"VTEmailTask\":9:{s:18:\"executeImmediately\";s:1:\"0\";s:7:\"summary\";s:48:\"Ticket Creation From CRM : Send Email to Contact\";s:6:\"active\";s:1:\"1\";s:2:\"id\";s:2:\"28\";s:9:\"fromEmail\";s:93:\"$(general : (__VtigerMeta__) supportName)&lt;$(general : (__VtigerMeta__) supportEmailId)&gt;\";s:9:\"recepient\";s:33:\",$(contact_id : (Contacts) email)\";s:7:\"subject\";s:79:\"$ticket_no [ Ticket Id : $(general : (__VtigerMeta__) recordId) ] $ticket_title\";s:7:\"content\";s:624:\"Ticket ID : $(general : (__VtigerMeta__) recordId)<br>Ticket Title : $ticket_title<br><br>\n								Dear $(contact_id : (Contacts) lastname) $(contact_id : (Contacts) firstname),<br><br>\n								The Ticket is replied the details are :<br><br>\n								Ticket No : $ticket_no<br>\n								Status : $ticketstatus<br>\n								Category : $ticketcategories<br>\n								Severity : $ticketseverities<br>\n								Priority : $ticketpriorities<br><br>\n								Description : <br>$description<br><br>\n								Solution : <br>$solution<br>\n								The comments are : <br>\n								$allComments<br><br>\n								Regards<br>Support Administrator\";s:10:\"workflowId\";s:2:\"24\";}'),(31,27,'UpdateFieldParent','O:18:\"VTUpdateFieldsTask\":8:{s:18:\"executeImmediately\";b:1;s:43:\"\0VTUpdateFieldsTask\0referenceFieldFocusList\";a:0:{}s:10:\"workflowId\";s:2:\"27\";s:7:\"summary\";s:17:\"UpdateFieldParent\";s:6:\"active\";b:1;s:7:\"trigger\";N;s:19:\"field_value_mapping\";s:675:\"[{\"fieldname\":\"(cf_factureannuelle_id : (FactureAnnuelle) cf_1018)\",\"value\":\"cf_1058\",\"valuetype\":\"fieldname\"},{\"fieldname\":\"(cf_factureannuelle_id : (FactureAnnuelle) cf_1022)\",\"value\":\"cf_1044\",\"valuetype\":\"fieldname\"},{\"fieldname\":\"(cf_factureannuelle_id : (FactureAnnuelle) cf_1026)\",\"value\":\"cf_1048\",\"valuetype\":\"fieldname\"},{\"fieldname\":\"(cf_factureannuelle_id : (FactureAnnuelle) cf_1028)\",\"value\":\"cf_1042\",\"valuetype\":\"fieldname\"},{\"fieldname\":\"(cf_factureannuelle_id : (FactureAnnuelle) cf_accounts_id)\",\"value\":\"cf_accounts_id\",\"valuetype\":\"fieldname\"},{\"fieldname\":\"(cf_factureannuelle_id : (FactureAnnuelle) cf_1424)\",\"value\":\"cf_1426\",\"valuetype\":\"fieldname\"}]\";s:2:\"id\";i:31;}'),(32,28,'UpdatePrixFourni','O:18:\"VTUpdateFieldsTask\":8:{s:18:\"executeImmediately\";b:1;s:43:\"\0VTUpdateFieldsTask\0referenceFieldFocusList\";a:0:{}s:10:\"workflowId\";s:2:\"28\";s:7:\"summary\";s:16:\"UpdatePrixFourni\";s:6:\"active\";b:1;s:7:\"trigger\";N;s:19:\"field_value_mapping\";s:79:\"[{\"fieldname\":\"cf_1068\",\"value\":\"cf_1269\\/ cf_1062 \",\"valuetype\":\"expression\"}]\";s:2:\"id\";i:32;}'),(34,30,'RollupNb','O:13:\"VTERollupTask\":7:{s:18:\"executeImmediately\";b:1;s:10:\"workflowId\";s:2:\"30\";s:7:\"summary\";s:8:\"RollupNb\";s:6:\"active\";b:1;s:7:\"trigger\";N;s:19:\"field_value_mapping\";s:287:\"[{\"target_field\":\"cf_1157\",\"source_field\":\"ElecFourniture::name::name\",\"method_field\":\"COUNT\"},{\"target_field\":\"cf_1159\",\"source_field\":\"ElecAcheminement::name::name\",\"method_field\":\"COUNT\"},{\"target_field\":\"cf_1255\",\"source_field\":\"ElecFourniAchemi::name::name\",\"method_field\":\"COUNT\"}]\";s:2:\"id\";i:34;}'),(40,35,'UpdateFieldParent','O:18:\"VTUpdateFieldsTask\":8:{s:18:\"executeImmediately\";b:1;s:43:\"\0VTUpdateFieldsTask\0referenceFieldFocusList\";a:0:{}s:10:\"workflowId\";s:2:\"35\";s:7:\"summary\";s:17:\"UpdateFieldParent\";s:6:\"active\";b:1;s:7:\"trigger\";N;s:19:\"field_value_mapping\";s:675:\"[{\"fieldname\":\"(cf_factureannuelle_id : (FactureAnnuelle) cf_accounts_id)\",\"value\":\"cf_accounts_id\",\"valuetype\":\"fieldname\"},{\"fieldname\":\"(cf_factureannuelle_id : (FactureAnnuelle) cf_1022)\",\"value\":\"cf_1100\",\"valuetype\":\"fieldname\"},{\"fieldname\":\"(cf_factureannuelle_id : (FactureAnnuelle) cf_1028)\",\"value\":\"cf_1098\",\"valuetype\":\"fieldname\"},{\"fieldname\":\"(cf_factureannuelle_id : (FactureAnnuelle) cf_1026)\",\"value\":\"cf_1104\",\"valuetype\":\"fieldname\"},{\"fieldname\":\"(cf_factureannuelle_id : (FactureAnnuelle) cf_1018)\",\"value\":\"cf_1114\",\"valuetype\":\"fieldname\"},{\"fieldname\":\"(cf_factureannuelle_id : (FactureAnnuelle) cf_1424)\",\"value\":\"cf_1428\",\"valuetype\":\"fieldname\"}]\";s:2:\"id\";i:40;}'),(46,41,'UpdatePrixAch','O:18:\"VTUpdateFieldsTask\":8:{s:18:\"executeImmediately\";b:1;s:43:\"\0VTUpdateFieldsTask\0referenceFieldFocusList\";a:0:{}s:10:\"workflowId\";s:2:\"41\";s:7:\"summary\";s:13:\"UpdatePrixAch\";s:6:\"active\";b:1;s:7:\"trigger\";N;s:19:\"field_value_mapping\";s:80:\"[{\"fieldname\":\"cf_1124\",\"value\":\"cf_1273 \\/  cf_1118\",\"valuetype\":\"expression\"}]\";s:2:\"id\";i:46;}'),(47,42,'UpdateField','O:13:\"VTERollupTask\":7:{s:18:\"executeImmediately\";b:1;s:10:\"workflowId\";s:2:\"42\";s:7:\"summary\";s:11:\"UpdateField\";s:6:\"active\";b:1;s:7:\"trigger\";N;s:19:\"field_value_mapping\";s:401:\"[{\"target_field\":\"cf_1253\",\"source_field\":\"ElecFourniAchemi::cf_1624::cf_1624\",\"method_field\":\"SUM\"},{\"target_field\":\"cf_1030\",\"source_field\":\"ElecFourniAchemi::cf_1610::cf_1610\",\"method_field\":\"SUM\"},{\"target_field\":\"cf_1267\",\"source_field\":\"ElecFourniAchemi::cf_1636::cf_1636\",\"method_field\":\"SUM\"},{\"target_field\":\"cf_1422\",\"source_field\":\"ElecFourniAchemi::cf_1622::cf_1622\",\"method_field\":\"AVG\"}]\";s:2:\"id\";i:47;}'),(48,43,'UpdateField','O:13:\"VTERollupTask\":7:{s:18:\"executeImmediately\";b:1;s:10:\"workflowId\";s:2:\"43\";s:7:\"summary\";s:11:\"UpdateField\";s:6:\"active\";b:1;s:7:\"trigger\";N;s:19:\"field_value_mapping\";s:595:\"[{\"target_field\":\"cf_1253\",\"source_field\":\"ElecFourniture::cf_1510::cf_1510\",\"method_field\":\"SUM\"},{\"target_field\":\"cf_1263\",\"source_field\":\"ElecFourniture::cf_1500::cf_1500\",\"method_field\":\"SUM\"},{\"target_field\":\"cf_1265\",\"source_field\":\"ElecAcheminement::cf_1548::cf_1548\",\"method_field\":\"SUM\"},{\"target_field\":\"cf_1267\",\"source_field\":\"ElecAcheminement::cf_1550::cf_1550\",\"method_field\":\"SUM\"},{\"target_field\":\"cf_1030\",\"source_field\":\"ElecFourniture::cf_1500::cf_1500\",\"method_field\":\"SUM\"},{\"target_field\":\"cf_1422\",\"source_field\":\"ElecAcheminement::cf_1564::cf_1564\",\"method_field\":\"AVG\"}]\";s:2:\"id\";i:48;}'),(49,44,'UpdateField','O:18:\"VTUpdateFieldsTask\":8:{s:18:\"executeImmediately\";b:1;s:43:\"\0VTUpdateFieldsTask\0referenceFieldFocusList\";a:0:{}s:10:\"workflowId\";s:2:\"44\";s:7:\"summary\";s:11:\"UpdateField\";s:6:\"active\";b:1;s:7:\"trigger\";N;s:19:\"field_value_mapping\";s:158:\"[{\"fieldname\":\"cf_1036\",\"value\":\"cf_1253 \\/ cf_1030\",\"valuetype\":\"expression\"},{\"fieldname\":\"cf_1038\",\"value\":\"cf_1267 \\/  cf_1030\",\"valuetype\":\"expression\"}]\";s:2:\"id\";i:49;}'),(50,45,'UpdateFieldParent','O:18:\"VTUpdateFieldsTask\":8:{s:18:\"executeImmediately\";b:1;s:43:\"\0VTUpdateFieldsTask\0referenceFieldFocusList\";a:0:{}s:10:\"workflowId\";s:2:\"45\";s:7:\"summary\";s:17:\"UpdateFieldParent\";s:6:\"active\";b:1;s:7:\"trigger\";N;s:19:\"field_value_mapping\";s:675:\"[{\"fieldname\":\"(cf_factureannuelle_id : (FactureAnnuelle) cf_1018)\",\"value\":\"cf_1210\",\"valuetype\":\"fieldname\"},{\"fieldname\":\"(cf_factureannuelle_id : (FactureAnnuelle) cf_1022)\",\"value\":\"cf_1196\",\"valuetype\":\"fieldname\"},{\"fieldname\":\"(cf_factureannuelle_id : (FactureAnnuelle) cf_1026)\",\"value\":\"cf_1200\",\"valuetype\":\"fieldname\"},{\"fieldname\":\"(cf_factureannuelle_id : (FactureAnnuelle) cf_1028)\",\"value\":\"cf_1194\",\"valuetype\":\"fieldname\"},{\"fieldname\":\"(cf_factureannuelle_id : (FactureAnnuelle) cf_accounts_id)\",\"value\":\"cf_accounts_id\",\"valuetype\":\"fieldname\"},{\"fieldname\":\"(cf_factureannuelle_id : (FactureAnnuelle) cf_1424)\",\"value\":\"cf_1430\",\"valuetype\":\"fieldname\"}]\";s:2:\"id\";i:50;}'),(51,46,'UpdateField','O:18:\"VTUpdateFieldsTask\":8:{s:18:\"executeImmediately\";b:1;s:43:\"\0VTUpdateFieldsTask\0referenceFieldFocusList\";a:0:{}s:10:\"workflowId\";s:2:\"46\";s:7:\"summary\";s:11:\"UpdateField\";s:6:\"active\";b:1;s:7:\"trigger\";N;s:19:\"field_value_mapping\";s:79:\"[{\"fieldname\":\"cf_1220\",\"value\":\"cf_1277 \\/ cf_1214\",\"valuetype\":\"expression\"}]\";s:2:\"id\";i:51;}'),(52,47,'UpdateField','O:13:\"VTERollupTask\":7:{s:18:\"executeImmediately\";b:1;s:10:\"workflowId\";s:2:\"47\";s:7:\"summary\";s:11:\"UpdateField\";s:6:\"active\";b:1;s:7:\"trigger\";N;s:19:\"field_value_mapping\";s:295:\"[{\"target_field\":\"cf_1253\",\"source_field\":\"ElecFourniture::cf_1510::cf_1510\",\"method_field\":\"SUM\"},{\"target_field\":\"cf_1263\",\"source_field\":\"ElecFourniture::cf_1500::cf_1500\",\"method_field\":\"SUM\"},{\"target_field\":\"cf_1030\",\"source_field\":\"ElecFourniture::cf_1500::cf_1500\",\"method_field\":\"SUM\"}]\";s:2:\"id\";i:52;}'),(53,48,'UpdateField','O:13:\"VTERollupTask\":7:{s:18:\"executeImmediately\";b:1;s:10:\"workflowId\";s:2:\"48\";s:7:\"summary\";s:11:\"UpdateField\";s:6:\"active\";b:1;s:7:\"trigger\";N;s:19:\"field_value_mapping\";s:401:\"[{\"target_field\":\"cf_1265\",\"source_field\":\"ElecAcheminement::cf_1548::cf_1548\",\"method_field\":\"SUM\"},{\"target_field\":\"cf_1267\",\"source_field\":\"ElecAcheminement::cf_1550::cf_1550\",\"method_field\":\"SUM\"},{\"target_field\":\"cf_1422\",\"source_field\":\"ElecAcheminement::cf_1564::cf_1564\",\"method_field\":\"AVG\"},{\"target_field\":\"cf_1030\",\"source_field\":\"ElecAcheminement::cf_1548::cf_1548\",\"method_field\":\"SUM\"}]\";s:2:\"id\";i:53;}'),(55,50,'Update Nomclient','O:18:\"VTUpdateFieldsTask\":8:{s:18:\"executeImmediately\";b:1;s:43:\"\0VTUpdateFieldsTask\0referenceFieldFocusList\";a:0:{}s:10:\"workflowId\";s:2:\"50\";s:7:\"summary\";s:16:\"Update Nomclient\";s:6:\"active\";b:1;s:7:\"trigger\";N;s:19:\"field_value_mapping\";s:97:\"[{\"fieldname\":\"cf_1426\",\"value\":\"(cf_accounts_id : (Accounts) cf_1281)\",\"valuetype\":\"fieldname\"}]\";s:2:\"id\";i:55;}'),(56,51,'Update Nomclient','O:18:\"VTUpdateFieldsTask\":8:{s:18:\"executeImmediately\";b:1;s:43:\"\0VTUpdateFieldsTask\0referenceFieldFocusList\";a:0:{}s:10:\"workflowId\";s:2:\"51\";s:7:\"summary\";s:16:\"Update Nomclient\";s:6:\"active\";b:1;s:7:\"trigger\";N;s:19:\"field_value_mapping\";s:97:\"[{\"fieldname\":\"cf_1428\",\"value\":\"(cf_accounts_id : (Accounts) cf_1281)\",\"valuetype\":\"fieldname\"}]\";s:2:\"id\";i:56;}'),(57,52,'Update Nomclient','O:18:\"VTUpdateFieldsTask\":8:{s:18:\"executeImmediately\";b:1;s:43:\"\0VTUpdateFieldsTask\0referenceFieldFocusList\";a:0:{}s:10:\"workflowId\";s:2:\"52\";s:7:\"summary\";s:16:\"Update Nomclient\";s:6:\"active\";b:1;s:7:\"trigger\";N;s:19:\"field_value_mapping\";s:97:\"[{\"fieldname\":\"cf_1430\",\"value\":\"(cf_accounts_id : (Accounts) cf_1281)\",\"valuetype\":\"fieldname\"}]\";s:2:\"id\";i:57;}'),(58,53,'UpdateField','O:18:\"VTUpdateFieldsTask\":8:{s:18:\"executeImmediately\";b:1;s:43:\"\0VTUpdateFieldsTask\0referenceFieldFocusList\";a:0:{}s:10:\"workflowId\";s:2:\"53\";s:7:\"summary\";s:11:\"UpdateField\";s:6:\"active\";b:1;s:7:\"trigger\";N;s:19:\"field_value_mapping\";s:827:\"[{\"fieldname\":\"(cf_factureannuellegaz_id : (FactureAnnuelleGaz) cf_1385)\",\"value\":\"cf_1329\",\"valuetype\":\"fieldname\"},{\"fieldname\":\"(cf_factureannuellegaz_id : (FactureAnnuelleGaz) cf_1390)\",\"value\":\"cf_1333\",\"valuetype\":\"fieldname\"},{\"fieldname\":\"(cf_factureannuellegaz_id : (FactureAnnuelleGaz) cf_1388)\",\"value\":\"cf_1345\",\"valuetype\":\"fieldname\"},{\"fieldname\":\"(cf_factureannuellegaz_id : (FactureAnnuelleGaz) cf_accounts_id)\",\"value\":\"cf_accounts_id\",\"valuetype\":\"fieldname\"},{\"fieldname\":\"(cf_factureannuellegaz_id : (FactureAnnuelleGaz) cf_1394)\",\"value\":\"cf_1392\",\"valuetype\":\"fieldname\"},{\"fieldname\":\"(cf_factureannuellegaz_id : (FactureAnnuelleGaz) cf_1402)\",\"value\":\"cf_1398\",\"valuetype\":\"fieldname\"},{\"fieldname\":\"(cf_factureannuellegaz_id : (FactureAnnuelleGaz) cf_1404)\",\"value\":\"cf_1400\",\"valuetype\":\"fieldname\"}]\";s:2:\"id\";i:58;}'),(59,54,'UpdateField','O:13:\"VTERollupTask\":7:{s:18:\"executeImmediately\";b:1;s:10:\"workflowId\";s:2:\"54\";s:7:\"summary\";s:11:\"UpdateField\";s:6:\"active\";b:1;s:7:\"trigger\";N;s:19:\"field_value_mapping\";s:292:\"[{\"target_field\":\"cf_1410\",\"source_field\":\"GazFourniture::cf_1716::cf_1716\",\"method_field\":\"SUM\"},{\"target_field\":\"cf_1412\",\"source_field\":\"GazFourniture::cf_1700::cf_1700\",\"method_field\":\"SUM\"},{\"target_field\":\"cf_1396\",\"source_field\":\"GazFourniture::cf_1680::cf_1680\",\"method_field\":\"SUM\"}]\";s:2:\"id\";i:59;}'),(60,55,'UpdateField','O:18:\"VTUpdateFieldsTask\":8:{s:18:\"executeImmediately\";b:1;s:43:\"\0VTUpdateFieldsTask\0referenceFieldFocusList\";a:0:{}s:10:\"workflowId\";s:2:\"55\";s:7:\"summary\";s:11:\"UpdateField\";s:6:\"active\";b:1;s:7:\"trigger\";N;s:19:\"field_value_mapping\";s:160:\"[{\"fieldname\":\"cf_1406\",\"value\":\"cf_1410 \\/  cf_1396 \",\"valuetype\":\"expression\"},{\"fieldname\":\"cf_1408\",\"value\":\"cf_1412 \\/  cf_1396\",\"valuetype\":\"expression\"}]\";s:2:\"id\";i:60;}'),(61,56,'UpdateField','O:18:\"VTUpdateFieldsTask\":8:{s:18:\"executeImmediately\";b:1;s:43:\"\0VTUpdateFieldsTask\0referenceFieldFocusList\";a:0:{}s:10:\"workflowId\";s:2:\"56\";s:7:\"summary\";s:11:\"UpdateField\";s:6:\"active\";b:1;s:7:\"trigger\";N;s:19:\"field_value_mapping\";s:159:\"[{\"fieldname\":\"cf_1420\",\"value\":\"cf_1355 \\/  cf_1347\",\"valuetype\":\"expression\"},{\"fieldname\":\"cf_1418\",\"value\":\"cf_1371 \\/  cf_1347\",\"valuetype\":\"expression\"}]\";s:2:\"id\";i:61;}'),(62,57,'UpdateField','O:18:\"VTUpdateFieldsTask\":8:{s:18:\"executeImmediately\";b:1;s:43:\"\0VTUpdateFieldsTask\0referenceFieldFocusList\";a:0:{}s:10:\"workflowId\";s:2:\"57\";s:7:\"summary\";s:11:\"UpdateField\";s:6:\"active\";b:1;s:7:\"trigger\";N;s:19:\"field_value_mapping\";s:97:\"[{\"fieldname\":\"cf_1333\",\"value\":\"(cf_accounts_id : (Accounts) cf_1281)\",\"valuetype\":\"fieldname\"}]\";s:2:\"id\";i:62;}'),(63,58,'UpdateFieldParent','O:18:\"VTUpdateFieldsTask\":8:{s:18:\"executeImmediately\";b:1;s:43:\"\0VTUpdateFieldsTask\0referenceFieldFocusList\";a:0:{}s:10:\"workflowId\";s:2:\"58\";s:7:\"summary\";s:17:\"UpdateFieldParent\";s:6:\"active\";b:1;s:7:\"trigger\";N;s:19:\"field_value_mapping\";s:815:\"[{\"fieldname\":\"(cf_factureannuelle_id : (FactureAnnuelle) cf_1018)\",\"value\":\"cf_1496\",\"valuetype\":\"fieldname\"},{\"fieldname\":\"(cf_factureannuelle_id : (FactureAnnuelle) cf_1022)\",\"value\":\"cf_1484\",\"valuetype\":\"fieldname\"},{\"fieldname\":\"(cf_factureannuelle_id : (FactureAnnuelle) cf_1026)\",\"value\":\"cf_1486\",\"valuetype\":\"fieldname\"},{\"fieldname\":\"(cf_factureannuelle_id : (FactureAnnuelle) cf_1028)\",\"value\":\"cf_1482\",\"valuetype\":\"fieldname\"},{\"fieldname\":\"(cf_factureannuelle_id : (FactureAnnuelle) cf_accounts_id)\",\"value\":\"cf_accounts_id\",\"valuetype\":\"fieldname\"},{\"fieldname\":\"(cf_factureannuelle_id : (FactureAnnuelle) cf_1424)\",\"value\":\"(cf_accounts_id : (Accounts) cf_1281)\",\"valuetype\":\"fieldname\"},{\"fieldname\":\"(cf_factureannuelle_id : (FactureAnnuelle) cf_1872)\",\"value\":\"cf_1492\",\"valuetype\":\"fieldname\"}]\";s:2:\"id\";i:63;}'),(64,59,'UpdatePrixFourni','O:18:\"VTUpdateFieldsTask\":8:{s:18:\"executeImmediately\";b:1;s:43:\"\0VTUpdateFieldsTask\0referenceFieldFocusList\";a:0:{}s:10:\"workflowId\";s:2:\"59\";s:7:\"summary\";s:16:\"UpdatePrixFourni\";s:6:\"active\";b:1;s:7:\"trigger\";N;s:19:\"field_value_mapping\";s:79:\"[{\"fieldname\":\"cf_1506\",\"value\":\"cf_1510 \\/ cf_1500\",\"valuetype\":\"expression\"}]\";s:2:\"id\";i:64;}'),(65,60,'Update Nomclient','O:18:\"VTUpdateFieldsTask\":8:{s:18:\"executeImmediately\";b:1;s:43:\"\0VTUpdateFieldsTask\0referenceFieldFocusList\";a:0:{}s:10:\"workflowId\";s:2:\"60\";s:7:\"summary\";s:16:\"Update Nomclient\";s:6:\"active\";b:1;s:7:\"trigger\";N;s:19:\"field_value_mapping\";s:97:\"[{\"fieldname\":\"cf_1508\",\"value\":\"(cf_accounts_id : (Accounts) cf_1281)\",\"valuetype\":\"fieldname\"}]\";s:2:\"id\";i:65;}'),(66,61,'UpdateFieldParent','O:18:\"VTUpdateFieldsTask\":8:{s:18:\"executeImmediately\";b:1;s:43:\"\0VTUpdateFieldsTask\0referenceFieldFocusList\";a:0:{}s:10:\"workflowId\";s:2:\"61\";s:7:\"summary\";s:17:\"UpdateFieldParent\";s:6:\"active\";b:1;s:7:\"trigger\";N;s:19:\"field_value_mapping\";s:815:\"[{\"fieldname\":\"(cf_factureannuelle_id : (FactureAnnuelle) cf_accounts_id)\",\"value\":\"cf_accounts_id\",\"valuetype\":\"fieldname\"},{\"fieldname\":\"(cf_factureannuelle_id : (FactureAnnuelle) cf_1022)\",\"value\":\"cf_1532\",\"valuetype\":\"fieldname\"},{\"fieldname\":\"(cf_factureannuelle_id : (FactureAnnuelle) cf_1028)\",\"value\":\"cf_1530\",\"valuetype\":\"fieldname\"},{\"fieldname\":\"(cf_factureannuelle_id : (FactureAnnuelle) cf_1026)\",\"value\":\"cf_1534\",\"valuetype\":\"fieldname\"},{\"fieldname\":\"(cf_factureannuelle_id : (FactureAnnuelle) cf_1018)\",\"value\":\"cf_1544\",\"valuetype\":\"fieldname\"},{\"fieldname\":\"(cf_factureannuelle_id : (FactureAnnuelle) cf_1424)\",\"value\":\"(cf_accounts_id : (Accounts) cf_1281)\",\"valuetype\":\"fieldname\"},{\"fieldname\":\"(cf_factureannuelle_id : (FactureAnnuelle) cf_1874)\",\"value\":\"cf_1540\",\"valuetype\":\"fieldname\"}]\";s:2:\"id\";i:66;}'),(67,62,'UpdatePrixAch','O:18:\"VTUpdateFieldsTask\":8:{s:18:\"executeImmediately\";b:1;s:43:\"\0VTUpdateFieldsTask\0referenceFieldFocusList\";a:0:{}s:10:\"workflowId\";s:2:\"62\";s:7:\"summary\";s:13:\"UpdatePrixAch\";s:6:\"active\";b:1;s:7:\"trigger\";N;s:19:\"field_value_mapping\";s:80:\"[{\"fieldname\":\"cf_1554\",\"value\":\"cf_1550 \\/  cf_1548\",\"valuetype\":\"expression\"}]\";s:2:\"id\";i:67;}'),(68,63,'Update Nomclient','O:18:\"VTUpdateFieldsTask\":8:{s:18:\"executeImmediately\";b:1;s:43:\"\0VTUpdateFieldsTask\0referenceFieldFocusList\";a:0:{}s:10:\"workflowId\";s:2:\"63\";s:7:\"summary\";s:16:\"Update Nomclient\";s:6:\"active\";b:1;s:7:\"trigger\";N;s:19:\"field_value_mapping\";s:97:\"[{\"fieldname\":\"cf_1558\",\"value\":\"(cf_accounts_id : (Accounts) cf_1281)\",\"valuetype\":\"fieldname\"}]\";s:2:\"id\";i:68;}'),(69,64,'UpdateFieldParent','O:18:\"VTUpdateFieldsTask\":8:{s:18:\"executeImmediately\";b:1;s:43:\"\0VTUpdateFieldsTask\0referenceFieldFocusList\";a:0:{}s:10:\"workflowId\";s:2:\"64\";s:7:\"summary\";s:17:\"UpdateFieldParent\";s:6:\"active\";b:1;s:7:\"trigger\";N;s:19:\"field_value_mapping\";s:815:\"[{\"fieldname\":\"(cf_factureannuelle_id : (FactureAnnuelle) cf_1018)\",\"value\":\"cf_1606\",\"valuetype\":\"fieldname\"},{\"fieldname\":\"(cf_factureannuelle_id : (FactureAnnuelle) cf_1022)\",\"value\":\"cf_1592\",\"valuetype\":\"fieldname\"},{\"fieldname\":\"(cf_factureannuelle_id : (FactureAnnuelle) cf_1026)\",\"value\":\"cf_1594\",\"valuetype\":\"fieldname\"},{\"fieldname\":\"(cf_factureannuelle_id : (FactureAnnuelle) cf_1028)\",\"value\":\"cf_1590\",\"valuetype\":\"fieldname\"},{\"fieldname\":\"(cf_factureannuelle_id : (FactureAnnuelle) cf_accounts_id)\",\"value\":\"cf_accounts_id\",\"valuetype\":\"fieldname\"},{\"fieldname\":\"(cf_factureannuelle_id : (FactureAnnuelle) cf_1424)\",\"value\":\"(cf_accounts_id : (Accounts) cf_1281)\",\"valuetype\":\"fieldname\"},{\"fieldname\":\"(cf_factureannuelle_id : (FactureAnnuelle) cf_1872)\",\"value\":\"cf_1600\",\"valuetype\":\"fieldname\"}]\";s:2:\"id\";i:69;}'),(70,65,'UpdatePrixUnitaire','O:18:\"VTUpdateFieldsTask\":8:{s:18:\"executeImmediately\";b:1;s:43:\"\0VTUpdateFieldsTask\0referenceFieldFocusList\";a:0:{}s:10:\"workflowId\";s:2:\"65\";s:7:\"summary\";s:18:\"UpdatePrixUnitaire\";s:6:\"active\";b:1;s:7:\"trigger\";N;s:19:\"field_value_mapping\";s:78:\"[{\"fieldname\":\"cf_1616\",\"value\":\"cf_1612\\/ cf_1610\",\"valuetype\":\"expression\"}]\";s:2:\"id\";i:70;}'),(71,66,'Update Nomclient','O:18:\"VTUpdateFieldsTask\":8:{s:18:\"executeImmediately\";b:1;s:43:\"\0VTUpdateFieldsTask\0referenceFieldFocusList\";a:0:{}s:10:\"workflowId\";s:2:\"66\";s:7:\"summary\";s:16:\"Update Nomclient\";s:6:\"active\";b:1;s:7:\"trigger\";N;s:19:\"field_value_mapping\";s:97:\"[{\"fieldname\":\"cf_1588\",\"value\":\"(cf_accounts_id : (Accounts) cf_1281)\",\"valuetype\":\"fieldname\"}]\";s:2:\"id\";i:71;}'),(72,67,'UpdateFieldParent','O:18:\"VTUpdateFieldsTask\":8:{s:18:\"executeImmediately\";b:1;s:43:\"\0VTUpdateFieldsTask\0referenceFieldFocusList\";a:0:{}s:10:\"workflowId\";s:2:\"67\";s:7:\"summary\";s:17:\"UpdateFieldParent\";s:6:\"active\";b:1;s:7:\"trigger\";N;s:19:\"field_value_mapping\";s:827:\"[{\"fieldname\":\"(cf_factureannuellegaz_id : (FactureAnnuelleGaz) cf_1385)\",\"value\":\"cf_1664\",\"valuetype\":\"fieldname\"},{\"fieldname\":\"(cf_factureannuellegaz_id : (FactureAnnuelleGaz) cf_1390)\",\"value\":\"cf_1670\",\"valuetype\":\"fieldname\"},{\"fieldname\":\"(cf_factureannuellegaz_id : (FactureAnnuelleGaz) cf_1388)\",\"value\":\"cf_1678\",\"valuetype\":\"fieldname\"},{\"fieldname\":\"(cf_factureannuellegaz_id : (FactureAnnuelleGaz) cf_accounts_id)\",\"value\":\"cf_accounts_id\",\"valuetype\":\"fieldname\"},{\"fieldname\":\"(cf_factureannuellegaz_id : (FactureAnnuelleGaz) cf_1394)\",\"value\":\"cf_1686\",\"valuetype\":\"fieldname\"},{\"fieldname\":\"(cf_factureannuellegaz_id : (FactureAnnuelleGaz) cf_1402)\",\"value\":\"cf_1692\",\"valuetype\":\"fieldname\"},{\"fieldname\":\"(cf_factureannuellegaz_id : (FactureAnnuelleGaz) cf_1404)\",\"value\":\"cf_1690\",\"valuetype\":\"fieldname\"}]\";s:2:\"id\";i:72;}'),(73,68,'UpdatePrixUnitaire','O:18:\"VTUpdateFieldsTask\":8:{s:18:\"executeImmediately\";b:1;s:43:\"\0VTUpdateFieldsTask\0referenceFieldFocusList\";a:0:{}s:10:\"workflowId\";s:2:\"68\";s:7:\"summary\";s:18:\"UpdatePrixUnitaire\";s:6:\"active\";b:1;s:7:\"trigger\";N;s:19:\"field_value_mapping\";s:159:\"[{\"fieldname\":\"cf_1694\",\"value\":\"cf_1716 \\/  cf_1680\",\"valuetype\":\"expression\"},{\"fieldname\":\"cf_1696\",\"value\":\"cf_1700 \\/  cf_1680\",\"valuetype\":\"expression\"}]\";s:2:\"id\";i:73;}'),(74,69,'Update Nomclient','O:18:\"VTUpdateFieldsTask\":8:{s:18:\"executeImmediately\";b:1;s:43:\"\0VTUpdateFieldsTask\0referenceFieldFocusList\";a:0:{}s:10:\"workflowId\";s:2:\"69\";s:7:\"summary\";s:16:\"Update Nomclient\";s:6:\"active\";b:1;s:7:\"trigger\";N;s:19:\"field_value_mapping\";s:97:\"[{\"fieldname\":\"cf_1670\",\"value\":\"(cf_accounts_id : (Accounts) cf_1281)\",\"valuetype\":\"fieldname\"}]\";s:2:\"id\";i:74;}'),(78,58,'UpdateFields EF','O:18:\"VTUpdateFieldsTask\":8:{s:18:\"executeImmediately\";b:1;s:43:\"\0VTUpdateFieldsTask\0referenceFieldFocusList\";a:0:{}s:10:\"workflowId\";s:2:\"58\";s:7:\"summary\";s:15:\"UpdateFields EF\";s:6:\"active\";b:1;s:7:\"trigger\";N;s:19:\"field_value_mapping\";s:206:\"[{\"fieldname\":\"cf_1508\",\"value\":\"(cf_accounts_id : (Accounts) cf_1281)\",\"valuetype\":\"fieldname\"},{\"fieldname\":\"cf_1506\",\"value\":\"if  cf_1500==0 then 0 else  cf_1502\\/ cf_1500 end\",\"valuetype\":\"expression\"}]\";s:2:\"id\";i:78;}'),(79,61,'UpdateField EA','O:18:\"VTUpdateFieldsTask\":8:{s:18:\"executeImmediately\";b:1;s:43:\"\0VTUpdateFieldsTask\0referenceFieldFocusList\";a:0:{}s:10:\"workflowId\";s:2:\"61\";s:7:\"summary\";s:14:\"UpdateField EA\";s:6:\"active\";b:1;s:7:\"trigger\";N;s:19:\"field_value_mapping\";s:206:\"[{\"fieldname\":\"cf_1554\",\"value\":\"if  cf_1548==0 then 0 else  cf_1550\\/ cf_1548 end\",\"valuetype\":\"expression\"},{\"fieldname\":\"cf_1558\",\"value\":\"(cf_accounts_id : (Accounts) cf_1281)\",\"valuetype\":\"fieldname\"}]\";s:2:\"id\";i:79;}'),(80,64,'UpdateFields EFA','O:18:\"VTUpdateFieldsTask\":8:{s:18:\"executeImmediately\";b:1;s:43:\"\0VTUpdateFieldsTask\0referenceFieldFocusList\";a:0:{}s:10:\"workflowId\";s:2:\"64\";s:7:\"summary\";s:16:\"UpdateFields EFA\";s:6:\"active\";b:1;s:7:\"trigger\";N;s:19:\"field_value_mapping\";s:206:\"[{\"fieldname\":\"cf_1616\",\"value\":\"if  cf_1610==0 then 0 else  cf_1612\\/ cf_1610 end\",\"valuetype\":\"expression\"},{\"fieldname\":\"cf_1588\",\"value\":\"(cf_accounts_id : (Accounts) cf_1281)\",\"valuetype\":\"fieldname\"}]\";s:2:\"id\";i:80;}'),(81,67,'UpdateFields GF','O:18:\"VTUpdateFieldsTask\":8:{s:18:\"executeImmediately\";b:1;s:43:\"\0VTUpdateFieldsTask\0referenceFieldFocusList\";a:0:{}s:10:\"workflowId\";s:2:\"67\";s:7:\"summary\";s:15:\"UpdateFields GF\";s:6:\"active\";b:1;s:7:\"trigger\";N;s:19:\"field_value_mapping\";s:318:\"[{\"fieldname\":\"cf_1694\",\"value\":\"if  cf_1680==0 then 0 else  cf_1716\\/ cf_1680 end\",\"valuetype\":\"expression\"},{\"fieldname\":\"cf_1696\",\"value\":\"if  cf_1680  ==0 then 0 else  cf_1700\\/ cf_1680  end\",\"valuetype\":\"expression\"},{\"fieldname\":\"cf_1670\",\"value\":\"(cf_accounts_id : (Accounts) cf_1281)\",\"valuetype\":\"fieldname\"}]\";s:2:\"id\";i:81;}');

--
-- Table structure for table `com_vtiger_workflowtasks_entitymethod`
--

CREATE TABLE `com_vtiger_workflowtasks_entitymethod` (
  `workflowtasks_entitymethod_id` int(11) NOT NULL,
  `module_name` varchar(100) DEFAULT NULL,
  `method_name` varchar(100) DEFAULT NULL,
  `function_path` varchar(400) DEFAULT NULL,
  `function_name` varchar(100) DEFAULT NULL,
  PRIMARY KEY (`workflowtasks_entitymethod_id`),
  UNIQUE KEY `com_vtiger_workflowtasks_entitymethod_idx` (`workflowtasks_entitymethod_id`)
) ENGINE=InnoDB DEFAULT CHARSET=utf8;

--
-- Dumping data for table `com_vtiger_workflowtasks_entitymethod`
--

INSERT INTO `com_vtiger_workflowtasks_entitymethod` VALUES (1,'SalesOrder','UpdateInventory','include/InventoryHandler.php','handleInventoryProductRel'),(2,'Invoice','UpdateInventory','include/InventoryHandler.php','handleInventoryProductRel'),(3,'Contacts','SendPortalLoginDetails','modules/Contacts/ContactsHandler.php','Contacts_sendCustomerPortalLoginDetails'),(4,'HelpDesk','NotifyOnPortalTicketCreation','modules/HelpDesk/HelpDeskHandler.php','HelpDesk_nofifyOnPortalTicketCreation'),(5,'HelpDesk','NotifyOnPortalTicketComment','modules/HelpDesk/HelpDeskHandler.php','HelpDesk_notifyOnPortalTicketComment'),(6,'HelpDesk','NotifyOwnerOnTicketChange','modules/HelpDesk/HelpDeskHandler.php','HelpDesk_notifyOwnerOnTicketChange'),(7,'HelpDesk','NotifyParentOnTicketChange','modules/HelpDesk/HelpDeskHandler.php','HelpDesk_notifyParentOnTicketChange'),(8,'ModComments','CustomerCommentFromPortal','modules/ModComments/ModCommentsHandler.php','CustomerCommentFromPortal'),(9,'ModComments','TicketOwnerComments','modules/ModComments/ModCommentsHandler.php','TicketOwnerComments'),(10,'PurchaseOrder','UpdateInventory','include/InventoryHandler.php','handleInventoryProductRel');

--
-- Table structure for table `com_vtiger_workflowtasks_entitymethod_seq`
--

CREATE TABLE `com_vtiger_workflowtasks_entitymethod_seq` (
  `id` int(11) NOT NULL
) ENGINE=InnoDB DEFAULT CHARSET=utf8;

--
-- Dumping data for table `com_vtiger_workflowtasks_entitymethod_seq`
--

INSERT INTO `com_vtiger_workflowtasks_entitymethod_seq` VALUES (10);

--
-- Table structure for table `com_vtiger_workflowtasks_seq`
--

CREATE TABLE `com_vtiger_workflowtasks_seq` (
  `id` int(11) NOT NULL
) ENGINE=InnoDB DEFAULT CHARSET=utf8;

--
-- Dumping data for table `com_vtiger_workflowtasks_seq`
--

INSERT INTO `com_vtiger_workflowtasks_seq` VALUES (81);

--
-- Table structure for table `com_vtiger_workflowtemplates`
--

CREATE TABLE `com_vtiger_workflowtemplates` (
  `template_id` int(11) NOT NULL AUTO_INCREMENT,
  `module_name` varchar(100) DEFAULT NULL,
  `title` varchar(400) DEFAULT NULL,
  `template` text,
  PRIMARY KEY (`template_id`)
) ENGINE=InnoDB DEFAULT CHARSET=utf8;

--
-- Dumping data for table `com_vtiger_workflowtemplates`
--


--
-- Table structure for table `vreports_autorefresh_logs`
--

CREATE TABLE `vreports_autorefresh_logs` (
  `id` int(19) NOT NULL AUTO_INCREMENT,
  `widget_id` int(19) DEFAULT NULL,
  `refreshed_time` datetime DEFAULT NULL,
  `result` text,
  PRIMARY KEY (`id`)
) ENGINE=InnoDB DEFAULT CHARSET=utf8;

--
-- Dumping data for table `vreports_autorefresh_logs`
--


--
-- Table structure for table `vte_advance_menu_settings_groups`
--

CREATE TABLE `vte_advance_menu_settings_groups` (
  `groupid` int(19) NOT NULL AUTO_INCREMENT,
  `creator` int(19) DEFAULT NULL,
  `modified_by` int(19) DEFAULT NULL,
  `active` int(1) DEFAULT '1',
  `group_name` varchar(255) NOT NULL,
  `label` varchar(255) DEFAULT NULL,
  `icon_class` varchar(255) DEFAULT NULL,
  PRIMARY KEY (`groupid`)
) ENGINE=InnoDB AUTO_INCREMENT=8 DEFAULT CHARSET=utf8;

--
-- Dumping data for table `vte_advance_menu_settings_groups`
--

INSERT INTO `vte_advance_menu_settings_groups` VALUES (1,1,1,1,'ESSENTIALS',NULL,NULL),(2,1,1,1,'MARKETING',NULL,NULL),(3,1,1,1,'SALES',NULL,NULL),(4,1,1,1,'SUPPORT',NULL,NULL),(5,1,1,1,'INVENTORY',NULL,NULL),(6,1,1,1,'PROJECTS',NULL,NULL),(7,1,1,1,'TOOLS',NULL,NULL);

--
-- Table structure for table `vte_advance_menu_settings_menu`
--

CREATE TABLE `vte_advance_menu_settings_menu` (
  `menuid` int(19) NOT NULL AUTO_INCREMENT,
  `creator` int(19) NOT NULL,
  `modified_by` int(19) NOT NULL,
  `active` int(1) NOT NULL DEFAULT '1',
  `last_module_id` int(19) DEFAULT NULL,
  PRIMARY KEY (`menuid`)
) ENGINE=InnoDB AUTO_INCREMENT=2 DEFAULT CHARSET=utf8;

--
-- Dumping data for table `vte_advance_menu_settings_menu`
--

INSERT INTO `vte_advance_menu_settings_menu` VALUES (1,1,1,1,72);

--
-- Table structure for table `vte_advance_menu_settings_menu_groups_rel`
--

CREATE TABLE `vte_advance_menu_settings_menu_groups_rel` (
  `menuid` int(19) NOT NULL,
  `groupid` int(19) NOT NULL
) ENGINE=InnoDB DEFAULT CHARSET=utf8;

--
-- Dumping data for table `vte_advance_menu_settings_menu_groups_rel`
--

INSERT INTO `vte_advance_menu_settings_menu_groups_rel` VALUES (1,1),(1,2),(1,3),(1,4),(1,5),(1,6),(1,7);

--
-- Table structure for table `vte_advance_menu_settings_menu_items`
--

CREATE TABLE `vte_advance_menu_settings_menu_items` (
  `itemid` int(19) NOT NULL AUTO_INCREMENT,
  `creator` int(19) DEFAULT NULL,
  `modified_by` int(19) DEFAULT NULL,
  `active` int(1) DEFAULT '1',
  `groupid` int(19) NOT NULL,
  `menuid` int(19) NOT NULL,
  `type` varchar(255) NOT NULL,
  `module` varchar(255) NOT NULL,
  `link` text,
  `label` varchar(255) NOT NULL,
  `filter` int(19) DEFAULT NULL,
  `sequence` int(19) DEFAULT '0',
  PRIMARY KEY (`itemid`)
) ENGINE=InnoDB AUTO_INCREMENT=30 DEFAULT CHARSET=utf8;

--
-- Dumping data for table `vte_advance_menu_settings_menu_items`
--

INSERT INTO `vte_advance_menu_settings_menu_items` VALUES (2,1,7,1,1,1,'Module','Reports','index.php?module=Reports&view=List','Rapports',NULL,3),(3,1,7,1,1,1,'Module','MailManager','index.php?module=MailManager&view=List','Gestionnaire De Courrier',NULL,4),(4,1,7,1,1,1,'Separator','Separator','','Separator',NULL,5),(5,1,7,1,1,1,'Module','Contacts','index.php?module=Contacts&view=List','Contacts',NULL,6),(7,1,7,1,1,1,'Separator','Separator','','Separator',NULL,8),(8,1,7,1,1,1,'Module','Calendar','index.php?module=Calendar&view=Calendar','Tâche',NULL,9),(9,1,7,1,1,1,'Module','Documents','index.php?module=Documents&view=List','Documents',NULL,10),(11,1,7,1,2,1,'Module','FactureAnnuelle','index.php?module=FactureAnnuelle&view=List','Elec_Annuelle',NULL,1),(12,1,7,1,2,1,'Module','FactureAnnuelleGaz','index.php?module=FactureAnnuelleGaz&view=List','Gaz_Annuelle',NULL,2),(13,1,7,1,2,1,'Module','ElecFourniture','index.php?module=ElecFourniture&view=List','Elec_Fourniture',NULL,3),(14,1,7,1,2,1,'Module','ElecAcheminement','index.php?module=ElecAcheminement&view=List','Elec_Acheminement',NULL,5),(15,1,7,1,2,1,'Module','ElecFourniAchemi','index.php?module=ElecFourniAchemi&view=List','Elec_Fourni_Achemi',NULL,6),(16,1,7,1,2,1,'Module','GazFourniture','index.php?module=GazFourniture&view=List','Gaz_Fourniture',NULL,4),(17,1,1,1,3,1,'Module','Accounts','index.php?module=Accounts&view=List','Comptes',NULL,1),(18,1,1,1,3,1,'Module','SIRET','index.php?module=SIRET&view=List','SIRET',NULL,2),(19,1,1,1,3,1,'Module','CodeNAF','index.php?module=CodeNAF&view=List','CodeNAF',NULL,3),(20,1,1,1,4,1,'Module','Accounts','index.php?module=Accounts&view=List','Comptes',NULL,1),(21,1,1,1,4,1,'Module','HelpDesk','index.php?module=HelpDesk&view=List','Tickets',NULL,2),(22,1,1,1,5,1,'Module','Accounts','index.php?module=Accounts&view=List','Comptes',NULL,1),(23,1,1,1,6,1,'Module','Accounts','index.php?module=Accounts&view=List','Comptes',NULL,1),(24,1,1,1,7,1,'Module','Documents','index.php?module=Documents&view=List','Documents',NULL,1),(25,1,1,1,7,1,'Module','RecycleBin','index.php?module=RecycleBin&view=List','Corbeille',NULL,2),(26,1,1,1,7,1,'Module','EmailTemplates','index.php?module=EmailTemplates&view=List','Modèles D\'E-Mail',NULL,3),(27,1,1,1,7,1,'Module','VReports','index.php?module=VReports&view=List','VReports',NULL,4),(29,7,7,1,1,1,'Link','Link','https://in-voice.a-gile.dev/index.php?module=VReports&view=DashBoard','CONTROLES',NULL,1);

--
-- Table structure for table `vte_control_layout_fields`
--

CREATE TABLE `vte_control_layout_fields` (
  `id` int(11) NOT NULL AUTO_INCREMENT,
  `module` varchar(50) DEFAULT NULL,
  `description` varchar(255) DEFAULT NULL,
  `field` varchar(255) DEFAULT NULL,
  `condition` text,
  `layout` varchar(255) DEFAULT NULL,
  PRIMARY KEY (`id`)
) ENGINE=InnoDB AUTO_INCREMENT=2 DEFAULT CHARSET=utf8;

--
-- Dumping data for table `vte_control_layout_fields`
--

INSERT INTO `vte_control_layout_fields` VALUES (1,'Documents','hide status field',NULL,'[]',NULL);

--
-- Table structure for table `vte_control_layout_fields_task`
--

CREATE TABLE `vte_control_layout_fields_task` (
  `id` int(11) NOT NULL AUTO_INCREMENT,
  `clf_id` int(11) NOT NULL,
  `name` varchar(255) CHARACTER SET utf8 COLLATE utf8_unicode_ci DEFAULT NULL,
  `active` smallint(1) DEFAULT '0',
  `actions` text CHARACTER SET utf8 COLLATE utf8_unicode_ci,
  PRIMARY KEY (`id`)
) ENGINE=InnoDB AUTO_INCREMENT=2 DEFAULT CHARSET=utf8;

--
-- Dumping data for table `vte_control_layout_fields_task`
--

INSERT INTO `vte_control_layout_fields_task` VALUES (1,1,'hide status field',1,'[{\"field\":\"cf_946\",\"option\":\"hide\"}]');

--
-- Table structure for table `vte_labeleditor_setting`
--

CREATE TABLE `vte_labeleditor_setting` (
  `enable` int(3) DEFAULT '1'
) ENGINE=InnoDB DEFAULT CHARSET=utf8;

--
-- Dumping data for table `vte_labeleditor_setting`
--

INSERT INTO `vte_labeleditor_setting` VALUES (0);

--
-- Table structure for table `vte_module_link_creator`
--

CREATE TABLE `vte_module_link_creator` (
  `id` int(19) NOT NULL AUTO_INCREMENT,
  `status` tinyint(2) NOT NULL DEFAULT '1' COMMENT '// 0: delete; 1: enable; 2 disable',
  `created` datetime NOT NULL,
  `updated` datetime NOT NULL,
  `module_id` int(19) NOT NULL DEFAULT '0' COMMENT '// FK: with entityname table',
  `module_name` varchar(100) NOT NULL,
  `module_label` varchar(255) NOT NULL,
  `module_type` tinyint(2) NOT NULL DEFAULT '1' COMMENT '// 1: entity; 2: extension',
  `module_fields` text,
  `module_list_view_filter_fields` text,
  `module_summary_fields` text,
  `module_quick_create_fields` text,
  `module_links` text,
  `description` text,
  `singular_module_label` varchar(255) DEFAULT NULL,
  PRIMARY KEY (`id`)
) ENGINE=InnoDB AUTO_INCREMENT=16 DEFAULT CHARSET=utf8;

--
-- Dumping data for table `vte_module_link_creator`
--

INSERT INTO `vte_module_link_creator` VALUES (1,1,'2023-06-22 13:22:31','2023-06-22 13:22:31',57,'FactureAnnuelle','Facture_Annuelle',1,'[\"0\",\"1\",\"2\",\"3\",\"4\",\"5\",\"6\",\"7\"]','[\"0\",\"1\",\"2\",\"3\"]','[\"0\",\"1\",\"2\",\"3\"]','[\"0\",\"1\",\"2\"]','[\"Updates\",\"Comments\",\"Documents\",\"Activities\",\"Emails\"]',NULL,'FA'),(2,0,'2023-06-22 13:24:41','2023-06-22 13:24:41',58,'FactureFourniture','Facture_Fourniture',1,'[\"0\",\"1\",\"2\",\"3\",\"4\",\"5\",\"6\",\"7\"]','[\"0\",\"1\",\"2\",\"3\"]','[\"0\",\"1\",\"2\",\"3\"]','[\"0\",\"1\",\"2\"]','[\"Updates\",\"Comments\",\"Documents\",\"Activities\",\"Emails\"]',NULL,'FFO'),(3,0,'2023-06-22 13:24:57','2023-06-22 13:24:57',59,'FactureAcheminement','Facture_Acheminement',1,'[\"0\",\"1\",\"2\",\"3\",\"4\",\"5\",\"6\",\"7\"]','[\"0\",\"1\",\"2\",\"3\"]','[\"0\",\"1\",\"2\",\"3\"]','[\"0\",\"1\",\"2\"]','[\"Updates\",\"Comments\",\"Documents\",\"Activities\",\"Emails\"]',NULL,'FAC'),(4,0,'2023-06-22 13:25:26','2023-06-22 13:25:26',59,'FactureAcheminement','Facture_Acheminement',1,'[\"0\",\"1\",\"2\",\"3\",\"4\",\"5\",\"6\",\"7\"]','[\"0\",\"1\",\"2\",\"3\"]','[\"0\",\"1\",\"2\",\"3\"]','[\"0\",\"1\",\"2\"]','[\"Updates\",\"Comments\",\"Documents\",\"Activities\",\"Emails\"]',NULL,'FAC'),(5,0,'2023-10-19 07:51:46','2023-10-19 07:51:46',62,'FactureFourniAchemi','Facture_Fourni_Achemi',1,'[\"0\",\"1\",\"2\",\"3\",\"4\",\"5\",\"6\",\"7\"]','[\"0\",\"1\",\"2\",\"3\"]','[\"0\",\"1\",\"2\",\"3\"]','[\"0\",\"1\",\"2\"]','[\"Updates\",\"Comments\",\"Documents\",\"Activities\",\"Emails\"]',NULL,'FFA'),(6,0,'2023-10-19 07:53:48','2023-10-19 07:53:48',62,'FactureFourniAchemi','Facture_Fourni_Achemi',1,'[\"0\",\"1\",\"2\",\"3\",\"4\",\"5\",\"6\",\"7\"]','[\"0\",\"1\",\"2\",\"3\"]','[\"0\",\"1\",\"2\",\"3\"]','[\"0\",\"1\",\"2\"]','[\"Updates\",\"Comments\",\"Documents\",\"Activities\",\"Emails\"]',NULL,'FFA'),(7,1,'2023-11-09 10:38:28','2023-11-09 10:38:28',63,'FactureAnnuelleGaz','Facture_Annuelle_Gaz',1,'[\"0\",\"1\",\"2\",\"3\",\"4\",\"5\",\"6\",\"7\"]','[\"0\",\"1\",\"2\",\"3\"]','[\"0\",\"1\",\"2\",\"3\"]','[\"0\",\"1\",\"2\"]','[\"Updates\",\"Comments\",\"Documents\",\"Activities\",\"Emails\"]',NULL,'FAG'),(8,0,'2023-11-09 10:38:56','2023-11-09 10:38:56',64,'FactureFournitureGaz','Facture_Fourniture_Gaz',1,'[\"0\",\"1\",\"2\",\"3\",\"4\",\"5\",\"6\",\"7\"]','[\"0\",\"1\",\"2\",\"3\"]','[\"0\",\"1\",\"2\",\"3\"]','[\"0\",\"1\",\"2\"]','[\"Updates\",\"Comments\",\"Documents\",\"Activities\",\"Emails\"]',NULL,'FFG'),(9,1,'2023-11-21 10:17:31','2023-11-21 10:17:31',65,'ElecFourniture','Elec_Fourniture',1,'[\"0\",\"1\",\"2\",\"3\",\"4\",\"5\",\"6\",\"7\"]','[\"0\",\"1\",\"2\",\"3\"]','[\"0\",\"1\",\"2\",\"3\"]','[\"0\",\"1\",\"2\"]','[\"Updates\",\"Comments\",\"Documents\",\"Activities\",\"Emails\"]',NULL,'EF'),(10,1,'2023-11-21 10:20:33','2023-11-21 10:20:33',66,'ElecAcheminement','Elec_Acheminement',1,'[\"0\",\"1\",\"2\",\"3\",\"4\",\"5\",\"6\",\"7\"]','[\"0\",\"1\",\"2\",\"3\"]','[\"0\",\"1\",\"2\",\"3\"]','[\"0\",\"1\",\"2\"]','[\"Updates\",\"Comments\",\"Documents\",\"Activities\",\"Emails\"]',NULL,'EA'),(11,1,'2023-11-21 10:23:28','2023-11-21 10:23:28',67,'ElecFourniAchemi','Elec_Fourni_Achemi',1,'[\"0\",\"1\",\"2\",\"3\",\"4\",\"5\",\"6\",\"7\"]','[\"0\",\"1\",\"2\",\"3\"]','[\"0\",\"1\",\"2\",\"3\"]','[\"0\",\"1\",\"2\"]','[\"Updates\",\"Comments\",\"Documents\",\"Activities\",\"Emails\"]',NULL,'EFA'),(12,1,'2023-11-21 11:03:03','2023-11-21 11:03:03',68,'GazFourniture','Gaz_Fourniture',1,'[\"0\",\"1\",\"2\",\"3\",\"4\",\"5\",\"6\",\"7\"]','[\"0\",\"1\",\"2\",\"3\"]','[\"0\",\"1\",\"2\",\"3\"]','[\"0\",\"1\",\"2\"]','[\"Updates\",\"Comments\",\"Documents\",\"Activities\",\"Emails\"]',NULL,'GF'),(13,1,'2023-11-22 08:51:06','2023-11-22 08:51:06',69,'SIRET','SIRET',1,'[\"0\",\"1\",\"2\",\"3\",\"4\",\"5\",\"6\",\"7\"]','[\"0\",\"1\",\"2\",\"3\"]','[\"0\",\"1\",\"2\",\"3\"]','[\"0\",\"1\",\"2\"]','[\"Updates\",\"Comments\",\"Documents\",\"Activities\",\"Emails\"]',NULL,'SI'),(14,1,'2023-11-22 08:51:49','2023-11-22 08:51:49',70,'CodeNAF','CodeNAF',1,'[\"0\",\"1\",\"2\",\"3\",\"4\",\"5\",\"6\",\"7\"]','[\"0\",\"1\",\"2\",\"3\"]','[\"0\",\"1\",\"2\",\"3\"]','[\"0\",\"1\",\"2\"]','[\"Updates\",\"Comments\",\"Documents\",\"Activities\",\"Emails\"]',NULL,'CO'),(15,1,'2024-10-02 12:52:27','2024-10-02 12:52:27',73,'Formesjuridiques','Formes juridiques',1,'[\"0\",\"1\",\"2\",\"3\",\"4\",\"5\",\"6\",\"7\"]','[\"0\",\"1\",\"2\",\"3\"]','[\"0\",\"1\",\"2\",\"3\"]','[\"0\",\"1\",\"2\"]','[\"Updates\",\"Comments\",\"Documents\",\"Activities\",\"Emails\"]',NULL,'FJ');

--
-- Table structure for table `vte_module_link_creator_settings`
--

CREATE TABLE `vte_module_link_creator_settings` (
  `id` int(19) unsigned NOT NULL AUTO_INCREMENT,
  `status` tinyint(2) NOT NULL DEFAULT '1' COMMENT '// 0: delete; 1: enable; 2 disable',
  `created` datetime NOT NULL,
  `updated` datetime NOT NULL,
  `module_id` int(19) unsigned NOT NULL COMMENT '// FK - with entityname table',
  `description` text,
  PRIMARY KEY (`id`)
) ENGINE=InnoDB AUTO_INCREMENT=14 DEFAULT CHARSET=utf8;

--
-- Dumping data for table `vte_module_link_creator_settings`
--

INSERT INTO `vte_module_link_creator_settings` VALUES (1,1,'2023-06-22 13:22:31','2023-06-22 13:22:31',57,NULL),(2,0,'2023-06-22 13:24:41','2023-06-22 13:24:41',58,NULL),(3,0,'2023-06-22 13:24:57','2023-06-22 13:25:26',59,NULL),(4,0,'2023-10-19 07:51:46','2023-10-19 07:53:48',62,NULL),(5,1,'2023-11-09 10:38:28','2023-11-09 10:38:28',63,NULL),(6,0,'2023-11-09 10:38:56','2023-11-09 10:38:56',64,NULL),(7,1,'2023-11-21 10:17:31','2023-11-21 10:17:31',65,NULL),(8,1,'2023-11-21 10:20:33','2023-11-21 10:20:33',66,NULL),(9,1,'2023-11-21 10:23:28','2023-11-21 10:23:28',67,NULL),(10,1,'2023-11-21 11:03:03','2023-11-21 11:03:03',68,NULL),(11,1,'2023-11-22 08:51:06','2023-11-22 08:51:06',69,NULL),(12,1,'2023-11-22 08:51:49','2023-11-22 08:51:49',70,NULL),(13,1,'2024-10-02 12:52:27','2024-10-02 12:52:27',73,NULL);

--
-- Table structure for table `vte_modules`
--

CREATE TABLE `vte_modules` (
  `module` varchar(50) NOT NULL,
  `valid` int(1) DEFAULT NULL,
  PRIMARY KEY (`module`)
) ENGINE=InnoDB DEFAULT CHARSET=utf8;

--
-- Dumping data for table `vte_modules`
--

INSERT INTO `vte_modules` VALUES ('ControlLayoutFields',0),('ModuleLinkCreator',1),('VReports',1),('VTEAdvanceMenu',1),('VTELabelEditor',1),('VTERollup',1),('VTEStore',1);

--
-- Table structure for table `vterollup_settings`
--

CREATE TABLE `vterollup_settings` (
  `enable` int(3) DEFAULT NULL
) ENGINE=InnoDB DEFAULT CHARSET=utf8;

--
-- Dumping data for table `vterollup_settings`
--

INSERT INTO `vterollup_settings` VALUES (1);

--
-- Table structure for table `vtestore_forgotpwd`
--

CREATE TABLE `vtestore_forgotpwd` (
  `userid` int(11) DEFAULT NULL,
  `created_on` datetime DEFAULT NULL
) ENGINE=InnoDB DEFAULT CHARSET=latin1;

--
-- Dumping data for table `vtestore_forgotpwd`
--


--
-- Table structure for table `vtestore_other_setting`
--

CREATE TABLE `vtestore_other_setting` (
  `id` int(5) NOT NULL AUTO_INCREMENT,
  `use_custom_header` tinyint(1) DEFAULT NULL,
  PRIMARY KEY (`id`)
) ENGINE=InnoDB DEFAULT CHARSET=utf8;

--
-- Dumping data for table `vtestore_other_setting`
--


--
-- Table structure for table `vtestore_system_info`
--

CREATE TABLE `vtestore_system_info` (
  `name` varchar(100) CHARACTER SET latin1 NOT NULL,
  `value` longtext CHARACTER SET latin1,
  `description` text CHARACTER SET latin1,
  PRIMARY KEY (`name`)
) ENGINE=InnoDB DEFAULT CHARSET=utf8;

--
-- Dumping data for table `vtestore_system_info`
--

INSERT INTO `vtestore_system_info` VALUES ('VTPremiumHeader','{\"customerid\":7649,\"username\":\"enershipeu\",\"email\":\"enership@jupitech.fr\",\"vtiger_url\":\"https:\\/\\/in-voice.a-gile.dev\\/\",\"subsxcription_status\":1,\"expiration_date\":\"2024-05-04\",\"remain_date\":11,\"version\":\"1.0.06\",\"is_latest_version\":1,\"subscription_id\":34861393,\"chargify_customer_id\":35924335,\"billing_portal_url\":\"https:\\/\\/www.billingportal.com\\/manage\\/35924335\\/1713111074\\/6d9c28be59a0c256\",\"customer_status\":\"ok\",\"user_installed\":\"1\",\"go_to_extension_list\":1}','Data for header icon');

--
-- Table structure for table `vtevreports_settings`
--

CREATE TABLE `vtevreports_settings` (
  `enable` int(3) DEFAULT NULL
) ENGINE=InnoDB DEFAULT CHARSET=utf8;

--
-- Dumping data for table `vtevreports_settings`
--

INSERT INTO `vtevreports_settings` VALUES (1);

--
-- Table structure for table `vtiger_account`
--

CREATE TABLE `vtiger_account` (
  `accountid` int(19) NOT NULL DEFAULT '0',
  `account_no` varchar(100) NOT NULL,
  `accountname` varchar(100) NOT NULL,
  `parentid` int(19) DEFAULT '0',
  `account_type` varchar(200) DEFAULT NULL,
  `industry` varchar(200) DEFAULT NULL,
  `annualrevenue` decimal(25,8) DEFAULT NULL,
  `rating` varchar(200) DEFAULT NULL,
  `ownership` varchar(50) DEFAULT NULL,
  `siccode` varchar(50) DEFAULT NULL,
  `tickersymbol` varchar(30) DEFAULT NULL,
  `phone` varchar(30) DEFAULT NULL,
  `otherphone` varchar(30) DEFAULT NULL,
  `email1` varchar(100) DEFAULT NULL,
  `email2` varchar(100) DEFAULT NULL,
  `website` varchar(100) DEFAULT NULL,
  `fax` varchar(30) DEFAULT NULL,
  `employees` int(10) DEFAULT '0',
  `emailoptout` varchar(3) DEFAULT '0',
  `notify_owner` varchar(3) DEFAULT '0',
  `isconvertedfromlead` varchar(3) DEFAULT '0',
  `tags` varchar(1) DEFAULT NULL,
  `cf_nrl_siret625_id` int(19) DEFAULT NULL,
  `cf_nrl_siret48_id` int(19) DEFAULT NULL,
  `cf_nrl_codenaf563_id` int(19) DEFAULT NULL,
  PRIMARY KEY (`accountid`),
  KEY `account_account_type_idx` (`account_type`),
  KEY `email_idx` (`email1`,`email2`),
  KEY `cf_nrl_siret625_id_index` (`cf_nrl_siret625_id`) USING BTREE,
  KEY `cf_nrl_siret48_id_index` (`cf_nrl_siret48_id`) USING BTREE,
  KEY `cf_nrl_codenaf563_id_index` (`cf_nrl_codenaf563_id`) USING BTREE,
  CONSTRAINT `fk_1_vtiger_account` FOREIGN KEY (`accountid`) REFERENCES `vtiger_crmentity` (`crmid`) ON DELETE CASCADE
) ENGINE=InnoDB DEFAULT CHARSET=utf8;

--
-- Dumping data for table `vtiger_account`
--

INSERT INTO `vtiger_account` VALUES (12397,'ACC1','Test',0,'','',0.00000000,'','','','','','','','','','',0,'0','0','0','',NULL,NULL,NULL),(12412,'ACC2','RENAULT site de Flins',0,'','',0.00000000,'','','','','','','','','','',0,'0','0','0','',NULL,NULL,NULL),(14189,'ACC3','PMC ISOCHEM',0,'','',0.00000000,'','','','','','','','','','',0,'0','0','0','',NULL,NULL,NULL),(14332,'ACC4','STE NOUVELLE AFFINAGE DES METAUX',0,'','',0.00000000,'','','','','','','','','','',0,'0','0','0','',NULL,NULL,NULL),(14346,'ACC5','SALAISONS PHILIS',0,'','',0.00000000,'','','','','','','','','','',0,'0','0','0','',NULL,NULL,NULL),(14355,'ACC6','VM BUILDING SOLUTIONS SAS',0,'','',0.00000000,'','','','','','','','','','',0,'0','0','0','',NULL,NULL,NULL),(14395,'ACC7','SNC RENAULT FLINS',0,'','',0.00000000,'','','','','','','','','','',0,'0','0','0','',NULL,NULL,NULL),(14398,'ACC8','RENAULT FLINS',0,'','',0.00000000,'','','','','','','','','','',0,'0','0','0','',NULL,NULL,NULL),(14404,'ACC9','RENAULT FLINS -',0,'','',0.00000000,'','','','','','','','','','',0,'0','0','0','',NULL,NULL,NULL),(14437,'ACC10','RENAULT site de Flins',0,'','',0.00000000,'','','','','','','','','','',0,'0','0','0','',NULL,NULL,NULL),(14451,'ACC11','STE NOUVELLE AFFINAGE DES METAUX',0,'','',0.00000000,'','','','','','','','','','',0,'0','0','0','',NULL,NULL,NULL),(14620,'ACC12','SET USINE GEORGE BESSE II',0,'','',0.00000000,'','','','','','','','','','',0,'0','0','0','',NULL,NULL,NULL),(14634,'ACC13','ORANO',0,'','',0.00000000,'','','','','','','','','','',0,'0','0','0','',NULL,NULL,NULL),(14650,'ACC14','SNAM',0,'','',0.00000000,'','','','','','','','','','',0,'0','0','0','',NULL,NULL,NULL),(14781,'ACC15','12345678914785',0,'','',0.00000000,'','','','','','','','','','',0,'0','0','0','',NULL,NULL,NULL),(14794,'ACC16','01565003900041',0,'','',0.00000000,'','','','','','','','','','',0,'0','0','0','',NULL,18991,18342),(14795,'ACC17','01705041000012',0,'','',0.00000000,'','','','','','','','','','',0,'0','0','0','',NULL,18992,18499),(14796,'ACC18','05450146500014',0,'','',0.00000000,'','','','','','','','','','',0,'0','0','0','',NULL,18993,18458),(14797,'ACC19','05650171100115',0,'','',0.00000000,'','','','','','','','','','',0,'0','0','0','',NULL,18994,18550),(14798,'ACC20','05750553900437',0,'','',0.00000000,'','','','','','','','','','',0,'0','0','0','',NULL,18995,18435),(14799,'ACC21','05750553900429',0,'','',0.00000000,'','','','','','','','','','',0,'0','0','0','',NULL,18996,18435),(14800,'ACC22','05781979900024',0,'','',0.00000000,'','','','','','','','','','',0,'0','0','0','',NULL,18997,18414),(14801,'ACC23','05850332700015',0,'','',0.00000000,'','','','','','','','','','',0,'0','0','0','',NULL,18998,18406),(14802,'ACC24','06150086400022',0,'','',0.00000000,'','','','','','','','','','',0,'0','0','0','',NULL,18999,18446),(14803,'ACC25','06320060400021',0,'','',0.00000000,'','','','','','','','','','',0,'0','0','0','',NULL,19000,18402),(14804,'ACC26','07612002100019',0,'','',0.00000000,'','','','','','','','','','',0,'0','0','0','',NULL,19001,18476),(14805,'ACC27','08548079600151',0,'','',0.00000000,'','','','','','','','','','',0,'0','0','0','',NULL,19002,18414),(14806,'ACC28','08665004100022',0,'','',0.00000000,'','','','','','','','','','',0,'0','0','0','',NULL,19003,18847),(14807,'ACC29','09575031100466',0,'','',0.00000000,'','','','','','','','','','',0,'0','0','0','',NULL,19004,18498),(14808,'ACC30','09575031100805',0,'','',0.00000000,'','','','','','','','','','',0,'0','0','0','',NULL,19005,18498),(14809,'ACC31','11002001300097',0,'','',0.00000000,'','','','','','','','','','',0,'0','0','0','',NULL,19006,18893),(14810,'ACC32','13002481300011',0,'','',0.00000000,'','','','','','','','','','',0,'0','0','0','',NULL,19007,18893),(14811,'ACC33','17690231000612',0,'','',0.00000000,'','','','','','','','','','',0,'0','0','0','',NULL,19008,18893),(14812,'ACC34','20005226400096',0,'','',0.00000000,'','','','','','','','','','',0,'0','0','0','',NULL,19009,18893),(14813,'ACC35','21630236400015',0,'','',0.00000000,'','','','','','','','','','',0,'0','0','0','',NULL,19010,18893),(14814,'ACC36','22650001500012',0,'','',0.00000000,'','','','','','','','','','',0,'0','0','0','',NULL,19011,18893),(14815,'ACC37','24630070100231',0,'','',0.00000000,'','','','','','','','','','',0,'0','0','0','',NULL,19012,18893),(14816,'ACC38','30056058800513',0,'','',0.00000000,'','','','','','','','','','',0,'0','0','0','',NULL,19013,18396),(14817,'ACC39','30057164300117',0,'','',0.00000000,'','','','','','','','','','',0,'0','0','0','',NULL,19014,18630),(14818,'ACC40','30082187300027',0,'','',0.00000000,'','','','','','','','','','',0,'0','0','0','',NULL,19015,18360),(14819,'ACC41','30082187300035',0,'','',0.00000000,'','','','','','','','','','',0,'0','0','0','',NULL,19016,18360),(14820,'ACC42','30082187300043',0,'','',0.00000000,'','','','','','','','','','',0,'0','0','0','',NULL,19017,18360),(14821,'ACC43','30082187300019',0,'','',0.00000000,'','','','','','','','','','',0,'0','0','0','',NULL,19018,18360),(14822,'ACC44','30088126500031',0,'','',0.00000000,'','','','','','','','','','',0,'0','0','0','',NULL,19019,18573),(14823,'ACC45','30116427300049',0,'','',0.00000000,'','','','','','','','','','',0,'0','0','0','',NULL,19020,18471),(14824,'ACC46','30127612700125',0,'','',0.00000000,'','','','','','','','','','',0,'0','0','0','',NULL,19021,18385),(14825,'ACC47','30152279300035',0,'','',0.00000000,'','','','','','','','','','',0,'0','0','0','',NULL,19022,18418),(14826,'ACC48','30152346000030',0,'','',0.00000000,'','','','','','','','','','',0,'0','0','0','',NULL,19023,18400),(14827,'ACC49','30176340500075',0,'','',0.00000000,'','','','','','','','','','',0,'0','0','0','',NULL,19024,18414),(14828,'ACC50','30176579800030',0,'','',0.00000000,'','','','','','','','','','',0,'0','0','0','',NULL,19025,18359),(14829,'ACC51','30176609300035',0,'','',0.00000000,'','','','','','','','','','',0,'0','0','0','',NULL,19026,18470),(14830,'ACC52','30185794200033',0,'','',0.00000000,'','','','','','','','','','',0,'0','0','0','',NULL,19027,18470),(14831,'ACC53','30207946200149',0,'','',0.00000000,'','','','','','','','','','',0,'0','0','0','',NULL,19028,18341),(14832,'ACC54','30260767600079',0,'','',0.00000000,'','','','','','','','','','',0,'0','0','0','',NULL,19029,18400),(14833,'ACC55','30260767600061',0,'','',0.00000000,'','','','','','','','','','',0,'0','0','0','',NULL,19030,18400),(14834,'ACC56','30271596600537',0,'','',0.00000000,'','','','','','','','','','',0,'0','0','0','',NULL,19031,18640),(14835,'ACC57','30299088200052',0,'','',0.00000000,'','','','','','','','','','',0,'0','0','0','',NULL,19032,18961),(14836,'ACC58','30351441800027',0,'','',0.00000000,'','','','','','','','','','',0,'0','0','0','',NULL,19033,18423),(14837,'ACC59','30366403100026',0,'','',0.00000000,'','','','','','','','','','',0,'0','0','0','',NULL,19034,18401),(14838,'ACC60','30377298200029',0,'','',0.00000000,'','','','','','','','','','',0,'0','0','0','',NULL,19035,18579),(14839,'ACC61','30380455300012',0,'','',0.00000000,'','','','','','','','','','',0,'0','0','0','',NULL,19036,18553),(14840,'ACC62','30397038800011',0,'','',0.00000000,'','','','','','','','','','',0,'0','0','0','',NULL,19037,18399),(14841,'ACC63','30409734800060',0,'','',0.00000000,'','','','','','','','','','',0,'0','0','0','',NULL,19038,18684),(14842,'ACC64','30446408400090',0,'','',0.00000000,'','','','','','','','','','',0,'0','0','0','',NULL,19039,18462),(14843,'ACC65','30503600600040',0,'','',0.00000000,'','','','','','','','','','',0,'0','0','0','',NULL,19040,18683),(14844,'ACC66','30506508800034',0,'','',0.00000000,'','','','','','','','','','',0,'0','0','0','',NULL,19041,18400),(14845,'ACC67','30512010700019',0,'','',0.00000000,'','','','','','','','','','',0,'0','0','0','',NULL,19042,18308),(14846,'ACC68','30520716900601',0,'','',0.00000000,'','','','','','','','','','',0,'0','0','0','',NULL,19043,18582),(14847,'ACC69','30520716900569',0,'','',0.00000000,'','','','','','','','','','',0,'0','0','0','',NULL,19044,18582),(14848,'ACC70','30539439700023',0,'','',0.00000000,'','','','','','','','','','',0,'0','0','0','',NULL,19045,18445),(14849,'ACC71','30548007100011',0,'','',0.00000000,'','','','','','','','','','',0,'0','0','0','',NULL,19046,18403),(14850,'ACC72','30575641300236',0,'','',0.00000000,'','','','','','','','','','',0,'0','0','0','',NULL,19047,18427),(14851,'ACC73','30583702300012',0,'','',0.00000000,'','','','','','','','','','',0,'0','0','0','',NULL,19048,18382),(14852,'ACC74','30606294400013',0,'','',0.00000000,'','','','','','','','','','',0,'0','0','0','',NULL,19049,18414),(14853,'ACC75','30647367900018',0,'','',0.00000000,'','','','','','','','','','',0,'0','0','0','',NULL,19050,18458),(14854,'ACC76','30679596400031',0,'','',0.00000000,'','','','','','','','','','',0,'0','0','0','',NULL,19051,18683),(14855,'ACC77','30679698800013',0,'','',0.00000000,'','','','','','','','','','',0,'0','0','0','',NULL,19052,18353),(14856,'ACC78','30691753500024',0,'','',0.00000000,'','','','','','','','','','',0,'0','0','0','',NULL,19053,18838),(14857,'ACC79','30711292000045',0,'','',0.00000000,'','','','','','','','','','',0,'0','0','0','',NULL,19054,18528),(14858,'ACC80','30766708900022',0,'','',0.00000000,'','','','','','','','','','',0,'0','0','0','',NULL,19055,18311),(14859,'ACC81','30784606300104',0,'','',0.00000000,'','','','','','','','','','',0,'0','0','0','',NULL,19056,18356),(14860,'ACC82','30784606300013',0,'','',0.00000000,'','','','','','','','','','',0,'0','0','0','',NULL,19057,18356),(14861,'ACC83','30882085100019',0,'','',0.00000000,'','','','','','','','','','',0,'0','0','0','',NULL,19058,18389),(14862,'ACC84','31008293800047',0,'','',0.00000000,'','','','','','','','','','',0,'0','0','0','',NULL,19059,18462),(14863,'ACC85','31019914600047',0,'','',0.00000000,'','','','','','','','','','',0,'0','0','0','',NULL,19060,18456),(14864,'ACC86','31079202300031',0,'','',0.00000000,'','','','','','','','','','',0,'0','0','0','',NULL,19061,18451),(14865,'ACC87','31081048600020',0,'','',0.00000000,'','','','','','','','','','',0,'0','0','0','',NULL,19062,18407),(14866,'ACC88','31226152200014',0,'','',0.00000000,'','','','','','','','','','',0,'0','0','0','',NULL,19063,18353),(14867,'ACC89','31237887000017',0,'','',0.00000000,'','','','','','','','','','',0,'0','0','0','',NULL,19064,18528),(14868,'ACC90','31237907600036',0,'','',0.00000000,'','','','','','','','','','',0,'0','0','0','',NULL,19065,18425),(14869,'ACC91','31297593100014',0,'','',0.00000000,'','','','','','','','','','',0,'0','0','0','',NULL,19066,18515),(14870,'ACC92','31364254800041',0,'','',0.00000000,'','','','','','','','','','',0,'0','0','0','',NULL,19067,18838),(14871,'ACC93','31391576100016',0,'','',0.00000000,'','','','','','','','','','',0,'0','0','0','',NULL,19068,18356),(14872,'ACC94','31411950400186',0,'','',0.00000000,'','','','','','','','','','',0,'0','0','0','',NULL,19069,18396),(14873,'ACC95','31411950400145',0,'','',0.00000000,'','','','','','','','','','',0,'0','0','0','',NULL,19070,18396),(14874,'ACC96','31411950400053',0,'','',0.00000000,'','','','','','','','','','',0,'0','0','0','',NULL,19071,18396),(14875,'ACC97','31411950400012',0,'','',0.00000000,'','','','','','','','','','',0,'0','0','0','',NULL,19072,18396),(14876,'ACC98','31425899700027',0,'','',0.00000000,'','','','','','','','','','',0,'0','0','0','',NULL,19073,18470),(14877,'ACC99','31472202600031',0,'','',0.00000000,'','','','','','','','','','',0,'0','0','0','',NULL,19074,18847),(14878,'ACC100','31484406900026',0,'','',0.00000000,'','','','','','','','','','',0,'0','0','0','',NULL,19075,18444),(14879,'ACC101','31506278600043',0,'','',0.00000000,'','','','','','','','','','',0,'0','0','0','',NULL,19076,18840),(14880,'ACC102','31510363000036',0,'','',0.00000000,'','','','','','','','','','',0,'0','0','0','',NULL,19077,18825),(14881,'ACC103','31528111300052',0,'','',0.00000000,'','','','','','','','','','',0,'0','0','0','',NULL,19078,18677),(14882,'ACC104','31599920100058',0,'','',0.00000000,'','','','','','','','','','',0,'0','0','0','',NULL,19079,18344),(14883,'ACC105','31599920100033',0,'','',0.00000000,'','','','','','','','','','',0,'0','0','0','',NULL,19080,18344),(14884,'ACC106','31605567200018',0,'','',0.00000000,'','','','','','','','','','',0,'0','0','0','',NULL,19081,18339),(14885,'ACC107','31653504600031',0,'','',0.00000000,'','','','','','','','','','',0,'0','0','0','',NULL,19082,18307),(14886,'ACC108','31730702300042',0,'','',0.00000000,'','','','','','','','','','',0,'0','0','0','',NULL,19083,18482),(14887,'ACC109','31735838000028',0,'','',0.00000000,'','','','','','','','','','',0,'0','0','0','',NULL,19084,18516),(14888,'ACC110','31766839000022',0,'','',0.00000000,'','','','','','','','','','',0,'0','0','0','',NULL,19085,18649),(14889,'ACC111','31785375200036',0,'','',0.00000000,'','','','','','','','','','',0,'0','0','0','',NULL,19086,18446),(14890,'ACC112','31807236000114',0,'','',0.00000000,'','','','','','','','','','',0,'0','0','0','',NULL,19087,18838),(14891,'ACC113','31835481800029',0,'','',0.00000000,'','','','','','','','','','',0,'0','0','0','',NULL,19088,18668),(14892,'ACC114','31913757600132',0,'','',0.00000000,'','','','','','','','','','',0,'0','0','0','',NULL,19089,18407),(14893,'ACC115','31949391200020',0,'','',0.00000000,'','','','','','','','','','',0,'0','0','0','',NULL,19090,18469),(14894,'ACC116','31954394800131',0,'','',0.00000000,'','','','','','','','','','',0,'0','0','0','',NULL,19091,18338),(14895,'ACC117','31958012200038',0,'','',0.00000000,'','','','','','','','','','',0,'0','0','0','',NULL,19092,18351),(14896,'ACC118','31958012200046',0,'','',0.00000000,'','','','','','','','','','',0,'0','0','0','',NULL,19093,18351),(14897,'ACC119','31980604800017',0,'','',0.00000000,'','','','','','','','','','',0,'0','0','0','',NULL,19094,18403),(14898,'ACC120','31985140800017',0,'','',0.00000000,'','','','','','','','','','',0,'0','0','0','',NULL,19095,18527),(14899,'ACC121','32015233300094',0,'','',0.00000000,'','','','','','','','','','',0,'0','0','0','',NULL,19096,18675),(14900,'ACC122','32025248901075',0,'','',0.00000000,'','','','','','','','','','',0,'0','0','0','',NULL,19097,18816),(14901,'ACC123','32026778400017',0,'','',0.00000000,'','','','','','','','','','',0,'0','0','0','',NULL,19098,18321),(14902,'ACC124','32062516300011',0,'','',0.00000000,'','','','','','','','','','',0,'0','0','0','',NULL,19099,18470),(14903,'ACC125','32070801900056',0,'','',0.00000000,'','','','','','','','','','',0,'0','0','0','',NULL,19100,18470),(14904,'ACC126','32073377700090',0,'','',0.00000000,'','','','','','','','','','',0,'0','0','0','',NULL,19101,18381),(14905,'ACC127','32116462600012',0,'','',0.00000000,'','','','','','','','','','',0,'0','0','0','',NULL,19102,18543),(14906,'ACC128','32116504500048',0,'','',0.00000000,'','','','','','','','','','',0,'0','0','0','',NULL,19103,18513),(14907,'ACC129','32121233400015',0,'','',0.00000000,'','','','','','','','','','',0,'0','0','0','',NULL,19104,18307),(14908,'ACC130','32127652900013',0,'','',0.00000000,'','','','','','','','','','',0,'0','0','0','',NULL,19105,18470),(14909,'ACC131','32197078200074',0,'','',0.00000000,'','','','','','','','','','',0,'0','0','0','',NULL,19106,18453),(14910,'ACC132','32232518400065',0,'','',0.00000000,'','','','','','','','','','',0,'0','0','0','',NULL,19107,18337),(14911,'ACC133','32268847400046',0,'','',0.00000000,'','','','','','','','','','',0,'0','0','0','',NULL,19108,18423),(14912,'ACC134','32290381600021',0,'','',0.00000000,'','','','','','','','','','',0,'0','0','0','',NULL,19109,18361),(14913,'ACC135','32292714600025',0,'','',0.00000000,'','','','','','','','','','',0,'0','0','0','',NULL,19110,18321),(14914,'ACC136','32302532000017',0,'','',0.00000000,'','','','','','','','','','',0,'0','0','0','',NULL,19111,18400),(14915,'ACC137','32304875100024',0,'','',0.00000000,'','','','','','','','','','',0,'0','0','0','',NULL,19112,18331),(14916,'ACC138','32334697300023',0,'','',0.00000000,'','','','','','','','','','',0,'0','0','0','',NULL,19113,18399),(14917,'ACC139','32407397200055',0,'','',0.00000000,'','','','','','','','','','',0,'0','0','0','',NULL,19114,18410),(14918,'ACC140','32424060500067',0,'','',0.00000000,'','','','','','','','','','',0,'0','0','0','',NULL,19115,18414),(14919,'ACC141','32426425800017',0,'','',0.00000000,'','','','','','','','','','',0,'0','0','0','',NULL,19116,18453),(14920,'ACC142','32492746600023',0,'','',0.00000000,'','','','','','','','','','',0,'0','0','0','',NULL,19117,18453),(14921,'ACC143','32506842700013',0,'','',0.00000000,'','','','','','','','','','',0,'0','0','0','',NULL,19118,18553),(14922,'ACC144','32514837700022',0,'','',0.00000000,'','','','','','','','','','',0,'0','0','0','',NULL,19119,18339),(14923,'ACC145','32526856300054',0,'','',0.00000000,'','','','','','','','','','',0,'0','0','0','',NULL,19120,18892),(14924,'ACC146','32553897300042',0,'','',0.00000000,'','','','','','','','','','',0,'0','0','0','',NULL,19121,18456),(14925,'ACC147','32554468200033',0,'','',0.00000000,'','','','','','','','','','',0,'0','0','0','',NULL,19122,18309),(14926,'ACC148','32582107200015',0,'','',0.00000000,'','','','','','','','','','',0,'0','0','0','',NULL,19123,18508),(14927,'ACC149','32582107200031',0,'','',0.00000000,'','','','','','','','','','',0,'0','0','0','',NULL,19124,18508),(14928,'ACC150','32589379000015',0,'','',0.00000000,'','','','','','','','','','',0,'0','0','0','',NULL,19125,18484),(14929,'ACC151','32611850200136',0,'','',0.00000000,'','','','','','','','','','',0,'0','0','0','',NULL,19126,18662),(14930,'ACC152','32615191700035',0,'','',0.00000000,'','','','','','','','','','',0,'0','0','0','',NULL,19127,18679),(14931,'ACC153','32617137800028',0,'','',0.00000000,'','','','','','','','','','',0,'0','0','0','',NULL,19128,18400),(14932,'ACC154','32626222700092',0,'','',0.00000000,'','','','','','','','','','',0,'0','0','0','',NULL,19129,18445),(14933,'ACC155','32643126900041',0,'','',0.00000000,'','','','','','','','','','',0,'0','0','0','',NULL,19130,18521),(14934,'ACC156','32709564200036',0,'','',0.00000000,'','','','','','','','','','',0,'0','0','0','',NULL,19131,18508),(14935,'ACC157','32774410800025',0,'','',0.00000000,'','','','','','','','','','',0,'0','0','0','',NULL,19132,18399),(14936,'ACC158','32788813700038',0,'','',0.00000000,'','','','','','','','','','',0,'0','0','0','',NULL,19133,18574),(14937,'ACC159','32802418700010',0,'','',0.00000000,'','','','','','','','','','',0,'0','0','0','',NULL,19134,18350),(14938,'ACC160','32810101900029',0,'','',0.00000000,'','','','','','','','','','',0,'0','0','0','',NULL,19135,18480),(14939,'ACC161','32814004100034',0,'','',0.00000000,'','','','','','','','','','',0,'0','0','0','',NULL,19136,18421),(14940,'ACC162','32817011300018',0,'','',0.00000000,'','','','','','','','','','',0,'0','0','0','',NULL,19137,18400),(14941,'ACC163','32820232000318',0,'','',0.00000000,'','','','','','','','','','',0,'0','0','0','',NULL,19138,18399),(14942,'ACC164','32833171500016',0,'','',0.00000000,'','','','','','','','','','',0,'0','0','0','',NULL,19139,18343),(14943,'ACC165','32866639100029',0,'','',0.00000000,'','','','','','','','','','',0,'0','0','0','',NULL,19140,18395),(14944,'ACC166','32871803600010',0,'','',0.00000000,'','','','','','','','','','',0,'0','0','0','',NULL,19141,18352),(14945,'ACC167','32887744400047',0,'','',0.00000000,'','','','','','','','','','',0,'0','0','0','',NULL,19142,18395),(14946,'ACC168','32890598900013',0,'','',0.00000000,'','','','','','','','','','',0,'0','0','0','',NULL,19143,18459),(14947,'ACC169','32916345500135',0,'','',0.00000000,'','','','','','','','','','',0,'0','0','0','',NULL,19144,18383),(14948,'ACC170','32925574900023',0,'','',0.00000000,'','','','','','','','','','',0,'0','0','0','',NULL,19145,18892),(14949,'ACC171','32928664500042',0,'','',0.00000000,'','','','','','','','','','',0,'0','0','0','',NULL,19146,18383),(14950,'ACC172','32940375200077',0,'','',0.00000000,'','','','','','','','','','',0,'0','0','0','',NULL,19147,18637),(14951,'ACC173','32979001800025',0,'','',0.00000000,'','','','','','','','','','',0,'0','0','0','',NULL,19148,18509),(14952,'ACC174','33012984200044',0,'','',0.00000000,'','','','','','','','','','',0,'0','0','0','',NULL,19149,18404),(14953,'ACC175','33057588700014',0,'','',0.00000000,'','','','','','','','','','',0,'0','0','0','',NULL,19150,18399),(14954,'ACC176','33060682300020',0,'','',0.00000000,'','','','','','','','','','',0,'0','0','0','',NULL,19151,18530),(14955,'ACC177','33079207800041',0,'','',0.00000000,'','','','','','','','','','',0,'0','0','0','',NULL,19152,18348),(14956,'ACC178','33104813200046',0,'','',0.00000000,'','','','','','','','','','',0,'0','0','0','',NULL,19153,18446),(14957,'ACC179','33105740600067',0,'','',0.00000000,'','','','','','','','','','',0,'0','0','0','',NULL,19154,18837),(14958,'ACC180','33114255400012',0,'','',0.00000000,'','','','','','','','','','',0,'0','0','0','',NULL,19155,18648),(14959,'ACC181','33129259900072',0,'','',0.00000000,'','','','','','','','','','',0,'0','0','0','',NULL,19156,18427),(14960,'ACC182','33129259900023',0,'','',0.00000000,'','','','','','','','','','',0,'0','0','0','',NULL,19157,18427),(14961,'ACC183','33131087000042',0,'','',0.00000000,'','','','','','','','','','',0,'0','0','0','',NULL,19158,18446),(14962,'ACC184','33131087000158',0,'','',0.00000000,'','','','','','','','','','',0,'0','0','0','',NULL,19159,18446),(14963,'ACC185','33162009600064',0,'','',0.00000000,'','','','','','','','','','',0,'0','0','0','',NULL,19160,18446),(14964,'ACC186','33169236800037',0,'','',0.00000000,'','','','','','','','','','',0,'0','0','0','',NULL,19161,18805),(14965,'ACC187','33198316300089',0,'','',0.00000000,'','','','','','','','','','',0,'0','0','0','',NULL,19162,18489),(14966,'ACC188','33222691900055',0,'','',0.00000000,'','','','','','','','','','',0,'0','0','0','',NULL,19163,18549),(14967,'ACC189','33305028400186',0,'','',0.00000000,'','','','','','','','','','',0,'0','0','0','',NULL,19164,18581),(14968,'ACC190','33315846700022',0,'','',0.00000000,'','','','','','','','','','',0,'0','0','0','',NULL,19165,18578),(14969,'ACC191','33332839100037',0,'','',0.00000000,'','','','','','','','','','',0,'0','0','0','',NULL,19166,18961),(14970,'ACC192','33383456200022',0,'','',0.00000000,'','','','','','','','','','',0,'0','0','0','',NULL,19167,18400),(14971,'ACC193','33386746300015',0,'','',0.00000000,'','','','','','','','','','',0,'0','0','0','',NULL,19168,18383),(14972,'ACC194','33397465700046',0,'','',0.00000000,'','','','','','','','','','',0,'0','0','0','',NULL,19169,18410),(14973,'ACC195','33453735400014',0,'','',0.00000000,'','','','','','','','','','',0,'0','0','0','',NULL,19170,18354),(14974,'ACC196','33468672200029',0,'','',0.00000000,'','','','','','','','','','',0,'0','0','0','',NULL,19171,18390),(14975,'ACC197','33473362300014',0,'','',0.00000000,'','','','','','','','','','',0,'0','0','0','',NULL,19172,18962),(14976,'ACC198','33478136600029',0,'','',0.00000000,'','','','','','','','','','',0,'0','0','0','',NULL,19173,18359),(14977,'ACC199','33517198900023',0,'','',0.00000000,'','','','','','','','','','',0,'0','0','0','',NULL,19174,18410),(14978,'ACC200','33678040800017',0,'','',0.00000000,'','','','','','','','','','',0,'0','0','0','',NULL,19175,18455),(14979,'ACC201','33803903500021',0,'','',0.00000000,'','','','','','','','','','',0,'0','0','0','',NULL,19176,18551),(14980,'ACC202','33805297000021',0,'','',0.00000000,'','','','','','','','','','',0,'0','0','0','',NULL,19177,18847),(14981,'ACC203','33810684200044',0,'','',0.00000000,'','','','','','','','','','',0,'0','0','0','',NULL,19178,18527),(14982,'ACC204','33815461000046',0,'','',0.00000000,'','','','','','','','','','',0,'0','0','0','',NULL,19179,18321),(14983,'ACC205','33818576200162',0,'','',0.00000000,'','','','','','','','','','',0,'0','0','0','',NULL,19180,18579),(14984,'ACC206','33846001700035',0,'','',0.00000000,'','','','','','','','','','',0,'0','0','0','',NULL,19181,18414),(14985,'ACC207','33856725800052',0,'','',0.00000000,'','','','','','','','','','',0,'0','0','0','',NULL,19182,18494),(14986,'ACC208','33856725800011',0,'','',0.00000000,'','','','','','','','','','',0,'0','0','0','',NULL,19183,18494),(14987,'ACC209','33875299100038',0,'','',0.00000000,'','','','','','','','','','',0,'0','0','0','',NULL,19184,18517),(14988,'ACC210','33903070200379',0,'','',0.00000000,'','','','','','','','','','',0,'0','0','0','',NULL,19185,18424),(14989,'ACC211','33903070200080',0,'','',0.00000000,'','','','','','','','','','',0,'0','0','0','',NULL,19186,18424),(14990,'ACC212','33903070200031',0,'','',0.00000000,'','','','','','','','','','',0,'0','0','0','',NULL,19187,18424),(14991,'ACC213','33949483300025',0,'','',0.00000000,'','','','','','','','','','',0,'0','0','0','',NULL,19188,18375),(14992,'ACC214','33970578200011',0,'','',0.00000000,'','','','','','','','','','',0,'0','0','0','',NULL,19189,18534),(14993,'ACC215','33976544800016',0,'','',0.00000000,'','','','','','','','','','',0,'0','0','0','',NULL,19190,18483),(14994,'ACC216','34027565000083',0,'','',0.00000000,'','','','','','','','','','',0,'0','0','0','',NULL,19191,18662),(14995,'ACC217','34051366200023',0,'','',0.00000000,'','','','','','','','','','',0,'0','0','0','',NULL,19192,18308),(14996,'ACC218','34099154600029',0,'','',0.00000000,'','','','','','','','','','',0,'0','0','0','',NULL,19193,18510),(14997,'ACC219','34145938600171',0,'','',0.00000000,'','','','','','','','','','',0,'0','0','0','',NULL,19194,18483),(14998,'ACC220','34150082500029',0,'','',0.00000000,'','','','','','','','','','',0,'0','0','0','',NULL,19195,18352),(14999,'ACC221','34191922300014',0,'','',0.00000000,'','','','','','','','','','',0,'0','0','0','',NULL,19196,18399),(15000,'ACC222','34228145800048',0,'','',0.00000000,'','','','','','','','','','',0,'0','0','0','',NULL,19197,18420),(15001,'ACC223','34236847900032',0,'','',0.00000000,'','','','','','','','','','',0,'0','0','0','',NULL,19198,18494),(15002,'ACC224','34276109500013',0,'','',0.00000000,'','','','','','','','','','',0,'0','0','0','',NULL,19199,18462),(15003,'ACC225','34296500100106',0,'','',0.00000000,'','','','','','','','','','',0,'0','0','0','',NULL,19200,18454),(15004,'ACC226','34313573700025',0,'','',0.00000000,'','','','','','','','','','',0,'0','0','0','',NULL,19201,18471),(15005,'ACC227','34385978100050',0,'','',0.00000000,'','','','','','','','','','',0,'0','0','0','',NULL,19202,18838),(15006,'ACC228','34415897700019',0,'','',0.00000000,'','','','','','','','','','',0,'0','0','0','',NULL,19203,18309),(15007,'ACC229','34430192400017',0,'','',0.00000000,'','','','','','','','','','',0,'0','0','0','',NULL,19204,18424),(15008,'ACC230','34434723200029',0,'','',0.00000000,'','','','','','','','','','',0,'0','0','0','',NULL,19205,18400),(15009,'ACC231','34458692000037',0,'','',0.00000000,'','','','','','','','','','',0,'0','0','0','',NULL,19206,18450),(15010,'ACC232','34471383900027',0,'','',0.00000000,'','','','','','','','','','',0,'0','0','0','',NULL,19207,18402),(15011,'ACC233','34473380300029',0,'','',0.00000000,'','','','','','','','','','',0,'0','0','0','',NULL,19208,18447),(15012,'ACC234','34522447100028',0,'','',0.00000000,'','','','','','','','','','',0,'0','0','0','',NULL,19209,18406),(15013,'ACC235','34523709300025',0,'','',0.00000000,'','','','','','','','','','',0,'0','0','0','',NULL,19210,18402),(15014,'ACC236','34535238900042',0,'','',0.00000000,'','','','','','','','','','',0,'0','0','0','',NULL,19211,18471),(15015,'ACC237','34582007000018',0,'','',0.00000000,'','','','','','','','','','',0,'0','0','0','',NULL,19212,18424),(15016,'ACC238','34770063500027',0,'','',0.00000000,'','','','','','','','','','',0,'0','0','0','',NULL,19213,18381),(15017,'ACC239','34773620900029',0,'','',0.00000000,'','','','','','','','','','',0,'0','0','0','',NULL,19214,18461),(15018,'ACC240','34794134600012',0,'','',0.00000000,'','','','','','','','','','',0,'0','0','0','',NULL,19215,18458),(15019,'ACC241','34826847500046',0,'','',0.00000000,'','','','','','','','','','',0,'0','0','0','',NULL,19216,18605),(15020,'ACC242','34853632700011',0,'','',0.00000000,'','','','','','','','','','',0,'0','0','0','',NULL,19217,18528),(15021,'ACC243','34879931300013',0,'','',0.00000000,'','','','','','','','','','',0,'0','0','0','',NULL,19218,18453),(15022,'ACC244','34891499500017',0,'','',0.00000000,'','','','','','','','','','',0,'0','0','0','',NULL,19219,18400),(15023,'ACC245','34900327700010',0,'','',0.00000000,'','','','','','','','','','',0,'0','0','0','',NULL,19220,18528),(15024,'ACC246','34907809700020',0,'','',0.00000000,'','','','','','','','','','',0,'0','0','0','',NULL,19221,18402),(15025,'ACC247','34923637200026',0,'','',0.00000000,'','','','','','','','','','',0,'0','0','0','',NULL,19222,18410),(15026,'ACC248','34930531800041',0,'','',0.00000000,'','','','','','','','','','',0,'0','0','0','',NULL,19223,18683),(15027,'ACC249','34931886500020',0,'','',0.00000000,'','','','','','','','','','',0,'0','0','0','',NULL,19224,18462),(15028,'ACC250','34947976600025',0,'','',0.00000000,'','','','','','','','','','',0,'0','0','0','',NULL,19225,18401),(15029,'ACC251','34950537000131',0,'','',0.00000000,'','','','','','','','','','',0,'0','0','0','',NULL,19226,18414),(15030,'ACC252','34969064400035',0,'','',0.00000000,'','','','','','','','','','',0,'0','0','0','',NULL,19227,18381),(15031,'ACC253','34976656800019',0,'','',0.00000000,'','','','','','','','','','',0,'0','0','0','',NULL,19228,18471),(15032,'ACC254','35015502400036',0,'','',0.00000000,'','','','','','','','','','',0,'0','0','0','',NULL,19229,18400),(15033,'ACC255','35032648400085',0,'','',0.00000000,'','','','','','','','','','',0,'0','0','0','',NULL,19230,18314),(15034,'ACC256','35069358600017',0,'','',0.00000000,'','','','','','','','','','',0,'0','0','0','',NULL,19231,18527),(15035,'ACC257','35100558200025',0,'','',0.00000000,'','','','','','','','','','',0,'0','0','0','',NULL,19232,18527),(15036,'ACC258','35156397800029',0,'','',0.00000000,'','','','','','','','','','',0,'0','0','0','',NULL,19233,18402),(15037,'ACC259','35176264600021',0,'','',0.00000000,'','','','','','','','','','',0,'0','0','0','',NULL,19234,18399),(15038,'ACC260','35191544200013',0,'','',0.00000000,'','','','','','','','','','',0,'0','0','0','',NULL,19235,18756),(15039,'ACC261','35197059500077',0,'','',0.00000000,'','','','','','','','','','',0,'0','0','0','',NULL,19236,18425),(15040,'ACC262','35201495500384',0,'','',0.00000000,'','','','','','','','','','',0,'0','0','0','',NULL,19237,18319),(15041,'ACC263','35217001300077',0,'','',0.00000000,'','','','','','','','','','',0,'0','0','0','',NULL,19238,18402),(15042,'ACC264','35217016100066',0,'','',0.00000000,'','','','','','','','','','',0,'0','0','0','',NULL,19239,18838),(15043,'ACC265','35217016100074',0,'','',0.00000000,'','','','','','','','','','',0,'0','0','0','',NULL,19240,18838),(15044,'ACC266','35230422400020',0,'','',0.00000000,'','','','','','','','','','',0,'0','0','0','',NULL,19241,18470),(15045,'ACC267','35231290400035',0,'','',0.00000000,'','','','','','','','','','',0,'0','0','0','',NULL,19242,18399),(15046,'ACC268','35232676300039',0,'','',0.00000000,'','','','','','','','','','',0,'0','0','0','',NULL,19243,18840),(15047,'ACC269','35238371500021',0,'','',0.00000000,'','','','','','','','','','',0,'0','0','0','',NULL,19244,18534),(15048,'ACC270','35245494600018',0,'','',0.00000000,'','','','','','','','','','',0,'0','0','0','',NULL,19245,18340),(15049,'ACC271','35251247900010',0,'','',0.00000000,'','','','','','','','','','',0,'0','0','0','',NULL,19246,18528),(15050,'ACC272','35253682500016',0,'','',0.00000000,'','','','','','','','','','',0,'0','0','0','',NULL,19247,18412),(15051,'ACC273','35261064600015',0,'','',0.00000000,'','','','','','','','','','',0,'0','0','0','',NULL,19248,18453),(15052,'ACC274','35270320100025',0,'','',0.00000000,'','','','','','','','','','',0,'0','0','0','',NULL,19249,18381),(15053,'ACC275','35275428700014',0,'','',0.00000000,'','','','','','','','','','',0,'0','0','0','',NULL,19250,18813),(15054,'ACC276','35284872500029',0,'','',0.00000000,'','','','','','','','','','',0,'0','0','0','',NULL,19251,18340),(15055,'ACC277','35284913700034',0,'','',0.00000000,'','','','','','','','','','',0,'0','0','0','',NULL,19252,18448),(15056,'ACC278','35292721400010',0,'','',0.00000000,'','','','','','','','','','',0,'0','0','0','',NULL,19253,18395),(15057,'ACC279','35343870800029',0,'','',0.00000000,'','','','','','','','','','',0,'0','0','0','',NULL,19254,18424),(15058,'ACC280','35354335800215',0,'','',0.00000000,'','','','','','','','','','',0,'0','0','0','',NULL,19255,18321),(15059,'ACC281','35376645400022',0,'','',0.00000000,'','','','','','','','','','',0,'0','0','0','',NULL,19256,18417),(15060,'ACC282','35378237800031',0,'','',0.00000000,'','','','','','','','','','',0,'0','0','0','',NULL,19257,18412),(15061,'ACC283','35720005400066',0,'','',0.00000000,'','','','','','','','','','',0,'0','0','0','',NULL,19258,18326),(15062,'ACC284','35720005400017',0,'','',0.00000000,'','','','','','','','','','',0,'0','0','0','',NULL,19259,18326),(15063,'ACC285','35720005400124',0,'','',0.00000000,'','','','','','','','','','',0,'0','0','0','',NULL,19260,18326),(15064,'ACC286','36050048200011',0,'','',0.00000000,'','','','','','','','','','',0,'0','0','0','',NULL,19261,18399),(15065,'ACC287','36120038900621',0,'','',0.00000000,'','','','','','','','','','',0,'0','0','0','',NULL,19262,18625),(15066,'ACC288','36320028800019',0,'','',0.00000000,'','','','','','','','','','',0,'0','0','0','',NULL,19263,18402),(15067,'ACC289','36480067200032',0,'','',0.00000000,'','','','','','','','','','',0,'0','0','0','',NULL,19264,18381),(15068,'ACC290','36920016700012',0,'','',0.00000000,'','','','','','','','','','',0,'0','0','0','',NULL,19265,18527),(15069,'ACC291','37050075300014',0,'','',0.00000000,'','','','','','','','','','',0,'0','0','0','',NULL,19266,18400),(15070,'ACC292','37759916200015',0,'','',0.00000000,'','','','','','','','','','',0,'0','0','0','',NULL,19267,18406),(15071,'ACC293','37767984000100',0,'','',0.00000000,'','','','','','','','','','',0,'0','0','0','',NULL,19268,18418),(15072,'ACC294','37812611400016',0,'','',0.00000000,'','','','','','','','','','',0,'0','0','0','',NULL,19269,18343),(15073,'ACC295','37816847000136',0,'','',0.00000000,'','','','','','','','','','',0,'0','0','0','',NULL,19270,18467),(15074,'ACC296','37828898900023',0,'','',0.00000000,'','','','','','','','','','',0,'0','0','0','',NULL,19271,18446),(15075,'ACC297','37834660500041',0,'','',0.00000000,'','','','','','','','','','',0,'0','0','0','',NULL,19272,18471),(15076,'ACC298','37855561900063',0,'','',0.00000000,'','','','','','','','','','',0,'0','0','0','',NULL,19273,18838),(15077,'ACC299','37868743800010',0,'','',0.00000000,'','','','','','','','','','',0,'0','0','0','',NULL,19274,18624),(15078,'ACC300','37873079000029',0,'','',0.00000000,'','','','','','','','','','',0,'0','0','0','',NULL,19275,18400),(15079,'ACC301','37880782000022',0,'','',0.00000000,'','','','','','','','','','',0,'0','0','0','',NULL,19276,18455),(15080,'ACC302','37883447700010',0,'','',0.00000000,'','','','','','','','','','',0,'0','0','0','',NULL,19277,18555),(15081,'ACC303','37892427800013',0,'','',0.00000000,'','','','','','','','','','',0,'0','0','0','',NULL,19278,18470),(15082,'ACC304','37899090700032',0,'','',0.00000000,'','','','','','','','','','',0,'0','0','0','',NULL,19279,18325),(15083,'ACC305','37899289501548',0,'','',0.00000000,'','','','','','','','','','',0,'0','0','0','',NULL,19280,18757),(15084,'ACC306','37904139500011',0,'','',0.00000000,'','','','','','','','','','',0,'0','0','0','',NULL,19281,18466),(15085,'ACC307','37909534200018',0,'','',0.00000000,'','','','','','','','','','',0,'0','0','0','',NULL,19282,18385),(15086,'ACC308','37913416600840',0,'','',0.00000000,'','','','','','','','','','',0,'0','0','0','',NULL,19283,18624),(15087,'ACC309','37926065600036',0,'','',0.00000000,'','','','','','','','','','',0,'0','0','0','',NULL,19284,18326),(15088,'ACC310','37939484400037',0,'','',0.00000000,'','','','','','','','','','',0,'0','0','0','',NULL,19285,18311),(15089,'ACC311','38011030400017',0,'','',0.00000000,'','','','','','','','','','',0,'0','0','0','',NULL,19286,18415),(15090,'ACC312','38016084600032',0,'','',0.00000000,'','','','','','','','','','',0,'0','0','0','',NULL,19287,18375),(15091,'ACC313','38016095200020',0,'','',0.00000000,'','','','','','','','','','',0,'0','0','0','',NULL,19288,18423),(15092,'ACC314','38024372500039',0,'','',0.00000000,'','','','','','','','','','',0,'0','0','0','',NULL,19289,18401),(15093,'ACC315','38025482100024',0,'','',0.00000000,'','','','','','','','','','',0,'0','0','0','',NULL,19290,18460),(15094,'ACC316','38042420000018',0,'','',0.00000000,'','','','','','','','','','',0,'0','0','0','',NULL,19291,18453),(15095,'ACC317','38087078200030',0,'','',0.00000000,'','','','','','','','','','',0,'0','0','0','',NULL,19292,18412),(15096,'ACC318','38120481700013',0,'','',0.00000000,'','','','','','','','','','',0,'0','0','0','',NULL,19293,18516),(15097,'ACC319','38125212100029',0,'','',0.00000000,'','','','','','','','','','',0,'0','0','0','',NULL,19294,18892),(15098,'ACC320','38152390100043',0,'','',0.00000000,'','','','','','','','','','',0,'0','0','0','',NULL,19295,18339),(15099,'ACC321','38167415900037',0,'','',0.00000000,'','','','','','','','','','',0,'0','0','0','',NULL,19296,18489),(15100,'ACC322','38182350900017',0,'','',0.00000000,'','','','','','','','','','',0,'0','0','0','',NULL,19297,18548),(15101,'ACC323','38186422200033',0,'','',0.00000000,'','','','','','','','','','',0,'0','0','0','',NULL,19298,18849),(15102,'ACC324','38201714300027',0,'','',0.00000000,'','','','','','','','','','',0,'0','0','0','',NULL,19299,18482),(15103,'ACC325','38223621400013',0,'','',0.00000000,'','','','','','','','','','',0,'0','0','0','',NULL,19300,18340),(15104,'ACC326','38254979800017',0,'','',0.00000000,'','','','','','','','','','',0,'0','0','0','',NULL,19301,18383),(15105,'ACC327','38263511800021',0,'','',0.00000000,'','','','','','','','','','',0,'0','0','0','',NULL,19302,18678),(15106,'ACC328','38267714400067',0,'','',0.00000000,'','','','','','','','','','',0,'0','0','0','',NULL,19303,18662),(15107,'ACC329','38267912400026',0,'','',0.00000000,'','','','','','','','','','',0,'0','0','0','',NULL,19304,18437),(15108,'ACC330','38274898600017',0,'','',0.00000000,'','','','','','','','','','',0,'0','0','0','',NULL,19305,18649),(15109,'ACC331','38279486500065',0,'','',0.00000000,'','','','','','','','','','',0,'0','0','0','',NULL,19306,18344),(15110,'ACC332','38284447000031',0,'','',0.00000000,'','','','','','','','','','',0,'0','0','0','',NULL,19307,18445),(15111,'ACC333','38289442600016',0,'','',0.00000000,'','','','','','','','','','',0,'0','0','0','',NULL,19308,18400),(15112,'ACC334','38302098900059',0,'','',0.00000000,'','','','','','','','','','',0,'0','0','0','',NULL,19309,18401),(15113,'ACC335','38304481500017',0,'','',0.00000000,'','','','','','','','','','',0,'0','0','0','',NULL,19310,18472),(15114,'ACC336','38313622300039',0,'','',0.00000000,'','','','','','','','','','',0,'0','0','0','',NULL,19311,18414),(15115,'ACC337','38316848100018',0,'','',0.00000000,'','','','','','','','','','',0,'0','0','0','',NULL,19312,18322),(15116,'ACC338','38339245300023',0,'','',0.00000000,'','','','','','','','','','',0,'0','0','0','',NULL,19313,18414),(15117,'ACC339','38357389600032',0,'','',0.00000000,'','','','','','','','','','',0,'0','0','0','',NULL,19314,18402),(15118,'ACC340','38365583400034',0,'','',0.00000000,'','','','','','','','','','',0,'0','0','0','',NULL,19315,18327),(15119,'ACC341','38374724300079',0,'','',0.00000000,'','','','','','','','','','',0,'0','0','0','',NULL,19316,18447),(15120,'ACC342','38374724300020',0,'','',0.00000000,'','','','','','','','','','',0,'0','0','0','',NULL,19317,18447),(15121,'ACC343','38376068300029',0,'','',0.00000000,'','','','','','','','','','',0,'0','0','0','',NULL,19318,18482),(15122,'ACC344','38391113800048',0,'','',0.00000000,'','','','','','','','','','',0,'0','0','0','',NULL,19319,18684),(15123,'ACC345','38398687400014',0,'','',0.00000000,'','','','','','','','','','',0,'0','0','0','',NULL,19320,18307),(15124,'ACC346','38409356300086',0,'','',0.00000000,'','','','','','','','','','',0,'0','0','0','',NULL,19321,18410),(15125,'ACC347','38409356300029',0,'','',0.00000000,'','','','','','','','','','',0,'0','0','0','',NULL,19322,18410),(15126,'ACC348','38419294400013',0,'','',0.00000000,'','','','','','','','','','',0,'0','0','0','',NULL,19323,18419),(15127,'ACC349','38425609500066',0,'','',0.00000000,'','','','','','','','','','',0,'0','0','0','',NULL,19324,18843),(15128,'ACC350','38462596800035',0,'','',0.00000000,'','','','','','','','','','',0,'0','0','0','',NULL,19325,18400),(15129,'ACC351','38465045300036',0,'','',0.00000000,'','','','','','','','','','',0,'0','0','0','',NULL,19326,18456),(15130,'ACC352','38471190900034',0,'','',0.00000000,'','','','','','','','','','',0,'0','0','0','',NULL,19327,18483),(15131,'ACC353','38498385400017',0,'','',0.00000000,'','','','','','','','','','',0,'0','0','0','',NULL,19328,18410),(15132,'ACC354','38519773600015',0,'','',0.00000000,'','','','','','','','','','',0,'0','0','0','',NULL,19329,18414),(15133,'ACC355','38802115600053',0,'','',0.00000000,'','','','','','','','','','',0,'0','0','0','',NULL,19330,18316),(15134,'ACC356','38805035300092',0,'','',0.00000000,'','','','','','','','','','',0,'0','0','0','',NULL,19331,18712),(15135,'ACC357','38806475000010',0,'','',0.00000000,'','','','','','','','','','',0,'0','0','0','',NULL,19332,18411),(15136,'ACC358','38830355400017',0,'','',0.00000000,'','','','','','','','','','',0,'0','0','0','',NULL,19333,18400),(15137,'ACC359','38848049300013',0,'','',0.00000000,'','','','','','','','','','',0,'0','0','0','',NULL,19334,18381),(15138,'ACC360','38896677200039',0,'','',0.00000000,'','','','','','','','','','',0,'0','0','0','',NULL,19335,18470),(15139,'ACC361','38898814900034',0,'','',0.00000000,'','','','','','','','','','',0,'0','0','0','',NULL,19336,18503),(15140,'ACC362','38919198200054',0,'','',0.00000000,'','','','','','','','','','',0,'0','0','0','',NULL,19337,18533),(15141,'ACC363','38921885000037',0,'','',0.00000000,'','','','','','','','','','',0,'0','0','0','',NULL,19338,18400),(15142,'ACC364','38947030300014',0,'','',0.00000000,'','','','','','','','','','',0,'0','0','0','',NULL,19339,18499),(15143,'ACC365','38970414900027',0,'','',0.00000000,'','','','','','','','','','',0,'0','0','0','',NULL,19340,18445),(15144,'ACC366','38972750400026',0,'','',0.00000000,'','','','','','','','','','',0,'0','0','0','',NULL,19341,18381),(15145,'ACC367','39009941400042',0,'','',0.00000000,'','','','','','','','','','',0,'0','0','0','',NULL,19342,18528),(15146,'ACC368','39024187500017',0,'','',0.00000000,'','','','','','','','','','',0,'0','0','0','',NULL,19343,18321),(15147,'ACC369','39034024800025',0,'','',0.00000000,'','','','','','','','','','',0,'0','0','0','',NULL,19344,18399),(15148,'ACC370','39036238200033',0,'','',0.00000000,'','','','','','','','','','',0,'0','0','0','',NULL,19345,18412),(15149,'ACC371','39054245400025',0,'','',0.00000000,'','','','','','','','','','',0,'0','0','0','',NULL,19346,18400),(15150,'ACC372','39060925300039',0,'','',0.00000000,'','','','','','','','','','',0,'0','0','0','',NULL,19347,18402),(15151,'ACC373','39080395500074',0,'','',0.00000000,'','','','','','','','','','',0,'0','0','0','',NULL,19348,18469),(15152,'ACC374','39102040100017',0,'','',0.00000000,'','','','','','','','','','',0,'0','0','0','',NULL,19349,18472),(15153,'ACC375','39140086800017',0,'','',0.00000000,'','','','','','','','','','',0,'0','0','0','',NULL,19350,18962),(15154,'ACC376','39151842000016',0,'','',0.00000000,'','','','','','','','','','',0,'0','0','0','',NULL,19351,18412),(15155,'ACC377','39157535400017',0,'','',0.00000000,'','','','','','','','','','',0,'0','0','0','',NULL,19352,18446),(15156,'ACC378','39174530400025',0,'','',0.00000000,'','','','','','','','','','',0,'0','0','0','',NULL,19353,18528),(15157,'ACC379','39206810200046',0,'','',0.00000000,'','','','','','','','','','',0,'0','0','0','',NULL,19354,18294),(15158,'ACC380','39246627200037',0,'','',0.00000000,'','','','','','','','','','',0,'0','0','0','',NULL,19355,18469),(15159,'ACC381','39286024300055',0,'','',0.00000000,'','','','','','','','','','',0,'0','0','0','',NULL,19356,18395),(15160,'ACC382','39342477500020',0,'','',0.00000000,'','','','','','','','','','',0,'0','0','0','',NULL,19357,18426),(15161,'ACC383','39352599300522',0,'','',0.00000000,'','','','','','','','','','',0,'0','0','0','',NULL,19358,18497),(15162,'ACC384','39362043000016',0,'','',0.00000000,'','','','','','','','','','',0,'0','0','0','',NULL,19359,18476),(15163,'ACC385','39377905300023',0,'','',0.00000000,'','','','','','','','','','',0,'0','0','0','',NULL,19360,18573),(15164,'ACC386','39378368300021',0,'','',0.00000000,'','','','','','','','','','',0,'0','0','0','',NULL,19361,18390),(15165,'ACC387','39427211600010',0,'','',0.00000000,'','','','','','','','','','',0,'0','0','0','',NULL,19362,18307),(15166,'ACC388','39490530100013',0,'','',0.00000000,'','','','','','','','','','',0,'0','0','0','',NULL,19363,18370),(15167,'ACC389','39504742600014',0,'','',0.00000000,'','','','','','','','','','',0,'0','0','0','',NULL,19364,18460),(15168,'ACC390','39505078400036',0,'','',0.00000000,'','','','','','','','','','',0,'0','0','0','',NULL,19365,18813),(15169,'ACC391','39765974900014',0,'','',0.00000000,'','','','','','','','','','',0,'0','0','0','',NULL,19366,18380),(15170,'ACC392','39767319500012',0,'','',0.00000000,'','','','','','','','','','',0,'0','0','0','',NULL,19367,18334),(15171,'ACC393','39771069000017',0,'','',0.00000000,'','','','','','','','','','',0,'0','0','0','',NULL,19368,18414),(15172,'ACC394','39781575400122',0,'','',0.00000000,'','','','','','','','','','',0,'0','0','0','',NULL,19369,18321),(15173,'ACC395','39786602100025',0,'','',0.00000000,'','','','','','','','','','',0,'0','0','0','',NULL,19370,18847),(15174,'ACC396','39840419400084',0,'','',0.00000000,'','','','','','','','','','',0,'0','0','0','',NULL,19371,18315),(15175,'ACC397','39879638300022',0,'','',0.00000000,'','','','','','','','','','',0,'0','0','0','',NULL,19372,18528),(15176,'ACC398','39898406200016',0,'','',0.00000000,'','','','','','','','','','',0,'0','0','0','',NULL,19373,18624),(15177,'ACC399','39904259700043',0,'','',0.00000000,'','','','','','','','','','',0,'0','0','0','',NULL,19374,18381),(15178,'ACC400','39917844100016',0,'','',0.00000000,'','','','','','','','','','',0,'0','0','0','',NULL,19375,18515),(15179,'ACC401','39919039600040',0,'','',0.00000000,'','','','','','','','','','',0,'0','0','0','',NULL,19376,18402),(15180,'ACC402','39929538500070',0,'','',0.00000000,'','','','','','','','','','',0,'0','0','0','',NULL,19377,18662),(15181,'ACC403','39931131500028',0,'','',0.00000000,'','','','','','','','','','',0,'0','0','0','',NULL,19378,18424),(15182,'ACC404','39931174500026',0,'','',0.00000000,'','','','','','','','','','',0,'0','0','0','',NULL,19379,18381),(15183,'ACC405','39931808800024',0,'','',0.00000000,'','','','','','','','','','',0,'0','0','0','',NULL,19380,18380),(15184,'ACC406','39933249300044',0,'','',0.00000000,'','','','','','','','','','',0,'0','0','0','',NULL,19381,18455),(15185,'ACC407','39934364900030',0,'','',0.00000000,'','','','','','','','','','',0,'0','0','0','',NULL,19382,18400),(15186,'ACC408','39940343500361',0,'','',0.00000000,'','','','','','','','','','',0,'0','0','0','',NULL,19383,18678),(15187,'ACC409','39955316300029',0,'','',0.00000000,'','','','','','','','','','',0,'0','0','0','',NULL,19384,18472),(15188,'ACC410','40021270000027',0,'','',0.00000000,'','','','','','','','','','',0,'0','0','0','',NULL,19385,18446),(15189,'ACC411','40032377000018',0,'','',0.00000000,'','','','','','','','','','',0,'0','0','0','',NULL,19386,18420),(15190,'ACC412','40033322500029',0,'','',0.00000000,'','','','','','','','','','',0,'0','0','0','',NULL,19387,18381),(15191,'ACC413','40086927700014',0,'','',0.00000000,'','','','','','','','','','',0,'0','0','0','',NULL,19388,18322),(15192,'ACC414','40107089100015',0,'','',0.00000000,'','','','','','','','','','',0,'0','0','0','',NULL,19389,18601),(15193,'ACC415','40113322800023',0,'','',0.00000000,'','','','','','','','','','',0,'0','0','0','',NULL,19390,18470),(15194,'ACC416','40122481100018',0,'','',0.00000000,'','','','','','','','','','',0,'0','0','0','',NULL,19391,18517),(15195,'ACC417','40137136400019',0,'','',0.00000000,'','','','','','','','','','',0,'0','0','0','',NULL,19392,18549),(15196,'ACC418','40150712400022',0,'','',0.00000000,'','','','','','','','','','',0,'0','0','0','',NULL,19393,18375),(15197,'ACC419','40179195900059',0,'','',0.00000000,'','','','','','','','','','',0,'0','0','0','',NULL,19394,18843),(15198,'ACC420','40212003400010',0,'','',0.00000000,'','','','','','','','','','',0,'0','0','0','',NULL,19395,18399),(15199,'ACC421','40217165600018',0,'','',0.00000000,'','','','','','','','','','',0,'0','0','0','',NULL,19396,18481),(15200,'ACC422','40267432900089',0,'','',0.00000000,'','','','','','','','','','',0,'0','0','0','',NULL,19397,18413),(15201,'ACC423','40283980700011',0,'','',0.00000000,'','','','','','','','','','',0,'0','0','0','',NULL,19398,18381),(15202,'ACC424','40294970500089',0,'','',0.00000000,'','','','','','','','','','',0,'0','0','0','',NULL,19399,18399),(15203,'ACC425','40296039700048',0,'','',0.00000000,'','','','','','','','','','',0,'0','0','0','',NULL,19400,18677),(15204,'ACC426','40296529700011',0,'','',0.00000000,'','','','','','','','','','',0,'0','0','0','',NULL,19401,18381),(15205,'ACC427','40311943100027',0,'','',0.00000000,'','','','','','','','','','',0,'0','0','0','',NULL,19402,18527),(15206,'ACC428','40313508000048',0,'','',0.00000000,'','','','','','','','','','',0,'0','0','0','',NULL,19403,18400),(15207,'ACC429','40313822500053',0,'','',0.00000000,'','','','','','','','','','',0,'0','0','0','',NULL,19404,18326),(15208,'ACC430','40313822500038',0,'','',0.00000000,'','','','','','','','','','',0,'0','0','0','',NULL,19405,18326),(15209,'ACC431','40313822500012',0,'','',0.00000000,'','','','','','','','','','',0,'0','0','0','',NULL,19406,18326),(15210,'ACC432','40313822500020',0,'','',0.00000000,'','','','','','','','','','',0,'0','0','0','',NULL,19407,18326),(15211,'ACC433','40314435500019',0,'','',0.00000000,'','','','','','','','','','',0,'0','0','0','',NULL,19408,18395),(15212,'ACC434','40318080500018',0,'','',0.00000000,'','','','','','','','','','',0,'0','0','0','',NULL,19409,18400),(15213,'ACC435','40322731700019',0,'','',0.00000000,'','','','','','','','','','',0,'0','0','0','',NULL,19410,18397),(15214,'ACC436','40375455900017',0,'','',0.00000000,'','','','','','','','','','',0,'0','0','0','',NULL,19411,18429),(15215,'ACC437','40378503300024',0,'','',0.00000000,'','','','','','','','','','',0,'0','0','0','',NULL,19412,18321),(15216,'ACC438','40522384300013',0,'','',0.00000000,'','','','','','','','','','',0,'0','0','0','',NULL,19413,18458),(15217,'ACC439','40531716500026',0,'','',0.00000000,'','','','','','','','','','',0,'0','0','0','',NULL,19414,18679),(15218,'ACC440','40728044500070',0,'','',0.00000000,'','','','','','','','','','',0,'0','0','0','',NULL,19415,18334),(15219,'ACC441','40749369100049',0,'','',0.00000000,'','','','','','','','','','',0,'0','0','0','',NULL,19416,18402),(15220,'ACC442','40763454200010',0,'','',0.00000000,'','','','','','','','','','',0,'0','0','0','',NULL,19417,18414),(15221,'ACC443','40771026800027',0,'','',0.00000000,'','','','','','','','','','',0,'0','0','0','',NULL,19418,18414),(15222,'ACC444','40774764100022',0,'','',0.00000000,'','','','','','','','','','',0,'0','0','0','',NULL,19419,18649),(15223,'ACC445','40798221400014',0,'','',0.00000000,'','','','','','','','','','',0,'0','0','0','',NULL,19420,18501),(15224,'ACC446','40802335600020',0,'','',0.00000000,'','','','','','','','','','',0,'0','0','0','',NULL,19421,18411),(15225,'ACC447','40848199200019',0,'','',0.00000000,'','','','','','','','','','',0,'0','0','0','',NULL,19422,18402),(15226,'ACC448','40850705100014',0,'','',0.00000000,'','','','','','','','','','',0,'0','0','0','',NULL,19423,18500),(15227,'ACC449','40855556300035',0,'','',0.00000000,'','','','','','','','','','',0,'0','0','0','',NULL,19424,18327),(15228,'ACC450','40868392800019',0,'','',0.00000000,'','','','','','','','','','',0,'0','0','0','',NULL,19425,18574),(15229,'ACC451','40978343800115',0,'','',0.00000000,'','','','','','','','','','',0,'0','0','0','',NULL,19426,18397),(15230,'ACC452','40989344300013',0,'','',0.00000000,'','','','','','','','','','',0,'0','0','0','',NULL,19427,18517),(15231,'ACC453','40991669900013',0,'','',0.00000000,'','','','','','','','','','',0,'0','0','0','',NULL,19428,18420),(15232,'ACC454','41006415800018',0,'','',0.00000000,'','','','','','','','','','',0,'0','0','0','',NULL,19429,18397),(15233,'ACC455','41008164000097',0,'','',0.00000000,'','','','','','','','','','',0,'0','0','0','',NULL,19430,18419),(15234,'ACC456','41009128400027',0,'','',0.00000000,'','','','','','','','','','',0,'0','0','0','',NULL,19431,18414),(15235,'ACC457','41012543900043',0,'','',0.00000000,'','','','','','','','','','',0,'0','0','0','',NULL,19432,18453),(15236,'ACC458','41012794800058',0,'','',0.00000000,'','','','','','','','','','',0,'0','0','0','',NULL,19433,18453),(15237,'ACC459','41014039600038',0,'','',0.00000000,'','','','','','','','','','',0,'0','0','0','',NULL,19434,18450),(15238,'ACC460','41020620500024',0,'','',0.00000000,'','','','','','','','','','',0,'0','0','0','',NULL,19435,18527),(15239,'ACC461','04102062700028',0,'','',0.00000000,'','','','','','','','','','',0,'0','0','0','',NULL,NULL,NULL),(15240,'ACC462','41020643700031',0,'','',0.00000000,'','','','','','','','','','',0,'0','0','0','',NULL,19436,18527),(15241,'ACC463','41021904200026',0,'','',0.00000000,'','','','','','','','','','',0,'0','0','0','',NULL,19437,18399),(15242,'ACC464','41028670200023',0,'','',0.00000000,'','','','','','','','','','',0,'0','0','0','',NULL,19438,18360),(15243,'ACC465','41029320300023',0,'','',0.00000000,'','','','','','','','','','',0,'0','0','0','',NULL,19439,18381),(15244,'ACC466','41031014800037',0,'','',0.00000000,'','','','','','','','','','',0,'0','0','0','',NULL,19440,18414),(15245,'ACC467','41043591100061',0,'','',0.00000000,'','','','','','','','','','',0,'0','0','0','',NULL,19441,18446),(15246,'ACC468','41119888000022',0,'','',0.00000000,'','','','','','','','','','',0,'0','0','0','',NULL,19442,18385),(15247,'ACC469','41129914200041',0,'','',0.00000000,'','','','','','','','','','',0,'0','0','0','',NULL,19443,18390),(15248,'ACC470','41129914200033',0,'','',0.00000000,'','','','','','','','','','',0,'0','0','0','',NULL,19444,18390),(15249,'ACC471','41179561000020',0,'','',0.00000000,'','','','','','','','','','',0,'0','0','0','',NULL,19445,18311),(15250,'ACC472','41186466300066',0,'','',0.00000000,'','','','','','','','','','',0,'0','0','0','',NULL,19446,18478),(15251,'ACC473','41211980200012',0,'','',0.00000000,'','','','','','','','','','',0,'0','0','0','',NULL,19447,18311),(15252,'ACC474','41239979200214',0,'','',0.00000000,'','','','','','','','','','',0,'0','0','0','',NULL,19448,18664),(15253,'ACC475','41243174400041',0,'','',0.00000000,'','','','','','','','','','',0,'0','0','0','',NULL,19449,18303),(15254,'ACC476','41243174400066',0,'','',0.00000000,'','','','','','','','','','',0,'0','0','0','',NULL,19450,18303),(15255,'ACC477','41243174400074',0,'','',0.00000000,'','','','','','','','','','',0,'0','0','0','',NULL,19451,18303),(15256,'ACC478','41243174400199',0,'','',0.00000000,'','','','','','','','','','',0,'0','0','0','',NULL,19452,18303),(15257,'ACC479','41243174400082',0,'','',0.00000000,'','','','','','','','','','',0,'0','0','0','',NULL,19453,18303),(15258,'ACC480','41243174400298',0,'','',0.00000000,'','','','','','','','','','',0,'0','0','0','',NULL,19454,18303),(15259,'ACC481','41256170600075',0,'','',0.00000000,'','','','','','','','','','',0,'0','0','0','',NULL,19455,18573),(15260,'ACC482','41256170600059',0,'','',0.00000000,'','','','','','','','','','',0,'0','0','0','',NULL,19456,18573),(15261,'ACC483','41256170600067',0,'','',0.00000000,'','','','','','','','','','',0,'0','0','0','',NULL,19457,18573),(15262,'ACC484','41256170600042',0,'','',0.00000000,'','','','','','','','','','',0,'0','0','0','',NULL,19458,18573),(15263,'ACC485','41263935300017',0,'','',0.00000000,'','','','','','','','','','',0,'0','0','0','',NULL,19459,18381),(15264,'ACC486','41291245300104',0,'','',0.00000000,'','','','','','','','','','',0,'0','0','0','',NULL,19460,18649),(15265,'ACC487','41343366500010',0,'','',0.00000000,'','','','','','','','','','',0,'0','0','0','',NULL,19461,18400),(15266,'ACC488','41343739300015',0,'','',0.00000000,'','','','','','','','','','',0,'0','0','0','',NULL,19462,18300),(15267,'ACC489','41358103400027',0,'','',0.00000000,'','','','','','','','','','',0,'0','0','0','',NULL,19463,18400),(15268,'ACC490','41395780400011',0,'','',0.00000000,'','','','','','','','','','',0,'0','0','0','',NULL,19464,18838),(15269,'ACC491','41444299600032',0,'','',0.00000000,'','','','','','','','','','',0,'0','0','0','',NULL,19465,18400),(15270,'ACC492','41444299600024',0,'','',0.00000000,'','','','','','','','','','',0,'0','0','0','',NULL,19466,18400),(15271,'ACC493','41447769500020',0,'','',0.00000000,'','','','','','','','','','',0,'0','0','0','',NULL,19467,18400),(15272,'ACC494','41457405300081',0,'','',0.00000000,'','','','','','','','','','',0,'0','0','0','',NULL,19468,18399),(15273,'ACC495','41466819400049',0,'','',0.00000000,'','','','','','','','','','',0,'0','0','0','',NULL,19469,18527),(15274,'ACC496','41468792100034',0,'','',0.00000000,'','','','','','','','','','',0,'0','0','0','',NULL,19470,18683),(15275,'ACC497','41493420800011',0,'','',0.00000000,'','','','','','','','','','',0,'0','0','0','',NULL,19471,18360),(15276,'ACC498','41498294200065',0,'','',0.00000000,'','','','','','','','','','',0,'0','0','0','',NULL,19472,18683),(15277,'ACC499','41498294200099',0,'','',0.00000000,'','','','','','','','','','',0,'0','0','0','',NULL,19473,18683),(15278,'ACC500','41498294200073',0,'','',0.00000000,'','','','','','','','','','',0,'0','0','0','',NULL,19474,18683),(15279,'ACC501','41520335500011',0,'','',0.00000000,'','','','','','','','','','',0,'0','0','0','',NULL,19475,18548),(15280,'ACC502','41555002900011',0,'','',0.00000000,'','','','','','','','','','',0,'0','0','0','',NULL,19476,18410),(15281,'ACC503','41555022700086',0,'','',0.00000000,'','','','','','','','','','',0,'0','0','0','',NULL,19477,18410),(15282,'ACC504','41555028400012',0,'','',0.00000000,'','','','','','','','','','',0,'0','0','0','',NULL,19478,18410),(15283,'ACC505','41575066000011',0,'','',0.00000000,'','','','','','','','','','',0,'0','0','0','',NULL,19479,18410),(15284,'ACC506','41635023900024',0,'','',0.00000000,'','','','','','','','','','',0,'0','0','0','',NULL,19480,18410),(15285,'ACC507','41735031100011',0,'','',0.00000000,'','','','','','','','','','',0,'0','0','0','',NULL,19481,18414),(15286,'ACC508','41821507500023',0,'','',0.00000000,'','','','','','','','','','',0,'0','0','0','',NULL,19482,18399),(15287,'ACC509','41860940000043',0,'','',0.00000000,'','','','','','','','','','',0,'0','0','0','',NULL,19483,18411),(15288,'ACC510','41907265700028',0,'','',0.00000000,'','','','','','','','','','',0,'0','0','0','',NULL,19484,18372),(15289,'ACC511','41934104500054',0,'','',0.00000000,'','','','','','','','','','',0,'0','0','0','',NULL,19485,18399),(15290,'ACC512','41968381800035',0,'','',0.00000000,'','','','','','','','','','',0,'0','0','0','',NULL,19486,18622),(15291,'ACC513','42001981200254',0,'','',0.00000000,'','','','','','','','','','',0,'0','0','0','',NULL,19487,18847),(15292,'ACC514','42001981200262',0,'','',0.00000000,'','','','','','','','','','',0,'0','0','0','',NULL,19488,18847),(15293,'ACC515','42001981200106',0,'','',0.00000000,'','','','','','','','','','',0,'0','0','0','',NULL,19489,18847),(15294,'ACC516','42001981200270',0,'','',0.00000000,'','','','','','','','','','',0,'0','0','0','',NULL,19490,18847),(15295,'ACC517','42001981200049',0,'','',0.00000000,'','','','','','','','','','',0,'0','0','0','',NULL,19491,18847),(15296,'ACC518','42001981200189',0,'','',0.00000000,'','','','','','','','','','',0,'0','0','0','',NULL,19492,18847),(15297,'ACC519','42001981200304',0,'','',0.00000000,'','','','','','','','','','',0,'0','0','0','',NULL,19493,18847),(15298,'ACC520','42029802800010',0,'','',0.00000000,'','','','','','','','','','',0,'0','0','0','',NULL,19494,18478),(15299,'ACC521','42041139900017',0,'','',0.00000000,'','','','','','','','','','',0,'0','0','0','',NULL,19495,18573),(15300,'ACC522','42048211900013',0,'','',0.00000000,'','','','','','','','','','',0,'0','0','0','',NULL,19496,18375),(15301,'ACC523','42055905600031',0,'','',0.00000000,'','','','','','','','','','',0,'0','0','0','',NULL,19497,18527),(15302,'ACC524','42060996800052',0,'','',0.00000000,'','','','','','','','','','',0,'0','0','0','',NULL,19498,18683),(15303,'ACC525','42061043800046',0,'','',0.00000000,'','','','','','','','','','',0,'0','0','0','',NULL,19499,18400),(15304,'ACC526','42061138600079',0,'','',0.00000000,'','','','','','','','','','',0,'0','0','0','',NULL,19500,18402),(15305,'ACC527','42074322100038',0,'','',0.00000000,'','','','','','','','','','',0,'0','0','0','',NULL,19501,18381),(15306,'ACC528','42091691800048',0,'','',0.00000000,'','','','','','','','','','',0,'0','0','0','',NULL,19502,18534),(15307,'ACC529','42106546700027',0,'','',0.00000000,'','','','','','','','','','',0,'0','0','0','',NULL,19503,18568),(15308,'ACC530','42116275100026',0,'','',0.00000000,'','','','','','','','','','',0,'0','0','0','',NULL,19504,18530),(15309,'ACC531','42117403800032',0,'','',0.00000000,'','','','','','','','','','',0,'0','0','0','',NULL,19505,18446),(15310,'ACC532','42126440900028',0,'','',0.00000000,'','','','','','','','','','',0,'0','0','0','',NULL,19506,18400),(15311,'ACC533','42134336900011',0,'','',0.00000000,'','','','','','','','','','',0,'0','0','0','',NULL,19507,18333),(15312,'ACC534','42145405900047',0,'','',0.00000000,'','','','','','','','','','',0,'0','0','0','',NULL,19508,18447),(15313,'ACC535','42145440600099',0,'','',0.00000000,'','','','','','','','','','',0,'0','0','0','',NULL,19509,18401),(15314,'ACC536','42151177500031',0,'','',0.00000000,'','','','','','','','','','',0,'0','0','0','',NULL,19510,18453),(15315,'ACC537','42162207700038',0,'','',0.00000000,'','','','','','','','','','',0,'0','0','0','',NULL,19511,18458),(15316,'ACC538','42186325900014',0,'','',0.00000000,'','','','','','','','','','',0,'0','0','0','',NULL,19512,18494),(15317,'ACC539','42228809200089',0,'','',0.00000000,'','','','','','','','','','',0,'0','0','0','',NULL,19513,18838),(15318,'ACC540','42238216800017',0,'','',0.00000000,'','','','','','','','','','',0,'0','0','0','',NULL,19514,18856),(15319,'ACC541','42250534700035',0,'','',0.00000000,'','','','','','','','','','',0,'0','0','0','',NULL,19515,18455),(15320,'ACC542','42291033100012',0,'','',0.00000000,'','','','','','','','','','',0,'0','0','0','',NULL,19516,18677),(15321,'ACC543','42396343800019',0,'','',0.00000000,'','','','','','','','','','',0,'0','0','0','',NULL,19517,18573),(15322,'ACC544','42398975500057',0,'','',0.00000000,'','','','','','','','','','',0,'0','0','0','',NULL,19518,18338),(15323,'ACC545','42444276200029',0,'','',0.00000000,'','','','','','','','','','',0,'0','0','0','',NULL,19519,18814),(15324,'ACC546','42608008100018',0,'','',0.00000000,'','','','','','','','','','',0,'0','0','0','',NULL,19520,18337),(15325,'ACC547','42642016200023',0,'','',0.00000000,'','','','','','','','','','',0,'0','0','0','',NULL,19521,18447),(15326,'ACC548','42652006000028',0,'','',0.00000000,'','','','','','','','','','',0,'0','0','0','',NULL,19522,18308),(15327,'ACC549','42813297100014',0,'','',0.00000000,'','','','','','','','','','',0,'0','0','0','',NULL,19523,18321),(15328,'ACC550','42814094100025',0,'','',0.00000000,'','','','','','','','','','',0,'0','0','0','',NULL,19524,18381),(15329,'ACC551','42829545500029',0,'','',0.00000000,'','','','','','','','','','',0,'0','0','0','',NULL,19525,18368),(15330,'ACC552','42829581000025',0,'','',0.00000000,'','','','','','','','','','',0,'0','0','0','',NULL,19526,18414),(15331,'ACC553','42859323000249',0,'','',0.00000000,'','','','','','','','','','',0,'0','0','0','',NULL,19527,18498),(15332,'ACC554','42859323000033',0,'','',0.00000000,'','','','','','','','','','',0,'0','0','0','',NULL,19528,18498),(15333,'ACC555','42859323000108',0,'','',0.00000000,'','','','','','','','','','',0,'0','0','0','',NULL,19529,18498),(15334,'ACC556','42859323000256',0,'','',0.00000000,'','','','','','','','','','',0,'0','0','0','',NULL,19530,18498),(15335,'ACC557','42859323000314',0,'','',0.00000000,'','','','','','','','','','',0,'0','0','0','',NULL,19531,18498),(15336,'ACC558','42859323000389',0,'','',0.00000000,'','','','','','','','','','',0,'0','0','0','',NULL,19532,18498),(15337,'ACC559','42860924200014',0,'','',0.00000000,'','','','','','','','','','',0,'0','0','0','',NULL,19533,18573),(15338,'ACC560','42868244700035',0,'','',0.00000000,'','','','','','','','','','',0,'0','0','0','',NULL,19534,18315),(15339,'ACC561','42872066800022',0,'','',0.00000000,'','','','','','','','','','',0,'0','0','0','',NULL,19535,18381),(15340,'ACC562','42875206700028',0,'','',0.00000000,'','','','','','','','','','',0,'0','0','0','',NULL,19536,18385),(15341,'ACC563','42878666900021',0,'','',0.00000000,'','','','','','','','','','',0,'0','0','0','',NULL,19537,18400),(15342,'ACC564','42970729200018',0,'','',0.00000000,'','','','','','','','','','',0,'0','0','0','',NULL,19538,18686),(15343,'ACC565','42989163300100',0,'','',0.00000000,'','','','','','','','','','',0,'0','0','0','',NULL,19539,18411),(15344,'ACC566','43000664300034',0,'','',0.00000000,'','','','','','','','','','',0,'0','0','0','',NULL,19540,18402),(15345,'ACC567','43152987400015',0,'','',0.00000000,'','','','','','','','','','',0,'0','0','0','',NULL,19541,18566),(15346,'ACC568','43202382800010',0,'','',0.00000000,'','','','','','','','','','',0,'0','0','0','',NULL,19542,18504),(15347,'ACC569','43220755300038',0,'','',0.00000000,'','','','','','','','','','',0,'0','0','0','',NULL,19543,18453),(15348,'ACC570','43235971900023',0,'','',0.00000000,'','','','','','','','','','',0,'0','0','0','',NULL,19544,18360),(15349,'ACC571','43272207200043',0,'','',0.00000000,'','','','','','','','','','',0,'0','0','0','',NULL,19545,18840),(15350,'ACC572','43309056000031',0,'','',0.00000000,'','','','','','','','','','',0,'0','0','0','',NULL,19546,18454),(15351,'ACC573','43309705200024',0,'','',0.00000000,'','','','','','','','','','',0,'0','0','0','',NULL,19547,18255),(15352,'ACC574','43355057100049',0,'','',0.00000000,'','','','','','','','','','',0,'0','0','0','',NULL,19548,18400),(15353,'ACC575','43360512800035',0,'','',0.00000000,'','','','','','','','','','',0,'0','0','0','',NULL,19549,18419),(15354,'ACC576','43360512800019',0,'','',0.00000000,'','','','','','','','','','',0,'0','0','0','',NULL,19550,18419),(15355,'ACC577','43384200200027',0,'','',0.00000000,'','','','','','','','','','',0,'0','0','0','',NULL,19551,18416),(15356,'ACC578','43394048300012',0,'','',0.00000000,'','','','','','','','','','',0,'0','0','0','',NULL,19552,18432),(15357,'ACC579','43401899000029',0,'','',0.00000000,'','','','','','','','','','',0,'0','0','0','',NULL,19553,18414),(15358,'ACC580','43458254000010',0,'','',0.00000000,'','','','','','','','','','',0,'0','0','0','',NULL,19554,18683),(15359,'ACC581','43494015100013',0,'','',0.00000000,'','','','','','','','','','',0,'0','0','0','',NULL,19555,18819),(15360,'ACC582','43501020200024',0,'','',0.00000000,'','','','','','','','','','',0,'0','0','0','',NULL,19556,18389),(15361,'ACC583','43501041800026',0,'','',0.00000000,'','','','','','','','','','',0,'0','0','0','',NULL,19557,18389),(15362,'ACC584','43511642100023',0,'','',0.00000000,'','','','','','','','','','',0,'0','0','0','',NULL,19558,18389),(15363,'ACC585','43529316200036',0,'','',0.00000000,'','','','','','','','','','',0,'0','0','0','',NULL,19559,18410),(15364,'ACC586','43533716700025',0,'','',0.00000000,'','','','','','','','','','',0,'0','0','0','',NULL,19560,18521),(15365,'ACC587','43558035200100',0,'','',0.00000000,'','','','','','','','','','',0,'0','0','0','',NULL,19561,18563),(15366,'ACC588','43588050500050',0,'','',0.00000000,'','','','','','','','','','',0,'0','0','0','',NULL,19562,18335),(15367,'ACC589','43678021700036',0,'','',0.00000000,'','','','','','','','','','',0,'0','0','0','',NULL,19563,18331),(15368,'ACC590','43819222100010',0,'','',0.00000000,'','','','','','','','','','',0,'0','0','0','',NULL,19564,18657),(15369,'ACC591','43845203900011',0,'','',0.00000000,'','','','','','','','','','',0,'0','0','0','',NULL,19565,18482),(15370,'ACC592','43873710800011',0,'','',0.00000000,'','','','','','','','','','',0,'0','0','0','',NULL,19566,18414),(15371,'ACC593','43906761200036',0,'','',0.00000000,'','','','','','','','','','',0,'0','0','0','',NULL,19567,18531),(15372,'ACC594','43943656900040',0,'','',0.00000000,'','','','','','','','','','',0,'0','0','0','',NULL,19568,18400),(15373,'ACC595','43943656900065',0,'','',0.00000000,'','','','','','','','','','',0,'0','0','0','',NULL,19569,18400),(15374,'ACC596','43943656900099',0,'','',0.00000000,'','','','','','','','','','',0,'0','0','0','',NULL,19570,18400),(15375,'ACC597','43943656900057',0,'','',0.00000000,'','','','','','','','','','',0,'0','0','0','',NULL,19571,18400),(15376,'ACC598','43943656900149',0,'','',0.00000000,'','','','','','','','','','',0,'0','0','0','',NULL,19572,18400),(15377,'ACC599','43965605900011',0,'','',0.00000000,'','','','','','','','','','',0,'0','0','0','',NULL,19573,18255),(15378,'ACC600','44008840900097',0,'','',0.00000000,'','','','','','','','','','',0,'0','0','0','',NULL,19574,18478),(15379,'ACC601','44011008800026',0,'','',0.00000000,'','','','','','','','','','',0,'0','0','0','',NULL,19575,18414),(15380,'ACC602','44011730700031',0,'','',0.00000000,'','','','','','','','','','',0,'0','0','0','',NULL,19576,18573),(15381,'ACC603','44014030900038',0,'','',0.00000000,'','','','','','','','','','',0,'0','0','0','',NULL,19577,18397),(15382,'ACC604','44014030900012',0,'','',0.00000000,'','','','','','','','','','',0,'0','0','0','',NULL,19578,18397),(15383,'ACC605','44018166700013',0,'','',0.00000000,'','','','','','','','','','',0,'0','0','0','',NULL,19579,18401),(15384,'ACC606','44019868700020',0,'','',0.00000000,'','','','','','','','','','',0,'0','0','0','',NULL,19580,18414),(15385,'ACC607','44020315600029',0,'','',0.00000000,'','','','','','','','','','',0,'0','0','0','',NULL,19581,18847),(15386,'ACC608','44025266600068',0,'','',0.00000000,'','','','','','','','','','',0,'0','0','0','',NULL,19582,18398),(15387,'ACC609','44030429300028',0,'','',0.00000000,'','','','','','','','','','',0,'0','0','0','',NULL,19583,18380),(15388,'ACC610','44031089400041',0,'','',0.00000000,'','','','','','','','','','',0,'0','0','0','',NULL,19584,18573),(15389,'ACC611','44032669200025',0,'','',0.00000000,'','','','','','','','','','',0,'0','0','0','',NULL,19585,18456),(15390,'ACC612','44041063700142',0,'','',0.00000000,'','','','','','','','','','',0,'0','0','0','',NULL,19586,18665),(15391,'ACC613','44113380800168',0,'','',0.00000000,'','','','','','','','','','',0,'0','0','0','',NULL,19587,18531),(15392,'ACC614','44113380800135',0,'','',0.00000000,'','','','','','','','','','',0,'0','0','0','',NULL,19588,18531),(15394,'ACC615','47982458300047',0,'','',0.00000000,'','','','','','','','','','',0,'0','0','0','',NULL,NULL,NULL),(15407,'ACC616','44025266600035',0,'','',0.00000000,'','','','','','','','','','',0,'0','0','0','',NULL,NULL,NULL),(15435,'ACC617','8,33736E+13',0,'','',0.00000000,'','','','','','','','','','',0,'0','0','0','',NULL,NULL,NULL),(15451,'ACC618','8,33736E+13',0,'','',0.00000000,'','','','','','','','','','',0,'0','0','0','',NULL,NULL,NULL),(15467,'ACC619','83373610100035',0,'','',0.00000000,'','','','','','','','','','',0,'0','0','0','',NULL,19589,18400),(15497,'ACC620','44025266600035',0,'','',0.00000000,'','','','','','','','','','',0,'0','0','0','',NULL,19590,18398),(15511,'ACC621','47982458300047',0,'','',0.00000000,'','','','','','','','','','',0,'0','0','0','',NULL,19591,18446),(15556,'ACC622','8,33736E+13',0,'','',0.00000000,'','','','','','','','','','',0,'0','0','0','',NULL,NULL,NULL),(15564,'ACC623','44113380800101',0,'','',0.00000000,'','','','','','','','','','',0,'0','0','0','',NULL,19592,18531),(15565,'ACC624','44141711000026',0,'','',0.00000000,'','','','','','','','','','',0,'0','0','0','',NULL,19593,18414),(15566,'ACC625','44156376400022',0,'','',0.00000000,'','','','','','','','','','',0,'0','0','0','',NULL,19594,18395),(15567,'ACC626','44163946500018',0,'','',0.00000000,'','','','','','','','','','',0,'0','0','0','',NULL,19595,18813),(15568,'ACC627','44239544800057',0,'','',0.00000000,'','','','','','','','','','',0,'0','0','0','',NULL,19596,18569),(15569,'ACC628','44250468400014',0,'','',0.00000000,'','','','','','','','','','',0,'0','0','0','',NULL,19597,18390),(15570,'ACC629','44258595600018',0,'','',0.00000000,'','','','','','','','','','',0,'0','0','0','',NULL,19598,18455),(15571,'ACC630','44265076800033',0,'','',0.00000000,'','','','','','','','','','',0,'0','0','0','',NULL,19599,18683),(15572,'ACC631','44288801200196',0,'','',0.00000000,'','','','','','','','','','',0,'0','0','0','',NULL,19600,18843),(15573,'ACC632','44299328300039',0,'','',0.00000000,'','','','','','','','','','',0,'0','0','0','',NULL,19601,18399),(15574,'ACC633','44317723300030',0,'','',0.00000000,'','','','','','','','','','',0,'0','0','0','',NULL,19602,18505),(15575,'ACC634','44357696200023',0,'','',0.00000000,'','','','','','','','','','',0,'0','0','0','',NULL,19603,18417),(15576,'ACC635','44394880700013',0,'','',0.00000000,'','','','','','','','','','',0,'0','0','0','',NULL,19604,18470),(15577,'ACC636','44418788400044',0,'','',0.00000000,'','','','','','','','','','',0,'0','0','0','',NULL,19605,18400),(15578,'ACC637','44418788400077',0,'','',0.00000000,'','','','','','','','','','',0,'0','0','0','',NULL,19606,18400),(15579,'ACC638','44427370000013',0,'','',0.00000000,'','','','','','','','','','',0,'0','0','0','',NULL,19607,18550),(15580,'ACC639','44441305800017',0,'','',0.00000000,'','','','','','','','','','',0,'0','0','0','',NULL,19608,18829),(15581,'ACC640','44442221600036',0,'','',0.00000000,'','','','','','','','','','',0,'0','0','0','',NULL,19609,18419),(15582,'ACC641','44446352500022',0,'','',0.00000000,'','','','','','','','','','',0,'0','0','0','',NULL,19610,18418),(15583,'ACC642','44446573600049',0,'','',0.00000000,'','','','','','','','','','',0,'0','0','0','',NULL,19611,18838),(15584,'ACC643','44464063500017',0,'','',0.00000000,'','','','','','','','','','',0,'0','0','0','',NULL,19612,18375),(15585,'ACC644','44485959900011',0,'','',0.00000000,'','','','','','','','','','',0,'0','0','0','',NULL,19613,18566),(15586,'ACC645','44507468500030',0,'','',0.00000000,'','','','','','','','','','',0,'0','0','0','',NULL,19614,18838),(15587,'ACC646','44542038300017',0,'','',0.00000000,'','','','','','','','','','',0,'0','0','0','',NULL,19615,18300),(15588,'ACC647','44545017400013',0,'','',0.00000000,'','','','','','','','','','',0,'0','0','0','',NULL,19616,18838),(15589,'ACC648','44751823400011',0,'','',0.00000000,'','','','','','','','','','',0,'0','0','0','',NULL,19617,18347),(15590,'ACC649','44769079300024',0,'','',0.00000000,'','','','','','','','','','',0,'0','0','0','',NULL,19618,18686),(15591,'ACC650','44780021000018',0,'','',0.00000000,'','','','','','','','','','',0,'0','0','0','',NULL,19619,18414),(15592,'ACC651','44817739400039',0,'','',0.00000000,'','','','','','','','','','',0,'0','0','0','',NULL,19620,18637),(15593,'ACC652','44877792000027',0,'','',0.00000000,'','','','','','','','','','',0,'0','0','0','',NULL,19621,18414),(15594,'ACC653','44906526700014',0,'','',0.00000000,'','','','','','','','','','',0,'0','0','0','',NULL,19622,18411),(15595,'ACC654','44915229700015',0,'','',0.00000000,'','','','','','','','','','',0,'0','0','0','',NULL,19623,18813),(15596,'ACC655','44920741400078',0,'','',0.00000000,'','','','','','','','','','',0,'0','0','0','',NULL,19624,18408),(15597,'ACC656','44920741400029',0,'','',0.00000000,'','','','','','','','','','',0,'0','0','0','',NULL,19625,18408),(15598,'ACC657','44935422400106',0,'','',0.00000000,'','','','','','','','','','',0,'0','0','0','',NULL,19626,18429),(15599,'ACC658','44971384100012',0,'','',0.00000000,'','','','','','','','','','',0,'0','0','0','',NULL,19627,18311),(15600,'ACC659','45003696700039',0,'','',0.00000000,'','','','','','','','','','',0,'0','0','0','',NULL,19628,18411),(15601,'ACC660','45030856400035',0,'','',0.00000000,'','','','','','','','','','',0,'0','0','0','',NULL,19629,18483),(15602,'ACC661','45058039400028',0,'','',0.00000000,'','','','','','','','','','',0,'0','0','0','',NULL,19630,18534),(15603,'ACC662','45081051000013',0,'','',0.00000000,'','','','','','','','','','',0,'0','0','0','',NULL,19631,18319),(15604,'ACC663','45134778500037',0,'','',0.00000000,'','','','','','','','','','',0,'0','0','0','',NULL,19632,18404),(15605,'ACC664','45174018700021',0,'','',0.00000000,'','','','','','','','','','',0,'0','0','0','',NULL,19633,18489),(15606,'ACC665','45185068900014',0,'','',0.00000000,'','','','','','','','','','',0,'0','0','0','',NULL,19634,18319),(15607,'ACC666','45267821200013',0,'','',0.00000000,'','','','','','','','','','',0,'0','0','0','',NULL,19635,18413),(15608,'ACC667','45277293200029',0,'','',0.00000000,'','','','','','','','','','',0,'0','0','0','',NULL,19636,18384),(15609,'ACC668','45295633700060',0,'','',0.00000000,'','','','','','','','','','',0,'0','0','0','',NULL,19637,18630),(15610,'ACC669','45720861900074',0,'','',0.00000000,'','','','','','','','','','',0,'0','0','0','',NULL,19638,18317),(15611,'ACC670','45850067500053',0,'','',0.00000000,'','','','','','','','','','',0,'0','0','0','',NULL,19639,18648),(15612,'ACC671','46280016000139',0,'','',0.00000000,'','','','','','','','','','',0,'0','0','0','',NULL,19640,18841),(15613,'ACC672','46280016000121',0,'','',0.00000000,'','','','','','','','','','',0,'0','0','0','',NULL,19641,18841),(15614,'ACC673','46280016000147',0,'','',0.00000000,'','','','','','','','','','',0,'0','0','0','',NULL,19642,18841),(15615,'ACC674','46280016000204',0,'','',0.00000000,'','','','','','','','','','',0,'0','0','0','',NULL,19643,18841),(15616,'ACC675','47756653300022',0,'','',0.00000000,'','','','','','','','','','',0,'0','0','0','',NULL,19644,18458),(15617,'ACC676','47805307700036',0,'','',0.00000000,'','','','','','','','','','',0,'0','0','0','',NULL,19645,18813),(15618,'ACC677','47814666500029',0,'','',0.00000000,'','','','','','','','','','',0,'0','0','0','',NULL,19646,18311),(15619,'ACC678','47838653500015',0,'','',0.00000000,'','','','','','','','','','',0,'0','0','0','',NULL,19647,18470),(15620,'ACC679','47896849800020',0,'','',0.00000000,'','','','','','','','','','',0,'0','0','0','',NULL,19648,18446),(15621,'ACC680','47898966800023',0,'','',0.00000000,'','','','','','','','','','',0,'0','0','0','',NULL,19649,18406),(15622,'ACC681','47899164900094',0,'','',0.00000000,'','','','','','','','','','',0,'0','0','0','',NULL,19650,18661),(15623,'ACC682','47946096600027',0,'','',0.00000000,'','','','','','','','','','',0,'0','0','0','',NULL,19651,18476),(15624,'ACC683','47968004300037',0,'','',0.00000000,'','','','','','','','','','',0,'0','0','0','',NULL,19652,18412),(15625,'ACC684','47971904900021',0,'','',0.00000000,'','','','','','','','','','',0,'0','0','0','',NULL,19653,18400),(15626,'ACC685','48089140700029',0,'','',0.00000000,'','','','','','','','','','',0,'0','0','0','',NULL,19654,18400),(15627,'ACC686','48137217500028',0,'','',0.00000000,'','','','','','','','','','',0,'0','0','0','',NULL,19655,18539),(15628,'ACC687','48174184100037',0,'','',0.00000000,'','','','','','','','','','',0,'0','0','0','',NULL,19656,18400),(15629,'ACC688','48227595500029',0,'','',0.00000000,'','','','','','','','','','',0,'0','0','0','',NULL,19657,18472),(15630,'ACC689','48362308800042',0,'','',0.00000000,'','','','','','','','','','',0,'0','0','0','',NULL,19658,18400),(15631,'ACC690','48428182900016',0,'','',0.00000000,'','','','','','','','','','',0,'0','0','0','',NULL,19659,18679),(15632,'ACC691','48458811600018',0,'','',0.00000000,'','','','','','','','','','',0,'0','0','0','',NULL,19660,18411),(15633,'ACC692','48487014200011',0,'','',0.00000000,'','','','','','','','','','',0,'0','0','0','',NULL,19661,18411),(15634,'ACC693','48764482500019',0,'','',0.00000000,'','','','','','','','','','',0,'0','0','0','',NULL,19662,18476),(15635,'ACC694','48838591500027',0,'','',0.00000000,'','','','','','','','','','',0,'0','0','0','',NULL,19663,18414),(15636,'ACC695','48872729800033',0,'','',0.00000000,'','','','','','','','','','',0,'0','0','0','',NULL,19664,18368),(15637,'ACC696','48874161200011',0,'','',0.00000000,'','','','','','','','','','',0,'0','0','0','',NULL,19665,18429),(15638,'ACC697','48965920100011',0,'','',0.00000000,'','','','','','','','','','',0,'0','0','0','',NULL,19666,18458),(15639,'ACC698','49017432300017',0,'','',0.00000000,'','','','','','','','','','',0,'0','0','0','',NULL,19667,18420),(15640,'ACC699','49070089500017',0,'','',0.00000000,'','','','','','','','','','',0,'0','0','0','',NULL,19668,18400),(15641,'ACC700','49083728300020',0,'','',0.00000000,'','','','','','','','','','',0,'0','0','0','',NULL,19669,18454),(15642,'ACC701','49106680900048',0,'','',0.00000000,'','','','','','','','','','',0,'0','0','0','',NULL,19670,18530),(15643,'ACC702','49108756500025',0,'','',0.00000000,'','','','','','','','','','',0,'0','0','0','',NULL,19671,18311),(15644,'ACC703','49118219200022',0,'','',0.00000000,'','','','','','','','','','',0,'0','0','0','',NULL,19672,18344),(15645,'ACC704','49138891400021',0,'','',0.00000000,'','','','','','','','','','',0,'0','0','0','',NULL,19673,18572),(15646,'ACC705','49198804400013',0,'','',0.00000000,'','','','','','','','','','',0,'0','0','0','',NULL,19674,18518),(15647,'ACC706','49208230000020',0,'','',0.00000000,'','','','','','','','','','',0,'0','0','0','',NULL,19675,18813),(15648,'ACC707','49295130600140',0,'','',0.00000000,'','','','','','','','','','',0,'0','0','0','',NULL,19676,18683),(15649,'ACC708','49329118100029',0,'','',0.00000000,'','','','','','','','','','',0,'0','0','0','',NULL,19677,18389),(15650,'ACC709','49337159500049',0,'','',0.00000000,'','','','','','','','','','',0,'0','0','0','',NULL,19678,18321),(15651,'ACC710','49341440300029',0,'','',0.00000000,'','','','','','','','','','',0,'0','0','0','',NULL,19679,18414),(15652,'ACC711','49366383500020',0,'','',0.00000000,'','','','','','','','','','',0,'0','0','0','',NULL,19680,18412),(15653,'ACC712','49380747300035',0,'','',0.00000000,'','','','','','','','','','',0,'0','0','0','',NULL,19681,18458),(15654,'ACC713','49380747300027',0,'','',0.00000000,'','','','','','','','','','',0,'0','0','0','',NULL,19682,18458),(15655,'ACC714','49443923500024',0,'','',0.00000000,'','','','','','','','','','',0,'0','0','0','',NULL,19683,18813),(15656,'ACC715','49488785400037',0,'','',0.00000000,'','','','','','','','','','',0,'0','0','0','',NULL,19684,18334),(15657,'ACC716','49755180400030',0,'','',0.00000000,'','','','','','','','','','',0,'0','0','0','',NULL,19685,18808),(15658,'ACC717','49830252000024',0,'','',0.00000000,'','','','','','','','','','',0,'0','0','0','',NULL,19686,18668),(15659,'ACC718','49852057600022',0,'','',0.00000000,'','','','','','','','','','',0,'0','0','0','',NULL,19687,18334),(15660,'ACC719','49863359300039',0,'','',0.00000000,'','','','','','','','','','',0,'0','0','0','',NULL,19688,18472),(15661,'ACC720','49871298300010',0,'','',0.00000000,'','','','','','','','','','',0,'0','0','0','',NULL,19689,18319),(15662,'ACC721','49875276500038',0,'','',0.00000000,'','','','','','','','','','',0,'0','0','0','',NULL,19690,18425),(15663,'ACC722','49875276500020',0,'','',0.00000000,'','','','','','','','','','',0,'0','0','0','',NULL,19691,18425),(15664,'ACC723','49902616900015',0,'','',0.00000000,'','','','','','','','','','',0,'0','0','0','',NULL,19692,18458),(15665,'ACC724','49943436300010',0,'','',0.00000000,'','','','','','','','','','',0,'0','0','0','',NULL,19693,18381),(15666,'ACC725','49959055200018',0,'','',0.00000000,'','','','','','','','','','',0,'0','0','0','',NULL,19694,18572),(15667,'ACC726','50157067500055',0,'','',0.00000000,'','','','','','','','','','',0,'0','0','0','',NULL,19695,18344),(15668,'ACC727','50157067500030',0,'','',0.00000000,'','','','','','','','','','',0,'0','0','0','',NULL,19696,18344),(15669,'ACC728','50162674100026',0,'','',0.00000000,'','','','','','','','','','',0,'0','0','0','',NULL,19697,18381),(15670,'ACC729','50164519600095',0,'','',0.00000000,'','','','','','','','','','',0,'0','0','0','',NULL,19698,18321),(15671,'ACC730','50165161600051',0,'','',0.00000000,'','','','','','','','','','',0,'0','0','0','',NULL,19699,18446),(15672,'ACC731','50186460700020',0,'','',0.00000000,'','','','','','','','','','',0,'0','0','0','',NULL,19700,18389),(15673,'ACC732','50241011100012',0,'','',0.00000000,'','','','','','','','','','',0,'0','0','0','',NULL,19701,18628),(15674,'ACC733','50245404400012',0,'','',0.00000000,'','','','','','','','','','',0,'0','0','0','',NULL,19702,18417),(15675,'ACC734','50275056500033',0,'','',0.00000000,'','','','','','','','','','',0,'0','0','0','',NULL,19703,18315),(15676,'ACC735','50311722800042',0,'','',0.00000000,'','','','','','','','','','',0,'0','0','0','',NULL,19704,18892),(15677,'ACC736','50365381800024',0,'','',0.00000000,'','','','','','','','','','',0,'0','0','0','',NULL,19705,18414),(15678,'ACC737','50431303200022',0,'','',0.00000000,'','','','','','','','','','',0,'0','0','0','',NULL,19706,18424),(15679,'ACC738','50450659300012',0,'','',0.00000000,'','','','','','','','','','',0,'0','0','0','',NULL,19707,18410),(15680,'ACC739','50486730000023',0,'','',0.00000000,'','','','','','','','','','',0,'0','0','0','',NULL,19708,18838),(15681,'ACC740','50578029600016',0,'','',0.00000000,'','','','','','','','','','',0,'0','0','0','',NULL,19709,18838),(15682,'ACC741','50738255400016',0,'','',0.00000000,'','','','','','','','','','',0,'0','0','0','',NULL,19710,18389),(15683,'ACC742','50750063500010',0,'','',0.00000000,'','','','','','','','','','',0,'0','0','0','',NULL,19711,18385),(15684,'ACC743','50802611900018',0,'','',0.00000000,'','','','','','','','','','',0,'0','0','0','',NULL,19712,18385),(15685,'ACC744','50814985300022',0,'','',0.00000000,'','','','','','','','','','',0,'0','0','0','',NULL,19713,18381),(15686,'ACC745','50894796700016',0,'','',0.00000000,'','','','','','','','','','',0,'0','0','0','',NULL,19714,18340),(15687,'ACC746','50918616900025',0,'','',0.00000000,'','','','','','','','','','',0,'0','0','0','',NULL,19715,18414),(15688,'ACC747','50927675400033',0,'','',0.00000000,'','','','','','','','','','',0,'0','0','0','',NULL,19716,18840),(15689,'ACC748','50928641500013',0,'','',0.00000000,'','','','','','','','','','',0,'0','0','0','',NULL,19717,18311),(15690,'ACC749','50937838600064',0,'','',0.00000000,'','','','','','','','','','',0,'0','0','0','',NULL,19718,18454),(15691,'ACC750','50937838600023',0,'','',0.00000000,'','','','','','','','','','',0,'0','0','0','',NULL,19719,18454),(15692,'ACC751','50937838600031',0,'','',0.00000000,'','','','','','','','','','',0,'0','0','0','',NULL,19720,18454),(15693,'ACC752','50937838600049',0,'','',0.00000000,'','','','','','','','','','',0,'0','0','0','',NULL,19721,18454),(15694,'ACC753','50939557000039',0,'','',0.00000000,'','','','','','','','','','',0,'0','0','0','',NULL,19722,18569),(15695,'ACC754','50962879800068',0,'','',0.00000000,'','','','','','','','','','',0,'0','0','0','',NULL,19723,18478),(15696,'ACC755','50962879800027',0,'','',0.00000000,'','','','','','','','','','',0,'0','0','0','',NULL,19724,18478),(15697,'ACC756','51046940600019',0,'','',0.00000000,'','','','','','','','','','',0,'0','0','0','',NULL,19725,18352),(15698,'ACC757','51107042700014',0,'','',0.00000000,'','','','','','','','','','',0,'0','0','0','',NULL,19726,18322),(15699,'ACC758','51274893000025',0,'','',0.00000000,'','','','','','','','','','',0,'0','0','0','',NULL,19727,18677),(15700,'ACC759','51394647500011',0,'','',0.00000000,'','','','','','','','','','',0,'0','0','0','',NULL,19728,18460),(15701,'ACC760','51527504800012',0,'','',0.00000000,'','','','','','','','','','',0,'0','0','0','',NULL,19729,18458),(15702,'ACC761','51545008800056',0,'','',0.00000000,'','','','','','','','','','',0,'0','0','0','',NULL,19730,18534),(15703,'ACC762','51558042100110',0,'','',0.00000000,'','','','','','','','','','',0,'0','0','0','',NULL,19731,18530),(15704,'ACC763','51578039300010',0,'','',0.00000000,'','','','','','','','','','',0,'0','0','0','',NULL,19732,18458),(15705,'ACC764','51648013400027',0,'','',0.00000000,'','','','','','','','','','',0,'0','0','0','',NULL,19733,18384),(15706,'ACC765','51678009500019',0,'','',0.00000000,'','','','','','','','','','',0,'0','0','0','',NULL,19734,18458),(15707,'ACC766','51728018600019',0,'','',0.00000000,'','','','','','','','','','',0,'0','0','0','',NULL,19735,18458),(15708,'ACC767','51901885700028',0,'','',0.00000000,'','','','','','','','','','',0,'0','0','0','',NULL,19736,18845),(15709,'ACC768','51902957300036',0,'','',0.00000000,'','','','','','','','','','',0,'0','0','0','',NULL,19737,18453),(15710,'ACC769','51902957300028',0,'','',0.00000000,'','','','','','','','','','',0,'0','0','0','',NULL,19738,18453),(15711,'ACC770','51905033000017',0,'','',0.00000000,'','','','','','','','','','',0,'0','0','0','',NULL,19739,18564),(15712,'ACC771','52171888200017',0,'','',0.00000000,'','','','','','','','','','',0,'0','0','0','',NULL,19740,18402),(15713,'ACC772','52211794400010',0,'','',0.00000000,'','','','','','','','','','',0,'0','0','0','',NULL,19741,18454),(15714,'ACC773','52213022800029',0,'','',0.00000000,'','','','','','','','','','',0,'0','0','0','',NULL,19742,18381),(15715,'ACC774','52276639300014',0,'','',0.00000000,'','','','','','','','','','',0,'0','0','0','',NULL,19743,18357),(15716,'ACC775','52894566000025',0,'','',0.00000000,'','','','','','','','','','',0,'0','0','0','',NULL,19744,18455),(15717,'ACC776','52922174900011',0,'','',0.00000000,'','','','','','','','','','',0,'0','0','0','',NULL,19745,18395),(15718,'ACC777','52922888400035',0,'','',0.00000000,'','','','','','','','','','',0,'0','0','0','',NULL,19746,18688),(15719,'ACC778','52927052200012',0,'','',0.00000000,'','','','','','','','','','',0,'0','0','0','',NULL,19747,18472),(15720,'ACC779','53035491900025',0,'','',0.00000000,'','','','','','','','','','',0,'0','0','0','',NULL,19748,18840),(15721,'ACC780','53120282800012',0,'','',0.00000000,'','','','','','','','','','',0,'0','0','0','',NULL,19749,18528),(15722,'ACC781','53124492900026',0,'','',0.00000000,'','','','','','','','','','',0,'0','0','0','',NULL,19750,18383),(15723,'ACC782','53148552200019',0,'','',0.00000000,'','','','','','','','','','',0,'0','0','0','',NULL,19751,18530),(15724,'ACC783','53155754400024',0,'','',0.00000000,'','','','','','','','','','',0,'0','0','0','',NULL,19752,18468),(15725,'ACC784','53272618900030',0,'','',0.00000000,'','','','','','','','','','',0,'0','0','0','',NULL,19753,18255),(15726,'ACC785','53290346500013',0,'','',0.00000000,'','','','','','','','','','',0,'0','0','0','',NULL,19754,18255),(15727,'ACC786','53321377300047',0,'','',0.00000000,'','','','','','','','','','',0,'0','0','0','',NULL,19755,18413),(15728,'ACC787','53321377300021',0,'','',0.00000000,'','','','','','','','','','',0,'0','0','0','',NULL,19756,18413),(15729,'ACC788','53323207000029',0,'','',0.00000000,'','','','','','','','','','',0,'0','0','0','',NULL,19757,18401),(15730,'ACC789','53324797900024',0,'','',0.00000000,'','','','','','','','','','',0,'0','0','0','',NULL,19758,18333),(15731,'ACC790','53324797900149',0,'','',0.00000000,'','','','','','','','','','',0,'0','0','0','',NULL,19759,18333),(15732,'ACC791','53324797900032',0,'','',0.00000000,'','','','','','','','','','',0,'0','0','0','',NULL,19760,18333),(15733,'ACC792','53324797900081',0,'','',0.00000000,'','','','','','','','','','',0,'0','0','0','',NULL,19761,18333),(15734,'ACC793','53324797900073',0,'','',0.00000000,'','','','','','','','','','',0,'0','0','0','',NULL,19762,18333),(15735,'ACC794','53324797900131',0,'','',0.00000000,'','','','','','','','','','',0,'0','0','0','',NULL,19763,18333),(15736,'ACC795','53324797900164',0,'','',0.00000000,'','','','','','','','','','',0,'0','0','0','',NULL,19764,18333),(15737,'ACC796','53324797900065',0,'','',0.00000000,'','','','','','','','','','',0,'0','0','0','',NULL,19765,18333),(15738,'ACC797','53324797900016',0,'','',0.00000000,'','','','','','','','','','',0,'0','0','0','',NULL,19766,18333),(15739,'ACC798','53339672700034',0,'','',0.00000000,'','','','','','','','','','',0,'0','0','0','',NULL,19767,18823),(15740,'ACC799','53444941800019',0,'','',0.00000000,'','','','','','','','','','',0,'0','0','0','',NULL,19768,18573),(15741,'ACC800','53492515100027',0,'','',0.00000000,'','','','','','','','','','',0,'0','0','0','',NULL,19769,18402),(15742,'ACC801','53793439000023',0,'','',0.00000000,'','','','','','','','','','',0,'0','0','0','',NULL,19770,18601),(15743,'ACC802','53805844700029',0,'','',0.00000000,'','','','','','','','','','',0,'0','0','0','',NULL,19771,18390),(15744,'ACC803','53863097100017',0,'','',0.00000000,'','','','','','','','','','',0,'0','0','0','',NULL,19772,18329),(15745,'ACC804','53863745500014',0,'','',0.00000000,'','','','','','','','','','',0,'0','0','0','',NULL,19773,18402),(15746,'ACC805','53869504000120',0,'','',0.00000000,'','','','','','','','','','',0,'0','0','0','',NULL,19774,18402),(15747,'ACC806','53873512700010',0,'','',0.00000000,'','','','','','','','','','',0,'0','0','0','',NULL,19775,18309),(15748,'ACC807','53923442700026',0,'','',0.00000000,'','','','','','','','','','',0,'0','0','0','',NULL,19776,18458),(15749,'ACC808','53930627400025',0,'','',0.00000000,'','','','','','','','','','',0,'0','0','0','',NULL,19777,18813),(15750,'ACC809','53950120500022',0,'','',0.00000000,'','','','','','','','','','',0,'0','0','0','',NULL,19778,18414),(15751,'ACC810','53998546500019',0,'','',0.00000000,'','','','','','','','','','',0,'0','0','0','',NULL,19779,18462),(15752,'ACC811','54200537600554',0,'','',0.00000000,'','','','','','','','','','',0,'0','0','0','',NULL,19780,18838),(15753,'ACC812','54201576300049',0,'','',0.00000000,'','','','','','','','','','',0,'0','0','0','',NULL,19781,18315),(15754,'ACC813','54203953200198',0,'','',0.00000000,'','','','','','','','','','',0,'0','0','0','',NULL,19782,18838),(15755,'ACC814','54204142100026',0,'','',0.00000000,'','','','','','','','','','',0,'0','0','0','',NULL,19783,18400),(15756,'ACC815','54205269100038',0,'','',0.00000000,'','','','','','','','','','',0,'0','0','0','',NULL,19784,18454),(15757,'ACC816','54205733600738',0,'','',0.00000000,'','','','','','','','','','',0,'0','0','0','',NULL,19785,18616),(15758,'ACC817','54206547900124',0,'','',0.00000000,'','','','','','','','','','',0,'0','0','0','',NULL,19786,18527),(15759,'ACC818','54206547900280',0,'','',0.00000000,'','','','','','','','','','',0,'0','0','0','',NULL,19787,18527),(15760,'ACC819','54206547900264',0,'','',0.00000000,'','','','','','','','','','',0,'0','0','0','',NULL,19788,18527),(15761,'ACC820','54206547900165',0,'','',0.00000000,'','','','','','','','','','',0,'0','0','0','',NULL,19789,18527),(15762,'ACC821','54206547900256',0,'','',0.00000000,'','','','','','','','','','',0,'0','0','0','',NULL,19790,18527),(15763,'ACC822','54206547900926',0,'','',0.00000000,'','','','','','','','','','',0,'0','0','0','',NULL,19791,18527),(15764,'ACC823','54207095800021',0,'','',0.00000000,'','','','','','','','','','',0,'0','0','0','',NULL,19792,18411),(15765,'ACC824','54207855500662',0,'','',0.00000000,'','','','','','','','','','',0,'0','0','0','',NULL,19793,18421),(15766,'ACC825','54208432200677',0,'','',0.00000000,'','','','','','','','','','',0,'0','0','0','',NULL,19794,18838),(15767,'ACC826','54208445400611',0,'','',0.00000000,'','','','','','','','','','',0,'0','0','0','',NULL,19795,18677),(15768,'ACC827','54208806700732',0,'','',0.00000000,'','','','','','','','','','',0,'0','0','0','',NULL,19796,18321),(15769,'ACC828','54209119400036',0,'','',0.00000000,'','','','','','','','','','',0,'0','0','0','',NULL,19797,18381),(15770,'ACC829','54209475000081',0,'','',0.00000000,'','','','','','','','','','',0,'0','0','0','',NULL,19798,18530),(15771,'ACC830','54209855300051',0,'','',0.00000000,'','','','','','','','','','',0,'0','0','0','',NULL,19799,18400),(15772,'ACC831','54210780000212',0,'','',0.00000000,'','','','','','','','','','',0,'0','0','0','',NULL,19800,18606),(15773,'ACC832','54211055600025',0,'','',0.00000000,'','','','','','','','','','',0,'0','0','0','',NULL,19801,18508),(15774,'ACC833','54615039200027',0,'','',0.00000000,'','','','','','','','','','',0,'0','0','0','',NULL,19802,18476),(15775,'ACC834','54645045300016',0,'','',0.00000000,'','','','','','','','','','',0,'0','0','0','',NULL,19803,18388),(15776,'ACC835','54678006500019',0,'','',0.00000000,'','','','','','','','','','',0,'0','0','0','',NULL,19804,18400),(15777,'ACC836','54735024900017',0,'','',0.00000000,'','','','','','','','','','',0,'0','0','0','',NULL,19805,18646),(15778,'ACC837','54820149000016',0,'','',0.00000000,'','','','','','','','','','',0,'0','0','0','',NULL,19806,18400),(15779,'ACC838','55020086900026',0,'','',0.00000000,'','','','','','','','','','',0,'0','0','0','',NULL,19807,18399),(15780,'ACC839','55201258500063',0,'','',0.00000000,'','','','','','','','','','',0,'0','0','0','',NULL,19808,18424),(15781,'ACC840','55201258500022',0,'','',0.00000000,'','','','','','','','','','',0,'0','0','0','',NULL,19809,18424),(15782,'ACC841','55201279100042',0,'','',0.00000000,'','','','','','','','','','',0,'0','0','0','',NULL,19810,18402),(15783,'ACC842','55201279100117',0,'','',0.00000000,'','','','','','','','','','',0,'0','0','0','',NULL,19811,18402),(15784,'ACC843','55201279100026',0,'','',0.00000000,'','','','','','','','','','',0,'0','0','0','',NULL,19812,18402),(15785,'ACC844','55201648700407',0,'','',0.00000000,'','','','','','','','','','',0,'0','0','0','',NULL,19813,18406),(15786,'ACC845','55201662800273',0,'','',0.00000000,'','','','','','','','','','',0,'0','0','0','',NULL,19814,18760),(15787,'ACC846','55201683400053',0,'','',0.00000000,'','','','','','','','','','',0,'0','0','0','',NULL,19815,18534),(15788,'ACC847','55203253400646',0,'','',0.00000000,'','','','','','','','','','',0,'0','0','0','',NULL,19816,18838),(15789,'ACC848','55203538800040',0,'','',0.00000000,'','','','','','','','','','',0,'0','0','0','',NULL,19817,18503),(15790,'ACC849','55204695506065',0,'','',0.00000000,'','','','','','','','','','',0,'0','0','0','',NULL,19818,18573),(15791,'ACC850','55204695502429',0,'','',0.00000000,'','','','','','','','','','',0,'0','0','0','',NULL,19819,18573),(15792,'ACC851','55208918700025',0,'','',0.00000000,'','','','','','','','','','',0,'0','0','0','',NULL,19820,18400),(15793,'ACC852','55209462500027',0,'','',0.00000000,'','','','','','','','','','',0,'0','0','0','',NULL,19821,18317),(15794,'ACC853','55210390500048',0,'','',0.00000000,'','','','','','','','','','',0,'0','0','0','',NULL,19822,18339),(15795,'ACC854','55211180901602',0,'','',0.00000000,'','','','','','','','','','',0,'0','0','0','',NULL,19823,18838),(15796,'ACC855','55211921602139',0,'','',0.00000000,'','','','','','','','','','',0,'0','0','0','',NULL,19824,18686),(15797,'ACC856','55211941400035',0,'','',0.00000000,'','','','','','','','','','',0,'0','0','0','',NULL,19825,18501),(15798,'ACC857','55365048200019',0,'','',0.00000000,'','','','','','','','','','',0,'0','0','0','',NULL,19826,18397),(15799,'ACC858','56192037200027',0,'','',0.00000000,'','','','','','','','','','',0,'0','0','0','',NULL,19827,18458),(15800,'ACC859','56200815100119',0,'','',0.00000000,'','','','','','','','','','',0,'0','0','0','',NULL,19828,18306),(15801,'ACC860','56201677401553',0,'','',0.00000000,'','','','','','','','','','',0,'0','0','0','',NULL,19829,18486),(15802,'ACC861','56203657400134',0,'','',0.00000000,'','','','','','','','','','',0,'0','0','0','',NULL,19830,18838),(15803,'ACC862','56203889300656',0,'','',0.00000000,'','','','','','','','','','',0,'0','0','0','',NULL,19831,18404),(15804,'ACC863','56203889300672',0,'','',0.00000000,'','','','','','','','','','',0,'0','0','0','',NULL,19832,18404),(15805,'ACC864','56204259800366',0,'','',0.00000000,'','','','','','','','','','',0,'0','0','0','',NULL,19833,18446),(15806,'ACC865','56204615100063',0,'','',0.00000000,'','','','','','','','','','',0,'0','0','0','',NULL,19834,18677),(15807,'ACC866','56205331400083',0,'','',0.00000000,'','','','','','','','','','',0,'0','0','0','',NULL,19835,18425),(15808,'ACC867','56206305700086',0,'','',0.00000000,'','','','','','','','','','',0,'0','0','0','',NULL,19836,18683),(15809,'ACC868','56206815500026',0,'','',0.00000000,'','','','','','','','','','',0,'0','0','0','',NULL,19837,18678),(15810,'ACC869','56208290901190',0,'','',0.00000000,'','','','','','','','','','',0,'0','0','0','',NULL,19838,18838),(15811,'ACC870','56209442500476',0,'','',0.00000000,'','','','','','','','','','',0,'0','0','0','',NULL,19839,18446),(15812,'ACC871','56209442500468',0,'','',0.00000000,'','','','','','','','','','',0,'0','0','0','',NULL,19840,18446),(15813,'ACC872','56209442500427',0,'','',0.00000000,'','','','','','','','','','',0,'0','0','0','',NULL,19841,18446),(15814,'ACC873','56209516600129',0,'','',0.00000000,'','','','','','','','','','',0,'0','0','0','',NULL,19842,18838),(15815,'ACC874','56209516600111',0,'','',0.00000000,'','','','','','','','','','',0,'0','0','0','',NULL,19843,18838),(15816,'ACC875','56209724600028',0,'','',0.00000000,'','','','','','','','','','',0,'0','0','0','',NULL,19844,18333),(15817,'ACC876','56209724600010',0,'','',0.00000000,'','','','','','','','','','',0,'0','0','0','',NULL,19845,18333),(15818,'ACC877','56210980100075',0,'','',0.00000000,'','','','','','','','','','',0,'0','0','0','',NULL,19846,18459),(15819,'ACC878','56211034600284',0,'','',0.00000000,'','','','','','','','','','',0,'0','0','0','',NULL,19847,18429),(15820,'ACC879','56211273000022',0,'','',0.00000000,'','','','','','','','','','',0,'0','0','0','',NULL,19848,18515),(15821,'ACC880','56211353000520',0,'','',0.00000000,'','','','','','','','','','',0,'0','0','0','',NULL,19849,18483),(15822,'ACC881','56262007000010',0,'','',0.00000000,'','','','','','','','','','',0,'0','0','0','',NULL,19850,18401),(15823,'ACC882','56362061600018',0,'','',0.00000000,'','','','','','','','','','',0,'0','0','0','',NULL,19851,18446),(15824,'ACC883','56880101300018',0,'','',0.00000000,'','','','','','','','','','',0,'0','0','0','',NULL,19852,18446),(15825,'ACC884','56980072500040',0,'','',0.00000000,'','','','','','','','','','',0,'0','0','0','',NULL,19853,18494),(15826,'ACC885','56980498200340',0,'','',0.00000000,'','','','','','','','','','',0,'0','0','0','',NULL,19854,18404),(15827,'ACC886','57209108000059',0,'','',0.00000000,'','','','','','','','','','',0,'0','0','0','',NULL,19855,18399),(15828,'ACC887','57209969500197',0,'','',0.00000000,'','','','','','','','','','',0,'0','0','0','',NULL,19856,18316),(15829,'ACC888','57210764700024',0,'','',0.00000000,'','','','','','','','','','',0,'0','0','0','',NULL,19857,18838),(15830,'ACC889','57212496400030',0,'','',0.00000000,'','','','','','','','','','',0,'0','0','0','',NULL,19858,18474),(15831,'ACC890','57212604300791',0,'','',0.00000000,'','','','','','','','','','',0,'0','0','0','',NULL,19859,18677),(15832,'ACC891','57213458300101',0,'','',0.00000000,'','','','','','','','','','',0,'0','0','0','',NULL,19860,18300),(15833,'ACC892','57213458300119',0,'','',0.00000000,'','','','','','','','','','',0,'0','0','0','',NULL,19861,18300),(15834,'ACC893','57213458300135',0,'','',0.00000000,'','','','','','','','','','',0,'0','0','0','',NULL,19862,18300),(15835,'ACC894','57213458300150',0,'','',0.00000000,'','','','','','','','','','',0,'0','0','0','',NULL,19863,18300),(15836,'ACC895','57213458300093',0,'','',0.00000000,'','','','','','','','','','',0,'0','0','0','',NULL,19864,18300),(15837,'ACC896','57213458300085',0,'','',0.00000000,'','','','','','','','','','',0,'0','0','0','',NULL,19865,18300),(15838,'ACC897','57213458300077',0,'','',0.00000000,'','','','','','','','','','',0,'0','0','0','',NULL,19866,18300),(15839,'ACC898','57213458300051',0,'','',0.00000000,'','','','','','','','','','',0,'0','0','0','',NULL,19867,18300),(15840,'ACC899','57214219800033',0,'','',0.00000000,'','','','','','','','','','',0,'0','0','0','',NULL,19868,18381),(15841,'ACC900','57217863000057',0,'','',0.00000000,'','','','','','','','','','',0,'0','0','0','',NULL,19869,18451),(15842,'ACC901','57219612900124',0,'','',0.00000000,'','','','','','','','','','',0,'0','0','0','',NULL,19870,18455),(15843,'ACC902','57223395500077',0,'','',0.00000000,'','','','','','','','','','',0,'0','0','0','',NULL,19871,18413),(15844,'ACC903','57362049900059',0,'','',0.00000000,'','','','','','','','','','',0,'0','0','0','',NULL,19872,18300),(15845,'ACC904','57568026900017',0,'','',0.00000000,'','','','','','','','','','',0,'0','0','0','',NULL,19873,18382),(15846,'ACC905','57578002800016',0,'','',0.00000000,'','','','','','','','','','',0,'0','0','0','',NULL,19874,18382),(15847,'ACC906','58202821300053',0,'','',0.00000000,'','','','','','','','','','',0,'0','0','0','',NULL,19875,18480),(15848,'ACC907','58205980400044',0,'','',0.00000000,'','','','','','','','','','',0,'0','0','0','',NULL,19876,18843),(15849,'ACC908','58206847400011',0,'','',0.00000000,'','','','','','','','','','',0,'0','0','0','',NULL,19877,18832),(15850,'ACC909','58210698500044',0,'','',0.00000000,'','','','','','','','','','',0,'0','0','0','',NULL,19878,18508),(15851,'ACC910','58213126400035',0,'','',0.00000000,'','','','','','','','','','',0,'0','0','0','',NULL,19879,18802),(15852,'ACC911','58578170100016',0,'','',0.00000000,'','','','','','','','','','',0,'0','0','0','',NULL,19880,18458),(15853,'ACC912','58595029800018',0,'','',0.00000000,'','','','','','','','','','',0,'0','0','0','',NULL,19881,18382),(15854,'ACC913','59080021500170',0,'','',0.00000000,'','','','','','','','','','',0,'0','0','0','',NULL,19882,18414),(15855,'ACC914','59204762500047',0,'','',0.00000000,'','','','','','','','','','',0,'0','0','0','',NULL,19883,18513),(15856,'ACC915','59595001500056',0,'','',0.00000000,'','','','','','','','','','',0,'0','0','0','',NULL,19884,18618),(15857,'ACC916','59702084100016',0,'','',0.00000000,'','','','','','','','','','',0,'0','0','0','',NULL,19885,18420),(15858,'ACC917','59981507300086',0,'','',0.00000000,'','','','','','','','','','',0,'0','0','0','',NULL,19886,18411),(15859,'ACC918','60172018800031',0,'','',0.00000000,'','','','','','','','','','',0,'0','0','0','',NULL,19887,18399),(15860,'ACC919','60205674900339',0,'','',0.00000000,'','','','','','','','','','',0,'0','0','0','',NULL,19888,18333),(15861,'ACC920','60205674900321',0,'','',0.00000000,'','','','','','','','','','',0,'0','0','0','',NULL,19889,18333),(15862,'ACC921','60285012500074',0,'','',0.00000000,'','','','','','','','','','',0,'0','0','0','',NULL,19890,18390),(15863,'ACC922','60562044200034',0,'','',0.00000000,'','','','','','','','','','',0,'0','0','0','',NULL,19891,18550),(15864,'ACC923','60582045500026',0,'','',0.00000000,'','','','','','','','','','',0,'0','0','0','',NULL,19892,18471),(15865,'ACC924','60632017400018',0,'','',0.00000000,'','','','','','','','','','',0,'0','0','0','',NULL,19893,18548),(15866,'ACC925','60692019700039',0,'','',0.00000000,'','','','','','','','','','',0,'0','0','0','',NULL,19894,18471),(15867,'ACC926','60702024500025',0,'','',0.00000000,'','','','','','','','','','',0,'0','0','0','',NULL,19895,18471),(15868,'ACC927','61205051800036',0,'','',0.00000000,'','','','','','','','','','',0,'0','0','0','',NULL,19896,18553),(15869,'ACC928','62201950300102',0,'','',0.00000000,'','','','','','','','','','',0,'0','0','0','',NULL,19897,18400),(15870,'ACC929','62201950300110',0,'','',0.00000000,'','','','','','','','','','',0,'0','0','0','',NULL,19898,18400),(15871,'ACC930','62201950300078',0,'','',0.00000000,'','','','','','','','','','',0,'0','0','0','',NULL,19899,18400),(15872,'ACC931','62201950300037',0,'','',0.00000000,'','','','','','','','','','',0,'0','0','0','',NULL,19900,18400),(15873,'ACC932','62201950300086',0,'','',0.00000000,'','','','','','','','','','',0,'0','0','0','',NULL,19901,18400),(15874,'ACC933','62201950300029',0,'','',0.00000000,'','','','','','','','','','',0,'0','0','0','',NULL,19902,18400),(15875,'ACC934','62201950300052',0,'','',0.00000000,'','','','','','','','','','',0,'0','0','0','',NULL,19903,18400),(15876,'ACC935','62202418000052',0,'','',0.00000000,'','','','','','','','','','',0,'0','0','0','',NULL,19904,18413),(15877,'ACC936','62203708300087',0,'','',0.00000000,'','','','','','','','','','',0,'0','0','0','',NULL,19905,18400),(15878,'ACC937','62203708300293',0,'','',0.00000000,'','','','','','','','','','',0,'0','0','0','',NULL,19906,18400),(15879,'ACC938','62203708300285',0,'','',0.00000000,'','','','','','','','','','',0,'0','0','0','',NULL,19907,18400),(15880,'ACC939','62203708300210',0,'','',0.00000000,'','','','','','','','','','',0,'0','0','0','',NULL,19908,18400),(15881,'ACC940','62204242200882',0,'','',0.00000000,'','','','','','','','','','',0,'0','0','0','',NULL,19909,18401),(15882,'ACC941','62548027200016',0,'','',0.00000000,'','','','','','','','','','',0,'0','0','0','',NULL,19910,18476),(15883,'ACC942','62572008100011',0,'','',0.00000000,'','','','','','','','','','',0,'0','0','0','',NULL,19911,18469),(15884,'ACC943','62578013500038',0,'','',0.00000000,'','','','','','','','','','',0,'0','0','0','',NULL,19912,18399),(15885,'ACC944','62850223900062',0,'','',0.00000000,'','','','','','','','','','',0,'0','0','0','',NULL,19913,18530),(15886,'ACC945','63172049700017',0,'','',0.00000000,'','','','','','','','','','',0,'0','0','0','',NULL,19914,18402),(15887,'ACC946','63204538100068',0,'','',0.00000000,'','','','','','','','','','',0,'0','0','0','',NULL,19915,18678),(15888,'ACC947','63204583700630',0,'','',0.00000000,'','','','','','','','','','',0,'0','0','0','',NULL,19916,18598),(15889,'ACC948','63820124400016',0,'','',0.00000000,'','','','','','','','','','',0,'0','0','0','',NULL,19917,18386),(15890,'ACC949','63980456600037',0,'','',0.00000000,'','','','','','','','','','',0,'0','0','0','',NULL,19918,18381),(15891,'ACC950','64200517700281',0,'','',0.00000000,'','','','','','','','','','',0,'0','0','0','',NULL,19919,18399),(15892,'ACC951','64715050700034',0,'','',0.00000000,'','','','','','','','','','',0,'0','0','0','',NULL,19920,18549),(15893,'ACC952','64725029900037',0,'','',0.00000000,'','','','','','','','','','',0,'0','0','0','',NULL,19921,18418),(15894,'ACC953','65175003600014',0,'','',0.00000000,'','','','','','','','','','',0,'0','0','0','',NULL,19922,18637),(15895,'ACC954','65480068900196',0,'','',0.00000000,'','','','','','','','','','',0,'0','0','0','',NULL,19923,18435),(15896,'ACC955','65480068900147',0,'','',0.00000000,'','','','','','','','','','',0,'0','0','0','',NULL,19924,18435),(15897,'ACC956','65480068900170',0,'','',0.00000000,'','','','','','','','','','',0,'0','0','0','',NULL,19925,18435),(15898,'ACC957','65685005400049',0,'','',0.00000000,'','','','','','','','','','',0,'0','0','0','',NULL,19926,18411),(15899,'ACC958','65820043100018',0,'','',0.00000000,'','','','','','','','','','',0,'0','0','0','',NULL,19927,18478),(15900,'ACC959','66201806800038',0,'','',0.00000000,'','','','','','','','','','',0,'0','0','0','',NULL,19928,18527),(15901,'ACC960','66201932200046',0,'','',0.00000000,'','','','','','','','','','',0,'0','0','0','',NULL,19929,18400),(15902,'ACC961','66201932200020',0,'','',0.00000000,'','','','','','','','','','',0,'0','0','0','',NULL,19930,18400),(15903,'ACC962','66203770400100',0,'','',0.00000000,'','','','','','','','','','',0,'0','0','0','',NULL,19931,18402),(15904,'ACC963','66275007400012',0,'','',0.00000000,'','','','','','','','','','',0,'0','0','0','',NULL,19932,18527),(15905,'ACC964','66980124300066',0,'','',0.00000000,'','','','','','','','','','',0,'0','0','0','',NULL,19933,18444),(15906,'ACC965','66980124300017',0,'','',0.00000000,'','','','','','','','','','',0,'0','0','0','',NULL,19934,18444),(15907,'ACC966','67201409900895',0,'','',0.00000000,'','','','','','','','','','',0,'0','0','0','',NULL,19935,18455),(15908,'ACC967','67201409900507',0,'','',0.00000000,'','','','','','','','','','',0,'0','0','0','',NULL,19936,18455),(15909,'ACC968','67362039900216',0,'','',0.00000000,'','','','','','','','','','',0,'0','0','0','',NULL,19937,18411),(15910,'ACC969','67548008100024',0,'','',0.00000000,'','','','','','','','','','',0,'0','0','0','',NULL,19938,18343),(15911,'ACC970','67558054200016',0,'','',0.00000000,'','','','','','','','','','',0,'0','0','0','',NULL,19939,18516),(15912,'ACC971','67562035500031',0,'','',0.00000000,'','','','','','','','','','',0,'0','0','0','',NULL,19940,18382),(15913,'ACC972','68200822200379',0,'','',0.00000000,'','','','','','','','','','',0,'0','0','0','',NULL,19941,18843),(15914,'ACC973','68728015600013',0,'','',0.00000000,'','','','','','','','','','',0,'0','0','0','',NULL,19942,18470),(15915,'ACC974','68820072400047',0,'','',0.00000000,'','','','','','','','','','',0,'0','0','0','',NULL,19943,18383),(15916,'ACC975','69020089400044',0,'','',0.00000000,'','','','','','','','','','',0,'0','0','0','',NULL,19944,18658),(15917,'ACC976','69200346000015',0,'','',0.00000000,'','','','','','','','','','',0,'0','0','0','',NULL,19945,18675),(15918,'ACC977','69300109100091',0,'','',0.00000000,'','','','','','','','','','',0,'0','0','0','',NULL,19946,18892),(15919,'ACC978','69365019400063',0,'','',0.00000000,'','','','','','','','','','',0,'0','0','0','',NULL,19947,18528),(15920,'ACC979','69480058200017',0,'','',0.00000000,'','','','','','','','','','',0,'0','0','0','',NULL,19948,18381),(15921,'ACC980','69548024400620',0,'','',0.00000000,'','','','','','','','','','',0,'0','0','0','',NULL,19949,18668),(15922,'ACC981','69548024400646',0,'','',0.00000000,'','','','','','','','','','',0,'0','0','0','',NULL,19950,18668),(15923,'ACC982','70020098300018',0,'','',0.00000000,'','','','','','','','','','',0,'0','0','0','',NULL,19951,18341),(15924,'ACC983','70080299400025',0,'','',0.00000000,'','','','','','','','','','',0,'0','0','0','',NULL,19952,18458),(15925,'ACC984','70105477700043',0,'','',0.00000000,'','','','','','','','','','',0,'0','0','0','',NULL,19953,18654),(15926,'ACC985','70202343300023',0,'','',0.00000000,'','','','','','','','','','',0,'0','0','0','',NULL,19954,18527),(15927,'ACC986','70205518700067',0,'','',0.00000000,'','','','','','','','','','',0,'0','0','0','',NULL,19955,18385),(15928,'ACC987','70362044300019',0,'','',0.00000000,'','','','','','','','','','',0,'0','0','0','',NULL,19956,18353),(15929,'ACC988','70372007800103',0,'','',0.00000000,'','','','','','','','','','',0,'0','0','0','',NULL,19957,18675),(15930,'ACC989','70698018200028',0,'','',0.00000000,'','','','','','','','','','',0,'0','0','0','',NULL,19958,18640),(15931,'ACC990','70980740800030',0,'','',0.00000000,'','','','','','','','','','',0,'0','0','0','',NULL,19959,18414),(15932,'ACC991','71198033400033',0,'','',0.00000000,'','','','','','','','','','',0,'0','0','0','',NULL,19960,18514),(15933,'ACC992','71201953800131',0,'','',0.00000000,'','','','','','','','','','',0,'0','0','0','',NULL,19961,18534),(15934,'ACC993','71202477700062',0,'','',0.00000000,'','','','','','','','','','',0,'0','0','0','',NULL,19962,18813),(15935,'ACC994','71205341200037',0,'','',0.00000000,'','','','','','','','','','',0,'0','0','0','',NULL,19963,18455),(15936,'ACC995','71642043500027',0,'','',0.00000000,'','','','','','','','','','',0,'0','0','0','',NULL,19964,18401),(15937,'ACC996','71820449800114',0,'','',0.00000000,'','','','','','','','','','',0,'0','0','0','',NULL,19965,18675),(15938,'ACC997','71980288600056',0,'','',0.00000000,'','','','','','','','','','',0,'0','0','0','',NULL,19966,18395),(15939,'ACC998','72298022400025',0,'','',0.00000000,'','','','','','','','','','',0,'0','0','0','',NULL,19967,18419),(15940,'ACC999','72298022400017',0,'','',0.00000000,'','','','','','','','','','',0,'0','0','0','',NULL,19968,18419),(15941,'ACC1000','72658015200114',0,'','',0.00000000,'','','','','','','','','','',0,'0','0','0','',NULL,19969,18680),(15942,'ACC1001','72658015200098',0,'','',0.00000000,'','','','','','','','','','',0,'0','0','0','',NULL,19970,18680),(15943,'ACC1002','74993553200012',0,'','',0.00000000,'','','','','','','','','','',0,'0','0','0','',NULL,19971,18458),(15944,'ACC1003','75003675800068',0,'','',0.00000000,'','','','','','','','','','',0,'0','0','0','',NULL,19972,18419),(15945,'ACC1004','75155805700012',0,'','',0.00000000,'','','','','','','','','','',0,'0','0','0','',NULL,19973,18500),(15946,'ACC1005','75219912500010',0,'','',0.00000000,'','','','','','','','','','',0,'0','0','0','',NULL,19974,18418),(15947,'ACC1006','75228373900031',0,'','',0.00000000,'','','','','','','','','','',0,'0','0','0','',NULL,19975,18550),(15948,'ACC1007','75292291400011',0,'','',0.00000000,'','','','','','','','','','',0,'0','0','0','',NULL,19976,18327),(15949,'ACC1008','75295772000010',0,'','',0.00000000,'','','','','','','','','','',0,'0','0','0','',NULL,19977,18395),(15950,'ACC1009','75350018000017',0,'','',0.00000000,'','','','','','','','','','',0,'0','0','0','',NULL,19978,18437),(15951,'ACC1010','75580210500964',0,'','',0.00000000,'','','','','','','','','','',0,'0','0','0','',NULL,19979,18813),(15952,'ACC1011','75580210500717',0,'','',0.00000000,'','','','','','','','','','',0,'0','0','0','',NULL,19980,18813),(15953,'ACC1012','75580210501020',0,'','',0.00000000,'','','','','','','','','','',0,'0','0','0','',NULL,19981,18813),(15954,'ACC1013','75580210500246',0,'','',0.00000000,'','','','','','','','','','',0,'0','0','0','',NULL,19982,18813),(15955,'ACC1014','75580210500279',0,'','',0.00000000,'','','','','','','','','','',0,'0','0','0','',NULL,19983,18813),(15956,'ACC1015','75850100100013',0,'','',0.00000000,'','','','','','','','','','',0,'0','0','0','',NULL,19984,18499),(15957,'ACC1016','76050058700026',0,'','',0.00000000,'','','','','','','','','','',0,'0','0','0','',NULL,19985,18360),(15958,'ACC1017','76320020100047',0,'','',0.00000000,'','','','','','','','','','',0,'0','0','0','',NULL,19986,18382),(15959,'ACC1018','76320082100026',0,'','',0.00000000,'','','','','','','','','','',0,'0','0','0','',NULL,19987,18340),(15960,'ACC1019','76580128700010',0,'','',0.00000000,'','','','','','','','','','',0,'0','0','0','',NULL,19988,18336),(15961,'ACC1020','77556335600051',0,'','',0.00000000,'','','','','','','','','','',0,'0','0','0','',NULL,19989,18838),(15962,'ACC1021','77564285300011',0,'','',0.00000000,'','','','','','','','','','',0,'0','0','0','',NULL,19990,18399),(15963,'ACC1022','77565098900012',0,'','',0.00000000,'','','','','','','','','','',0,'0','0','0','',NULL,19991,18528),(15964,'ACC1023','77566225700226',0,'','',0.00000000,'','','','','','','','','','',0,'0','0','0','',NULL,19992,18414),(15965,'ACC1024','77568848400044',0,'','',0.00000000,'','','','','','','','','','',0,'0','0','0','',NULL,19993,18960),(15966,'ACC1025','77569019100181',0,'','',0.00000000,'','','','','','','','','','',0,'0','0','0','',NULL,19994,18683),(15967,'ACC1026','77570245900048',0,'','',0.00000000,'','','','','','','','','','',0,'0','0','0','',NULL,19995,18390),(15968,'ACC1027','77570380400010',0,'','',0.00000000,'','','','','','','','','','',0,'0','0','0','',NULL,19996,18675),(15969,'ACC1028','77570963700034',0,'','',0.00000000,'','','','','','','','','','',0,'0','0','0','',NULL,19997,18648),(15970,'ACC1029','77572729000030',0,'','',0.00000000,'','','','','','','','','','',0,'0','0','0','',NULL,19998,18479),(15971,'ACC1030','77574479000020',0,'','',0.00000000,'','','','','','','','','','',0,'0','0','0','',NULL,19999,18425),(15972,'ACC1031','77622146700116',0,'','',0.00000000,'','','','','','','','','','',0,'0','0','0','',NULL,20000,18307),(15973,'ACC1032','77733534000108',0,'','',0.00000000,'','','','','','','','','','',0,'0','0','0','',NULL,20001,18838),(15974,'ACC1033','77733594400032',0,'','',0.00000000,'','','','','','','','','','',0,'0','0','0','',NULL,20002,18489),(15975,'ACC1034','77734509100022',0,'','',0.00000000,'','','','','','','','','','',0,'0','0','0','',NULL,20003,18446),(15976,'ACC1035','77811434800015',0,'','',0.00000000,'','','','','','','','','','',0,'0','0','0','',NULL,20004,18317),(15977,'ACC1036','77811618600025',0,'','',0.00000000,'','','','','','','','','','',0,'0','0','0','',NULL,20005,18381),(15978,'ACC1037','77815124100016',0,'','',0.00000000,'','','','','','','','','','',0,'0','0','0','',NULL,20006,18513),(15979,'ACC1038','77815826100041',0,'','',0.00000000,'','','','','','','','','','',0,'0','0','0','',NULL,20007,18402),(15980,'ACC1039','77874000100111',0,'','',0.00000000,'','','','','','','','','','',0,'0','0','0','',NULL,20008,18385),(15981,'ACC1040','77888752100012',0,'','',0.00000000,'','','','','','','','','','',0,'0','0','0','',NULL,20009,18344),(15982,'ACC1041','78012998701959',0,'','',0.00000000,'','','','','','','','','','',0,'0','0','0','',NULL,20010,18527),(15983,'ACC1042','78012998703955',0,'','',0.00000000,'','','','','','','','','','',0,'0','0','0','',NULL,20011,18527),(15984,'ACC1043','78012998700902',0,'','',0.00000000,'','','','','','','','','','',0,'0','0','0','',NULL,20012,18527),(15985,'ACC1044','78012998702833',0,'','',0.00000000,'','','','','','','','','','',0,'0','0','0','',NULL,20013,18527),(15986,'ACC1045','78012998703575',0,'','',0.00000000,'','','','','','','','','','',0,'0','0','0','',NULL,20014,18527),(15987,'ACC1046','78012998703211',0,'','',0.00000000,'','','','','','','','','','',0,'0','0','0','',NULL,20015,18527),(15988,'ACC1047','78012998701876',0,'','',0.00000000,'','','','','','','','','','',0,'0','0','0','',NULL,20016,18527),(15989,'ACC1048','78012998700936',0,'','',0.00000000,'','','','','','','','','','',0,'0','0','0','',NULL,20017,18527),(15990,'ACC1049','78012998701074',0,'','',0.00000000,'','','','','','','','','','',0,'0','0','0','',NULL,20018,18527),(15991,'ACC1050','78012998703591',0,'','',0.00000000,'','','','','','','','','','',0,'0','0','0','',NULL,20019,18527),(15992,'ACC1051','78013017514688',0,'','',0.00000000,'','','','','','','','','','',0,'0','0','0','',NULL,20020,18677),(15993,'ACC1052','78065002400018',0,'','',0.00000000,'','','','','','','','','','',0,'0','0','0','',NULL,20021,18352),(15994,'ACC1053','78144652100028',0,'','',0.00000000,'','','','','','','','','','',0,'0','0','0','',NULL,20022,18447),(15995,'ACC1054','78150432900025',0,'','',0.00000000,'','','','','','','','','','',0,'0','0','0','',NULL,20023,18640),(15996,'ACC1055','78159675400049',0,'','',0.00000000,'','','','','','','','','','',0,'0','0','0','',NULL,20024,18381),(15997,'ACC1056','78161908500058',0,'','',0.00000000,'','','','','','','','','','',0,'0','0','0','',NULL,20025,18337),(15998,'ACC1057','78394214700019',0,'','',0.00000000,'','','','','','','','','','',0,'0','0','0','',NULL,20026,18381),(15999,'ACC1058','78432601900063',0,'','',0.00000000,'','','','','','','','','','',0,'0','0','0','',NULL,20027,18683),(16000,'ACC1059','78530403100822',0,'','',0.00000000,'','','','','','','','','','',0,'0','0','0','',NULL,20028,18516),(16001,'ACC1060','78552018000015',0,'','',0.00000000,'','','','','','','','','','',0,'0','0','0','',NULL,20029,18502),(16002,'ACC1061','78582050700040',0,'','',0.00000000,'','','','','','','','','','',0,'0','0','0','',NULL,20030,18458),(16003,'ACC1062','78582050700065',0,'','',0.00000000,'','','','','','','','','','',0,'0','0','0','',NULL,20031,18458),(16004,'ACC1063','78582050700016',0,'','',0.00000000,'','','','','','','','','','',0,'0','0','0','',NULL,20032,18458),(16005,'ACC1064','78728015500096',0,'','',0.00000000,'','','','','','','','','','',0,'0','0','0','',NULL,20033,18327),(16006,'ACC1065','78806046500010',0,'','',0.00000000,'','','','','','','','','','',0,'0','0','0','',NULL,20034,18847),(16007,'ACC1066','78816006700203',0,'','',0.00000000,'','','','','','','','','','',0,'0','0','0','',NULL,20035,18337),(16008,'ACC1067','78833474600013',0,'','',0.00000000,'','','','','','','','','','',0,'0','0','0','',NULL,20036,18675),(16009,'ACC1068','78916932300019',0,'','',0.00000000,'','','','','','','','','','',0,'0','0','0','',NULL,20037,18813),(16010,'ACC1069','78969641600013',0,'','',0.00000000,'','','','','','','','','','',0,'0','0','0','',NULL,20038,18566),(16011,'ACC1070','78972600700014',0,'','',0.00000000,'','','','','','','','','','',0,'0','0','0','',NULL,20039,18552),(16012,'ACC1071','78981369800022',0,'','',0.00000000,'','','','','','','','','','',0,'0','0','0','',NULL,20040,18431),(16013,'ACC1072','79019750300028',0,'','',0.00000000,'','','','','','','','','','',0,'0','0','0','',NULL,20041,18400),(16014,'ACC1073','79046297200023',0,'','',0.00000000,'','','','','','','','','','',0,'0','0','0','',NULL,20042,18381),(16015,'ACC1074','79048508000010',0,'','',0.00000000,'','','','','','','','','','',0,'0','0','0','',NULL,20043,18961),(16016,'ACC1075','79156709200014',0,'','',0.00000000,'','','','','','','','','','',0,'0','0','0','',NULL,20044,18416),(16017,'ACC1076','79236444000018',0,'','',0.00000000,'','','','','','','','','','',0,'0','0','0','',NULL,20045,18573),(16018,'ACC1077','79236444000026',0,'','',0.00000000,'','','','','','','','','','',0,'0','0','0','',NULL,20046,18573),(16019,'ACC1078','79271630000019',0,'','',0.00000000,'','','','','','','','','','',0,'0','0','0','',NULL,20047,18402),(16020,'ACC1079','79280854500018',0,'','',0.00000000,'','','','','','','','','','',0,'0','0','0','',NULL,20048,18453),(16021,'ACC1080','79440283400012',0,'','',0.00000000,'','','','','','','','','','',0,'0','0','0','',NULL,20049,18573),(16022,'ACC1081','79456425200029',0,'','',0.00000000,'','','','','','','','','','',0,'0','0','0','',NULL,20050,18381),(16023,'ACC1082','79467516500029',0,'','',0.00000000,'','','','','','','','','','',0,'0','0','0','',NULL,20051,18373),(16024,'ACC1083','79484642800017',0,'','',0.00000000,'','','','','','','','','','',0,'0','0','0','',NULL,20052,18573),(16025,'ACC1084','79495042800019',0,'','',0.00000000,'','','','','','','','','','',0,'0','0','0','',NULL,20053,18566),(16026,'ACC1085','79501485100013',0,'','',0.00000000,'','','','','','','','','','',0,'0','0','0','',NULL,20054,18411),(16027,'ACC1086','79523115800010',0,'','',0.00000000,'','','','','','','','','','',0,'0','0','0','',NULL,20055,18400),(16028,'ACC1087','79665007500057',0,'','',0.00000000,'','','','','','','','','','',0,'0','0','0','',NULL,20056,18645),(16029,'ACC1088','79708085000275',0,'','',0.00000000,'','','','','','','','','','',0,'0','0','0','',NULL,20057,18349),(16030,'ACC1089','79850978200032',0,'','',0.00000000,'','','','','','','','','','',0,'0','0','0','',NULL,20058,18840),(16031,'ACC1090','79864199900023',0,'','',0.00000000,'','','','','','','','','','',0,'0','0','0','',NULL,20059,18843),(16032,'ACC1091','79925509600023',0,'','',0.00000000,'','','','','','','','','','',0,'0','0','0','',NULL,20060,18654),(16033,'ACC1092','79931368900017',0,'','',0.00000000,'','','','','','','','','','',0,'0','0','0','',NULL,20061,18519),(16034,'ACC1093','79940305000013',0,'','',0.00000000,'','','','','','','','','','',0,'0','0','0','',NULL,20062,18838),(16035,'ACC1094','79999538600023',0,'','',0.00000000,'','','','','','','','','','',0,'0','0','0','',NULL,20063,18414),(16036,'ACC1095','80050781600018',0,'','',0.00000000,'','','','','','','','','','',0,'0','0','0','',NULL,20064,18573),(16037,'ACC1096','80167279100010',0,'','',0.00000000,'','','','','','','','','','',0,'0','0','0','',NULL,20065,18424),(16038,'ACC1097','80217565300012',0,'','',0.00000000,'','','','','','','','','','',0,'0','0','0','',NULL,20066,18411),(16039,'ACC1098','80218764100021',0,'','',0.00000000,'','','','','','','','','','',0,'0','0','0','',NULL,20067,18840),(16040,'ACC1099','80308658600010',0,'','',0.00000000,'','','','','','','','','','',0,'0','0','0','',NULL,20068,18601),(16041,'ACC1100','80310911500029',0,'','',0.00000000,'','','','','','','','','','',0,'0','0','0','',NULL,20069,18399),(16042,'ACC1101','80324795600011',0,'','',0.00000000,'','','','','','','','','','',0,'0','0','0','',NULL,20070,18414),(16043,'ACC1102','80373895400020',0,'','',0.00000000,'','','','','','','','','','',0,'0','0','0','',NULL,20071,18321),(16044,'ACC1103','80486291000010',0,'','',0.00000000,'','','','','','','','','','',0,'0','0','0','',NULL,20072,18381),(16045,'ACC1104','80507446500024',0,'','',0.00000000,'','','','','','','','','','',0,'0','0','0','',NULL,20073,18601),(16046,'ACC1105','80692003900021',0,'','',0.00000000,'','','','','','','','','','',0,'0','0','0','',NULL,20074,18553),(16047,'ACC1106','80764136000027',0,'','',0.00000000,'','','','','','','','','','',0,'0','0','0','',NULL,20075,18453),(16048,'ACC1107','80767260500019',0,'','',0.00000000,'','','','','','','','','','',0,'0','0','0','',NULL,20076,18344),(16049,'ACC1108','80768508600025',0,'','',0.00000000,'','','','','','','','','','',0,'0','0','0','',NULL,20077,18460),(16050,'ACC1109','80800854400021',0,'','',0.00000000,'','','','','','','','','','',0,'0','0','0','',NULL,20078,18843),(16051,'ACC1110','80833267000013',0,'','',0.00000000,'','','','','','','','','','',0,'0','0','0','',NULL,20079,18737),(16052,'ACC1111','80865485900020',0,'','',0.00000000,'','','','','','','','','','',0,'0','0','0','',NULL,20080,18530),(16053,'ACC1112','80893142200014',0,'','',0.00000000,'','','','','','','','','','',0,'0','0','0','',NULL,20081,18319),(16054,'ACC1113','80985590100017',0,'','',0.00000000,'','','','','','','','','','',0,'0','0','0','',NULL,20082,18375),(16055,'ACC1114','81074373200010',0,'','',0.00000000,'','','','','','','','','','',0,'0','0','0','',NULL,20083,18399),(16056,'ACC1115','81113532600031',0,'','',0.00000000,'','','','','','','','','','',0,'0','0','0','',NULL,20084,18421),(16057,'ACC1116','81261216600015',0,'','',0.00000000,'','','','','','','','','','',0,'0','0','0','',NULL,20085,18344),(16058,'ACC1117','81340545300016',0,'','',0.00000000,'','','','','','','','','','',0,'0','0','0','',NULL,20086,18260),(16059,'ACC1118','81514534700036',0,'','',0.00000000,'','','','','','','','','','',0,'0','0','0','',NULL,20087,18458),(16060,'ACC1119','81738987700025',0,'','',0.00000000,'','','','','','','','','','',0,'0','0','0','',NULL,20088,18843),(16061,'ACC1120','81743955700031',0,'','',0.00000000,'','','','','','','','','','',0,'0','0','0','',NULL,20089,18678),(16062,'ACC1121','81743955700023',0,'','',0.00000000,'','','','','','','','','','',0,'0','0','0','',NULL,20090,18678),(16063,'ACC1122','81743955700049',0,'','',0.00000000,'','','','','','','','','','',0,'0','0','0','',NULL,20091,18678),(16064,'ACC1123','81743959900025',0,'','',0.00000000,'','','','','','','','','','',0,'0','0','0','',NULL,20092,18398),(16065,'ACC1124','81743959900033',0,'','',0.00000000,'','','','','','','','','','',0,'0','0','0','',NULL,20093,18398),(16066,'ACC1125','81743959900041',0,'','',0.00000000,'','','','','','','','','','',0,'0','0','0','',NULL,20094,18398),(16067,'ACC1126','81930582200010',0,'','',0.00000000,'','','','','','','','','','',0,'0','0','0','',NULL,20095,18359),(16068,'ACC1127','81966842700027',0,'','',0.00000000,'','','','','','','','','','',0,'0','0','0','',NULL,20096,18526),(16069,'ACC1128','81981758600079',0,'','',0.00000000,'','','','','','','','','','',0,'0','0','0','',NULL,20097,18340),(16070,'ACC1129','81981758600012',0,'','',0.00000000,'','','','','','','','','','',0,'0','0','0','',NULL,20098,18340),(16071,'ACC1130','82023809500021',0,'','',0.00000000,'','','','','','','','','','',0,'0','0','0','',NULL,20099,18470),(16072,'ACC1131','82084683000025',0,'','',0.00000000,'','','','','','','','','','',0,'0','0','0','',NULL,20100,18455),(16073,'ACC1132','82115512400018',0,'','',0.00000000,'','','','','','','','','','',0,'0','0','0','',NULL,20101,18399),(16074,'ACC1133','82173341700041',0,'','',0.00000000,'','','','','','','','','','',0,'0','0','0','',NULL,20102,18341),(16075,'ACC1134','82208385300017',0,'','',0.00000000,'','','','','','','','','','',0,'0','0','0','',NULL,20103,18579),(16076,'ACC1135','82287657900019',0,'','',0.00000000,'','','','','','','','','','',0,'0','0','0','',NULL,20104,18472),(16077,'ACC1136','82390129300014',0,'','',0.00000000,'','','','','','','','','','',0,'0','0','0','',NULL,20105,18570),(16078,'ACC1137','82425320700016',0,'','',0.00000000,'','','','','','','','','','',0,'0','0','0','',NULL,20106,18446),(16079,'ACC1138','82439344100012',0,'','',0.00000000,'','','','','','','','','','',0,'0','0','0','',NULL,20107,18409),(16080,'ACC1139','82496437300016',0,'','',0.00000000,'','','','','','','','','','',0,'0','0','0','',NULL,20108,18573),(16081,'ACC1140','82925164400011',0,'','',0.00000000,'','','','','','','','','','',0,'0','0','0','',NULL,20109,18807),(16082,'ACC1141','82941370700045',0,'','',0.00000000,'','','','','','','','','','',0,'0','0','0','',NULL,20110,18569),(16083,'ACC1142','82980948200021',0,'','',0.00000000,'','','','','','','','','','',0,'0','0','0','',NULL,20111,18332),(16084,'ACC1143','83073039600025',0,'','',0.00000000,'','','','','','','','','','',0,'0','0','0','',NULL,20112,18472),(16085,'ACC1144','83087485500026',0,'','',0.00000000,'','','','','','','','','','',0,'0','0','0','',NULL,20113,18409),(16086,'ACC1145','83135713200032',0,'','',0.00000000,'','','','','','','','','','',0,'0','0','0','',NULL,20114,18569),(16087,'ACC1146','83147559500011',0,'','',0.00000000,'','','','','','','','','','',0,'0','0','0','',NULL,20115,18319),(16088,'ACC1147','83156592400022',0,'','',0.00000000,'','','','','','','','','','',0,'0','0','0','',NULL,20116,18840),(16089,'ACC1148','83290677000017',0,'','',0.00000000,'','','','','','','','','','',0,'0','0','0','',NULL,20117,18813),(16090,'ACC1149','83312104900013',0,'','',0.00000000,'','','','','','','','','','',0,'0','0','0','',NULL,20118,18416),(16091,'ACC1150','83366956700012',0,'','',0.00000000,'','','','','','','','','','',0,'0','0','0','',NULL,20119,18460),(16092,'ACC1151','83373610100027',0,'','',0.00000000,'','','','','','','','','','',0,'0','0','0','',NULL,20120,18400),(16093,'ACC1152','83373610100019',0,'','',0.00000000,'','','','','','','','','','',0,'0','0','0','',NULL,20121,18400),(16094,'ACC1153','83409649700062',0,'','',0.00000000,'','','','','','','','','','',0,'0','0','0','',NULL,20122,18845),(16095,'ACC1154','83825603000019',0,'','',0.00000000,'','','','','','','','','','',0,'0','0','0','',NULL,20123,18843),(16096,'ACC1155','83892464500024',0,'','',0.00000000,'','','','','','','','','','',0,'0','0','0','',NULL,20124,18581),(16097,'ACC1156','84046602300016',0,'','',0.00000000,'','','','','','','','','','',0,'0','0','0','',NULL,20125,18813),(16098,'ACC1157','84069989600022',0,'','',0.00000000,'','','','','','','','','','',0,'0','0','0','',NULL,20126,18390),(16099,'ACC1158','84129285700015',0,'','',0.00000000,'','','','','','','','','','',0,'0','0','0','',NULL,20127,18642),(16100,'ACC1159','84164569000022',0,'','',0.00000000,'','','','','','','','','','',0,'0','0','0','',NULL,20128,18642),(16101,'ACC1160','84224350300013',0,'','',0.00000000,'','','','','','','','','','',0,'0','0','0','',NULL,20129,18515),(16102,'ACC1161','84313737300018',0,'','',0.00000000,'','','','','','','','','','',0,'0','0','0','',NULL,20130,18451),(16103,'ACC1162','84327760900015',0,'','',0.00000000,'','','','','','','','','','',0,'0','0','0','',NULL,20131,18838),(16104,'ACC1163','84718006400044',0,'','',0.00000000,'','','','','','','','','','',0,'0','0','0','',NULL,20132,18414),(16105,'ACC1164','84718006400069',0,'','',0.00000000,'','','','','','','','','','',0,'0','0','0','',NULL,20133,18414),(16106,'ACC1165','84792573200020',0,'','',0.00000000,'','','','','','','','','','',0,'0','0','0','',NULL,20134,18843),(16107,'ACC1166','84871283200015',0,'','',0.00000000,'','','','','','','','','','',0,'0','0','0','',NULL,20135,18850),(16108,'ACC1167','84961980400024',0,'','',0.00000000,'','','','','','','','','','',0,'0','0','0','',NULL,20136,18381),(16109,'ACC1168','85321452600081',0,'','',0.00000000,'','','','','','','','','','',0,'0','0','0','',NULL,20137,18419),(16110,'ACC1169','85520050700017',0,'','',0.00000000,'','','','','','','','','','',0,'0','0','0','',NULL,20138,18838),(16111,'ACC1170','85780069200090',0,'','',0.00000000,'','','','','','','','','','',0,'0','0','0','',NULL,20139,18553),(16112,'ACC1171','86080085300019',0,'','',0.00000000,'','','','','','','','','','',0,'0','0','0','',NULL,20140,18401),(16113,'ACC1172','86680121000026',0,'','',0.00000000,'','','','','','','','','','',0,'0','0','0','',NULL,20141,18458),(16114,'ACC1173','87555066700013',0,'','',0.00000000,'','','','','','','','','','',0,'0','0','0','',NULL,20142,18536),(16115,'ACC1174','87756645500011',0,'','',0.00000000,'','','','','','','','','','',0,'0','0','0','',NULL,20143,18331),(16116,'ACC1175','87782289000027',0,'','',0.00000000,'','','','','','','','','','',0,'0','0','0','',NULL,20144,18354),(16117,'ACC1176','87802767100022',0,'','',0.00000000,'','','','','','','','','','',0,'0','0','0','',NULL,20145,18414),(16118,'ACC1177','87940589200016',0,'','',0.00000000,'','','','','','','','','','',0,'0','0','0','',NULL,20146,18582),(16119,'ACC1178','88007218600021',0,'','',0.00000000,'','','','','','','','','','',0,'0','0','0','',NULL,20147,18417),(16120,'ACC1179','88062350900010',0,'','',0.00000000,'','','','','','','','','','',0,'0','0','0','',NULL,20148,18468),(16121,'ACC1180','88155459600018',0,'','',0.00000000,'','','','','','','','','','',0,'0','0','0','',NULL,20149,18756),(16122,'ACC1181','88318925000011',0,'','',0.00000000,'','','','','','','','','','',0,'0','0','0','',NULL,20150,18840),(16123,'ACC1182','89017367700026',0,'','',0.00000000,'','','','','','','','','','',0,'0','0','0','',NULL,20151,18530),(16124,'ACC1183','89167582900016',0,'','',0.00000000,'','','','','','','','','','',0,'0','0','0','',NULL,20152,18807),(16125,'ACC1184','89403784500027',0,'','',0.00000000,'','','','','','','','','','',0,'0','0','0','',NULL,20153,18566),(16126,'ACC1185','89575041200176',0,'','',0.00000000,'','','','','','','','','','',0,'0','0','0','',NULL,20154,18838),(16127,'ACC1186','89784868500011',0,'','',0.00000000,'','','','','','','','','','',0,'0','0','0','',NULL,20155,18813),(16128,'ACC1187','90062335600012',0,'','',0.00000000,'','','','','','','','','','',0,'0','0','0','',NULL,20156,18402),(16129,'ACC1188','90107345200038',0,'','',0.00000000,'','','','','','','','','','',0,'0','0','0','',NULL,20157,18813),(16130,'ACC1189','90292528800018',0,'','',0.00000000,'','','','','','','','','','',0,'0','0','0','',NULL,20158,18527),(16131,'ACC1190','90292528800034',0,'','',0.00000000,'','','','','','','','','','',0,'0','0','0','',NULL,20159,18527),(16132,'ACC1191','90562003500014',0,'','',0.00000000,'','','','','','','','','','',0,'0','0','0','',NULL,20160,18342),(16133,'ACC1192','90818477300020',0,'','',0.00000000,'','','','','','','','','','',0,'0','0','0','',NULL,20161,18321),(16134,'ACC1193','91083984400024',0,'','',0.00000000,'','','','','','','','','','',0,'0','0','0','',NULL,20162,18425),(16135,'ACC1194','92615012900019',0,'','',0.00000000,'','','','','','','','','','',0,'0','0','0','',NULL,20163,18644),(16136,'ACC1195','93578038700012',0,'','',0.00000000,'','','','','','','','','','',0,'0','0','0','',NULL,20164,18516),(16137,'ACC1196','93608034000016',0,'','',0.00000000,'','','','','','','','','','',0,'0','0','0','',NULL,20165,18353),(16138,'ACC1197','93732005900051',0,'','',0.00000000,'','','','','','','','','','',0,'0','0','0','',NULL,20166,18361),(16139,'ACC1198','94555054900733',0,'','',0.00000000,'','','','','','','','','','',0,'0','0','0','',NULL,20167,18439),(16140,'ACC1199','94565024000019',0,'','',0.00000000,'','','','','','','','','','',0,'0','0','0','',NULL,20168,18384),(16141,'ACC1200','94585024600014',0,'','',0.00000000,'','','','','','','','','','',0,'0','0','0','',NULL,20169,18661),(16142,'ACC1201','94675065000016',0,'','',0.00000000,'','','','','','','','','','',0,'0','0','0','',NULL,20170,18397),(16143,'ACC1202','95041322900036',0,'','',0.00000000,'','','','','','','','','','',0,'0','0','0','',NULL,20171,18550),(16144,'ACC1203','95041749300273',0,'','',0.00000000,'','','','','','','','','','',0,'0','0','0','',NULL,20172,18404),(16145,'ACC1204','95450453600028',0,'','',0.00000000,'','','','','','','','','','',0,'0','0','0','',NULL,20173,18478),(16146,'ACC1205','95450607700120',0,'','',0.00000000,'','','','','','','','','','',0,'0','0','0','',NULL,20174,18527),(16147,'ACC1206','95450974118351',0,'','',0.00000000,'','','','','','','','','','',0,'0','0','0','',NULL,20175,18812),(16148,'ACC1207','95550881700090',0,'','',0.00000000,'','','','','','','','','','',0,'0','0','0','',NULL,20176,18455),(16149,'ACC1208','95550881700033',0,'','',0.00000000,'','','','','','','','','','',0,'0','0','0','',NULL,20177,18455),(16150,'ACC1209','95550921100012',0,'','',0.00000000,'','','','','','','','','','',0,'0','0','0','',NULL,20178,18400),(16151,'ACC1210','96150342200340',0,'','',0.00000000,'','','','','','','','','','',0,'0','0','0','',NULL,20179,18332),(16152,'ACC1211','96528495300027',0,'','',0.00000000,'','','','','','','','','','',0,'0','0','0','',NULL,20180,18528),(16153,'ACC1212','96550033300020',0,'','',0.00000000,'','','','','','','','','','',0,'0','0','0','',NULL,20181,18352),(16154,'ACC1213','96750106500338',0,'','',0.00000000,'','','','','','','','','','',0,'0','0','0','',NULL,20182,18675),(16155,'ACC1214','96750469700566',0,'','',0.00000000,'','','','','','','','','','',0,'0','0','0','',NULL,20183,18414),(16156,'ACC1215','97080272400017',0,'','',0.00000000,'','','','','','','','','','',0,'0','0','0','',NULL,20184,18400),(16157,'ACC1216','97320194000010',0,'','',0.00000000,'','','','','','','','','','',0,'0','0','0','',NULL,20185,18505),(16158,'ACC1217','97320328400102',0,'','',0.00000000,'','','','','','','','','','',0,'0','0','0','',NULL,20186,18510),(16159,'ACC1218','98552015400016',0,'','',0.00000000,'','','','','','','','','','',0,'0','0','0','',NULL,20187,18400),(16160,'ACC1219','98652019500017',0,'','',0.00000000,'','','','','','','','','','',0,'0','0','0','',NULL,20188,18401),(16161,'ACC1220','99826921100400',0,'','',0.00000000,'','','','','','','','','','',0,'0','0','0','',NULL,20189,18422),(16162,'ACC1221','39263124800359',0,'','',0.00000000,'','','','','','','','','','',0,'0','0','0','',NULL,20190,18396),(16823,'ACC1222','32652064000011',0,'','',0.00000000,'','','','','','','','','','',0,'0','0','0','',NULL,20191,18468),(16824,'ACC1223','35191544200039',0,'','',0.00000000,'','','','','','','','','','',0,'0','0','0','',NULL,20192,18756),(16825,'ACC1224','35191544200021',0,'','',0.00000000,'','','','','','','','','','',0,'0','0','0','',NULL,20193,18756),(16826,'ACC1225','67618011000030',0,'','',0.00000000,'','','','','','','','','','',0,'0','0','0','',NULL,20194,18518),(16827,'ACC1226','38279486500099',0,'','',0.00000000,'','','','','','','','','','',0,'0','0','0','',NULL,20195,18344),(16828,'ACC1227','38279486500024',0,'','',0.00000000,'','','','','','','','','','',0,'0','0','0','',NULL,20196,18344),(16829,'ACC1228','38279486500081',0,'','',0.00000000,'','','','','','','','','','',0,'0','0','0','',NULL,20197,18344),(16830,'ACC1229','38279486500032',0,'','',0.00000000,'','','','','','','','','','',0,'0','0','0','',NULL,20198,18344),(16831,'ACC1230','67548008100057',0,'','',0.00000000,'','','','','','','','','','',0,'0','0','0','',NULL,20199,18343),(16832,'ACC1231','67548008100065',0,'','',0.00000000,'','','','','','','','','','',0,'0','0','0','',NULL,20200,18343),(16858,'ACC1232','50808460500072',0,'','',0.00000000,'','','','','','','','','','',0,'0','0','0','',NULL,20201,18566),(18252,'ACC1233','87916788000027',0,NULL,NULL,NULL,NULL,NULL,NULL,NULL,NULL,NULL,NULL,NULL,NULL,NULL,0,'0','0','0','',NULL,18990,18802),(18986,'ACC1234','83228432700034',0,NULL,NULL,NULL,NULL,NULL,NULL,NULL,NULL,NULL,NULL,NULL,NULL,NULL,0,'0','0','0','',NULL,0,0),(18987,'ACC1235','83228432700034',0,NULL,NULL,NULL,NULL,NULL,NULL,NULL,NULL,NULL,NULL,NULL,NULL,NULL,0,'0','0','0','',NULL,0,0),(18988,'ACC1236','83228432700034',0,NULL,NULL,NULL,NULL,NULL,NULL,NULL,NULL,NULL,NULL,NULL,NULL,NULL,0,'0','0','0','',NULL,20202,18856),(27793,'ACC1237','41020627000028',0,NULL,NULL,NULL,NULL,NULL,NULL,NULL,NULL,NULL,NULL,NULL,NULL,NULL,0,'0','0','0','',NULL,33188,18527),(27825,'ACC1238','8,79168E+13',0,NULL,NULL,NULL,NULL,NULL,NULL,NULL,NULL,NULL,NULL,NULL,NULL,NULL,0,'0','0','0','',NULL,0,0),(27830,'ACC1239','50808460500064',0,NULL,NULL,NULL,NULL,NULL,NULL,NULL,NULL,NULL,NULL,NULL,NULL,NULL,0,'0','0','0','',NULL,33187,18566),(27846,'ACC1240','30000950145154',0,NULL,NULL,NULL,NULL,NULL,NULL,NULL,NULL,NULL,NULL,NULL,NULL,NULL,0,'0','0','0','',NULL,0,0),(28502,'ACC1241','1565003900041',0,NULL,NULL,NULL,NULL,NULL,NULL,NULL,NULL,NULL,NULL,NULL,NULL,NULL,0,'0','0','0','',NULL,0,0),(30056,'ACC1242','32652064000011',0,NULL,NULL,NULL,NULL,NULL,NULL,NULL,NULL,NULL,NULL,NULL,NULL,NULL,0,'0','0','0','',NULL,20191,18468),(30060,'ACC1243','35191544200039',0,NULL,NULL,NULL,NULL,NULL,NULL,NULL,NULL,NULL,NULL,NULL,NULL,NULL,0,'0','0','0','',NULL,20192,18756),(30062,'ACC1244','35191544200021',0,NULL,NULL,NULL,NULL,NULL,NULL,NULL,NULL,NULL,NULL,NULL,NULL,NULL,0,'0','0','0','',NULL,20193,18756),(30065,'ACC1245','67618011000030',0,NULL,NULL,NULL,NULL,NULL,NULL,NULL,NULL,NULL,NULL,NULL,NULL,NULL,0,'0','0','0','',NULL,20194,18518),(30068,'ACC1246','38279486500099',0,NULL,NULL,NULL,NULL,NULL,NULL,NULL,NULL,NULL,NULL,NULL,NULL,NULL,0,'0','0','0','',NULL,20195,18344),(30070,'ACC1247','38279486500024',0,NULL,NULL,NULL,NULL,NULL,NULL,NULL,NULL,NULL,NULL,NULL,NULL,NULL,0,'0','0','0','',NULL,20196,18344),(30073,'ACC1248','38279486500081',0,NULL,NULL,NULL,NULL,NULL,NULL,NULL,NULL,NULL,NULL,NULL,NULL,NULL,0,'0','0','0','',NULL,20197,18344),(30075,'ACC1249','38279486500032',0,NULL,NULL,NULL,NULL,NULL,NULL,NULL,NULL,NULL,NULL,NULL,NULL,NULL,0,'0','0','0','',NULL,20198,18344),(30077,'ACC1250','67548008100057',0,NULL,NULL,NULL,NULL,NULL,NULL,NULL,NULL,NULL,NULL,NULL,NULL,NULL,0,'0','0','0','',NULL,20199,18343),(30080,'ACC1251','67548008100065',0,NULL,NULL,NULL,NULL,NULL,NULL,NULL,NULL,NULL,NULL,NULL,NULL,NULL,0,'0','0','0','',NULL,20200,18343),(30090,'ACC1252','50808460500072',0,NULL,NULL,NULL,NULL,NULL,NULL,NULL,NULL,NULL,NULL,NULL,NULL,NULL,0,'0','0','0','',NULL,20201,18566),(32690,'ACC1253','30001980116836',0,NULL,NULL,NULL,NULL,NULL,NULL,NULL,NULL,NULL,NULL,NULL,NULL,NULL,0,'0','0','0','',NULL,0,0),(32696,'ACC1254','75580210500014',0,NULL,NULL,NULL,NULL,NULL,NULL,NULL,NULL,NULL,NULL,NULL,NULL,NULL,0,'0','0','0','',NULL,33189,18813),(32697,'ACC1255','44025266600080',0,NULL,NULL,NULL,NULL,NULL,NULL,NULL,NULL,NULL,NULL,NULL,NULL,NULL,0,'0','0','0','',NULL,0,0),(32698,'ACC1256','44025266600081',0,NULL,NULL,NULL,NULL,NULL,NULL,NULL,NULL,NULL,NULL,NULL,NULL,NULL,0,'0','0','0','',NULL,0,0),(32699,'ACC1257','44025266600082',0,NULL,NULL,NULL,NULL,NULL,NULL,NULL,NULL,NULL,NULL,NULL,NULL,NULL,0,'0','0','0','',NULL,0,0),(32700,'ACC1258','44025266600083',0,NULL,NULL,NULL,NULL,NULL,NULL,NULL,NULL,NULL,NULL,NULL,NULL,NULL,0,'0','0','0','',NULL,0,0),(32701,'ACC1259','44025266600084',0,NULL,NULL,NULL,NULL,NULL,NULL,NULL,NULL,NULL,NULL,NULL,NULL,NULL,0,'0','0','0','',NULL,0,0),(32702,'ACC1260','44025266600085',0,NULL,NULL,NULL,NULL,NULL,NULL,NULL,NULL,NULL,NULL,NULL,NULL,NULL,0,'0','0','0','',NULL,0,0),(32703,'ACC1261','44025266600086',0,NULL,NULL,NULL,NULL,NULL,NULL,NULL,NULL,NULL,NULL,NULL,NULL,NULL,0,'0','0','0','',NULL,0,0),(32704,'ACC1262','44025266600087',0,NULL,NULL,NULL,NULL,NULL,NULL,NULL,NULL,NULL,NULL,NULL,NULL,NULL,0,'0','0','0','',NULL,0,0),(32705,'ACC1263','44025266600088',0,NULL,NULL,NULL,NULL,NULL,NULL,NULL,NULL,NULL,NULL,NULL,NULL,NULL,0,'0','0','0','',NULL,0,0),(32706,'ACC1264','44025266600089',0,NULL,NULL,NULL,NULL,NULL,NULL,NULL,NULL,NULL,NULL,NULL,NULL,NULL,0,'0','0','0','',NULL,0,0),(32707,'ACC1265','44025266600090',0,NULL,NULL,NULL,NULL,NULL,NULL,NULL,NULL,NULL,NULL,NULL,NULL,NULL,0,'0','0','0','',NULL,0,0),(32708,'ACC1266','44025266600091',0,NULL,NULL,NULL,NULL,NULL,NULL,NULL,NULL,NULL,NULL,NULL,NULL,NULL,0,'0','0','0','',NULL,0,0),(32790,'ACC1267','33079207800058',0,NULL,NULL,NULL,NULL,NULL,NULL,NULL,NULL,NULL,NULL,NULL,NULL,NULL,0,'0','0','0','',NULL,33190,18348),(32796,'ACC1268','44025266600069',0,NULL,NULL,NULL,NULL,NULL,NULL,NULL,NULL,NULL,NULL,NULL,NULL,NULL,0,'0','0','0','',NULL,0,0),(32798,'ACC1269','44025266600070',0,NULL,NULL,NULL,NULL,NULL,NULL,NULL,NULL,NULL,NULL,NULL,NULL,NULL,0,'0','0','0','',NULL,0,0),(32800,'ACC1270','44025266600071',0,NULL,NULL,NULL,NULL,NULL,NULL,NULL,NULL,NULL,NULL,NULL,NULL,NULL,0,'0','0','0','',NULL,0,0),(32802,'ACC1271','44025266600072',0,NULL,NULL,NULL,NULL,NULL,NULL,NULL,NULL,NULL,NULL,NULL,NULL,NULL,0,'0','0','0','',NULL,0,0),(32804,'ACC1272','44025266600073',0,NULL,NULL,NULL,NULL,NULL,NULL,NULL,NULL,NULL,NULL,NULL,NULL,NULL,0,'0','0','0','',NULL,0,0),(32806,'ACC1273','44025266600074',0,NULL,NULL,NULL,NULL,NULL,NULL,NULL,NULL,NULL,NULL,NULL,NULL,NULL,0,'0','0','0','',NULL,0,0),(32808,'ACC1274','44025266600075',0,NULL,NULL,NULL,NULL,NULL,NULL,NULL,NULL,NULL,NULL,NULL,NULL,NULL,0,'0','0','0','',NULL,0,0),(32810,'ACC1275','44025266600076',0,NULL,NULL,NULL,NULL,NULL,NULL,NULL,NULL,NULL,NULL,NULL,NULL,NULL,0,'0','0','0','',NULL,0,0),(32812,'ACC1276','44025266600077',0,NULL,NULL,NULL,NULL,NULL,NULL,NULL,NULL,NULL,NULL,NULL,NULL,NULL,0,'0','0','0','',NULL,0,0),(32814,'ACC1277','44025266600078',0,NULL,NULL,NULL,NULL,NULL,NULL,NULL,NULL,NULL,NULL,NULL,NULL,NULL,0,'0','0','0','',NULL,0,0),(32816,'ACC1278','44025266600079',0,NULL,NULL,NULL,NULL,NULL,NULL,NULL,NULL,NULL,NULL,NULL,NULL,NULL,0,'0','0','0','',NULL,0,0),(33194,'ACC1279','6,39805E+13',0,NULL,NULL,NULL,NULL,NULL,NULL,NULL,NULL,NULL,NULL,NULL,NULL,NULL,0,'0','0','0','',NULL,0,0),(33740,'ACC1280','44025266600080',0,NULL,NULL,NULL,NULL,NULL,NULL,NULL,NULL,NULL,NULL,NULL,NULL,NULL,0,'0','0','0','',NULL,0,0),(33741,'ACC1281','44025266600081',0,NULL,NULL,NULL,NULL,NULL,NULL,NULL,NULL,NULL,NULL,NULL,NULL,NULL,0,'0','0','0','',NULL,0,0),(33742,'ACC1282','44025266600082',0,NULL,NULL,NULL,NULL,NULL,NULL,NULL,NULL,NULL,NULL,NULL,NULL,NULL,0,'0','0','0','',NULL,0,0),(33743,'ACC1283','44025266600083',0,NULL,NULL,NULL,NULL,NULL,NULL,NULL,NULL,NULL,NULL,NULL,NULL,NULL,0,'0','0','0','',NULL,0,0),(33744,'ACC1284','44025266600084',0,NULL,NULL,NULL,NULL,NULL,NULL,NULL,NULL,NULL,NULL,NULL,NULL,NULL,0,'0','0','0','',NULL,0,0),(33745,'ACC1285','44025266600085',0,NULL,NULL,NULL,NULL,NULL,NULL,NULL,NULL,NULL,NULL,NULL,NULL,NULL,0,'0','0','0','',NULL,0,0),(33746,'ACC1286','44025266600086',0,NULL,NULL,NULL,NULL,NULL,NULL,NULL,NULL,NULL,NULL,NULL,NULL,NULL,0,'0','0','0','',NULL,0,0),(33747,'ACC1287','44025266600087',0,NULL,NULL,NULL,NULL,NULL,NULL,NULL,NULL,NULL,NULL,NULL,NULL,NULL,0,'0','0','0','',NULL,0,0),(33748,'ACC1288','44025266600088',0,NULL,NULL,NULL,NULL,NULL,NULL,NULL,NULL,NULL,NULL,NULL,NULL,NULL,0,'0','0','0','',NULL,0,0),(33749,'ACC1289','44025266600089',0,NULL,NULL,NULL,NULL,NULL,NULL,NULL,NULL,NULL,NULL,NULL,NULL,NULL,0,'0','0','0','',NULL,0,0),(33750,'ACC1290','44025266600090',0,NULL,NULL,NULL,NULL,NULL,NULL,NULL,NULL,NULL,NULL,NULL,NULL,NULL,0,'0','0','0','',NULL,0,0),(33751,'ACC1291','44025266600091',0,NULL,NULL,NULL,NULL,NULL,NULL,NULL,NULL,NULL,NULL,NULL,NULL,NULL,0,'0','0','0','',NULL,0,0),(33753,'ACC1292','35246829200037',0,NULL,NULL,NULL,NULL,NULL,NULL,NULL,NULL,NULL,NULL,NULL,NULL,NULL,0,'0','0','0','',NULL,33759,18314),(33760,'ACC1293','89238003100393',0,NULL,NULL,NULL,NULL,NULL,NULL,NULL,NULL,NULL,NULL,NULL,NULL,NULL,0,'0','0','0','',NULL,33855,18602),(33761,'ACC1294','55204695508152',0,NULL,NULL,NULL,NULL,NULL,NULL,NULL,NULL,NULL,NULL,NULL,NULL,NULL,0,'0','0','0','',NULL,33856,18573),(33762,'ACC1295','37904742600117',0,NULL,NULL,NULL,NULL,NULL,NULL,NULL,NULL,NULL,NULL,NULL,NULL,NULL,0,'0','0','0','',NULL,33857,18843),(33763,'ACC1296','34790206600039',0,NULL,NULL,NULL,NULL,NULL,NULL,NULL,NULL,NULL,NULL,NULL,NULL,NULL,0,'0','0','0','',NULL,33858,18255),(33764,'ACC1297','54206915800518',0,NULL,NULL,NULL,NULL,NULL,NULL,NULL,NULL,NULL,NULL,NULL,NULL,NULL,0,'0','0','0','',NULL,33859,18683),(33765,'ACC1298','33332162800039',0,NULL,NULL,NULL,NULL,NULL,NULL,NULL,NULL,NULL,NULL,NULL,NULL,NULL,0,'0','0','0','',NULL,33860,18837),(33766,'ACC1299','85056628200024',0,NULL,NULL,NULL,NULL,NULL,NULL,NULL,NULL,NULL,NULL,NULL,NULL,NULL,0,'0','0','0','',NULL,33861,18446),(33767,'ACC1300','97120447400078',0,NULL,NULL,NULL,NULL,NULL,NULL,NULL,NULL,NULL,NULL,NULL,NULL,NULL,0,'0','0','0','',NULL,33862,18417),(33768,'ACC1301','30207821700023',0,NULL,NULL,NULL,NULL,NULL,NULL,NULL,NULL,NULL,NULL,NULL,NULL,NULL,0,'0','0','0','',NULL,33863,18377),(33769,'ACC1302','44625016900013',0,NULL,NULL,NULL,NULL,NULL,NULL,NULL,NULL,NULL,NULL,NULL,NULL,NULL,0,'0','0','0','',NULL,33864,18331),(33770,'ACC1303','42814789600032',0,NULL,NULL,NULL,NULL,NULL,NULL,NULL,NULL,NULL,NULL,NULL,NULL,NULL,0,'0','0','0','',NULL,33865,18407),(33771,'ACC1304','41481521700040',0,NULL,NULL,NULL,NULL,NULL,NULL,NULL,NULL,NULL,NULL,NULL,NULL,NULL,0,'0','0','0','',NULL,33866,18534),(33772,'ACC1305','55206988200033',0,NULL,NULL,NULL,NULL,NULL,NULL,NULL,NULL,NULL,NULL,NULL,NULL,NULL,0,'0','0','0','',NULL,33867,18464),(33773,'ACC1306','41478182300011',0,NULL,NULL,NULL,NULL,NULL,NULL,NULL,NULL,NULL,NULL,NULL,NULL,NULL,0,'0','0','0','',NULL,33868,18505),(33774,'ACC1307','32044272600016',0,NULL,NULL,NULL,NULL,NULL,NULL,NULL,NULL,NULL,NULL,NULL,NULL,NULL,0,'0','0','0','',NULL,33869,18312),(33775,'ACC1308','34906904700018',0,NULL,NULL,NULL,NULL,NULL,NULL,NULL,NULL,NULL,NULL,NULL,NULL,NULL,0,'0','0','0','',NULL,33870,18339),(33776,'ACC1309','48529172800015',0,NULL,NULL,NULL,NULL,NULL,NULL,NULL,NULL,NULL,NULL,NULL,NULL,NULL,0,'0','0','0','',NULL,33871,18414),(33777,'ACC1310','34818173600011',0,NULL,NULL,NULL,NULL,NULL,NULL,NULL,NULL,NULL,NULL,NULL,NULL,NULL,0,'0','0','0','',NULL,33872,18406),(33778,'ACC1311','57698004900034',0,NULL,NULL,NULL,NULL,NULL,NULL,NULL,NULL,NULL,NULL,NULL,NULL,NULL,0,'0','0','0','',NULL,33873,18475),(33779,'ACC1312','34396752700080',0,NULL,NULL,NULL,NULL,NULL,NULL,NULL,NULL,NULL,NULL,NULL,NULL,NULL,0,'0','0','0','',NULL,33874,18407),(33780,'ACC1313','34892173500026',0,NULL,NULL,NULL,NULL,NULL,NULL,NULL,NULL,NULL,NULL,NULL,NULL,NULL,0,'0','0','0','',NULL,33875,18489),(33781,'ACC1314','40490794100045',0,NULL,NULL,NULL,NULL,NULL,NULL,NULL,NULL,NULL,NULL,NULL,NULL,NULL,0,'0','0','0','',NULL,33876,18350),(33782,'ACC1315','44267889200443',0,NULL,NULL,NULL,NULL,NULL,NULL,NULL,NULL,NULL,NULL,NULL,NULL,NULL,0,'0','0','0','',NULL,33877,18640),(33783,'ACC1316','45850283800071',0,NULL,NULL,NULL,NULL,NULL,NULL,NULL,NULL,NULL,NULL,NULL,NULL,NULL,0,'0','0','0','',NULL,33878,18527),(33784,'ACC1317','77573502000122',0,NULL,NULL,NULL,NULL,NULL,NULL,NULL,NULL,NULL,NULL,NULL,NULL,NULL,0,'0','0','0','',NULL,33879,18528),(33785,'ACC1318','39523360400028',0,NULL,NULL,NULL,NULL,NULL,NULL,NULL,NULL,NULL,NULL,NULL,NULL,NULL,0,'0','0','0','',NULL,33880,18371),(33786,'ACC1319','39951207800011',0,NULL,NULL,NULL,NULL,NULL,NULL,NULL,NULL,NULL,NULL,NULL,NULL,NULL,0,'0','0','0','',NULL,33881,18434),(33787,'ACC1320','05750459900077',0,NULL,NULL,NULL,NULL,NULL,NULL,NULL,NULL,NULL,NULL,NULL,NULL,NULL,0,'0','0','0','',NULL,33882,18350),(33788,'ACC1321','32327741800014',0,NULL,NULL,NULL,NULL,NULL,NULL,NULL,NULL,NULL,NULL,NULL,NULL,NULL,0,'0','0','0','',NULL,33883,18725),(33789,'ACC1322','71201953800156',0,NULL,NULL,NULL,NULL,NULL,NULL,NULL,NULL,NULL,NULL,NULL,NULL,NULL,0,'0','0','0','',NULL,33884,18534),(33790,'ACC1323','71201953800081',0,NULL,NULL,NULL,NULL,NULL,NULL,NULL,NULL,NULL,NULL,NULL,NULL,NULL,0,'0','0','0','',NULL,33885,18534),(33791,'ACC1324','58204581100129',0,NULL,NULL,NULL,NULL,NULL,NULL,NULL,NULL,NULL,NULL,NULL,NULL,NULL,0,'0','0','0','',NULL,33886,18478),(33792,'ACC1325','41031364700126',0,NULL,NULL,NULL,NULL,NULL,NULL,NULL,NULL,NULL,NULL,NULL,NULL,NULL,0,'0','0','0','',NULL,33887,18530),(33793,'ACC1326','38531541100053',0,NULL,NULL,NULL,NULL,NULL,NULL,NULL,NULL,NULL,NULL,NULL,NULL,NULL,0,'0','0','0','',NULL,33888,18463),(33794,'ACC1327','05545037630003',0,NULL,NULL,NULL,NULL,NULL,NULL,NULL,NULL,NULL,NULL,NULL,NULL,NULL,0,'0','0','0','',NULL,0,0),(33795,'ACC1328','43957041700022',0,NULL,NULL,NULL,NULL,NULL,NULL,NULL,NULL,NULL,NULL,NULL,NULL,NULL,0,'0','0','0','',NULL,33889,18553),(33796,'ACC1329','05550286800031',0,NULL,NULL,NULL,NULL,NULL,NULL,NULL,NULL,NULL,NULL,NULL,NULL,NULL,0,'0','0','0','',NULL,33890,18402),(33797,'ACC1330','32721893900061',0,NULL,NULL,NULL,NULL,NULL,NULL,NULL,NULL,NULL,NULL,NULL,NULL,NULL,0,'0','0','0','',NULL,33891,18506),(33798,'ACC1331','39317580700048',0,NULL,NULL,NULL,NULL,NULL,NULL,NULL,NULL,NULL,NULL,NULL,NULL,NULL,0,'0','0','0','',NULL,33892,18550),(33799,'ACC1332','55378057800017',0,NULL,NULL,NULL,NULL,NULL,NULL,NULL,NULL,NULL,NULL,NULL,NULL,NULL,0,'0','0','0','',NULL,33893,18354),(33800,'ACC1333','30150323100039',0,NULL,NULL,NULL,NULL,NULL,NULL,NULL,NULL,NULL,NULL,NULL,NULL,NULL,0,'0','0','0','',NULL,33894,18739),(33801,'ACC1334','01969010450001',0,NULL,NULL,NULL,NULL,NULL,NULL,NULL,NULL,NULL,NULL,NULL,NULL,NULL,0,'0','0','0','',NULL,0,0),(33802,'ACC1335','49137116700017',0,NULL,NULL,NULL,NULL,NULL,NULL,NULL,NULL,NULL,NULL,NULL,NULL,NULL,0,'0','0','0','',NULL,33895,18414),(33803,'ACC1336','44013977200048',0,NULL,NULL,NULL,NULL,NULL,NULL,NULL,NULL,NULL,NULL,NULL,NULL,NULL,0,'0','0','0','',NULL,33896,18414),(33804,'ACC1337','42870978600027',0,NULL,NULL,NULL,NULL,NULL,NULL,NULL,NULL,NULL,NULL,NULL,NULL,NULL,0,'0','0','0','',NULL,33897,18530),(33805,'ACC1338','48872729800058',0,NULL,NULL,NULL,NULL,NULL,NULL,NULL,NULL,NULL,NULL,NULL,NULL,NULL,0,'0','0','0','',NULL,33898,18368),(33806,'ACC1339','43246619100017',0,NULL,NULL,NULL,NULL,NULL,NULL,NULL,NULL,NULL,NULL,NULL,NULL,NULL,0,'0','0','0','',NULL,33899,18472),(33807,'ACC1340','41284223900045',0,NULL,NULL,NULL,NULL,NULL,NULL,NULL,NULL,NULL,NULL,NULL,NULL,NULL,0,'0','0','0','',NULL,33900,18469),(33808,'ACC1341','58605007200014',0,NULL,NULL,NULL,NULL,NULL,NULL,NULL,NULL,NULL,NULL,NULL,NULL,NULL,0,'0','0','0','',NULL,33901,18417),(33809,'ACC1342','54702004000028',0,NULL,NULL,NULL,NULL,NULL,NULL,NULL,NULL,NULL,NULL,NULL,NULL,NULL,0,'0','0','0','',NULL,33902,18484),(33810,'ACC1343','32292714600033',0,NULL,NULL,NULL,NULL,NULL,NULL,NULL,NULL,NULL,NULL,NULL,NULL,NULL,0,'0','0','0','',NULL,33903,18321),(33811,'ACC1344','40872028200016',0,NULL,NULL,NULL,NULL,NULL,NULL,NULL,NULL,NULL,NULL,NULL,NULL,NULL,0,'0','0','0','',NULL,33904,18550),(33812,'ACC1345','44382800900037',0,NULL,NULL,NULL,NULL,NULL,NULL,NULL,NULL,NULL,NULL,NULL,NULL,NULL,0,'0','0','0','',NULL,33905,18838),(33813,'ACC1346','60562013700030',0,NULL,NULL,NULL,NULL,NULL,NULL,NULL,NULL,NULL,NULL,NULL,NULL,NULL,0,'0','0','0','',NULL,33906,18469),(33814,'ACC1347','96750168500028',0,NULL,NULL,NULL,NULL,NULL,NULL,NULL,NULL,NULL,NULL,NULL,NULL,NULL,0,'0','0','0','',NULL,33907,18550),(33815,'ACC1348','42473875500018',0,NULL,NULL,NULL,NULL,NULL,NULL,NULL,NULL,NULL,NULL,NULL,NULL,NULL,0,'0','0','0','',NULL,33908,18340),(33816,'ACC1349','61568020400018',0,NULL,NULL,NULL,NULL,NULL,NULL,NULL,NULL,NULL,NULL,NULL,NULL,NULL,0,'0','0','0','',NULL,33909,18469),(33817,'ACC1350','06250005300038',0,NULL,NULL,NULL,NULL,NULL,NULL,NULL,NULL,NULL,NULL,NULL,NULL,NULL,0,'0','0','0','',NULL,33910,18555),(33818,'ACC1351','26340016000382',0,NULL,NULL,NULL,NULL,NULL,NULL,NULL,NULL,NULL,NULL,NULL,NULL,NULL,0,'0','0','0','',NULL,33911,18916),(33819,'ACC1352','45324653000019',0,NULL,NULL,NULL,NULL,NULL,NULL,NULL,NULL,NULL,NULL,NULL,NULL,NULL,0,'0','0','0','',NULL,33912,18432),(33820,'ACC1353','77568501900298',0,NULL,NULL,NULL,NULL,NULL,NULL,NULL,NULL,NULL,NULL,NULL,NULL,NULL,0,'0','0','0','',NULL,33913,18847),(33821,'ACC1354','95950025700032',0,NULL,NULL,NULL,NULL,NULL,NULL,NULL,NULL,NULL,NULL,NULL,NULL,NULL,0,'0','0','0','',NULL,33914,18513),(33822,'ACC1355','35032648400010',0,NULL,NULL,NULL,NULL,NULL,NULL,NULL,NULL,NULL,NULL,NULL,NULL,NULL,0,'0','0','0','',NULL,33915,18314),(33823,'ACC1356','59080021500188',0,NULL,NULL,NULL,NULL,NULL,NULL,NULL,NULL,NULL,NULL,NULL,NULL,NULL,0,'0','0','0','',NULL,33916,18414),(33824,'ACC1357','67362039900133',0,NULL,NULL,NULL,NULL,NULL,NULL,NULL,NULL,NULL,NULL,NULL,NULL,NULL,0,'0','0','0','',NULL,33917,18411),(33825,'ACC1358','67362039900034',0,NULL,NULL,NULL,NULL,NULL,NULL,NULL,NULL,NULL,NULL,NULL,NULL,NULL,0,'0','0','0','',NULL,33918,18411),(33826,'ACC1359','33127067800054',0,NULL,NULL,NULL,NULL,NULL,NULL,NULL,NULL,NULL,NULL,NULL,NULL,NULL,0,'0','0','0','',NULL,33919,18847),(33827,'ACC1360','67362039900083',0,NULL,NULL,NULL,NULL,NULL,NULL,NULL,NULL,NULL,NULL,NULL,NULL,NULL,0,'0','0','0','',NULL,33920,18411),(33828,'ACC1361','06736203990002',0,NULL,NULL,NULL,NULL,NULL,NULL,NULL,NULL,NULL,NULL,NULL,NULL,NULL,0,'0','0','0','',NULL,0,0),(33829,'ACC1362','33948877700048',0,NULL,NULL,NULL,NULL,NULL,NULL,NULL,NULL,NULL,NULL,NULL,NULL,NULL,0,'0','0','0','',NULL,33921,18550),(33830,'ACC1363','38034280800124',0,NULL,NULL,NULL,NULL,NULL,NULL,NULL,NULL,NULL,NULL,NULL,NULL,NULL,0,'0','0','0','',NULL,33922,18468),(33831,'ACC1364','58450046600035',0,NULL,NULL,NULL,NULL,NULL,NULL,NULL,NULL,NULL,NULL,NULL,NULL,NULL,0,'0','0','0','',NULL,33923,18565),(33832,'ACC1365','38273746800027',0,NULL,NULL,NULL,NULL,NULL,NULL,NULL,NULL,NULL,NULL,NULL,NULL,NULL,0,'0','0','0','',NULL,33924,18420),(33833,'ACC1366','31963279000857',0,NULL,NULL,NULL,NULL,NULL,NULL,NULL,NULL,NULL,NULL,NULL,NULL,NULL,0,'0','0','0','',NULL,33925,18400),(33834,'ACC1367','35294843400050',0,NULL,NULL,NULL,NULL,NULL,NULL,NULL,NULL,NULL,NULL,NULL,NULL,NULL,0,'0','0','0','',NULL,33926,18530),(33835,'ACC1368','90059989500027',0,NULL,NULL,NULL,NULL,NULL,NULL,NULL,NULL,NULL,NULL,NULL,NULL,NULL,0,'0','0','0','',NULL,33927,18414),(33836,'ACC1369','91525545900017',0,NULL,NULL,NULL,NULL,NULL,NULL,NULL,NULL,NULL,NULL,NULL,NULL,NULL,0,'0','0','0','',NULL,33928,18573),(33837,'ACC1370','90808233200010',0,NULL,NULL,NULL,NULL,NULL,NULL,NULL,NULL,NULL,NULL,NULL,NULL,NULL,0,'0','0','0','',NULL,33929,18808),(33838,'ACC1371','41014005700051',0,NULL,NULL,NULL,NULL,NULL,NULL,NULL,NULL,NULL,NULL,NULL,NULL,NULL,0,'0','0','0','',NULL,33930,18407),(33839,'ACC1372','71202907300061',0,NULL,NULL,NULL,NULL,NULL,NULL,NULL,NULL,NULL,NULL,NULL,NULL,NULL,0,'0','0','0','',NULL,33931,18530),(33840,'ACC1373','48070321400019',0,NULL,NULL,NULL,NULL,NULL,NULL,NULL,NULL,NULL,NULL,NULL,NULL,NULL,0,'0','0','0','',NULL,33932,18469),(33841,'ACC1374','38395582000030',0,NULL,NULL,NULL,NULL,NULL,NULL,NULL,NULL,NULL,NULL,NULL,NULL,NULL,0,'0','0','0','',NULL,33933,18644),(33842,'ACC1375','41471349500029',0,NULL,NULL,NULL,NULL,NULL,NULL,NULL,NULL,NULL,NULL,NULL,NULL,NULL,0,'0','0','0','',NULL,33934,18527),(33843,'ACC1376','40307666400032',0,NULL,NULL,NULL,NULL,NULL,NULL,NULL,NULL,NULL,NULL,NULL,NULL,NULL,0,'0','0','0','',NULL,33935,18402),(33844,'ACC1377','39839319900086',0,NULL,NULL,NULL,NULL,NULL,NULL,NULL,NULL,NULL,NULL,NULL,NULL,NULL,0,'0','0','0','',NULL,33936,18566),(33845,'ACC1378','52095536000018',0,NULL,NULL,NULL,NULL,NULL,NULL,NULL,NULL,NULL,NULL,NULL,NULL,NULL,0,'0','0','0','',NULL,33937,18409),(33846,'ACC1379','33282248500030',0,NULL,NULL,NULL,NULL,NULL,NULL,NULL,NULL,NULL,NULL,NULL,NULL,NULL,0,'0','0','0','',NULL,33938,18510),(33847,'ACC1380','33282248500048',0,NULL,NULL,NULL,NULL,NULL,NULL,NULL,NULL,NULL,NULL,NULL,NULL,NULL,0,'0','0','0','',NULL,33939,18510),(33848,'ACC1381','33282248500063',0,NULL,NULL,NULL,NULL,NULL,NULL,NULL,NULL,NULL,NULL,NULL,NULL,NULL,0,'0','0','0','',NULL,33940,18510),(33849,'ACC1382','95045451200019',0,NULL,NULL,NULL,NULL,NULL,NULL,NULL,NULL,NULL,NULL,NULL,NULL,NULL,0,'0','0','0','',NULL,33941,18255),(33850,'ACC1383','43512358300021',0,NULL,NULL,NULL,NULL,NULL,NULL,NULL,NULL,NULL,NULL,NULL,NULL,NULL,0,'0','0','0','',NULL,33942,18255),(33851,'ACC1384','78209229000025',0,NULL,NULL,NULL,NULL,NULL,NULL,NULL,NULL,NULL,NULL,NULL,NULL,NULL,0,'0','0','0','',NULL,33943,18640),(33852,'ACC1385','57213458300192',0,NULL,NULL,NULL,NULL,NULL,NULL,NULL,NULL,NULL,NULL,NULL,NULL,NULL,0,'0','0','0','',NULL,33944,18300),(33853,'ACC1386','42572005900020',0,NULL,NULL,NULL,NULL,NULL,NULL,NULL,NULL,NULL,NULL,NULL,NULL,NULL,0,'0','0','0','',NULL,33945,18383),(33854,'ACC1387','45031337400016',0,NULL,NULL,NULL,NULL,NULL,NULL,NULL,NULL,NULL,NULL,NULL,NULL,NULL,0,'0','0','0','',NULL,33946,18573),(34296,'ACC1388','41031487600278',0,NULL,NULL,NULL,NULL,NULL,NULL,NULL,NULL,NULL,NULL,NULL,NULL,NULL,0,'0','0','0','',NULL,34377,18530),(34310,'ACC1389','41031487600146',0,NULL,NULL,NULL,NULL,NULL,NULL,NULL,NULL,NULL,NULL,NULL,NULL,NULL,0,'0','0','0','',NULL,34378,18530),(34324,'ACC1390','41031487600187',0,NULL,NULL,NULL,NULL,NULL,NULL,NULL,NULL,NULL,NULL,NULL,NULL,NULL,0,'0','0','0','',NULL,34379,18530),(34338,'ACC1391','4,10315E+13',0,NULL,NULL,NULL,NULL,NULL,NULL,NULL,NULL,NULL,NULL,NULL,NULL,NULL,0,'0','0','0','',NULL,0,0),(34380,'ACC1392','31587164001769',0,NULL,NULL,NULL,NULL,NULL,NULL,NULL,NULL,NULL,NULL,NULL,NULL,NULL,0,'0','0','0','',NULL,34443,18554),(34381,'ACC1393','79982799300038',0,NULL,NULL,NULL,NULL,NULL,NULL,NULL,NULL,NULL,NULL,NULL,NULL,NULL,0,'0','0','0','',NULL,34444,18573),(34382,'ACC1394','79982799300020',0,NULL,NULL,NULL,NULL,NULL,NULL,NULL,NULL,NULL,NULL,NULL,NULL,NULL,0,'0','0','0','',NULL,34445,18573),(34383,'ACC1395','79982799300053',0,NULL,NULL,NULL,NULL,NULL,NULL,NULL,NULL,NULL,NULL,NULL,NULL,NULL,0,'0','0','0','',NULL,34446,18573),(34384,'ACC1396','79982799300046',0,NULL,NULL,NULL,NULL,NULL,NULL,NULL,NULL,NULL,NULL,NULL,NULL,NULL,0,'0','0','0','',NULL,34447,18573),(34385,'ACC1397','45310271700023',0,NULL,NULL,NULL,NULL,NULL,NULL,NULL,NULL,NULL,NULL,NULL,NULL,NULL,0,'0','0','0','',NULL,34448,18916),(34386,'ACC1398','33870136000418',0,NULL,NULL,NULL,NULL,NULL,NULL,NULL,NULL,NULL,NULL,NULL,NULL,NULL,0,'0','0','0','',NULL,34449,18566),(34387,'ACC1399','41035816200056',0,NULL,NULL,NULL,NULL,NULL,NULL,NULL,NULL,NULL,NULL,NULL,NULL,NULL,0,'0','0','0','',NULL,34450,18566),(34388,'ACC1400','48305101700075',0,NULL,NULL,NULL,NULL,NULL,NULL,NULL,NULL,NULL,NULL,NULL,NULL,NULL,0,'0','0','0','',NULL,34451,18573),(34389,'ACC1401','48305101700067',0,NULL,NULL,NULL,NULL,NULL,NULL,NULL,NULL,NULL,NULL,NULL,NULL,NULL,0,'0','0','0','',NULL,34452,18573),(34390,'ACC1402','48305101700042',0,NULL,NULL,NULL,NULL,NULL,NULL,NULL,NULL,NULL,NULL,NULL,NULL,NULL,0,'0','0','0','',NULL,34453,18573),(34391,'ACC1403','48305101700059',0,NULL,NULL,NULL,NULL,NULL,NULL,NULL,NULL,NULL,NULL,NULL,NULL,NULL,0,'0','0','0','',NULL,34454,18573),(34392,'ACC1404','45650053703541',0,NULL,NULL,NULL,NULL,NULL,NULL,NULL,NULL,NULL,NULL,NULL,NULL,NULL,0,'0','0','0','',NULL,34455,18573),(34393,'ACC1405','81427564000021',0,NULL,NULL,NULL,NULL,NULL,NULL,NULL,NULL,NULL,NULL,NULL,NULL,NULL,0,'0','0','0','',NULL,34456,18566),(34394,'ACC1406','81427564000039',0,NULL,NULL,NULL,NULL,NULL,NULL,NULL,NULL,NULL,NULL,NULL,NULL,NULL,0,'0','0','0','',NULL,34457,18566),(34395,'ACC1407','41031487600252',0,NULL,NULL,NULL,NULL,NULL,NULL,NULL,NULL,NULL,NULL,NULL,NULL,NULL,0,'0','0','0','',NULL,34458,18530),(34396,'ACC1408','50160786500018',0,NULL,NULL,NULL,NULL,NULL,NULL,NULL,NULL,NULL,NULL,NULL,NULL,NULL,0,'0','0','0','',NULL,34459,18353),(34397,'ACC1409','34409790200037',0,NULL,NULL,NULL,NULL,NULL,NULL,NULL,NULL,NULL,NULL,NULL,NULL,NULL,0,'0','0','0','',NULL,34460,18414),(34398,'ACC1410','77568873207819',0,NULL,NULL,NULL,NULL,NULL,NULL,NULL,NULL,NULL,NULL,NULL,NULL,NULL,0,'0','0','0','',NULL,34461,18938),(34399,'ACC1411','43400591400016',0,NULL,NULL,NULL,NULL,NULL,NULL,NULL,NULL,NULL,NULL,NULL,NULL,NULL,0,'0','0','0','',NULL,34462,18470),(34400,'ACC1412','44064058900022',0,NULL,NULL,NULL,NULL,NULL,NULL,NULL,NULL,NULL,NULL,NULL,NULL,NULL,0,'0','0','0','',NULL,34463,18503),(34401,'ACC1413','30116584100042',0,NULL,NULL,NULL,NULL,NULL,NULL,NULL,NULL,NULL,NULL,NULL,NULL,NULL,0,'0','0','0','',NULL,34464,18523),(34402,'ACC1414','69678042800152',0,NULL,NULL,NULL,NULL,NULL,NULL,NULL,NULL,NULL,NULL,NULL,NULL,NULL,0,'0','0','0','',NULL,34465,18470),(34403,'ACC1415','31988334400115',0,NULL,NULL,NULL,NULL,NULL,NULL,NULL,NULL,NULL,NULL,NULL,NULL,NULL,0,'0','0','0','',NULL,34466,18674),(34404,'ACC1416','77625233000019',0,NULL,NULL,NULL,NULL,NULL,NULL,NULL,NULL,NULL,NULL,NULL,NULL,NULL,0,'0','0','0','',NULL,34467,18353),(34405,'ACC1417','32490516500035',0,NULL,NULL,NULL,NULL,NULL,NULL,NULL,NULL,NULL,NULL,NULL,NULL,NULL,0,'0','0','0','',NULL,34468,18519),(34406,'ACC1418','22430001200016',0,NULL,NULL,NULL,NULL,NULL,NULL,NULL,NULL,NULL,NULL,NULL,NULL,NULL,0,'0','0','0','',NULL,34469,18893),(34407,'ACC1419','41027165400015',0,NULL,NULL,NULL,NULL,NULL,NULL,NULL,NULL,NULL,NULL,NULL,NULL,NULL,0,'0','0','0','',NULL,34470,18744),(34408,'ACC1420','32378216900052',0,NULL,NULL,NULL,NULL,NULL,NULL,NULL,NULL,NULL,NULL,NULL,NULL,NULL,0,'0','0','0','',NULL,34471,18420),(34409,'ACC1421','80216532400012',0,NULL,NULL,NULL,NULL,NULL,NULL,NULL,NULL,NULL,NULL,NULL,NULL,NULL,0,'0','0','0','',NULL,34472,18684),(34410,'ACC1422','04041649150009',0,NULL,NULL,NULL,NULL,NULL,NULL,NULL,NULL,NULL,NULL,NULL,NULL,NULL,0,'0','0','0','',NULL,0,0),(34411,'ACC1423','64200517700406',0,NULL,NULL,NULL,NULL,NULL,NULL,NULL,NULL,NULL,NULL,NULL,NULL,NULL,0,'0','0','0','',NULL,34473,18399),(34412,'ACC1424','030944523700030',0,NULL,NULL,NULL,NULL,NULL,NULL,NULL,NULL,NULL,NULL,NULL,NULL,NULL,0,'0','0','0','',NULL,0,0),(34413,'ACC1425','42876450000032',0,NULL,NULL,NULL,NULL,NULL,NULL,NULL,NULL,NULL,NULL,NULL,NULL,NULL,0,'0','0','0','',NULL,34474,18838),(34414,'ACC1426','43895849800026',0,NULL,NULL,NULL,NULL,NULL,NULL,NULL,NULL,NULL,NULL,NULL,NULL,NULL,0,'0','0','0','',NULL,34475,18508),(34415,'ACC1427','54450192700039',0,NULL,NULL,NULL,NULL,NULL,NULL,NULL,NULL,NULL,NULL,NULL,NULL,NULL,0,'0','0','0','',NULL,34476,18550),(34416,'ACC1428','39906857600012',0,NULL,NULL,NULL,NULL,NULL,NULL,NULL,NULL,NULL,NULL,NULL,NULL,NULL,0,'0','0','0','',NULL,34477,18416),(34417,'ACC1429','41968381800027',0,NULL,NULL,NULL,NULL,NULL,NULL,NULL,NULL,NULL,NULL,NULL,NULL,NULL,0,'0','0','0','',NULL,34478,18622),(34418,'ACC1430','08628039300041',0,NULL,NULL,NULL,NULL,NULL,NULL,NULL,NULL,NULL,NULL,NULL,NULL,NULL,0,'0','0','0','',NULL,34479,18504),(34419,'ACC1431','77695027100028',0,NULL,NULL,NULL,NULL,NULL,NULL,NULL,NULL,NULL,NULL,NULL,NULL,NULL,0,'0','0','0','',NULL,34480,18962),(34420,'ACC1432','40358545800017',0,NULL,NULL,NULL,NULL,NULL,NULL,NULL,NULL,NULL,NULL,NULL,NULL,NULL,0,'0','0','0','',NULL,34481,18478),(34421,'ACC1433','47943857400051',0,NULL,NULL,NULL,NULL,NULL,NULL,NULL,NULL,NULL,NULL,NULL,NULL,NULL,0,'0','0','0','',NULL,34482,18530),(34422,'ACC1434','32662424400033',0,NULL,NULL,NULL,NULL,NULL,NULL,NULL,NULL,NULL,NULL,NULL,NULL,NULL,0,'0','0','0','',NULL,34483,18591),(34423,'ACC1435','5550286800031',0,NULL,NULL,NULL,NULL,NULL,NULL,NULL,NULL,NULL,NULL,NULL,NULL,NULL,0,'0','0','0','',NULL,0,0),(34424,'ACC1436','32737347800012',0,NULL,NULL,NULL,NULL,NULL,NULL,NULL,NULL,NULL,NULL,NULL,NULL,NULL,0,'0','0','0','',NULL,34484,18334),(34425,'ACC1437','54820100000000',0,NULL,NULL,NULL,NULL,NULL,NULL,NULL,NULL,NULL,NULL,NULL,NULL,NULL,0,'0','0','0','',NULL,0,0),(34426,'ACC1438','39942475300024',0,NULL,NULL,NULL,NULL,NULL,NULL,NULL,NULL,NULL,NULL,NULL,NULL,NULL,0,'0','0','0','',NULL,34485,18665),(34427,'ACC1439','42197532700030',0,NULL,NULL,NULL,NULL,NULL,NULL,NULL,NULL,NULL,NULL,NULL,NULL,NULL,0,'0','0','0','',NULL,34486,18417),(34428,'ACC1440','51869350200024',0,NULL,NULL,NULL,NULL,NULL,NULL,NULL,NULL,NULL,NULL,NULL,NULL,NULL,0,'0','0','0','',NULL,34487,18619),(34429,'ACC1441','34911366200028',0,NULL,NULL,NULL,NULL,NULL,NULL,NULL,NULL,NULL,NULL,NULL,NULL,NULL,0,'0','0','0','',NULL,34488,18322),(34430,'ACC1442','66204340500155',0,NULL,NULL,NULL,NULL,NULL,NULL,NULL,NULL,NULL,NULL,NULL,NULL,NULL,0,'0','0','0','',NULL,34489,18535),(34431,'ACC1443','40301657900035',0,NULL,NULL,NULL,NULL,NULL,NULL,NULL,NULL,NULL,NULL,NULL,NULL,NULL,0,'0','0','0','',NULL,34490,18813),(34432,'ACC1444','34770466000039',0,NULL,NULL,NULL,NULL,NULL,NULL,NULL,NULL,NULL,NULL,NULL,NULL,NULL,0,'0','0','0','',NULL,34491,0),(34433,'ACC1445','34950537000024',0,NULL,NULL,NULL,NULL,NULL,NULL,NULL,NULL,NULL,NULL,NULL,NULL,NULL,0,'0','0','0','',NULL,34492,18414),(34434,'ACC1446','39503084400116',0,NULL,NULL,NULL,NULL,NULL,NULL,NULL,NULL,NULL,NULL,NULL,NULL,NULL,0,'0','0','0','',NULL,34493,18838),(34435,'ACC1447','00708002100012',0,NULL,NULL,NULL,NULL,NULL,NULL,NULL,NULL,NULL,NULL,NULL,NULL,NULL,0,'0','0','0','',NULL,34501,18635),(34436,'ACC1448','34926770800015',0,NULL,NULL,NULL,NULL,NULL,NULL,NULL,NULL,NULL,NULL,NULL,NULL,NULL,0,'0','0','0','',NULL,34494,18470),(34437,'ACC1449','32993563900024',0,NULL,NULL,NULL,NULL,NULL,NULL,NULL,NULL,NULL,NULL,NULL,NULL,NULL,0,'0','0','0','',NULL,34495,18664),(34438,'ACC1450','34072362600065',0,NULL,NULL,NULL,NULL,NULL,NULL,NULL,NULL,NULL,NULL,NULL,NULL,NULL,0,'0','0','0','',NULL,34496,18483),(34439,'ACC1451','88585024800018',0,NULL,NULL,NULL,NULL,NULL,NULL,NULL,NULL,NULL,NULL,NULL,NULL,NULL,0,'0','0','0','',NULL,34497,18445),(34440,'ACC1452','54209118600040',0,NULL,NULL,NULL,NULL,NULL,NULL,NULL,NULL,NULL,NULL,NULL,NULL,NULL,0,'0','0','0','',NULL,34498,18360),(34441,'ACC1453','38356710400013',0,NULL,NULL,NULL,NULL,NULL,NULL,NULL,NULL,NULL,NULL,NULL,NULL,NULL,0,'0','0','0','',NULL,34499,18521),(34442,'ACC1454','96951094000089',0,NULL,NULL,NULL,NULL,NULL,NULL,NULL,NULL,NULL,NULL,NULL,NULL,NULL,0,'0','0','0','',NULL,34500,18453),(34811,'ACC1455','57213458300086',0,NULL,NULL,NULL,NULL,NULL,NULL,NULL,NULL,NULL,NULL,NULL,NULL,NULL,0,'0','0','0','',NULL,0,0),(34813,'ACC1456','57213458300087',0,NULL,NULL,NULL,NULL,NULL,NULL,NULL,NULL,NULL,NULL,NULL,NULL,NULL,0,'0','0','0','',NULL,0,0),(34814,'ACC1457','57213458300088',0,NULL,NULL,NULL,NULL,NULL,NULL,NULL,NULL,NULL,NULL,NULL,NULL,NULL,0,'0','0','0','',NULL,0,0),(34815,'ACC1458','57213458300089',0,NULL,NULL,NULL,NULL,NULL,NULL,NULL,NULL,NULL,NULL,NULL,NULL,NULL,0,'0','0','0','',NULL,0,0),(34816,'ACC1459','57213458300090',0,NULL,NULL,NULL,NULL,NULL,NULL,NULL,NULL,NULL,NULL,NULL,NULL,NULL,0,'0','0','0','',NULL,0,0),(34817,'ACC1460','57213458300091',0,NULL,NULL,NULL,NULL,NULL,NULL,NULL,NULL,NULL,NULL,NULL,NULL,NULL,0,'0','0','0','',NULL,0,0),(34818,'ACC1461','57213458300092',0,NULL,NULL,NULL,NULL,NULL,NULL,NULL,NULL,NULL,NULL,NULL,NULL,NULL,0,'0','0','0','',NULL,0,0),(34819,'ACC1462','57213458300094',0,NULL,NULL,NULL,NULL,NULL,NULL,NULL,NULL,NULL,NULL,NULL,NULL,NULL,0,'0','0','0','',NULL,0,0),(34820,'ACC1463','57213458300095',0,NULL,NULL,NULL,NULL,NULL,NULL,NULL,NULL,NULL,NULL,NULL,NULL,NULL,0,'0','0','0','',NULL,0,0),(34821,'ACC1464','57213458300096',0,NULL,NULL,NULL,NULL,NULL,NULL,NULL,NULL,NULL,NULL,NULL,NULL,NULL,0,'0','0','0','',NULL,0,0),(34822,'ACC1465','57213458300097',0,NULL,NULL,NULL,NULL,NULL,NULL,NULL,NULL,NULL,NULL,NULL,NULL,NULL,0,'0','0','0','',NULL,0,0),(34827,'ACC1466','41031487600138',0,NULL,NULL,NULL,NULL,NULL,NULL,NULL,NULL,NULL,NULL,NULL,NULL,NULL,0,'0','0','0','',NULL,34831,18530),(34830,'ACC1467','41031487600286',0,NULL,NULL,NULL,NULL,NULL,NULL,NULL,NULL,NULL,NULL,NULL,NULL,NULL,0,'0','0','0','',NULL,34832,18530),(34833,'ACC1468','43308514900139',0,NULL,NULL,NULL,NULL,NULL,NULL,NULL,NULL,NULL,NULL,NULL,NULL,NULL,0,'0','0','0','',NULL,34834,18331),(35729,'ACC1469','40908053800039',0,NULL,NULL,NULL,NULL,NULL,NULL,NULL,NULL,NULL,NULL,NULL,NULL,NULL,0,'0','0','0','',NULL,35762,18840),(35730,'ACC1470','45048264100054',0,NULL,NULL,NULL,NULL,NULL,NULL,NULL,NULL,NULL,NULL,NULL,NULL,NULL,0,'0','0','0','',NULL,35763,18840),(35731,'ACC1471','68272002400012',0,NULL,NULL,NULL,NULL,NULL,NULL,NULL,NULL,NULL,NULL,NULL,NULL,NULL,0,'0','0','0','',NULL,35764,18916),(35732,'ACC1472','75164770200065',0,NULL,NULL,NULL,NULL,NULL,NULL,NULL,NULL,NULL,NULL,NULL,NULL,NULL,0,'0','0','0','',NULL,35765,18458),(35733,'ACC1473','50028307200022',0,NULL,NULL,NULL,NULL,NULL,NULL,NULL,NULL,NULL,NULL,NULL,NULL,NULL,0,'0','0','0','',NULL,35766,18458),(35734,'ACC1474','80808791000010',0,NULL,NULL,NULL,NULL,NULL,NULL,NULL,NULL,NULL,NULL,NULL,NULL,NULL,0,'0','0','0','',NULL,35767,18458),(35735,'ACC1475','38093259000033',0,NULL,NULL,NULL,NULL,NULL,NULL,NULL,NULL,NULL,NULL,NULL,NULL,NULL,0,'0','0','0','',NULL,35768,18483),(35736,'ACC1476','67201408100158',0,NULL,NULL,NULL,NULL,NULL,NULL,NULL,NULL,NULL,NULL,NULL,NULL,NULL,0,'0','0','0','',NULL,35769,18453),(35737,'ACC1477','48592012800017',0,NULL,NULL,NULL,NULL,NULL,NULL,NULL,NULL,NULL,NULL,NULL,NULL,NULL,0,'0','0','0','',NULL,35770,18458),(35738,'ACC1478','30194209000210',0,NULL,NULL,NULL,NULL,NULL,NULL,NULL,NULL,NULL,NULL,NULL,NULL,NULL,0,'0','0','0','',NULL,35771,18502),(35739,'ACC1479','72572055100029',0,NULL,NULL,NULL,NULL,NULL,NULL,NULL,NULL,NULL,NULL,NULL,NULL,NULL,0,'0','0','0','',NULL,35772,18458),(35740,'ACC1480','78992526000018',0,NULL,NULL,NULL,NULL,NULL,NULL,NULL,NULL,NULL,NULL,NULL,NULL,NULL,0,'0','0','0','',NULL,35773,18458),(35741,'ACC1481','38309116200016',0,NULL,NULL,NULL,NULL,NULL,NULL,NULL,NULL,NULL,NULL,NULL,NULL,NULL,0,'0','0','0','',NULL,35774,18458),(35742,'ACC1482','48498007300015',0,NULL,NULL,NULL,NULL,NULL,NULL,NULL,NULL,NULL,NULL,NULL,NULL,NULL,0,'0','0','0','',NULL,35775,18482),(35743,'ACC1483','44482195300023',0,NULL,NULL,NULL,NULL,NULL,NULL,NULL,NULL,NULL,NULL,NULL,NULL,NULL,0,'0','0','0','',NULL,35776,18481),(35744,'ACC1484','83379359900030',0,NULL,NULL,NULL,NULL,NULL,NULL,NULL,NULL,NULL,NULL,NULL,NULL,NULL,0,'0','0','0','',NULL,35777,18347),(35745,'ACC1485','37776837900051',0,NULL,NULL,NULL,NULL,NULL,NULL,NULL,NULL,NULL,NULL,NULL,NULL,NULL,0,'0','0','0','',NULL,35778,18778),(35746,'ACC1486','84874362100015',0,NULL,NULL,NULL,NULL,NULL,NULL,NULL,NULL,NULL,NULL,NULL,NULL,NULL,0,'0','0','0','',NULL,35779,18738),(35747,'ACC1487','31156711900020',0,NULL,NULL,NULL,NULL,NULL,NULL,NULL,NULL,NULL,NULL,NULL,NULL,NULL,0,'0','0','0','',NULL,35780,18390),(35748,'ACC1488','54850190700305',0,NULL,NULL,NULL,NULL,NULL,NULL,NULL,NULL,NULL,NULL,NULL,NULL,NULL,0,'0','0','0','',NULL,35781,18396),(35749,'ACC1489','75342629500022',0,NULL,NULL,NULL,NULL,NULL,NULL,NULL,NULL,NULL,NULL,NULL,NULL,NULL,0,'0','0','0','',NULL,35782,18482),(35750,'ACC1490','66203237400032',0,NULL,NULL,NULL,NULL,NULL,NULL,NULL,NULL,NULL,NULL,NULL,NULL,NULL,0,'0','0','0','',NULL,35783,18453),(35751,'ACC1491','83409649700096',0,NULL,NULL,NULL,NULL,NULL,NULL,NULL,NULL,NULL,NULL,NULL,NULL,NULL,0,'0','0','0','',NULL,35784,18845),(35752,'ACC1492','44027103900024',0,NULL,NULL,NULL,NULL,NULL,NULL,NULL,NULL,NULL,NULL,NULL,NULL,NULL,0,'0','0','0','',NULL,35785,18381),(35753,'ACC1493','37920807700071',0,NULL,NULL,NULL,NULL,NULL,NULL,NULL,NULL,NULL,NULL,NULL,NULL,NULL,0,'0','0','0','',NULL,35786,18757),(35754,'ACC1494','69201496200025',0,NULL,NULL,NULL,NULL,NULL,NULL,NULL,NULL,NULL,NULL,NULL,NULL,NULL,0,'0','0','0','',NULL,35787,18395),(35755,'ACC1495','45850374500036',0,NULL,NULL,NULL,NULL,NULL,NULL,NULL,NULL,NULL,NULL,NULL,NULL,NULL,0,'0','0','0','',NULL,35788,18411),(35756,'ACC1496','77551304700032',0,NULL,NULL,NULL,NULL,NULL,NULL,NULL,NULL,NULL,NULL,NULL,NULL,NULL,0,'0','0','0','',NULL,35789,18961),(35757,'ACC1497','33765014700040',0,NULL,NULL,NULL,NULL,NULL,NULL,NULL,NULL,NULL,NULL,NULL,NULL,NULL,0,'0','0','0','',NULL,35790,18837),(35758,'ACC1498','51903224700099',0,NULL,NULL,NULL,NULL,NULL,NULL,NULL,NULL,NULL,NULL,NULL,NULL,NULL,0,'0','0','0','',NULL,35791,18534),(35759,'ACC1499','81809469000026',0,NULL,NULL,NULL,NULL,NULL,NULL,NULL,NULL,NULL,NULL,NULL,NULL,NULL,0,'0','0','0','',NULL,35792,18807),(35760,'ACC1500','90777577900016',0,NULL,NULL,NULL,NULL,NULL,NULL,NULL,NULL,NULL,NULL,NULL,NULL,NULL,0,'0','0','0','',NULL,35793,18840),(35761,'ACC1501','31766820000031',0,NULL,NULL,NULL,NULL,NULL,NULL,NULL,NULL,NULL,NULL,NULL,NULL,NULL,0,'0','0','0','',NULL,35794,18438),(36876,'ACC1502','30001441030265',0,NULL,NULL,NULL,NULL,NULL,NULL,NULL,NULL,NULL,NULL,NULL,NULL,NULL,0,'0','0','0','',NULL,0,0),(37184,'ACC1503','44025266600069',0,NULL,NULL,NULL,NULL,NULL,NULL,NULL,NULL,NULL,NULL,NULL,NULL,NULL,0,'0','0','0','',NULL,0,0),(37185,'ACC1504','44025266600070',0,NULL,NULL,NULL,NULL,NULL,NULL,NULL,NULL,NULL,NULL,NULL,NULL,NULL,0,'0','0','0','',NULL,0,0),(37186,'ACC1505','44025266600071',0,NULL,NULL,NULL,NULL,NULL,NULL,NULL,NULL,NULL,NULL,NULL,NULL,NULL,0,'0','0','0','',NULL,0,0),(37187,'ACC1506','44025266600072',0,NULL,NULL,NULL,NULL,NULL,NULL,NULL,NULL,NULL,NULL,NULL,NULL,NULL,0,'0','0','0','',NULL,0,0),(37188,'ACC1507','44025266600073',0,NULL,NULL,NULL,NULL,NULL,NULL,NULL,NULL,NULL,NULL,NULL,NULL,NULL,0,'0','0','0','',NULL,0,0),(37189,'ACC1508','44025266600074',0,NULL,NULL,NULL,NULL,NULL,NULL,NULL,NULL,NULL,NULL,NULL,NULL,NULL,0,'0','0','0','',NULL,0,0),(37190,'ACC1509','44025266600075',0,NULL,NULL,NULL,NULL,NULL,NULL,NULL,NULL,NULL,NULL,NULL,NULL,NULL,0,'0','0','0','',NULL,0,0),(37191,'ACC1510','44025266600076',0,NULL,NULL,NULL,NULL,NULL,NULL,NULL,NULL,NULL,NULL,NULL,NULL,NULL,0,'0','0','0','',NULL,0,0),(37192,'ACC1511','44025266600077',0,NULL,NULL,NULL,NULL,NULL,NULL,NULL,NULL,NULL,NULL,NULL,NULL,NULL,0,'0','0','0','',NULL,0,0),(37193,'ACC1512','44025266600078',0,NULL,NULL,NULL,NULL,NULL,NULL,NULL,NULL,NULL,NULL,NULL,NULL,NULL,0,'0','0','0','',NULL,0,0),(37194,'ACC1513','44025266600079',0,NULL,NULL,NULL,NULL,NULL,NULL,NULL,NULL,NULL,NULL,NULL,NULL,NULL,0,'0','0','0','',NULL,0,0),(37195,'ACC1514','44025266600080',0,NULL,NULL,NULL,NULL,NULL,NULL,NULL,NULL,NULL,NULL,NULL,NULL,NULL,0,'0','0','0','',NULL,0,0),(37199,'ACC1515','41012095000044',0,NULL,NULL,NULL,NULL,NULL,NULL,NULL,NULL,NULL,NULL,NULL,NULL,NULL,0,'0','0','0','',NULL,37200,18453),(37732,'ACC1516','56211034600128',0,NULL,NULL,NULL,NULL,NULL,NULL,NULL,NULL,NULL,NULL,NULL,NULL,NULL,0,'0','0','0','',NULL,37741,18429),(37734,'ACC1517','56211034600151',0,NULL,NULL,NULL,NULL,NULL,NULL,NULL,NULL,NULL,NULL,NULL,NULL,NULL,0,'0','0','0','',NULL,37742,18429),(37736,'ACC1518','56211034600169',0,NULL,NULL,NULL,NULL,NULL,NULL,NULL,NULL,NULL,NULL,NULL,NULL,NULL,0,'0','0','0','',NULL,37743,18429),(37738,'ACC1519','56211034600235',0,NULL,NULL,NULL,NULL,NULL,NULL,NULL,NULL,NULL,NULL,NULL,NULL,NULL,0,'0','0','0','',NULL,37744,18429),(37740,'ACC1520','33395628200029',0,NULL,NULL,NULL,NULL,NULL,NULL,NULL,NULL,NULL,NULL,NULL,NULL,NULL,0,'0','0','0','',NULL,37745,18469),(37948,'ACC1521','31128467300036',0,NULL,NULL,NULL,NULL,NULL,NULL,NULL,NULL,NULL,NULL,NULL,NULL,NULL,0,'0','0','0','',NULL,37950,18453),(37991,'ACC1522','55211409200026',0,NULL,NULL,NULL,NULL,NULL,NULL,NULL,NULL,NULL,NULL,NULL,NULL,NULL,0,'0','0','0','',NULL,38046,18453),(37992,'ACC1523','80111839900022',0,NULL,NULL,NULL,NULL,NULL,NULL,NULL,NULL,NULL,NULL,NULL,NULL,NULL,0,'0','0','0','',NULL,38047,18456),(37993,'ACC1524','63201725700684',0,NULL,NULL,NULL,NULL,NULL,NULL,NULL,NULL,NULL,NULL,NULL,NULL,NULL,0,'0','0','0','',NULL,38048,18604),(37994,'ACC1525','81739899300029',0,NULL,NULL,NULL,NULL,NULL,NULL,NULL,NULL,NULL,NULL,NULL,NULL,NULL,0,'0','0','0','',NULL,38049,18456),(37995,'ACC1526','97150619100024',0,NULL,NULL,NULL,NULL,NULL,NULL,NULL,NULL,NULL,NULL,NULL,NULL,NULL,0,'0','0','0','',NULL,38050,18563),(37996,'ACC1527','88463858600047',0,NULL,NULL,NULL,NULL,NULL,NULL,NULL,NULL,NULL,NULL,NULL,NULL,NULL,0,'0','0','0','',NULL,38051,18496),(37997,'ACC1528','94991545800010',0,NULL,NULL,NULL,NULL,NULL,NULL,NULL,NULL,NULL,NULL,NULL,NULL,NULL,0,'0','0','0','',NULL,38052,18840),(37998,'ACC1529','98248834800011',0,NULL,NULL,NULL,NULL,NULL,NULL,NULL,NULL,NULL,NULL,NULL,NULL,NULL,0,'0','0','0','',NULL,38053,18843),(37999,'ACC1530','79525261800025',0,NULL,NULL,NULL,NULL,NULL,NULL,NULL,NULL,NULL,NULL,NULL,NULL,NULL,0,'0','0','0','',NULL,38054,18856),(38000,'ACC1531','75146731700036',0,NULL,NULL,NULL,NULL,NULL,NULL,NULL,NULL,NULL,NULL,NULL,NULL,NULL,0,'0','0','0','',NULL,38055,18843),(38001,'ACC1532','83330838000017',0,NULL,NULL,NULL,NULL,NULL,NULL,NULL,NULL,NULL,NULL,NULL,NULL,NULL,0,'0','0','0','',NULL,38056,18843),(38002,'ACC1533','84473020000020',0,NULL,NULL,NULL,NULL,NULL,NULL,NULL,NULL,NULL,NULL,NULL,NULL,NULL,0,'0','0','0','',NULL,38057,18843),(38003,'ACC1534','48389792200033',0,NULL,NULL,NULL,NULL,NULL,NULL,NULL,NULL,NULL,NULL,NULL,NULL,NULL,0,'0','0','0','',NULL,38058,18843),(38004,'ACC1535','97861660500017',0,NULL,NULL,NULL,NULL,NULL,NULL,NULL,NULL,NULL,NULL,NULL,NULL,NULL,0,'0','0','0','',NULL,38059,18843),(38005,'ACC1536','77568696700024',0,NULL,NULL,NULL,NULL,NULL,NULL,NULL,NULL,NULL,NULL,NULL,NULL,NULL,0,'0','0','0','',NULL,38060,18847),(38006,'ACC1537','38432646800418',0,NULL,NULL,NULL,NULL,NULL,NULL,NULL,NULL,NULL,NULL,NULL,NULL,NULL,0,'0','0','0','',NULL,38061,18843),(38007,'ACC1538','85058943300026',0,NULL,NULL,NULL,NULL,NULL,NULL,NULL,NULL,NULL,NULL,NULL,NULL,NULL,0,'0','0','0','',NULL,38062,18843),(38008,'ACC1539','83409649700260',0,NULL,NULL,NULL,NULL,NULL,NULL,NULL,NULL,NULL,NULL,NULL,NULL,NULL,0,'0','0','0','',NULL,38063,18845),(38009,'ACC1540','49342758700016',0,NULL,NULL,NULL,NULL,NULL,NULL,NULL,NULL,NULL,NULL,NULL,NULL,NULL,0,'0','0','0','',NULL,38064,18453),(38010,'ACC1541','45188676600018',0,NULL,NULL,NULL,NULL,NULL,NULL,NULL,NULL,NULL,NULL,NULL,NULL,NULL,0,'0','0','0','',NULL,38065,18339),(38011,'ACC1542','51905956200024',0,NULL,NULL,NULL,NULL,NULL,NULL,NULL,NULL,NULL,NULL,NULL,NULL,NULL,0,'0','0','0','',NULL,38066,18456),(38012,'ACC1543','34530893600029',0,NULL,NULL,NULL,NULL,NULL,NULL,NULL,NULL,NULL,NULL,NULL,NULL,NULL,0,'0','0','0','',NULL,38067,18446),(38013,'ACC1544','39299909000039',0,NULL,NULL,NULL,NULL,NULL,NULL,NULL,NULL,NULL,NULL,NULL,NULL,NULL,0,'0','0','0','',NULL,38068,18470),(38014,'ACC1545','41789091000025',0,NULL,NULL,NULL,NULL,NULL,NULL,NULL,NULL,NULL,NULL,NULL,NULL,NULL,0,'0','0','0','',NULL,38069,18399),(38015,'ACC1546','95750216400024',0,NULL,NULL,NULL,NULL,NULL,NULL,NULL,NULL,NULL,NULL,NULL,NULL,NULL,0,'0','0','0','',NULL,38070,18458),(38016,'ACC1547','38396689200036',0,NULL,NULL,NULL,NULL,NULL,NULL,NULL,NULL,NULL,NULL,NULL,NULL,NULL,0,'0','0','0','',NULL,38071,18456),(38017,'ACC1548','50348040200026',0,NULL,NULL,NULL,NULL,NULL,NULL,NULL,NULL,NULL,NULL,NULL,NULL,NULL,0,'0','0','0','',NULL,38072,18840),(38018,'ACC1549','75138768900050',0,NULL,NULL,NULL,NULL,NULL,NULL,NULL,NULL,NULL,NULL,NULL,NULL,NULL,0,'0','0','0','',NULL,38073,18843),(38019,'ACC1550','52483400900051',0,NULL,NULL,NULL,NULL,NULL,NULL,NULL,NULL,NULL,NULL,NULL,NULL,NULL,0,'0','0','0','',NULL,38074,18856),(38020,'ACC1551','95202681300016',0,NULL,NULL,NULL,NULL,NULL,NULL,NULL,NULL,NULL,NULL,NULL,NULL,NULL,0,'0','0','0','',NULL,38075,18458),(38021,'ACC1552','39964014300018',0,NULL,NULL,NULL,NULL,NULL,NULL,NULL,NULL,NULL,NULL,NULL,NULL,NULL,0,'0','0','0','',NULL,38076,18453),(38022,'ACC1553','31328418400022',0,NULL,NULL,NULL,NULL,NULL,NULL,NULL,NULL,NULL,NULL,NULL,NULL,NULL,0,'0','0','0','',NULL,38077,18458),(38023,'ACC1554','52558013000017',0,NULL,NULL,NULL,NULL,NULL,NULL,NULL,NULL,NULL,NULL,NULL,NULL,NULL,0,'0','0','0','',NULL,38078,18690),(38024,'ACC1555','03910276200031',0,NULL,NULL,NULL,NULL,NULL,NULL,NULL,NULL,NULL,NULL,NULL,NULL,NULL,0,'0','0','0','',NULL,0,0),(38025,'ACC1556','91888312500018',0,NULL,NULL,NULL,NULL,NULL,NULL,NULL,NULL,NULL,NULL,NULL,NULL,NULL,0,'0','0','0','',NULL,38079,18843),(38026,'ACC1557','48355074500051',0,NULL,NULL,NULL,NULL,NULL,NULL,NULL,NULL,NULL,NULL,NULL,NULL,NULL,0,'0','0','0','',NULL,38080,18843),(38027,'ACC1558','88804779200039',0,NULL,NULL,NULL,NULL,NULL,NULL,NULL,NULL,NULL,NULL,NULL,NULL,NULL,0,'0','0','0','',NULL,38081,18496),(38028,'ACC1559','33562024100190',0,NULL,NULL,NULL,NULL,NULL,NULL,NULL,NULL,NULL,NULL,NULL,NULL,NULL,0,'0','0','0','',NULL,38082,18386),(38029,'ACC1560','82409228200014',0,NULL,NULL,NULL,NULL,NULL,NULL,NULL,NULL,NULL,NULL,NULL,NULL,NULL,0,'0','0','0','',NULL,38083,18455),(38030,'ACC1561','31128467300051',0,NULL,NULL,NULL,NULL,NULL,NULL,NULL,NULL,NULL,NULL,NULL,NULL,NULL,0,'0','0','0','',NULL,38084,18453),(38031,'ACC1562','38284457900013',0,NULL,NULL,NULL,NULL,NULL,NULL,NULL,NULL,NULL,NULL,NULL,NULL,NULL,0,'0','0','0','',NULL,38085,18448),(38032,'ACC1563','80781450400021',0,NULL,NULL,NULL,NULL,NULL,NULL,NULL,NULL,NULL,NULL,NULL,NULL,NULL,0,'0','0','0','',NULL,38086,18684),(38033,'ACC1564','44457512000019',0,NULL,NULL,NULL,NULL,NULL,NULL,NULL,NULL,NULL,NULL,NULL,NULL,NULL,0,'0','0','0','',NULL,38087,18337),(38034,'ACC1565','89058387500020',0,NULL,NULL,NULL,NULL,NULL,NULL,NULL,NULL,NULL,NULL,NULL,NULL,NULL,0,'0','0','0','',NULL,38088,18312),(38035,'ACC1566','40687258000013',0,NULL,NULL,NULL,NULL,NULL,NULL,NULL,NULL,NULL,NULL,NULL,NULL,NULL,0,'0','0','0','',NULL,38089,18458),(38036,'ACC1567','32393184000017',0,NULL,NULL,NULL,NULL,NULL,NULL,NULL,NULL,NULL,NULL,NULL,NULL,NULL,0,'0','0','0','',NULL,38090,18482),(38037,'ACC1568','38034280800090',0,NULL,NULL,NULL,NULL,NULL,NULL,NULL,NULL,NULL,NULL,NULL,NULL,NULL,0,'0','0','0','',NULL,38091,18446),(38038,'ACC1569','83106122100014',0,NULL,NULL,NULL,NULL,NULL,NULL,NULL,NULL,NULL,NULL,NULL,NULL,NULL,0,'0','0','0','',NULL,38092,18453),(38039,'ACC1570','45294245100041',0,NULL,NULL,NULL,NULL,NULL,NULL,NULL,NULL,NULL,NULL,NULL,NULL,NULL,0,'0','0','0','',NULL,38093,18838),(38040,'ACC1571','61203907300236',0,NULL,NULL,NULL,NULL,NULL,NULL,NULL,NULL,NULL,NULL,NULL,NULL,NULL,0,'0','0','0','',NULL,38094,18665),(38041,'ACC1572','47912263200017',0,NULL,NULL,NULL,NULL,NULL,NULL,NULL,NULL,NULL,NULL,NULL,NULL,NULL,0,'0','0','0','',NULL,38095,18331),(38042,'ACC1573','44859636100023',0,NULL,NULL,NULL,NULL,NULL,NULL,NULL,NULL,NULL,NULL,NULL,NULL,NULL,0,'0','0','0','',NULL,38096,18453),(38043,'ACC1574','54205079400131',0,NULL,NULL,NULL,NULL,NULL,NULL,NULL,NULL,NULL,NULL,NULL,NULL,NULL,0,'0','0','0','',NULL,38097,18504),(38044,'ACC1575','83409649700153',0,NULL,NULL,NULL,NULL,NULL,NULL,NULL,NULL,NULL,NULL,NULL,NULL,NULL,0,'0','0','0','',NULL,38098,18845),(38045,'ACC1576','56212351300045',0,NULL,NULL,NULL,NULL,NULL,NULL,NULL,NULL,NULL,NULL,NULL,NULL,NULL,0,'0','0','0','',NULL,38099,18498),(38584,'ACC1577','84718006400045',0,NULL,NULL,NULL,NULL,NULL,NULL,NULL,NULL,NULL,NULL,NULL,NULL,NULL,0,'0','0','0','',NULL,0,0),(38586,'ACC1578','84718006400046',0,NULL,NULL,NULL,NULL,NULL,NULL,NULL,NULL,NULL,NULL,NULL,NULL,NULL,0,'0','0','0','',NULL,0,0),(38629,'ACC1579','84718006400047',0,NULL,NULL,NULL,NULL,NULL,NULL,NULL,NULL,NULL,NULL,NULL,NULL,NULL,0,'0','0','0','',NULL,0,0),(38630,'ACC1580','84718006400048',0,NULL,NULL,NULL,NULL,NULL,NULL,NULL,NULL,NULL,NULL,NULL,NULL,NULL,0,'0','0','0','',NULL,0,0),(38631,'ACC1581','84718006400049',0,NULL,NULL,NULL,NULL,NULL,NULL,NULL,NULL,NULL,NULL,NULL,NULL,NULL,0,'0','0','0','',NULL,0,0),(38632,'ACC1582','84718006400050',0,NULL,NULL,NULL,NULL,NULL,NULL,NULL,NULL,NULL,NULL,NULL,NULL,NULL,0,'0','0','0','',NULL,0,0),(38633,'ACC1583','84718006400051',0,NULL,NULL,NULL,NULL,NULL,NULL,NULL,NULL,NULL,NULL,NULL,NULL,NULL,0,'0','0','0','',NULL,0,0),(38634,'ACC1584','84718006400052',0,NULL,NULL,NULL,NULL,NULL,NULL,NULL,NULL,NULL,NULL,NULL,NULL,NULL,0,'0','0','0','',NULL,0,0),(38635,'ACC1585','84718006400053',0,NULL,NULL,NULL,NULL,NULL,NULL,NULL,NULL,NULL,NULL,NULL,NULL,NULL,0,'0','0','0','',NULL,0,0),(38636,'ACC1586','84718006400054',0,NULL,NULL,NULL,NULL,NULL,NULL,NULL,NULL,NULL,NULL,NULL,NULL,NULL,0,'0','0','0','',NULL,0,0),(38637,'ACC1587','84718006400055',0,NULL,NULL,NULL,NULL,NULL,NULL,NULL,NULL,NULL,NULL,NULL,NULL,NULL,0,'0','0','0','',NULL,0,0),(38638,'ACC1588','84718006400056',0,NULL,NULL,NULL,NULL,NULL,NULL,NULL,NULL,NULL,NULL,NULL,NULL,NULL,0,'0','0','0','',NULL,0,0),(38800,'ACC1589','59632027500040',0,NULL,NULL,NULL,NULL,NULL,NULL,NULL,NULL,NULL,NULL,NULL,NULL,NULL,0,'0','0','0','',NULL,38802,18472),(39281,'ACC1590','31513190400080',0,NULL,NULL,NULL,NULL,NULL,NULL,NULL,NULL,NULL,NULL,NULL,NULL,NULL,0,'0','0','0','',NULL,39283,18418),(39471,'ACC1591','35409512700032',0,NULL,NULL,NULL,NULL,NULL,NULL,NULL,NULL,NULL,NULL,NULL,NULL,NULL,0,'0','0','0','',NULL,39485,18422),(39472,'ACC1592','80080894100010',0,NULL,NULL,NULL,NULL,NULL,NULL,NULL,NULL,NULL,NULL,NULL,NULL,NULL,0,'0','0','0','',NULL,39486,18838),(39473,'ACC1593','30352765900039',0,NULL,NULL,NULL,NULL,NULL,NULL,NULL,NULL,NULL,NULL,NULL,NULL,NULL,0,'0','0','0','',NULL,39487,18960),(39474,'ACC1594','39194829600028',0,NULL,NULL,NULL,NULL,NULL,NULL,NULL,NULL,NULL,NULL,NULL,NULL,NULL,0,'0','0','0','',NULL,39488,18640),(39475,'ACC1595','77570109701755',0,NULL,NULL,NULL,NULL,NULL,NULL,NULL,NULL,NULL,NULL,NULL,NULL,NULL,0,'0','0','0','',NULL,39489,18640),(39476,'ACC1596','13002587700015',0,NULL,NULL,NULL,NULL,NULL,NULL,NULL,NULL,NULL,NULL,NULL,NULL,NULL,0,'0','0','0','',NULL,39490,18893),(39477,'ACC1597','43189975600016',0,NULL,NULL,NULL,NULL,NULL,NULL,NULL,NULL,NULL,NULL,NULL,NULL,NULL,0,'0','0','0','',NULL,39491,18325),(39478,'ACC1598','55850337100178',0,NULL,NULL,NULL,NULL,NULL,NULL,NULL,NULL,NULL,NULL,NULL,NULL,NULL,0,'0','0','0','',NULL,39492,18337),(39479,'ACC1599','41523551400023',0,NULL,NULL,NULL,NULL,NULL,NULL,NULL,NULL,NULL,NULL,NULL,NULL,NULL,0,'0','0','0','',NULL,39493,18833),(39480,'ACC1600','42125183600019',0,NULL,NULL,NULL,NULL,NULL,NULL,NULL,NULL,NULL,NULL,NULL,NULL,NULL,0,'0','0','0','',NULL,39494,18408),(39481,'ACC1601','52922174900052',0,NULL,NULL,NULL,NULL,NULL,NULL,NULL,NULL,NULL,NULL,NULL,NULL,NULL,0,'0','0','0','',NULL,39495,18395),(39482,'ACC1602','51885956600029',0,NULL,NULL,NULL,NULL,NULL,NULL,NULL,NULL,NULL,NULL,NULL,NULL,NULL,0,'0','0','0','',NULL,39496,18843),(39483,'ACC1603','52922174900029',0,NULL,NULL,NULL,NULL,NULL,NULL,NULL,NULL,NULL,NULL,NULL,NULL,NULL,0,'0','0','0','',NULL,39497,18395),(39484,'ACC1604','37846964700010',0,NULL,NULL,NULL,NULL,NULL,NULL,NULL,NULL,NULL,NULL,NULL,NULL,NULL,0,'0','0','0','',NULL,39498,18453),(39499,'ACC1605','42061138600087',0,NULL,NULL,NULL,NULL,NULL,NULL,NULL,NULL,NULL,NULL,NULL,NULL,NULL,0,'0','0','0','',NULL,39519,18402),(39500,'ACC1606','42061138600046',0,NULL,NULL,NULL,NULL,NULL,NULL,NULL,NULL,NULL,NULL,NULL,NULL,NULL,0,'0','0','0','',NULL,39520,18402),(39501,'ACC1607','43810211300026',0,NULL,NULL,NULL,NULL,NULL,NULL,NULL,NULL,NULL,NULL,NULL,NULL,NULL,0,'0','0','0','',NULL,39521,18402),(39502,'ACC1608','38931619100037',0,NULL,NULL,NULL,NULL,NULL,NULL,NULL,NULL,NULL,NULL,NULL,NULL,NULL,0,'0','0','0','',NULL,39522,18397),(39503,'ACC1609','43000664300042',0,NULL,NULL,NULL,NULL,NULL,NULL,NULL,NULL,NULL,NULL,NULL,NULL,NULL,0,'0','0','0','',NULL,39523,18402),(39504,'ACC1610','50261387000018',0,NULL,NULL,NULL,NULL,NULL,NULL,NULL,NULL,NULL,NULL,NULL,NULL,NULL,0,'0','0','0','',NULL,39524,18789),(39505,'ACC1611','30271596600511',0,NULL,NULL,NULL,NULL,NULL,NULL,NULL,NULL,NULL,NULL,NULL,NULL,NULL,0,'0','0','0','',NULL,39525,18640),(39506,'ACC1612','80205333000048',0,NULL,NULL,NULL,NULL,NULL,NULL,NULL,NULL,NULL,NULL,NULL,NULL,NULL,0,'0','0','0','',NULL,39526,18572),(39507,'ACC1613','62722004900654',0,NULL,NULL,NULL,NULL,NULL,NULL,NULL,NULL,NULL,NULL,NULL,NULL,NULL,0,'0','0','0','',NULL,39527,18604),(39508,'ACC1614','80970530400016',0,NULL,NULL,NULL,NULL,NULL,NULL,NULL,NULL,NULL,NULL,NULL,NULL,NULL,0,'0','0','0','',NULL,39528,18435),(39509,'ACC1615','31660722500018',0,NULL,NULL,NULL,NULL,NULL,NULL,NULL,NULL,NULL,NULL,NULL,NULL,NULL,0,'0','0','0','',NULL,39529,18513),(39510,'ACC1616','53918816900087',0,NULL,NULL,NULL,NULL,NULL,NULL,NULL,NULL,NULL,NULL,NULL,NULL,NULL,0,'0','0','0','',NULL,39530,18843),(39511,'ACC1617','39932437500027',0,NULL,NULL,NULL,NULL,NULL,NULL,NULL,NULL,NULL,NULL,NULL,NULL,NULL,0,'0','0','0','',NULL,39531,18838),(39512,'ACC1618','88959795100025',0,NULL,NULL,NULL,NULL,NULL,NULL,NULL,NULL,NULL,NULL,NULL,NULL,NULL,0,'0','0','0','',NULL,39532,18414),(39513,'ACC1619','57545005100017',0,NULL,NULL,NULL,NULL,NULL,NULL,NULL,NULL,NULL,NULL,NULL,NULL,NULL,0,'0','0','0','',NULL,39533,18459),(39514,'ACC1620','54850098200176',0,NULL,NULL,NULL,NULL,NULL,NULL,NULL,NULL,NULL,NULL,NULL,NULL,NULL,0,'0','0','0','',NULL,39534,18429),(39515,'ACC1621','24840031900039',0,NULL,NULL,NULL,NULL,NULL,NULL,NULL,NULL,NULL,NULL,NULL,NULL,NULL,0,'0','0','0','',NULL,39535,18893),(39516,'ACC1622','50095533100029',0,NULL,NULL,NULL,NULL,NULL,NULL,NULL,NULL,NULL,NULL,NULL,NULL,NULL,0,'0','0','0','',NULL,39536,18965),(39517,'ACC1623','94725202900014',0,NULL,NULL,NULL,NULL,NULL,NULL,NULL,NULL,NULL,NULL,NULL,NULL,NULL,0,'0','0','0','',NULL,39537,18506),(39518,'ACC1624','50839457400018',0,NULL,NULL,NULL,NULL,NULL,NULL,NULL,NULL,NULL,NULL,NULL,NULL,NULL,0,'0','0','0','',NULL,39538,18843),(40088,'ACC1625','44108132000018',0,NULL,NULL,NULL,NULL,NULL,NULL,NULL,NULL,NULL,NULL,NULL,NULL,NULL,0,'0','0','0','',NULL,40099,18569),(40089,'ACC1626','43536271000509',0,NULL,NULL,NULL,NULL,NULL,NULL,NULL,NULL,NULL,NULL,NULL,NULL,NULL,0,'0','0','0','',NULL,40100,18566),(40090,'ACC1627','97632030900587',0,NULL,NULL,NULL,NULL,NULL,NULL,NULL,NULL,NULL,NULL,NULL,NULL,NULL,0,'0','0','0','',NULL,40101,18437),(40091,'ACC1628','44454844000098',0,NULL,NULL,NULL,NULL,NULL,NULL,NULL,NULL,NULL,NULL,NULL,NULL,NULL,0,'0','0','0','',NULL,40102,18579),(40092,'ACC1629','70622054800046',0,NULL,NULL,NULL,NULL,NULL,NULL,NULL,NULL,NULL,NULL,NULL,NULL,NULL,0,'0','0','0','',NULL,40103,18314),(40093,'ACC1630','44454844000080',0,NULL,NULL,NULL,NULL,NULL,NULL,NULL,NULL,NULL,NULL,NULL,NULL,NULL,0,'0','0','0','',NULL,40104,18579),(40094,'ACC1631','35246829200029',0,NULL,NULL,NULL,NULL,NULL,NULL,NULL,NULL,NULL,NULL,NULL,NULL,NULL,0,'0','0','0','',NULL,40105,18314),(40095,'ACC1632','30207946200214',0,NULL,NULL,NULL,NULL,NULL,NULL,NULL,NULL,NULL,NULL,NULL,NULL,NULL,0,'0','0','0','',NULL,40106,18341),(40096,'ACC1633','42859323000082',0,NULL,NULL,NULL,NULL,NULL,NULL,NULL,NULL,NULL,NULL,NULL,NULL,NULL,0,'0','0','0','',NULL,40107,18498),(40097,'ACC1634','31109848700037',0,NULL,NULL,NULL,NULL,NULL,NULL,NULL,NULL,NULL,NULL,NULL,NULL,NULL,0,'0','0','0','',NULL,40108,18604),(40098,'ACC1635','67565033700016',0,NULL,NULL,NULL,NULL,NULL,NULL,NULL,NULL,NULL,NULL,NULL,NULL,NULL,0,'0','0','0','',NULL,40109,18441),(40110,'ACC1636','42459804300026',0,NULL,NULL,NULL,NULL,NULL,NULL,NULL,NULL,NULL,NULL,NULL,NULL,NULL,0,'0','0','0','',NULL,40128,18402),(40111,'ACC1637','42109988800040',0,NULL,NULL,NULL,NULL,NULL,NULL,NULL,NULL,NULL,NULL,NULL,NULL,NULL,0,'0','0','0','',NULL,40129,18311),(40112,'ACC1638','47808014600069',0,NULL,NULL,NULL,NULL,NULL,NULL,NULL,NULL,NULL,NULL,NULL,NULL,NULL,0,'0','0','0','',NULL,40130,18311),(40113,'ACC1639','31538455200081',0,NULL,NULL,NULL,NULL,NULL,NULL,NULL,NULL,NULL,NULL,NULL,NULL,NULL,0,'0','0','0','',NULL,40131,18410),(40114,'ACC1640','35271474500044',0,NULL,NULL,NULL,NULL,NULL,NULL,NULL,NULL,NULL,NULL,NULL,NULL,NULL,0,'0','0','0','',NULL,40132,18334),(40115,'ACC1641','34886259000018',0,NULL,NULL,NULL,NULL,NULL,NULL,NULL,NULL,NULL,NULL,NULL,NULL,NULL,0,'0','0','0','',NULL,40133,18456),(40116,'ACC1642','50153703900023',0,NULL,NULL,NULL,NULL,NULL,NULL,NULL,NULL,NULL,NULL,NULL,NULL,NULL,0,'0','0','0','',NULL,40134,18838),(40117,'ACC1643','42431115700012',0,NULL,NULL,NULL,NULL,NULL,NULL,NULL,NULL,NULL,NULL,NULL,NULL,NULL,0,'0','0','0','',NULL,40135,18418),(40118,'ACC1644','41489185300015',0,NULL,NULL,NULL,NULL,NULL,NULL,NULL,NULL,NULL,NULL,NULL,NULL,NULL,0,'0','0','0','',NULL,40136,18384),(40119,'ACC1645','80277541100019',0,NULL,NULL,NULL,NULL,NULL,NULL,NULL,NULL,NULL,NULL,NULL,NULL,NULL,0,'0','0','0','',NULL,40137,18341),(40120,'ACC1646','94745456700019',0,NULL,NULL,NULL,NULL,NULL,NULL,NULL,NULL,NULL,NULL,NULL,NULL,NULL,0,'0','0','0','',NULL,40138,18843),(40121,'ACC1647','38396699100044',0,NULL,NULL,NULL,NULL,NULL,NULL,NULL,NULL,NULL,NULL,NULL,NULL,NULL,0,'0','0','0','',NULL,40139,18478),(40122,'ACC1648','81738987700033',0,NULL,NULL,NULL,NULL,NULL,NULL,NULL,NULL,NULL,NULL,NULL,NULL,NULL,0,'0','0','0','',NULL,40140,18843),(40123,'ACC1649','83837578000015',0,NULL,NULL,NULL,NULL,NULL,NULL,NULL,NULL,NULL,NULL,NULL,NULL,NULL,0,'0','0','0','',NULL,40141,18806),(40124,'ACC1650','13000725500016',0,NULL,NULL,NULL,NULL,NULL,NULL,NULL,NULL,NULL,NULL,NULL,NULL,NULL,0,'0','0','0','',NULL,40142,18893),(40125,'ACC1651','75397049000011',0,NULL,NULL,NULL,NULL,NULL,NULL,NULL,NULL,NULL,NULL,NULL,NULL,NULL,0,'0','0','0','',NULL,40143,18843),(40126,'ACC1652','85520050700439',0,NULL,NULL,NULL,NULL,NULL,NULL,NULL,NULL,NULL,NULL,NULL,NULL,NULL,0,'0','0','0','',NULL,40144,18838),(40127,'ACC1653','89847151100029',0,NULL,NULL,NULL,NULL,NULL,NULL,NULL,NULL,NULL,NULL,NULL,NULL,NULL,0,'0','0','0','',NULL,40145,18840),(40411,'ACC1654','39321773200030',0,NULL,NULL,NULL,NULL,NULL,NULL,NULL,NULL,NULL,NULL,NULL,NULL,NULL,0,'0','0','0','',NULL,40437,18402),(40412,'ACC1655','49295575200257',0,NULL,NULL,NULL,NULL,NULL,NULL,NULL,NULL,NULL,NULL,NULL,NULL,NULL,0,'0','0','0','',NULL,40438,18843),(40413,'ACC1656','73612020500025',0,NULL,NULL,NULL,NULL,NULL,NULL,NULL,NULL,NULL,NULL,NULL,NULL,NULL,0,'0','0','0','',NULL,40439,18523),(40414,'ACC1657','52483134400014',0,NULL,NULL,NULL,NULL,NULL,NULL,NULL,NULL,NULL,NULL,NULL,NULL,NULL,0,'0','0','0','',NULL,40440,18515),(40415,'ACC1658','50173656500018',0,NULL,NULL,NULL,NULL,NULL,NULL,NULL,NULL,NULL,NULL,NULL,NULL,NULL,0,'0','0','0','',NULL,40441,18516),(40416,'ACC1659','42021322500014',0,NULL,NULL,NULL,NULL,NULL,NULL,NULL,NULL,NULL,NULL,NULL,NULL,NULL,0,'0','0','0','',NULL,40442,18526),(40417,'ACC1660','38000236000010',0,NULL,NULL,NULL,NULL,NULL,NULL,NULL,NULL,NULL,NULL,NULL,NULL,NULL,0,'0','0','0','',NULL,40443,18515),(40418,'ACC1661','33050826800019',0,NULL,NULL,NULL,NULL,NULL,NULL,NULL,NULL,NULL,NULL,NULL,NULL,NULL,0,'0','0','0','',NULL,40444,18506),(40419,'ACC1662','40956448100029',0,NULL,NULL,NULL,NULL,NULL,NULL,NULL,NULL,NULL,NULL,NULL,NULL,NULL,0,'0','0','0','',NULL,40445,18504),(40420,'ACC1663','37972021200032',0,NULL,NULL,NULL,NULL,NULL,NULL,NULL,NULL,NULL,NULL,NULL,NULL,NULL,0,'0','0','0','',NULL,40446,18508),(40421,'ACC1664','31876232500088',0,NULL,NULL,NULL,NULL,NULL,NULL,NULL,NULL,NULL,NULL,NULL,NULL,NULL,0,'0','0','0','',NULL,40447,18450),(40422,'ACC1665','44575003700019',0,NULL,NULL,NULL,NULL,NULL,NULL,NULL,NULL,NULL,NULL,NULL,NULL,NULL,0,'0','0','0','',NULL,40448,18480),(40423,'ACC1666','67202972500039',0,NULL,NULL,NULL,NULL,NULL,NULL,NULL,NULL,NULL,NULL,NULL,NULL,NULL,0,'0','0','0','',NULL,40449,18361),(40424,'ACC1667','32464609000088',0,NULL,NULL,NULL,NULL,NULL,NULL,NULL,NULL,NULL,NULL,NULL,NULL,NULL,0,'0','0','0','',NULL,40450,18327),(40425,'ACC1668','31558950700013',0,NULL,NULL,NULL,NULL,NULL,NULL,NULL,NULL,NULL,NULL,NULL,NULL,NULL,0,'0','0','0','',NULL,40451,18255),(40426,'ACC1669','48572001500018',0,NULL,NULL,NULL,NULL,NULL,NULL,NULL,NULL,NULL,NULL,NULL,NULL,NULL,0,'0','0','0','',NULL,40452,18447),(40427,'ACC1670','92217392700018',0,NULL,NULL,NULL,NULL,NULL,NULL,NULL,NULL,NULL,NULL,NULL,NULL,NULL,0,'0','0','0','',NULL,40453,18530),(40428,'ACC1671','41828530000012',0,NULL,NULL,NULL,NULL,NULL,NULL,NULL,NULL,NULL,NULL,NULL,NULL,NULL,0,'0','0','0','',NULL,40454,18430),(40429,'ACC1672','38030548200024',0,NULL,NULL,NULL,NULL,NULL,NULL,NULL,NULL,NULL,NULL,NULL,NULL,NULL,0,'0','0','0','',NULL,40455,18447),(40430,'ACC1673','95950283200089',0,NULL,NULL,NULL,NULL,NULL,NULL,NULL,NULL,NULL,NULL,NULL,NULL,NULL,0,'0','0','0','',NULL,40456,18428),(40431,'ACC1674','57880015300038',0,NULL,NULL,NULL,NULL,NULL,NULL,NULL,NULL,NULL,NULL,NULL,NULL,NULL,0,'0','0','0','',NULL,40457,18427),(40432,'ACC1675','54205861500023',0,NULL,NULL,NULL,NULL,NULL,NULL,NULL,NULL,NULL,NULL,NULL,NULL,NULL,0,'0','0','0','',NULL,40458,18416),(40433,'ACC1676','80153142700020',0,NULL,NULL,NULL,NULL,NULL,NULL,NULL,NULL,NULL,NULL,NULL,NULL,NULL,0,'0','0','0','',NULL,40459,18413),(40434,'ACC1677','81568002000014',0,NULL,NULL,NULL,NULL,NULL,NULL,NULL,NULL,NULL,NULL,NULL,NULL,NULL,0,'0','0','0','',NULL,40460,18424),(40435,'ACC1678','50962879800076',0,NULL,NULL,NULL,NULL,NULL,NULL,NULL,NULL,NULL,NULL,NULL,NULL,NULL,0,'0','0','0','',NULL,40461,18837),(40436,'ACC1679','50260990200031',0,NULL,NULL,NULL,NULL,NULL,NULL,NULL,NULL,NULL,NULL,NULL,NULL,NULL,0,'0','0','0','',NULL,40462,18840);

--
